Graphics-ColorDeficiency v0.05 Perl 5 v5.12.1 i686-linux
- Status
- Fail
- From
- Graham Crookham (GRAHAMC)
- Dist
-
Graphics-ColorDeficiency v0.05
- Platform
- Perl 5 v5.12.1 i686-linux
- Date
- 2010-08-07 19:47:47
- ID
- a73908c8-a25c-11df-bc0a-c51a234e0b47
This distribution has been tested as part of the CPAN Testers
project, supporting the Perl programming language. See
http://wiki.cpantesters.org/ for more information or email
questions to cpan-testers-discuss@perl.org
--
Dear Cal Henderson,
This is a computer-generated report for Graphics-ColorDeficiency-0.05
on perl 5.12.1, created by CPAN-Reporter-1.18.
Thank you for uploading your work to CPAN. However, there was a problem
testing your distribution.
If you think this report is invalid, please consult the CPAN Testers Wiki
for suggestions on how to avoid getting FAIL reports for missing library
or binary dependencies, unsupported operating systems, and so on:
http://wiki.cpantesters.org/wiki/CPANAuthorNotes
Sections of this report:
* Tester comments
* Program output
* Prerequisites
* Environment and other context
------------------------------
TESTER COMMENTS
------------------------------
Additional comments from tester:
this report is from an automated smoke testing program
and was not reviewed by a human for accuracy
------------------------------
PROGRAM OUTPUT
------------------------------
Output from 'make test':
PERL_DL_NONLAZY=1 /home/graham/perltest/perl5121/perl/bin/perl "-MExtUtils::Command::MM" "-e" "test_harness(0, 'blib/lib', 'blib/arch')" t/*.t
Use of uninitialized value within @_ in lc at /home/graham/perltest/perl5121/perl/lib/site_perl/5.12.1/Graphics/ColorObject.pm line 1905.
t/01_basic.t ................... ok
Use of uninitialized value within @_ in lc at /home/graham/perltest/perl5121/perl/lib/site_perl/5.12.1/Graphics/ColorObject.pm line 1905.
# Failed test at t/02_dichromatic.t line 5.
# Failed test at t/02_dichromatic.t line 6.
# Failed test at t/02_dichromatic.t line 7.
# Looks like you failed 3 tests of 3.
t/02_dichromatic.t .............
Dubious, test returned 3 (wstat 768, 0x300)
Failed 3/3 subtests
Use of uninitialized value within @_ in lc at /home/graham/perltest/perl5121/perl/lib/site_perl/5.12.1/Graphics/ColorObject.pm line 1905.
# Failed test at t/03_anomalous_trichromatic.t line 5.
# Failed test at t/03_anomalous_trichromatic.t line 6.
# Failed test at t/03_anomalous_trichromatic.t line 7.
# Failed test at t/03_anomalous_trichromatic.t line 9.
# Failed test at t/03_anomalous_trichromatic.t line 10.
# Failed test at t/03_anomalous_trichromatic.t line 11.
# Failed test at t/03_anomalous_trichromatic.t line 13.
# Failed test at t/03_anomalous_trichromatic.t line 14.
# Failed test at t/03_anomalous_trichromatic.t line 15.
# Looks like you failed 9 tests of 9.
t/03_anomalous_trichromatic.t ..
Dubious, test returned 9 (wstat 2304, 0x900)
Failed 9/9 subtests
Use of uninitialized value within @_ in lc at /home/graham/perltest/perl5121/perl/lib/site_perl/5.12.1/Graphics/ColorObject.pm line 1905.
# Failed test at t/04_monochromatic.t line 5.
# Failed test at t/04_monochromatic.t line 6.
# Failed test at t/04_monochromatic.t line 7.
# Failed test at t/04_monochromatic.t line 8.
# Failed test at t/04_monochromatic.t line 9.
# Looks like you failed 5 tests of 5.
t/04_monochromatic.t ...........
Dubious, test returned 5 (wstat 1280, 0x500)
Failed 5/5 subtests
Test Summary Report
-------------------
t/02_dichromatic.t (Wstat: 768 Tests: 3 Failed: 3)
Failed tests: 1-3
Non-zero exit status: 3
t/03_anomalous_trichromatic.t (Wstat: 2304 Tests: 9 Failed: 9)
Failed tests: 1-9
Non-zero exit status: 9
t/04_monochromatic.t (Wstat: 1280 Tests: 5 Failed: 5)
Failed tests: 1-5
Non-zero exit status: 5
Files=4, Tests=20, 1 wallclock secs ( 0.06 usr 0.02 sys + 0.50 cusr 0.06 csys = 0.64 CPU)
Result: FAIL
Failed 3/4 test programs. 17/20 subtests failed.
make: *** [test_dynamic] Error 5
------------------------------
PREREQUISITES
------------------------------
Prerequisite modules loaded:
requires:
Module Need Have
--------------------- ---- -----
Graphics::ColorObject 0 0.5.0
Test::Simple 0 0.94
------------------------------
ENVIRONMENT AND OTHER CONTEXT
------------------------------
Environment variables:
AUTOMATED_TESTING = 1
LANG = C
PATH = /home/graham/perltest/perl5121/perl/bin:/bin:/usr/bin:/sbin:/usr/sbin:/opt/java/bin:/opt/java/jre/bin:/opt/kde/bin:/usr/bin/perlbin/site:/usr/bin/perlbin/vendor:/usr/bin/perlbin/core:/opt/qt/bin
PERL5LIB =
PERL5OPT =
PERL5_CPANPLUS_IS_RUNNING = 17715
PERL5_CPAN_IS_RUNNING = 17715
PERL5_CPAN_IS_RUNNING_IN_RECURSION = 3720,17715
PERL_CR_SMOKER_CURRENT = Graphics-ColorDeficiency-0.05
PERL_EXTUTILS_AUTOINSTALL = --defaultdeps
PERL_MM_USE_DEFAULT = 1
SHELL = /bin/bash
TERM = xterm
Perl special variables (and OS-specific diagnostics, for MSWin32):
$^X = /home/graham/perltest/perl5121/perl/bin/perl
$UID/$EUID = 1000 / 1000
$GID = 1000 7 10 91 92 93 95 98 100 108 1000 1001
$EGID = 1000 7 10 91 92 93 95 98 100 108 1000 1001
Perl module toolchain versions installed:
Module Have
------------------- -------
CPAN 1.9402
Cwd 3.31
ExtUtils::CBuilder 0.27_05
ExtUtils::Command 1.16
ExtUtils::Install 1.52
ExtUtils::MakeMaker 6.56
ExtUtils::Manifest 1.58
ExtUtils::ParseXS 2.2206
File::Spec 3.31
Module::Build 0.36_13
Module::Signature 0.64
Test::Harness 3.21
Test::More 0.94
YAML 0.71
YAML::Syck 1.12
version 0.82
--
Summary of my perl5 (revision 5 version 12 subversion 1) configuration:
Platform:
osname=linux, osvers=2.6.33-arch, archname=i686-linux
uname='linux lorant 2.6.33-arch #1 smp preempt thu may 13 12:06:25 cest 2010 i686 intel(r) pentium(r) 4 cpu 2.80ghz genuineintel gnulinux '
config_args=''
hint=recommended, useposix=true, d_sigaction=define
useithreads=undef, usemultiplicity=undef
useperlio=define, d_sfio=undef, uselargefiles=define, usesocks=undef
use64bitint=undef, use64bitall=undef, uselongdouble=undef
usemymalloc=n, bincompat5005=undef
Compiler:
cc='cc', ccflags ='-fno-strict-aliasing -pipe -fstack-protector -I/usr/local/include -D_LARGEFILE_SOURCE -D_FILE_OFFSET_BITS=64',
optimize='-O2',
cppflags='-fno-strict-aliasing -pipe -fstack-protector -I/usr/local/include'
ccversion='', gccversion='4.5.0 20100520 (prerelease)', gccosandvers=''
intsize=4, longsize=4, ptrsize=4, doublesize=8, byteorder=1234
d_longlong=define, longlongsize=8, d_longdbl=define, longdblsize=12
ivtype='long', ivsize=4, nvtype='double', nvsize=8, Off_t='off_t', lseeksize=8
alignbytes=4, prototype=define
Linker and Libraries:
ld='cc', ldflags =' -fstack-protector -L/usr/local/lib'
libpth=/usr/local/lib /lib /usr/lib
libs=-lnsl -lgdbm -ldb -ldl -lm -lcrypt -lutil -lc -lgdbm_compat
perllibs=-lnsl -ldl -lm -lcrypt -lutil -lc
libc=/lib/libc-2.12.so, so=so, useshrplib=true, libperl=libperl.so
gnulibc_version='2.12'
Dynamic Linking:
dlsrc=dl_dlopen.xs, dlext=so, d_dlsymun=undef, ccdlflags='-Wl,-E -Wl,-rpath,/home/graham/perltest/perl5121/perl/lib/5.12.1/i686-linux/CORE'
cccdlflags='-fPIC', lddlflags='-shared -O2 -L/usr/local/lib -fstack-protector'
Characteristics of this binary (from libperl):
Compile-time options: PERL_DONT_CREATE_GVSV PERL_MALLOC_WRAP
USE_LARGE_FILES USE_PERLIO USE_PERL_ATOF
Built under linux
Compiled at Jul 20 2010 13:38:07
%ENV:
PERL5LIB=""
PERL5OPT=""
PERL5_CPANPLUS_IS_RUNNING="17715"
PERL5_CPAN_IS_RUNNING="17715"
PERL5_CPAN_IS_RUNNING_IN_RECURSION="3720,17715"
PERL_CR_SMOKER_CURRENT="Graphics-ColorDeficiency-0.05"
PERL_EXTUTILS_AUTOINSTALL="--defaultdeps"
PERL_MM_USE_DEFAULT="1"
@INC:
/home/graham/perltest/perl5121/perl/lib/site_perl/5.12.1/i686-linux
/home/graham/perltest/perl5121/perl/lib/site_perl/5.12.1
/home/graham/perltest/perl5121/perl/lib/5.12.1/i686-linux
/home/graham/perltest/perl5121/perl/lib/5.12.1
.