Report for Text-KwikiFormatish-1.11

Back
From: metabase:user:e7b34f46-36ca-11e0-a826-945c7ca43f85
Subject: FAIL Text-KwikiFormatish-1.11 v5.18.1 FreeBSD
Date: 2013-09-18T03:08:56Z

This distribution has been tested as part of the CPAN Testers
project, supporting the Perl programming language.  See
http://wiki.cpantesters.org/ for more information or email
questions to cpan-testers-discuss@perl.org


--
Dear Ian Langworth,

This is a computer-generated report for Text-KwikiFormatish-1.11
on perl 5.18.1, created by CPAN-Reporter-1.2010.

Thank you for uploading your work to CPAN.  However, there was a problem
testing your distribution.

If you think this report is invalid, please consult the CPAN Testers Wiki
for suggestions on how to avoid getting FAIL reports for missing library
or binary dependencies, unsupported operating systems, and so on:

http://wiki.cpantesters.org/wiki/CPANAuthorNotes

Sections of this report:

    * Tester comments
    * Program output
    * Prerequisites
    * Environment and other context

------------------------------
TESTER COMMENTS
------------------------------

Additional comments from tester:

this report is from an automated smoke testing program
and was not reviewed by a human for accuracy

------------------------------
PROGRAM OUTPUT
------------------------------

Output from '/usr/bin/make test':

PERL_DL_NONLAZY=1 /usr/home/cpan/perl5/perlbrew/perls/perl-5.18.1/bin/perl5.18.1 "-MExtUtils::Command::MM" "-e" "test_harness(0, 'inc', 'blib/lib', 'blib/arch')" t/*.t
t/0-signature.t ... ok
t/eof.t ........... ok
t/links.t ......... ok
t/markup.t ........ ok
t/plugins.t ....... ok
t/pod-coverage.t .. ok

#   Failed test 'POD test for blib/lib/Text/KwikiFormatish.pm'
#   at /home/cpan/perl5/perlbrew/perls/perl-5.18.1/lib/site_perl/5.18.1/Test/Pod.pm line 186.
# blib/lib/Text/KwikiFormatish.pm (184): Expected text after =item, not a bullet
# blib/lib/Text/KwikiFormatish.pm (202): Expected text after =item, not a bullet
# Looks like you failed 1 test of 1.
t/pod.t ........... 
Dubious, test returned 1 (wstat 256, 0x100)
Failed 1/1 subtests 
t/subclass.t ...... ok

Test Summary Report
-------------------
t/pod.t         (Wstat: 256 Tests: 1 Failed: 1)
  Failed test:  1
  Non-zero exit status: 1
Files=8, Tests=51,  1 wallclock secs ( 0.07 usr  0.02 sys +  0.55 cusr  0.13 csys =  0.78 CPU)
Result: FAIL
Failed 1/8 test programs. 1/51 subtests failed.
*** [test_dynamic] Error code 255

Stop in /usr/home/cpan/.cpan/build/Text-KwikiFormatish-1.11-2vFBCz.

------------------------------
PREREQUISITES
------------------------------

Prerequisite modules loaded:

requires:

    Module              Need Have   
    ------------------- ---- -------
    CGI::Util           0    3.62   

build_requires:

    Module              Need Have   
    ------------------- ---- -------
    ExtUtils::MakeMaker 0    6.77_03


------------------------------
ENVIRONMENT AND OTHER CONTEXT
------------------------------

Environment variables:

    AUTOMATED_TESTING = 1
    PATH = /home/cpan/perl5/perlbrew/bin:/home/cpan/perl5/perlbrew/perls/perl-5.18.1/bin:/home/cpan/perl5/bin:/sbin:/bin:/usr/sbin:/usr/bin:/usr/games:/usr/local/sbin:/usr/local/bin:/home/cpan/bin
    PERL5LIB = 
    PERL5OPT = 
    PERL5_CPANPLUS_IS_RUNNING = 66496
    PERL5_CPAN_IS_RUNNING = 66496
    PERL5_CPAN_IS_RUNNING_IN_RECURSION = 79840,66496
    PERLBREW_BASHRC_VERSION = 0.66
    PERLBREW_HOME = /home/cpan/.perlbrew
    PERLBREW_MANPATH = /home/cpan/perl5/perlbrew/perls/perl-5.18.1/man
    PERLBREW_PATH = /home/cpan/perl5/perlbrew/bin:/home/cpan/perl5/perlbrew/perls/perl-5.18.1/bin
    PERLBREW_PERL = perl-5.18.1
    PERLBREW_ROOT = /home/cpan/perl5/perlbrew
    PERLBREW_VERSION = 0.66
    PERL_CR_SMOKER_CURRENT = Rubric-Entry-Formatter-KwikiFormatish-0.552
    PERL_EXTUTILS_AUTOINSTALL = --defaultdeps
    PERL_MM_USE_DEFAULT = 1
    SHELL = /usr/local/bin/bash
    TERM = screen

Perl special variables (and OS-specific diagnostics, for MSWin32):

    $^X = /usr/home/cpan/perl5/perlbrew/perls/perl-5.18.1/bin/perl5.18.1
    $UID/$EUID = 1002 / 1002
    $GID = 1002 1002
    $EGID = 1002 1002

Perl module toolchain versions installed:

    Module              Have    
    ------------------- --------
    CPAN                2.03    
    CPAN::Meta          2.132510
    Cwd                 3.40    
    ExtUtils::CBuilder  0.280212
    ExtUtils::Command   1.18    
    ExtUtils::Install   1.59    
    ExtUtils::MakeMaker 6.77_03 
    ExtUtils::Manifest  1.63    
    ExtUtils::ParseXS   3.22    
    File::Spec          3.40    
    JSON                2.59    
    JSON::PP            2.27202 
    Module::Build       0.4007  
    Module::Signature   n/a     
    Parse::CPAN::Meta   1.4407  
    Test::Harness       3.26    
    Test::More          0.98    
    YAML                0.84    
    YAML::Syck          1.27    
    version             0.9904  


--

Summary of my perl5 (revision 5 version 18 subversion 1) configuration:
   
  Platform:
    osname=freebsd, osvers=9.1-release-p6, archname=amd64-freebsd
    uname='freebsd freebsd90 9.1-release-p6 freebsd 9.1-release-p6 #0: wed aug 21 20:40:52 utc 2013 root@amd64-builder.daemonology.net:usrobjusrsrcsysgeneric amd64 '
    config_args='-de -Dprefix=/home/cpan/perl5/perlbrew/perls/perl-5.18.1 -Aeval:scriptdir=/home/cpan/perl5/perlbrew/perls/perl-5.18.1/bin'
    hint=recommended, useposix=true, d_sigaction=define
    useithreads=undef, usemultiplicity=undef
    useperlio=define, d_sfio=undef, uselargefiles=define, usesocks=undef
    use64bitint=define, use64bitall=define, uselongdouble=undef
    usemymalloc=n, bincompat5005=undef
  Compiler:
    cc='cc', ccflags ='-DHAS_FPSETMASK -DHAS_FLOATINGPOINT_H -fno-strict-aliasing -pipe -fstack-protector -I/usr/local/include',
    optimize='-O',
    cppflags='-DHAS_FPSETMASK -DHAS_FLOATINGPOINT_H -fno-strict-aliasing -pipe -fstack-protector -I/usr/local/include'
    ccversion='', gccversion='4.2.1 20070831 patched [FreeBSD]', gccosandvers=''
    intsize=4, longsize=8, ptrsize=8, doublesize=8, byteorder=12345678
    d_longlong=define, longlongsize=8, d_longdbl=define, longdblsize=16
    ivtype='long', ivsize=8, nvtype='double', nvsize=8, Off_t='off_t', lseeksize=8
    alignbytes=8, prototype=define
  Linker and Libraries:
    ld='cc', ldflags ='-Wl,-E  -fstack-protector -L/usr/local/lib'
    libpth=/usr/lib /usr/local/lib
    libs=-lgdbm -lm -lcrypt -lutil -lc
    perllibs=-lm -lcrypt -lutil -lc
    libc=, so=so, useshrplib=false, libperl=libperl.a
    gnulibc_version=''
  Dynamic Linking:
    dlsrc=dl_dlopen.xs, dlext=so, d_dlsymun=undef, ccdlflags=' '
    cccdlflags='-DPIC -fPIC', lddlflags='-shared  -L/usr/local/lib -fstack-protector'


Characteristics of this binary (from libperl): 
  Compile-time options: HAS_TIMES PERLIO_LAYERS PERL_DONT_CREATE_GVSV
                        PERL_HASH_FUNC_ONE_AT_A_TIME_HARD PERL_MALLOC_WRAP
                        PERL_PRESERVE_IVUV PERL_SAWAMPERSAND USE_64_BIT_ALL
                        USE_64_BIT_INT USE_LARGE_FILES USE_LOCALE
                        USE_LOCALE_COLLATE USE_LOCALE_CTYPE
                        USE_LOCALE_NUMERIC USE_PERLIO USE_PERL_ATOF
  Built under freebsd
  Compiled at Sep 14 2013 00:36:56
  %ENV:
    PERL5LIB=""
    PERL5OPT=""
    PERL5_CPANPLUS_IS_RUNNING="66496"
    PERL5_CPAN_IS_RUNNING="66496"
    PERL5_CPAN_IS_RUNNING_IN_RECURSION="79840,66496"
    PERLBREW_BASHRC_VERSION="0.66"
    PERLBREW_HOME="/home/cpan/.perlbrew"
    PERLBREW_MANPATH="/home/cpan/perl5/perlbrew/perls/perl-5.18.1/man"
    PERLBREW_PATH="/home/cpan/perl5/perlbrew/bin:/home/cpan/perl5/perlbrew/perls/perl-5.18.1/bin"
    PERLBREW_PERL="perl-5.18.1"
    PERLBREW_ROOT="/home/cpan/perl5/perlbrew"
    PERLBREW_VERSION="0.66"
    PERL_CR_SMOKER_CURRENT="Rubric-Entry-Formatter-KwikiFormatish-0.552"
    PERL_EXTUTILS_AUTOINSTALL="--defaultdeps"
    PERL_MM_USE_DEFAULT="1"
  @INC:
    /home/cpan/perl5/perlbrew/perls/perl-5.18.1/lib/site_perl/5.18.1/amd64-freebsd
    /home/cpan/perl5/perlbrew/perls/perl-5.18.1/lib/site_perl/5.18.1
    /home/cpan/perl5/perlbrew/perls/perl-5.18.1/lib/5.18.1/amd64-freebsd
    /home/cpan/perl5/perlbrew/perls/perl-5.18.1/lib/5.18.1
    .