Filter-Crypto v2.08 Perl 5 v5.30.1 OpenBSD.amd64-openbsd-thread-multi
- Status
- Fail
- From
- Alceu Rodrigues de Freitas Junior
- Dist
-
Filter-Crypto v2.08
- Platform
- Perl 5 v5.30.1 OpenBSD.amd64-openbsd-thread-multi
- Date
- 2020-03-17 00:38:44
- ID
- a7fe7652-67e7-11ea-b4d1-9e46d73af4b9
This distribution has been tested as part of the CPAN Testers
project, supporting the Perl programming language. See
http://wiki.cpantesters.org/ for more information or email
questions to cpan-testers-discuss@perl.org
--
Dear Steve Hay,
This is a computer-generated report for Filter-Crypto-2.08
on perl 5.30.1, created by CPAN-Reporter-1.2018.
Thank you for uploading your work to CPAN. However, there was a problem
testing your distribution.
If you think this report is invalid, please consult the CPAN Testers Wiki
for suggestions on how to avoid getting FAIL reports for missing library
or binary dependencies, unsupported operating systems, and so on:
http://wiki.cpantesters.org/wiki/CPANAuthorNotes
Sections of this report:
* Tester comments
* Program output
* Prerequisites
* Environment and other context
------------------------------
TESTER COMMENTS
------------------------------
Additional comments from tester:
this report is from an automated smoke testing program
and was not reviewed by a human for accuracy
------------------------------
PROGRAM OUTPUT
------------------------------
Output from '/usr/bin/make test':
"/home/goku/perl5/perlbrew/perls/perl-5.30.1/bin/perl" -MExtUtils::Command::MM -e 'cp_nonempty' -- CryptFile.bs ../blib/arch/auto/Filter/Crypto/CryptFile/CryptFile.bs 644
"/home/goku/perl5/perlbrew/perls/perl-5.30.1/bin/perl" -MExtUtils::Command::MM -e 'cp_nonempty' -- Decrypt.bs ../blib/arch/auto/Filter/Crypto/Decrypt/Decrypt.bs 644
PERL_DL_NONLAZY=1 "/home/goku/perl5/perlbrew/perls/perl-5.30.1/bin/perl" "-MExtUtils::Command::MM" "-MTest::Harness" "-e" "undef *Test::Harness::Switches; test_harness(0, 'blib/lib', 'blib/arch')" t/*.t
t/01_imports_01.t .... ok
t/01_imports_02.t .... ok
t/01_imports_03.t .... ok
t/01_imports_04.t .... ok
Undefined subroutine &Foo::foo called at foo.pl line 3.
# Failed test '... and encrypted module runs OK with Carp loaded'
# at t/02_function.t line 786.
# got: ''
# expected: 'Hello, world.'
# Looks like you failed 1 test of 295.
t/02_function.t ......
Dubious, test returned 1 (wstat 256, 0x100)
Failed 1/295 subtests
Undefined subroutine &Foo::foo called at foo.pl line 3.
# Failed test '... and encrypted script + unencrypted module run OK'
# at t/03_script.t line 443.
# got: ''
# expected: 'Hello, world.'
Undefined subroutine &Foo::foo called at foo.pl line 3.
# Failed test '... and encrypted script + encrypted module run OK'
# at t/03_script.t line 457.
# got: ''
# expected: 'Hello, world.'
Undefined subroutine &Foo::foo called at foo.pl line 2.
# Failed test '... and unencrypted script + encrypted module run OK'
# at t/03_script.t line 471.
# got: ''
# expected: 'Hello, world.'
# Looks like you failed 3 tests of 105.
t/03_script.t ........
Dubious, test returned 3 (wstat 768, 0x300)
Failed 3/105 subtests
t/04_par.t ........... ok
t/05_errstr.t ........ ok
t/06_changes.t ....... skipped: Author testing only
t/07_critic.t ........ skipped: Author testing only
t/08_pod.t ........... skipped: Author testing only
t/09_pod_coverage.t .. skipped: Author testing only
Test Summary Report
-------------------
t/02_function.t (Wstat: 256 Tests: 295 Failed: 1)
Failed test: 295
Non-zero exit status: 1
t/03_script.t (Wstat: 768 Tests: 105 Failed: 3)
Failed tests: 59, 62, 65
Non-zero exit status: 3
Files=12, Tests=448, 37 wallclock secs ( 0.12 usr 0.90 sys + 22.92 cusr 11.78 csys = 35.72 CPU)
Result: FAIL
Failed 2/12 test programs. 4/448 subtests failed.
*** Error 255 in /mnt/cpan_build_dir/goku/Filter-Crypto-2.08-0 (Makefile:1092 'test_dynamic')
------------------------------
PREREQUISITES
------------------------------
Prerequisite modules loaded:
requires:
Module Need Have
--------------------- -------- ---------
Carp 0 1.50
Config 0 5.030001
constant 0 1.33
Cwd 0 3.78
Exporter 0 5.74
ExtUtils::MakeMaker 6.66 7.44
Fcntl 0 1.13
File::Basename 0 2.85
File::Copy 0 2.34
File::Find 0 1.36
File::Spec::Functions 0 3.78
File::Temp 0 0.2309
Getopt::Long 0 2.51
perl 5.008001 5.030001
Pod::Usage 1.15 1.69
Scalar::Util 0 1.54
strict 0 1.11
Text::ParseWords 0 3.30
Text::Wrap 0 2013.0523
warnings 0 1.44
XSLoader 0 0.30
build_requires:
Module Need Have
--------------------- -------- ---------
blib 0 1.07
ExtUtils::MakeMaker 0 7.44
FindBin 0 1.51
Test::More 0 1.302171
configure_requires:
Module Need Have
--------------------- -------- ---------
Carp 0 1.50
Config 0 5.030001
constant 0 1.33
Cwd 0 3.78
ExtUtils::MakeMaker 6.66 7.44
Fcntl 0 1.13
File::Basename 0 2.85
File::Copy 0 2.34
File::Spec::Functions 0 3.78
Getopt::Long 0 2.51
perl 5.008001 5.030001
Pod::Usage 1.15 1.69
strict 0 1.11
Text::Wrap 0 2013.0523
warnings 0 1.44
------------------------------
ENVIRONMENT AND OTHER CONTEXT
------------------------------
Environment variables:
AUTOMATED_TESTING = 1
DBD_MYSQL_TESTDB = test
DBD_MYSQL_TESTHOST = localhost
DBD_MYSQL_TESTPASSWORD =
DBD_MYSQL_TESTPORT = 3306
DBD_MYSQL_TESTUSER = goku
EXTENDED_TESTING = 1
PATH = /home/goku/perl5/perlbrew/bin:/home/goku/perl5/perlbrew/perls/perl-5.30.1/bin:/home/goku/bin:/usr/bin:/bin:/usr/sbin:/sbin:/usr/X11R6/bin:/usr/local/bin:/usr/local/sbin
PERL5LIB =
PERL5OPT =
PERL5_CPANPLUS_IS_RUNNING = 59599
PERL5_CPAN_IS_RUNNING = 59599
PERL5_CPAN_IS_RUNNING_IN_RECURSION = 36170,59599
PERLBREW_HOME = /home/goku/.perlbrew
PERLBREW_MANPATH = /home/goku/perl5/perlbrew/perls/perl-5.30.1/man
PERLBREW_PATH = /home/goku/perl5/perlbrew/bin:/home/goku/perl5/perlbrew/perls/perl-5.30.1/bin
PERLBREW_PERL = perl-5.30.1
PERLBREW_ROOT = /home/goku/perl5/perlbrew
PERLBREW_SHELLRC_VERSION = 0.88
PERLBREW_VERSION = 0.88
PERL_CR_SMOKER_CURRENT = Filter-Crypto-2.08
PERL_EXTUTILS_AUTOINSTALL = --defaultdeps
PERL_MM_USE_DEFAULT = 1
PERL_USE_UNSAFE_INC = 1
SHELL = /usr/local/bin/bash
TERM = screen
Perl special variables (and OS-specific diagnostics, for MSWin32):
$^X = /home/goku/perl5/perlbrew/perls/perl-5.30.1/bin/perl
$UID/$EUID = 1002 / 1002
$GID = 1002 1002 1001
$EGID = 1002 1002 1001
Perl module toolchain versions installed:
Module Have
------------------- ---------
CPAN 2.27
CPAN::Meta 2.150010
Cwd 3.78
ExtUtils::CBuilder 0.280234
ExtUtils::Command 7.44
ExtUtils::Install 2.14
ExtUtils::MakeMaker 7.44
ExtUtils::Manifest 1.72
ExtUtils::ParseXS 3.40
File::Spec 3.78
JSON 4.02
JSON::PP 4.04
Module::Build 0.4231
Module::Signature n/a
Parse::CPAN::Meta 2.150010
Test::Harness 3.42
Test::More 1.302171
YAML 1.30
YAML::Syck n/a
version 0.9924_02
--
Summary of my perl5 (revision 5 version 30 subversion 1) configuration:
Platform:
osname=openbsd
osvers=6.6
archname=OpenBSD.amd64-openbsd-thread-multi
uname='openbsd cpan-smoker-openbsd 6.6 generic.mp#372 amd64 '
config_args='-de -Dprefix=/home/goku/perl5/perlbrew/perls/perl-5.30.1 -Dman1dir=none -Dman3dir=none -Dusemultiplicity -Duse64bitint -Duse64bitall -Dusethreads -Aeval:scriptdir=/home/goku/perl5/perlbrew/perls/perl-5.30.1/bin'
hint=recommended
useposix=true
d_sigaction=define
useithreads=define
usemultiplicity=define
use64bitint=define
use64bitall=define
uselongdouble=undef
usemymalloc=n
default_inc_excludes_dot=define
bincompat5005=undef
Compiler:
cc='cc'
ccflags ='-pthread -fno-strict-aliasing -pipe -fstack-protector-strong -I/usr/local/include -D_FORTIFY_SOURCE=2'
optimize='-O2'
cppflags='-pthread -fno-strict-aliasing -pipe -fstack-protector-strong -I/usr/local/include'
ccversion=''
gccversion='4.2.1 Compatible OpenBSD Clang 8.0.1 (tags/RELEASE_801/final)'
gccosandvers=''
intsize=4
longsize=8
ptrsize=8
doublesize=8
byteorder=12345678
doublekind=3
d_longlong=define
longlongsize=8
d_longdbl=define
longdblsize=16
longdblkind=3
ivtype='long'
ivsize=8
nvtype='double'
nvsize=8
Off_t='off_t'
lseeksize=8
alignbytes=8
prototype=define
Linker and Libraries:
ld='cc'
ldflags ='-pthread -Wl,-E -fstack-protector-strong -L/usr/local/lib'
libpth=/usr/lib /usr/local/lib
libs=-lpthread -lm -lutil -lc
perllibs=-lpthread -lm -lutil -lc
libc=/usr/lib/libc.so.95.1
so=so
useshrplib=false
libperl=libperl.a
gnulibc_version=''
Dynamic Linking:
dlsrc=dl_dlopen.xs
dlext=so
d_dlsymun=undef
ccdlflags=' '
cccdlflags='-DPIC -fPIC '
lddlflags='-shared -fPIC -L/usr/local/lib -fstack-protector-strong'
Characteristics of this binary (from libperl):
Compile-time options:
HAS_TIMES
MULTIPLICITY
PERLIO_LAYERS
PERL_COPY_ON_WRITE
PERL_DONT_CREATE_GVSV
PERL_IMPLICIT_CONTEXT
PERL_MALLOC_WRAP
PERL_OP_PARENT
PERL_PRESERVE_IVUV
USE_64_BIT_ALL
USE_64_BIT_INT
USE_ITHREADS
USE_LARGE_FILES
USE_LOCALE
USE_LOCALE_COLLATE
USE_LOCALE_CTYPE
USE_LOCALE_NUMERIC
USE_LOCALE_TIME
USE_PERLIO
USE_PERL_ATOF
USE_REENTRANT_API
Locally applied patches:
Devel::PatchPerl 1.86
Built under openbsd
Compiled at Feb 25 2020 16:58:44
%ENV:
PERL5LIB=""
PERL5OPT=""
PERL5_CPANPLUS_IS_RUNNING="59599"
PERL5_CPAN_IS_RUNNING="59599"
PERL5_CPAN_IS_RUNNING_IN_RECURSION="36170,59599"
PERLBREW_HOME="/home/goku/.perlbrew"
PERLBREW_MANPATH="/home/goku/perl5/perlbrew/perls/perl-5.30.1/man"
PERLBREW_PATH="/home/goku/perl5/perlbrew/bin:/home/goku/perl5/perlbrew/perls/perl-5.30.1/bin"
PERLBREW_PERL="perl-5.30.1"
PERLBREW_ROOT="/home/goku/perl5/perlbrew"
PERLBREW_SHELLRC_VERSION="0.88"
PERLBREW_VERSION="0.88"
PERL_CR_SMOKER_CURRENT="Filter-Crypto-2.08"
PERL_EXTUTILS_AUTOINSTALL="--defaultdeps"
PERL_MM_USE_DEFAULT="1"
PERL_USE_UNSAFE_INC="1"
@INC:
/home/goku/perl5/perlbrew/perls/perl-5.30.1/lib/site_perl/5.30.1/OpenBSD.amd64-openbsd-thread-multi
/home/goku/perl5/perlbrew/perls/perl-5.30.1/lib/site_perl/5.30.1
/home/goku/perl5/perlbrew/perls/perl-5.30.1/lib/5.30.1/OpenBSD.amd64-openbsd-thread-multi
/home/goku/perl5/perlbrew/perls/perl-5.30.1/lib/5.30.1
.