Report for Sys-RotateBackup-0.12

Back
From: metabase:user:9c36dc84-a30f-11e0-a9fc-0a18abbd4f2f
Subject: FAIL Sys-RotateBackup-0.12 v5.20.2 OpenBSD
Date: 2016-11-20T20:05:17Z

This distribution has been tested as part of the CPAN Testers
project, supporting the Perl programming language.  See
http://wiki.cpantesters.org/ for more information or email
questions to cpan-testers-discuss@perl.org


--
Dear Dominik Schulz,

This is a computer-generated report for Sys-RotateBackup-0.12
on perl 5.20.2, created by CPAN-Reporter-1.2018.

Thank you for uploading your work to CPAN.  However, there was a problem
testing your distribution.

If you think this report is invalid, please consult the CPAN Testers Wiki
for suggestions on how to avoid getting FAIL reports for missing library
or binary dependencies, unsupported operating systems, and so on:

http://wiki.cpantesters.org/wiki/CPANAuthorNotes

Sections of this report:

    * Tester comments
    * Program output
    * Prerequisites
    * Environment and other context

------------------------------
TESTER COMMENTS
------------------------------

Additional comments from tester:

this report is from an automated smoke testing program
and was not reviewed by a human for accuracy

------------------------------
PROGRAM OUTPUT
------------------------------

Output from '/usr/bin/make test':

PERL_DL_NONLAZY=1 "/usr/bin/perl" "-MExtUtils::Command::MM" "-MTest::Harness" "-e" "undef *Test::Harness::Switches; test_harness(0, 'blib/lib', 'blib/arch')" t/*.t
# Testing Sys::RotateBackup 0.12, Perl 5.020002, /usr/bin/perl
t/00-load.t ............. ok
t/manifest.t ............ skipped: Author tests not required for installation
t/pod-coverage.t ........ ok
t/pod.t ................. ok
t/release-eol.t ......... skipped: these tests are for release candidate testing
t/release-no-tabs.t ..... skipped: these tests are for release candidate testing
t/release-pod-syntax.t .. skipped: these tests are for release candidate testing

#   Failed test 'Got weekly directory'
#   at t/rotate.t line 28.

#   Failed test 'Got monthly directory'
#   at t/rotate.t line 28.

#   Failed test 'Got yearly directory'
#   at t/rotate.t line 28.

#   Failed test 'Rotation 2 of type daily exists'
#   at t/rotate.t line 46.

#   Failed test 'Rotation 3 of type daily exists'
#   at t/rotate.t line 46.

#   Failed test 'Rotation 4 of type daily exists'
#   at t/rotate.t line 46.

#   Failed test 'Rotation 5 of type daily exists'
#   at t/rotate.t line 46.

#   Failed test 'Rotation 6 of type daily exists'
#   at t/rotate.t line 46.

#   Failed test 'Rotation 7 of type daily exists'
#   at t/rotate.t line 46.

#   Failed test 'Rotation 8 of type daily exists'
#   at t/rotate.t line 46.

#   Failed test 'Rotation 9 of type daily exists'
#   at t/rotate.t line 46.

#   Failed test 'Rotation 10 of type daily exists'
#   at t/rotate.t line 46.

#   Failed test 'Still got weekly directory'
#   at t/rotate.t line 43.

#   Failed test 'Rotation 0 of type weekly exists'
#   at t/rotate.t line 46.

#   Failed test 'Rotation 1 of type weekly exists'
#   at t/rotate.t line 46.

#   Failed test 'Rotation 2 of type weekly exists'
#   at t/rotate.t line 46.

#   Failed test 'Rotation 3 of type weekly exists'
#   at t/rotate.t line 46.

#   Failed test 'Rotation 4 of type weekly exists'
#   at t/rotate.t line 46.

#   Failed test 'Still got monthly directory'
#   at t/rotate.t line 43.

#   Failed test 'Rotation 0 of type monthly exists'
#   at t/rotate.t line 46.

#   Failed test 'Rotation 1 of type monthly exists'
#   at t/rotate.t line 46.

#   Failed test 'Rotation 2 of type monthly exists'
#   at t/rotate.t line 46.

#   Failed test 'Rotation 3 of type monthly exists'
#   at t/rotate.t line 46.

#   Failed test 'Rotation 4 of type monthly exists'
#   at t/rotate.t line 46.

#   Failed test 'Rotation 5 of type monthly exists'
#   at t/rotate.t line 46.

#   Failed test 'Rotation 6 of type monthly exists'
#   at t/rotate.t line 46.

#   Failed test 'Rotation 7 of type monthly exists'
#   at t/rotate.t line 46.

#   Failed test 'Rotation 8 of type monthly exists'
#   at t/rotate.t line 46.

#   Failed test 'Rotation 9 of type monthly exists'
#   at t/rotate.t line 46.

#   Failed test 'Rotation 10 of type monthly exists'
#   at t/rotate.t line 46.

#   Failed test 'Rotation 11 of type monthly exists'
#   at t/rotate.t line 46.

#   Failed test 'Rotation 12 of type monthly exists'
#   at t/rotate.t line 46.

#   Failed test 'Still got yearly directory'
#   at t/rotate.t line 43.

#   Failed test 'Rotation 0 of type yearly exists'
#   at t/rotate.t line 46.

#   Failed test 'Rotation 1 of type yearly exists'
#   at t/rotate.t line 46.

#   Failed test 'Rotation 2 of type yearly exists'
#   at t/rotate.t line 46.

#   Failed test 'Rotation 3 of type yearly exists'
#   at t/rotate.t line 46.

#   Failed test 'Rotation 4 of type yearly exists'
#   at t/rotate.t line 46.

#   Failed test 'Rotation 5 of type yearly exists'
#   at t/rotate.t line 46.

#   Failed test 'Rotation 6 of type yearly exists'
#   at t/rotate.t line 46.

#   Failed test 'Rotation 7 of type yearly exists'
#   at t/rotate.t line 46.

#   Failed test 'Rotation 8 of type yearly exists'
#   at t/rotate.t line 46.

#   Failed test 'Rotation 9 of type yearly exists'
#   at t/rotate.t line 46.

#   Failed test 'Rotation 10 of type yearly exists'
#   at t/rotate.t line 46.
# Looks like you failed 44 tests of 59.
t/rotate.t .............. 
Dubious, test returned 44 (wstat 11264, 0x2c00)
Failed 44/59 subtests 

Test Summary Report
-------------------
t/rotate.t            (Wstat: 11264 Tests: 59 Failed: 44)
  Failed tests:  3-5, 14-54
  Non-zero exit status: 44
Files=8, Tests=62,  4 wallclock secs ( 0.03 usr  0.06 sys +  1.31 cusr  2.04 csys =  3.44 CPU)
Result: FAIL
Failed 1/8 test programs. 44/62 subtests failed.
*** Error 44 in /cpan_build/foo/Sys-RotateBackup-0.12-0 (Makefile:867 'test_dynamic')

------------------------------
PREREQUISITES
------------------------------

Prerequisite modules loaded:

requires:

    Module                      Need Have    
    --------------------------- ---- --------
    feature                     0    1.36_01 
    Log::Tree::RequiredLogger   0    0.18    
    Moose                       0    2.1902  
    mro                         0    1.16    
    namespace::autoclean        0    0.28    
    Sys::FS                     0    0.11    
    Sys::Run                    0    0.16    

build_requires:

    Module                      Need Have    
    --------------------------- ---- --------
    File::Blarf                 0    0.12    
    File::Temp                  0    0.2304  
    strict                      0    1.08    
    Test::MockObject::Universal 0    0.11    
    Test::MockTime              0    0.15    
    Test::More                  0    1.302062
    warnings                    0    1.23    

configure_requires:

    Module                      Need Have    
    --------------------------- ---- --------
    ExtUtils::MakeMaker         6.30 7.24    


------------------------------
ENVIRONMENT AND OTHER CONTEXT
------------------------------

Environment variables:

    AUTOMATED_TESTING = 1
    PATH = /home/foo/bin:/home/foo/perl5/bin:/usr/bin:/bin:/usr/sbin:/sbin:/usr/X11R6/bin:/usr/local/bin:/usr/local/sbin
    PERL5LIB = /home/foo/perl5/lib/perl5
    PERL5OPT = 
    PERL5_CPANPLUS_IS_RUNNING = 1134
    PERL5_CPAN_IS_RUNNING = 1134
    PERL5_CPAN_IS_RUNNING_IN_RECURSION = 12590,1134
    PERL_CR_SMOKER_CURRENT = Sys-RevoBackup-0.27
    PERL_EXTUTILS_AUTOINSTALL = --defaultdeps
    PERL_LOCAL_LIB_ROOT = /home/foo/perl5
    PERL_MB_OPT = --install_base "/home/foo/perl5"
    PERL_MM_OPT = INSTALL_BASE=/home/foo/perl5
    PERL_MM_USE_DEFAULT = 1
    SHELL = /usr/local/bin/bash
    TERM = vt220

Perl special variables (and OS-specific diagnostics, for MSWin32):

    $^X = /usr/bin/perl
    $UID/$EUID = 1001 / 1001
    $GID = 1001 1001
    $EGID = 1001 1001

Perl module toolchain versions installed:

    Module              Have    
    ------------------- --------
    CPAN                2.14    
    CPAN::Meta          2.150010
    Cwd                 3.62    
    ExtUtils::CBuilder  0.280224
    ExtUtils::Command   7.24    
    ExtUtils::Install   2.04    
    ExtUtils::MakeMaker 7.24    
    ExtUtils::Manifest  1.70    
    ExtUtils::ParseXS   3.30    
    File::Spec          3.62    
    JSON                2.90    
    JSON::PP            2.27400 
    Module::Build       0.4220  
    Module::Signature   n/a     
    Parse::CPAN::Meta   2.150010
    Test::Harness       3.36    
    Test::More          1.302062
    YAML                1.19    
    YAML::Syck          1.29    
    version             0.9912  


--

Summary of my perl5 (revision 5 version 20 subversion 2) configuration:
   
  Platform:
    osname=openbsd, osvers=5.9, archname=amd64-openbsd
    uname='openbsd'
    config_args='-dsE -Dopenbsd_distribution=defined -Dccflags=-DNO_LOCALE_NUMERIC -DNO_LOCALE_COLLATE -Dmksymlinks'
    hint=recommended, useposix=true, d_sigaction=define
    useithreads=undef, usemultiplicity=undef
    use64bitint=define, use64bitall=define, uselongdouble=undef
    usemymalloc=n, bincompat5005=undef
  Compiler:
    cc='cc', ccflags ='-DNO_LOCALE_NUMERIC -DNO_LOCALE_COLLATE -fno-strict-aliasing -fno-delete-null-pointer-checks -pipe -fstack-protector -I/usr/local/include',
    optimize='-O2',
    cppflags='-DNO_LOCALE_NUMERIC -DNO_LOCALE_COLLATE -fno-strict-aliasing -fno-delete-null-pointer-checks -pipe -fstack-protector -I/usr/local/include'
    ccversion='', gccversion='4.2.1 20070719 ', gccosandvers='openbsd5.9'
    intsize=4, longsize=8, ptrsize=8, doublesize=8, byteorder=12345678
    d_longlong=define, longlongsize=8, d_longdbl=define, longdblsize=16
    ivtype='long', ivsize=8, nvtype='double', nvsize=8, Off_t='off_t', lseeksize=8
    alignbytes=8, prototype=define
  Linker and Libraries:
    ld='cc', ldflags ='-Wl,-E  -fstack-protector -L/usr/local/lib'
    libpth=/usr/lib /usr/local/lib
    libs=-lm -lutil -lc
    perllibs=-lm -lutil -lc
    libc=/usr/lib/libc.a, so=so, useshrplib=true, libperl=libperl.so.17.1
    gnulibc_version=''
  Dynamic Linking:
    dlsrc=dl_dlopen.xs, dlext=so, d_dlsymun=undef, ccdlflags='-Wl,-R/usr/libdata/perl5/amd64-openbsd/5.20.2/CORE'
    cccdlflags='-DPIC -fPIC ', lddlflags='-shared -fPIC  -fstack-protector -L/usr/local/lib'


Characteristics of this binary (from libperl): 
  Compile-time options: HAS_TIMES PERLIO_LAYERS PERL_DONT_CREATE_GVSV
                        PERL_HASH_FUNC_ONE_AT_A_TIME_HARD PERL_MALLOC_WRAP
                        PERL_NEW_COPY_ON_WRITE PERL_PRESERVE_IVUV
                        USE_64_BIT_ALL USE_64_BIT_INT USE_LARGE_FILES
                        USE_LOCALE USE_LOCALE_CTYPE USE_PERLIO USE_PERL_ATOF
  Built under openbsd
  Compiled at Feb 26 2016 01:02:08
  %ENV:
    PERL5LIB="/home/foo/perl5/lib/perl5"
    PERL5OPT=""
    PERL5_CPANPLUS_IS_RUNNING="1134"
    PERL5_CPAN_IS_RUNNING="1134"
    PERL5_CPAN_IS_RUNNING_IN_RECURSION="12590,1134"
    PERL_CR_SMOKER_CURRENT="Sys-RevoBackup-0.27"
    PERL_EXTUTILS_AUTOINSTALL="--defaultdeps"
    PERL_LOCAL_LIB_ROOT="/home/foo/perl5"
    PERL_MB_OPT="--install_base "/home/foo/perl5""
    PERL_MM_OPT="INSTALL_BASE=/home/foo/perl5"
    PERL_MM_USE_DEFAULT="1"
  @INC:
    /home/foo/perl5/lib/perl5/5.20.2/amd64-openbsd
    /home/foo/perl5/lib/perl5/5.20.2
    /home/foo/perl5/lib/perl5/amd64-openbsd
    /home/foo/perl5/lib/perl5
    /usr/local/libdata/perl5/site_perl/amd64-openbsd
    /usr/libdata/perl5/site_perl/amd64-openbsd
    /usr/local/libdata/perl5/site_perl
    /usr/libdata/perl5/site_perl
    /usr/libdata/perl5/amd64-openbsd/5.20.2
    /usr/local/libdata/perl5/amd64-openbsd/5.20.2
    /usr/libdata/perl5
    /usr/local/libdata/perl5
    .