Report for MSWord-ToHTML-0.009

Back
From: metabase:user:320bfe00-2aae-11df-837a-5e0a49663a4f
Subject: FAIL MSWord-ToHTML-0.009 v5.19.5 GNU/Linux
Date: 2013-12-24T22:56:43Z

This distribution has been tested as part of the CPAN Testers
project, supporting the Perl programming language.  See
http://wiki.cpantesters.org/ for more information or email
questions to cpan-testers-discuss@perl.org


--
Dear Amiri Barksdale,

This is a computer-generated report for MSWord-ToHTML-0.009
on perl 5.19.5, created by CPAN-Reporter-1.2010.

Thank you for uploading your work to CPAN.  However, there was a problem
testing your distribution.

If you think this report is invalid, please consult the CPAN Testers Wiki
for suggestions on how to avoid getting FAIL reports for missing library
or binary dependencies, unsupported operating systems, and so on:

http://wiki.cpantesters.org/wiki/CPANAuthorNotes

Sections of this report:

    * Tester comments
    * Program output
    * Prerequisites
    * Environment and other context

------------------------------
TESTER COMMENTS
------------------------------

Additional comments from tester:

this report is from an automated smoke testing program
and was not reviewed by a human for accuracy

------------------------------
PROGRAM OUTPUT
------------------------------

Output from '/usr/bin/make test':

PERL_DL_NONLAZY=1 /home/sand/src/perl/repoperls/installed-perls/perl/v5.19.5/a2da/bin/perl "-MExtUtils::Command::MM" "-MTest::Harness" "-e" "undef *Test::Harness::Switches; test_harness(0, 'blib/lib', 'blib/arch')" t/*.t
javaldx: Could not find a Java Runtime Environment!
Warning: failed to read path from javaldx
javaldx: Could not find a Java Runtime Environment!
Warning: failed to read path from javaldx
javaldx: Could not find a Java Runtime Environment!
Warning: failed to read path from javaldx
javaldx: Could not find a Java Runtime Environment!
Warning: failed to read path from javaldx
javaldx: Could not find a Java Runtime Environment!
Warning: failed to read path from javaldx
javaldx: Could not find a Java Runtime Environment!
Warning: failed to read path from javaldx
javaldx: Could not find a Java Runtime Environment!
Warning: failed to read path from javaldx
javaldx: Could not find a Java Runtime Environment!
Warning: failed to read path from javaldx
javaldx: Could not find a Java Runtime Environment!
Warning: failed to read path from javaldx
javaldx: Could not find a Java Runtime Environment!
Warning: failed to read path from javaldx
javaldx: Could not find a Java Runtime Environment!
Warning: failed to read path from javaldx
javaldx: Could not find a Java Runtime Environment!
Warning: failed to read path from javaldx
javaldx: Could not find a Java Runtime Environment!
Warning: failed to read path from javaldx
javaldx: Could not find a Java Runtime Environment!
Warning: failed to read path from javaldx
javaldx: Could not find a Java Runtime Environment!
Warning: failed to read path from javaldx
Can't call method "delete" on an undefined value at lib/MSWord/ToHTML/Roles/HasHTML.pm line 192.
Can't call method "delete" on an undefined value at lib/MSWord/ToHTML/Roles/HasHTML.pm line 192.
Can't call method "delete" on an undefined value at lib/MSWord/ToHTML/Roles/HasHTML.pm line 192.
Can't call method "delete" on an undefined value at lib/MSWord/ToHTML/Roles/HasHTML.pm line 192.
Can't call method "delete" on an undefined value at lib/MSWord/ToHTML/Roles/HasHTML.pm line 192.
Can't call method "delete" on an undefined value at lib/MSWord/ToHTML/Roles/HasHTML.pm line 192.
Can't call method "delete" on an undefined value at lib/MSWord/ToHTML/Roles/HasHTML.pm line 192.
Can't call method "delete" on an undefined value at lib/MSWord/ToHTML/Roles/HasHTML.pm line 192.
javaldx: Could not find a Java Runtime Environment!
Warning: failed to read path from javaldx
javaldx: Could not find a Java Runtime Environment!
Warning: failed to read path from javaldx
javaldx: Could not find a Java Runtime Environment!
Warning: failed to read path from javaldx
javaldx: Could not find a Java Runtime Environment!
Warning: failed to read path from javaldx
javaldx: Could not find a Java Runtime Environment!
Warning: failed to read path from javaldx
javaldx: Could not find a Java Runtime Environment!
Warning: failed to read path from javaldx
javaldx: Could not find a Java Runtime Environment!
Warning: failed to read path from javaldx
javaldx: Could not find a Java Runtime Environment!
Warning: failed to read path from javaldx
Can't call method "delete" on an undefined value at lib/MSWord/ToHTML/Roles/HasHTML.pm line 192.
Can't call method "delete" on an undefined value at lib/MSWord/ToHTML/Roles/HasHTML.pm line 192.
Can't call method "delete" on an undefined value at lib/MSWord/ToHTML/Roles/HasHTML.pm line 192.
Can't call method "delete" on an undefined value at lib/MSWord/ToHTML/Roles/HasHTML.pm line 192.
Can't call method "delete" on an undefined value at lib/MSWord/ToHTML/Roles/HasHTML.pm line 192.
Can't call method "delete" on an undefined value at lib/MSWord/ToHTML/Roles/HasHTML.pm line 192.
javaldx: Could not find a Java Runtime Environment!
Warning: failed to read path from javaldx
javaldx: Could not find a Java Runtime Environment!
Warning: failed to read path from javaldx
javaldx: Could not find a Java Runtime Environment!
Warning: failed to read path from javaldx
javaldx: Could not find a Java Runtime Environment!
Warning: failed to read path from javaldx
javaldx: Could not find a Java Runtime Environment!
Warning: failed to read path from javaldx
javaldx: Could not find a Java Runtime Environment!
Warning: failed to read path from javaldx
Can't call method "delete" on an undefined value at lib/MSWord/ToHTML/Roles/HasHTML.pm line 192.
Can't call method "delete" on an undefined value at lib/MSWord/ToHTML/Roles/HasHTML.pm line 192.
Can't call method "delete" on an undefined value at lib/MSWord/ToHTML/Roles/HasHTML.pm line 192.
Can't call method "delete" on an undefined value at lib/MSWord/ToHTML/Roles/HasHTML.pm line 192.
Can't call method "delete" on an undefined value at lib/MSWord/ToHTML/Roles/HasHTML.pm line 192.
Can't call method "delete" on an undefined value at lib/MSWord/ToHTML/Roles/HasHTML.pm line 192.
Can't call method "delete" on an undefined value at lib/MSWord/ToHTML/Roles/HasHTML.pm line 192.
Can't call method "delete" on an undefined value at lib/MSWord/ToHTML/Roles/HasHTML.pm line 192.
Can't call method "delete" on an undefined value at lib/MSWord/ToHTML/Roles/HasHTML.pm line 192.
Can't call method "delete" on an undefined value at lib/MSWord/ToHTML/Roles/HasHTML.pm line 192.
Can't call method "delete" on an undefined value at lib/MSWord/ToHTML/Roles/HasHTML.pm line 192.
Can't call method "delete" on an undefined value at lib/MSWord/ToHTML/Roles/HasHTML.pm line 192.
Can't call method "delete" on an undefined value at lib/MSWord/ToHTML/Roles/HasHTML.pm line 192.
# Looks like you planned 113 tests but ran 7.
# Looks like your test exited with 255 just after 7.
t/constraints.t ........ 
Dubious, test returned 255 (wstat 65280, 0xff00)
All 113 subtests passed 
javaldx: Could not find a Java Runtime Environment!
Warning: failed to read path from javaldx
javaldx: Could not find a Java Runtime Environment!
Warning: failed to read path from javaldx
javaldx: Could not find a Java Runtime Environment!
Warning: failed to read path from javaldx
javaldx: Could not find a Java Runtime Environment!
Warning: failed to read path from javaldx
javaldx: Could not find a Java Runtime Environment!
Warning: failed to read path from javaldx
javaldx: Could not find a Java Runtime Environment!
Warning: failed to read path from javaldx
javaldx: Could not find a Java Runtime Environment!
Warning: failed to read path from javaldx
javaldx: Could not find a Java Runtime Environment!
Warning: failed to read path from javaldx
javaldx: Could not find a Java Runtime Environment!
Warning: failed to read path from javaldx
javaldx: Could not find a Java Runtime Environment!
Warning: failed to read path from javaldx
javaldx: Could not find a Java Runtime Environment!
Warning: failed to read path from javaldx
javaldx: Could not find a Java Runtime Environment!
Warning: failed to read path from javaldx
javaldx: Could not find a Java Runtime Environment!
Warning: failed to read path from javaldx
javaldx: Could not find a Java Runtime Environment!
Warning: failed to read path from javaldx
javaldx: Could not find a Java Runtime Environment!
Warning: failed to read path from javaldx

#   Failed test 'I can get html'
#   at t/convert.t line 29.
# died: Can't call method "delete" on an undefined value at lib/MSWord/ToHTML/Roles/HasHTML.pm line 192.

#   Failed test 'undef isa 'MSWord::ToHTML::HTML''
#   at t/convert.t line 30.
#     undef isn't defined

#   Failed test '->can(...)'
#   at t/convert.t line 31.
#     can_ok() called with empty class or reference
Can't call method "images" on an undefined value at t/convert.t line 32.

#   Failed test 'I can get html'
#   at t/convert.t line 29.
# died: Can't call method "delete" on an undefined value at lib/MSWord/ToHTML/Roles/HasHTML.pm line 192.

#   Failed test 'undef isa 'MSWord::ToHTML::HTML''
#   at t/convert.t line 30.
#     undef isn't defined

#   Failed test '->can(...)'
#   at t/convert.t line 31.
#     can_ok() called with empty class or reference
Can't call method "images" on an undefined value at t/convert.t line 32.

#   Failed test 'I can get html'
#   at t/convert.t line 29.
# died: Can't call method "delete" on an undefined value at lib/MSWord/ToHTML/Roles/HasHTML.pm line 192.

#   Failed test 'undef isa 'MSWord::ToHTML::HTML''
#   at t/convert.t line 30.
#     undef isn't defined

#   Failed test '->can(...)'
#   at t/convert.t line 31.
#     can_ok() called with empty class or reference
Can't call method "images" on an undefined value at t/convert.t line 32.

#   Failed test 'I can get html'
#   at t/convert.t line 29.
# died: Can't call method "delete" on an undefined value at lib/MSWord/ToHTML/Roles/HasHTML.pm line 192.

#   Failed test 'undef isa 'MSWord::ToHTML::HTML''
#   at t/convert.t line 30.
#     undef isn't defined

#   Failed test '->can(...)'
#   at t/convert.t line 31.
#     can_ok() called with empty class or reference
Can't call method "images" on an undefined value at t/convert.t line 32.

#   Failed test 'I can get html'
#   at t/convert.t line 20.
# died: Can't call method "delete" on an undefined value at lib/MSWord/ToHTML/Roles/HasHTML.pm line 192.

#   Failed test 'undef isa 'MSWord::ToHTML::HTML''
#   at t/convert.t line 21.
#     undef isn't defined

#   Failed test '->can(...)'
#   at t/convert.t line 22.
#     can_ok() called with empty class or reference
Can't call method "images" on an undefined value at t/convert.t line 23.

#   Failed test 'I can get html'
#   at t/convert.t line 20.
# died: Can't call method "delete" on an undefined value at lib/MSWord/ToHTML/Roles/HasHTML.pm line 192.

#   Failed test 'undef isa 'MSWord::ToHTML::HTML''
#   at t/convert.t line 21.
#     undef isn't defined

#   Failed test '->can(...)'
#   at t/convert.t line 22.
#     can_ok() called with empty class or reference
Can't call method "images" on an undefined value at t/convert.t line 23.

#   Failed test 'I can get html'
#   at t/convert.t line 20.
# died: Can't call method "delete" on an undefined value at lib/MSWord/ToHTML/Roles/HasHTML.pm line 192.

#   Failed test 'undef isa 'MSWord::ToHTML::HTML''
#   at t/convert.t line 21.
#     undef isn't defined

#   Failed test '->can(...)'
#   at t/convert.t line 22.
#     can_ok() called with empty class or reference
Can't call method "images" on an undefined value at t/convert.t line 23.

#   Failed test 'I can get html'
#   at t/convert.t line 20.
# died: Can't call method "delete" on an undefined value at lib/MSWord/ToHTML/Roles/HasHTML.pm line 192.

#   Failed test 'undef isa 'MSWord::ToHTML::HTML''
#   at t/convert.t line 21.
#     undef isn't defined

#   Failed test '->can(...)'
#   at t/convert.t line 22.
#     can_ok() called with empty class or reference
Can't call method "images" on an undefined value at t/convert.t line 23.

#   Failed test 'I can get html'
#   at t/convert.t line 20.
# died: Can't call method "delete" on an undefined value at lib/MSWord/ToHTML/Roles/HasHTML.pm line 192.

#   Failed test 'undef isa 'MSWord::ToHTML::HTML''
#   at t/convert.t line 21.
#     undef isn't defined

#   Failed test '->can(...)'
#   at t/convert.t line 22.
#     can_ok() called with empty class or reference
Can't call method "images" on an undefined value at t/convert.t line 23.

#   Failed test 'I can get html'
#   at t/convert.t line 20.
# died: Can't call method "delete" on an undefined value at lib/MSWord/ToHTML/Roles/HasHTML.pm line 192.

#   Failed test 'undef isa 'MSWord::ToHTML::HTML''
#   at t/convert.t line 21.
#     undef isn't defined

#   Failed test '->can(...)'
#   at t/convert.t line 22.
#     can_ok() called with empty class or reference
Can't call method "images" on an undefined value at t/convert.t line 23.

#   Failed test 'I can get html'
#   at t/convert.t line 20.
# died: Can't call method "delete" on an undefined value at lib/MSWord/ToHTML/Roles/HasHTML.pm line 192.

#   Failed test 'undef isa 'MSWord::ToHTML::HTML''
#   at t/convert.t line 21.
#     undef isn't defined

#   Failed test '->can(...)'
#   at t/convert.t line 22.
#     can_ok() called with empty class or reference
Can't call method "images" on an undefined value at t/convert.t line 23.

#   Failed test 'I can get html'
#   at t/convert.t line 20.
# died: Can't call method "delete" on an undefined value at lib/MSWord/ToHTML/Roles/HasHTML.pm line 192.

#   Failed test 'undef isa 'MSWord::ToHTML::HTML''
#   at t/convert.t line 21.
#     undef isn't defined

#   Failed test '->can(...)'
#   at t/convert.t line 22.
#     can_ok() called with empty class or reference
Can't call method "images" on an undefined value at t/convert.t line 23.

#   Failed test 'I can get html'
#   at t/convert.t line 20.
# died: Can't call method "delete" on an undefined value at lib/MSWord/ToHTML/Roles/HasHTML.pm line 192.

#   Failed test 'undef isa 'MSWord::ToHTML::HTML''
#   at t/convert.t line 21.
#     undef isn't defined

#   Failed test '->can(...)'
#   at t/convert.t line 22.
#     can_ok() called with empty class or reference
Can't call method "images" on an undefined value at t/convert.t line 23.

#   Failed test 'I can get html'
#   at t/convert.t line 20.
# died: Can't call method "delete" on an undefined value at lib/MSWord/ToHTML/Roles/HasHTML.pm line 192.

#   Failed test 'undef isa 'MSWord::ToHTML::HTML''
#   at t/convert.t line 21.
#     undef isn't defined

#   Failed test '->can(...)'
#   at t/convert.t line 22.
#     can_ok() called with empty class or reference
Can't call method "images" on an undefined value at t/convert.t line 23.

#   Failed test 'I can get html'
#   at t/convert.t line 20.
# died: Can't call method "delete" on an undefined value at lib/MSWord/ToHTML/Roles/HasHTML.pm line 192.

#   Failed test 'undef isa 'MSWord::ToHTML::HTML''
#   at t/convert.t line 21.
#     undef isn't defined

#   Failed test '->can(...)'
#   at t/convert.t line 22.
#     can_ok() called with empty class or reference
Can't call method "images" on an undefined value at t/convert.t line 23.
# Looks like you planned 60 tests but ran 4.
# Looks like you failed 3 tests of 4 run.
# Looks like your test exited with 255 just after 4.
t/convert.t ............ 
Dubious, test returned 255 (wstat 65280, 0xff00)
All 60 subtests passed 

#   Failed test 'tidy in PATH'
#   at t/requires_external.t line 8.
# Looks like you failed 1 test of 2.
t/requires_external.t .. 
Dubious, test returned 1 (wstat 256, 0x100)
Failed 1/2 subtests 
t/sanity.t ............. ok

Test Summary Report
-------------------
t/constraints.t      (Wstat: 65280 Tests: 227 Failed: 114)
  Failed tests:  50-64, 64-65, 65-66, 66-67, 67-68, 68-69
                69-70, 70-71, 71-72, 72-73, 73-74, 74-75
                75-76, 76-77, 77-78, 78-79, 79-80, 80-81
                81-82, 82-83, 83-84, 84-85, 85-86, 86-87
                87-88, 88-89, 89-90, 90-91, 91-92, 92-93
                93-94, 94-95, 95-96, 96-97, 97-98, 98-99
                99-100, 100-101, 101-102, 102-103, 103-104
                104-105, 105-106, 106-107, 107-108, 108-109
                109-110, 110-111, 111-112, 112-113, 113
  Non-zero exit status: 255
  Parse errors: Tests out of sequence.  Found (50) but expected (114)
                Tests out of sequence.  Found (51) but expected (115)
                Tests out of sequence.  Found (52) but expected (116)
                Tests out of sequence.  Found (53) but expected (117)
                Tests out of sequence.  Found (54) but expected (118)
Displayed the first 5 of 115 TAP syntax errors.
Re-run prove with the -p option to see them all.
t/convert.t          (Wstat: 65280 Tests: 105 Failed: 45)
  Failed tests:  2-4, 6-8, 10-12, 14-16, 18-20, 22-24, 26-28
                30-32, 34-36, 38-40, 42-44, 46-48, 50-52
                54-56, 58-60
  Non-zero exit status: 255
  Parse errors: Tests out of sequence.  Found (58) but expected (61)
                Tests out of sequence.  Found (59) but expected (62)
                Tests out of sequence.  Found (60) but expected (63)
                Tests out of sequence.  Found (54) but expected (64)
                Tests out of sequence.  Found (55) but expected (65)
Displayed the first 5 of 46 TAP syntax errors.
Re-run prove with the -p option to see them all.
t/requires_external.t (Wstat: 256 Tests: 2 Failed: 1)
  Failed test:  2
  Non-zero exit status: 1
Files=4, Tests=340, 210 wallclock secs ( 0.07 usr  0.02 sys + 65.27 cusr  7.23 csys = 72.59 CPU)
Result: FAIL
Failed 3/4 test programs. 160/340 subtests failed.
make: *** [test_dynamic] Error 255

------------------------------
PREREQUISITES
------------------------------

Prerequisite modules loaded:

requires:

    Module                       Need Have    
    ---------------------------- ---- --------
    Archive::Zip                 0    1.34    
    Archive::Zip::MemberRead     0    1.34    
    autodie                      0    2.22    
    Carp                         0    1.32    
    CSS                          0    1.09    
    Cwd                          0    3.45    
    Digest::SHA1                 0    2.13    
    Encode                       0    2.56    
    Encode::Guess                0    2.06    
    feature                      0    1.34    
    File::Spec                   0    3.45    
    HTML::Entities               0    3.69    
    HTML::HTML5::Writer          0    0.201   
    HTML::TreeBuilder            0    5.03    
    IO::All                      0    0.50    
    List::MoreUtils              0    0.33    
    Moose                        0    2.1005  
    Moose::Role                  0    2.1005  
    Moose::Util::TypeConstraints 0    2.1005  
    MooseX::Method::Signatures   0    0.47    
    MooseX::Types                0    0.41    
    MooseX::Types::IO::All       0    0.03    
    MooseX::Types::Moose         0    0.41    
    MooseX::Types::Path::Class   0    0.06    
    namespace::autoclean         0    0.14    
    Path::Class::File            0    0.33    
    strictures                   1    1.005002
    Text::Extract::Word          0    0.02    
    Try::Tiny                    0    0.18    
    XML::LibXML                  0    2.0108  
    XML::LibXSLT                 0    1.83    

build_requires:

    Module                       Need Have    
    ---------------------------- ---- --------
    Env::Path                    0    0.19    
    lib                          0    0.63    
    Module::Find                 0    0.11    
    Test::Moose                  0    2.1005  
    Test::Most                   0    0.31    

configure_requires:

    Module                       Need Have    
    ---------------------------- ---- --------
    ExtUtils::MakeMaker          6.30 6.85_03 


------------------------------
ENVIRONMENT AND OTHER CONTEXT
------------------------------

Environment variables:

    AUTOMATED_TESTING = 1
    LANG = en_US.UTF-8
    LANGUAGE = en_US:en
    PATH = /usr/lib/ccache:/home/sand/bin:/usr/local/bin:/usr/bin:/bin:/usr/bin/X11:/usr/games:/usr/local/perl/bin:/usr/X11/bin:/sbin:/usr/sbin
    PERL5LIB = 
    PERL5OPT = 
    PERL5_CPANPLUS_IS_RUNNING = 2678
    PERL5_CPAN_IS_RUNNING = 2678
    PERL_MM_USE_DEFAULT = 1
    SHELL = /usr/bin/zsh
    TERM = screen

Perl special variables (and OS-specific diagnostics, for MSWin32):

    $^X = /home/sand/src/perl/repoperls/installed-perls/perl/v5.19.5/a2da/bin/perl
    $UID/$EUID = 1005 / 1005
    $GID = 1005 1005
    $EGID = 1005 1005

Perl module toolchain versions installed:

    Module              Have    
    ------------------- --------
    CPAN                2.03    
    CPAN::Meta          2.132830
    Cwd                 3.45    
    ExtUtils::CBuilder  0.280212
    ExtUtils::Command   1.18    
    ExtUtils::Install   1.61    
    ExtUtils::MakeMaker 6.85_03 
    ExtUtils::Manifest  1.63    
    ExtUtils::ParseXS   3.23    
    File::Spec          3.45    
    JSON                2.90    
    JSON::PP            2.27203 
    Module::Build       0.4203  
    Module::Signature   0.73    
    Parse::CPAN::Meta   1.4409  
    Test::Harness       3.30    
    Test::More          1.001002
    YAML                0.88    
    YAML::Syck          1.27    
    version             0.9904  


--

Summary of my perl5 (revision 5 version 19 subversion 5) configuration:
  Commit id: 1cd5f6726aaaf58dab89b5798e4c93b197e09b55
  Platform:
    osname=linux, osvers=3.11-2-amd64, archname=x86_64-linux-thread-multi-ld
    uname='linux k83 3.11-2-amd64 #1 smp debian 3.11.10-1 (2013-12-04) x86_64 gnulinux '
    config_args='-Dprefix=/home/sand/src/perl/repoperls/installed-perls/perl/v5.19.5/a2da -Dmyhostname=k83 -Dinstallusrbinperl=n -Uversiononly -Dusedevel -des -Ui_db -Duseithreads -Duselongdouble -DDEBUGGING=-g'
    hint=recommended, useposix=true, d_sigaction=define
    useithreads=define, usemultiplicity=define
    useperlio=define, d_sfio=undef, uselargefiles=define, usesocks=undef
    use64bitint=define, use64bitall=define, uselongdouble=define
    usemymalloc=n, bincompat5005=undef
  Compiler:
    cc='cc', ccflags ='-D_REENTRANT -D_GNU_SOURCE -fno-strict-aliasing -pipe -fstack-protector -I/usr/local/include -D_LARGEFILE_SOURCE -D_FILE_OFFSET_BITS=64',
    optimize='-O2 -g',
    cppflags='-D_REENTRANT -D_GNU_SOURCE -fno-strict-aliasing -pipe -fstack-protector -I/usr/local/include'
    ccversion='', gccversion='4.8.2', gccosandvers=''
    intsize=4, longsize=8, ptrsize=8, doublesize=8, byteorder=12345678
    d_longlong=define, longlongsize=8, d_longdbl=define, longdblsize=16
    ivtype='long', ivsize=8, nvtype='long double', nvsize=16, Off_t='off_t', lseeksize=8
    alignbytes=16, prototype=define
  Linker and Libraries:
    ld='cc', ldflags =' -fstack-protector -L/usr/local/lib'
    libpth=/usr/local/lib /lib/x86_64-linux-gnu /lib/../lib /usr/lib/x86_64-linux-gnu /usr/lib/../lib /lib /usr/lib
    libs=-lnsl -lgdbm -ldb -ldl -lm -lcrypt -lutil -lpthread -lc -lgdbm_compat
    perllibs=-lnsl -ldl -lm -lcrypt -lutil -lpthread -lc
    libc=, so=so, useshrplib=false, libperl=libperl.a
    gnulibc_version='2.17'
  Dynamic Linking:
    dlsrc=dl_dlopen.xs, dlext=so, d_dlsymun=undef, ccdlflags='-Wl,-E'
    cccdlflags='-fPIC', lddlflags='-shared -O2 -g -L/usr/local/lib -fstack-protector'


Characteristics of this binary (from libperl): 
  Compile-time options: HAS_TIMES MULTIPLICITY PERLIO_LAYERS
                        PERL_DONT_CREATE_GVSV
                        PERL_HASH_FUNC_ONE_AT_A_TIME_HARD
                        PERL_IMPLICIT_CONTEXT PERL_MALLOC_WRAP
                        PERL_NEW_COPY_ON_WRITE PERL_PRESERVE_IVUV
                        PERL_USE_DEVEL USE_64_BIT_ALL USE_64_BIT_INT
                        USE_ITHREADS USE_LARGE_FILES USE_LOCALE
                        USE_LOCALE_COLLATE USE_LOCALE_CTYPE
                        USE_LOCALE_NUMERIC USE_LONG_DOUBLE USE_PERLIO
                        USE_PERL_ATOF USE_REENTRANT_API
  Built under linux
  Compiled at Dec 11 2013 23:56:53
  %ENV:
    PERL5LIB=""
    PERL5OPT=""
    PERL5_CPANPLUS_IS_RUNNING="2678"
    PERL5_CPAN_IS_RUNNING="2678"
    PERL_MM_USE_DEFAULT="1"
  @INC:
    /home/sand/src/perl/repoperls/installed-perls/perl/v5.19.5/a2da/lib/site_perl/5.19.5/x86_64-linux-thread-multi-ld
    /home/sand/src/perl/repoperls/installed-perls/perl/v5.19.5/a2da/lib/site_perl/5.19.5
    /home/sand/src/perl/repoperls/installed-perls/perl/v5.19.5/a2da/lib/5.19.5/x86_64-linux-thread-multi-ld
    /home/sand/src/perl/repoperls/installed-perls/perl/v5.19.5/a2da/lib/5.19.5
    .