Report for Net-Disqus-1.15

Back
From: metabase:user:320bfe00-2aae-11df-837a-5e0a49663a4f
Subject: FAIL Net-Disqus-1.15 v5.13.11 GNU/Linux
Date: 2011-04-26T21:32:16Z

This distribution has been tested as part of the CPAN Testers
project, supporting the Perl programming language.  See
http://wiki.cpantesters.org/ for more information or email
questions to cpan-testers-discuss@perl.org


--
Dear Ben van Staveren,

This is a computer-generated report for Net-Disqus-1.15
on perl 5.13.11, created by CPAN-Reporter-1.1902.

Thank you for uploading your work to CPAN.  However, there was a problem
testing your distribution.

If you think this report is invalid, please consult the CPAN Testers Wiki
for suggestions on how to avoid getting FAIL reports for missing library
or binary dependencies, unsupported operating systems, and so on:

http://wiki.cpantesters.org/wiki/CPANAuthorNotes

Sections of this report:

    * Tester comments
    * Program output
    * Prerequisites
    * Environment and other context

------------------------------
TESTER COMMENTS
------------------------------

Additional comments from tester:

this report is from an automated smoke testing program
and was not reviewed by a human for accuracy

------------------------------
PROGRAM OUTPUT
------------------------------

Output from './Build test':

# Testing Net::Disqus 1.15, Perl 5.013011, /home/src/perl/repoperls/installed-perls/perl/v5.13.11-18-gc34fab5/bin/perl
t/000-load.t ............... ok
t/001-exception.t .......... ok
readline() on closed filehandle $fh at /home/sand/.cpan/build/Net-Disqus-1.15-u7ZAyd/blib/lib/Net/Disqus.pm line 47.

#   Failed test 'new() died'
#   at t/002-instantiate.t line 7.
#     Error was:  malformed JSON string, neither array, object, number, string or atom, at character offset 0 (before "(end of string)") at /home/sand/.cpan/build/Net-Disqus-1.15-u7ZAyd/blib/lib/Net/Disqus/UserAgent.pm line 89
# Looks like you failed 1 test of 4.
t/002-instantiate.t ........ 
Dubious, test returned 1 (wstat 256, 0x100)
Failed 1/4 subtests 
t/003-instantiate-error.t .. ok
readline() on closed filehandle $fh at /home/sand/.cpan/build/Net-Disqus-1.15-u7ZAyd/blib/lib/Net/Disqus.pm line 47.
malformed JSON string, neither array, object, number, string or atom, at character offset 0 (before "(end of string)") at /home/sand/.cpan/build/Net-Disqus-1.15-u7ZAyd/blib/lib/Net/Disqus/UserAgent.pm line 89
# Looks like you planned 5 tests but ran 2.
# Looks like your test exited with 2 just after 2.
t/004-interfaces.t ......... 
Dubious, test returned 2 (wstat 512, 0x200)
Failed 3/5 subtests 
t/005-online.t ............. skipped: No online testing requested, set the DISQUS_API_SECRET environment variable to your secret api key to test against the live Disqus API
t/manifest.t ............... skipped: Author tests not required for installation

Test Summary Report
-------------------
t/002-instantiate.t      (Wstat: 256 Tests: 4 Failed: 1)
  Failed test:  3
  Non-zero exit status: 1
t/004-interfaces.t       (Wstat: 512 Tests: 2 Failed: 0)
  Non-zero exit status: 2
  Parse errors: Bad plan.  You planned 5 tests but ran 2.
Files=7, Tests=18,  3 wallclock secs ( 0.06 usr  0.02 sys +  0.76 cusr  0.12 csys =  0.96 CPU)
Result: FAIL
Failed 2/7 test programs. 1/18 subtests failed.

------------------------------
PREREQUISITES
------------------------------

Prerequisite modules loaded:

requires:

    Module              Need   Have    
    ------------------- ------ --------
    Class::Accessor     0      0.34    
    overload            0      1.13    
    Try::Tiny           0      0.09    

build_requires:

    Module              Need   Have    
    ------------------- ------ --------
    Data::Dumper        0      2.130_02
    Module::Build       0.3601 0.3800  
    Test::Exception     0      0.31    
    Test::More          0      0.98    

configure_requires:

    Module              Need   Have    
    ------------------- ------ --------
    ExtUtils::MakeMaker 6.31   6.57_08 
    Module::Build       0.3601 0.3800  


------------------------------
ENVIRONMENT AND OTHER CONTEXT
------------------------------

Environment variables:

    AUTOMATED_TESTING = 1
    LANG = en_US.UTF-8
    LC_TIME = de_DE.utf8
    PATH = /usr/lib/ccache:/home/sand/bin:/usr/local/bin:/usr/bin:/bin:/usr/bin/X11:/usr/games:/usr/local/perl/bin:/usr/X11/bin:/sbin:/usr/sbin
    PERL5LIB = 
    PERL5OPT = 
    PERL5_CPANPLUS_IS_RUNNING = 15797
    PERL5_CPAN_IS_RUNNING = 15797
    PERL_MM_USE_DEFAULT = 1
    SHELL = /usr/bin/zsh
    TERM = screen

Perl special variables (and OS-specific diagnostics, for MSWin32):

    $^X = /home/src/perl/repoperls/installed-perls/perl/v5.13.11-18-gc34fab5/bin/perl
    $UID/$EUID = 1001 / 1001
    $GID = 1001 1001
    $EGID = 1001 1001

Perl module toolchain versions installed:

    Module              Have    
    ------------------- --------
    CPAN                1.9600  
    Cwd                 3.36    
    ExtUtils::CBuilder  0.280202
    ExtUtils::Command   1.17    
    ExtUtils::Install   1.56    
    ExtUtils::MakeMaker 6.57_08 
    ExtUtils::Manifest  1.58    
    ExtUtils::ParseXS   2.2209  
    File::Spec          3.33    
    Module::Build       0.3800  
    Module::Signature   0.66    
    Test::Harness       3.23    
    Test::More          0.98    
    YAML                0.73    
    YAML::Syck          1.17    
    version             0.88    


--

Summary of my perl5 (revision 5 version 13 subversion 11) configuration:
  Commit id: c34fab5fe3b5d2b8932d2f199a30b80c85950b75
  Platform:
    osname=linux, osvers=2.6.32-5-xen-amd64, archname=x86_64-linux-ld
    uname='linux k81 2.6.32-5-xen-amd64 #1 smp wed jan 12 05:46:49 utc 2011 x86_64 gnulinux '
    config_args='-Dprefix=/home/src/perl/repoperls/installed-perls/perl/v5.13.11-18-gc34fab5 -Dinstallusrbinperl=n -Uversiononly -Dusedevel -des -Ui_db -Uuseithreads -Duselongdouble -DDEBUGGING=-g'
    hint=recommended, useposix=true, d_sigaction=define
    useithreads=undef, usemultiplicity=undef
    useperlio=define, d_sfio=undef, uselargefiles=define, usesocks=undef
    use64bitint=define, use64bitall=define, uselongdouble=define
    usemymalloc=n, bincompat5005=undef
  Compiler:
    cc='cc', ccflags ='-fno-strict-aliasing -pipe -fstack-protector -I/usr/local/include -D_LARGEFILE_SOURCE -D_FILE_OFFSET_BITS=64',
    optimize='-O2 -g',
    cppflags='-fno-strict-aliasing -pipe -fstack-protector -I/usr/local/include'
    ccversion='', gccversion='4.5.2', gccosandvers=''
    intsize=4, longsize=8, ptrsize=8, doublesize=8, byteorder=12345678
    d_longlong=define, longlongsize=8, d_longdbl=define, longdblsize=16
    ivtype='long', ivsize=8, nvtype='long double', nvsize=16, Off_t='off_t', lseeksize=8
    alignbytes=16, prototype=define
  Linker and Libraries:
    ld='cc', ldflags =' -fstack-protector -L/usr/local/lib'
    libpth=/usr/local/lib /lib /usr/lib /lib64 /usr/lib64
    libs=-lnsl -lgdbm -ldb -ldl -lm -lcrypt -lutil -lc -lgdbm_compat
    perllibs=-lnsl -ldl -lm -lcrypt -lutil -lc
    libc=/lib/libc-2.11.2.so, so=so, useshrplib=false, libperl=libperl.a
    gnulibc_version='2.11.2'
  Dynamic Linking:
    dlsrc=dl_dlopen.xs, dlext=so, d_dlsymun=undef, ccdlflags='-Wl,-E'
    cccdlflags='-fPIC', lddlflags='-shared -O2 -g -L/usr/local/lib -fstack-protector'


Characteristics of this binary (from libperl): 
  Compile-time options: PERL_DONT_CREATE_GVSV PERL_MALLOC_WRAP
                        PERL_PRESERVE_IVUV PERL_USE_DEVEL USE_64_BIT_ALL
                        USE_64_BIT_INT USE_LARGE_FILES USE_LONG_DOUBLE
                        USE_PERLIO USE_PERL_ATOF
  Built under linux
  Compiled at Mar 21 2011 03:51:57
  %ENV:
    PERL5LIB=""
    PERL5OPT=""
    PERL5_CPANPLUS_IS_RUNNING="15797"
    PERL5_CPAN_IS_RUNNING="15797"
    PERL_MM_USE_DEFAULT="1"
  @INC:
    /home/src/perl/repoperls/installed-perls/perl/v5.13.11-18-gc34fab5/lib/site_perl/5.13.11/x86_64-linux-ld
    /home/src/perl/repoperls/installed-perls/perl/v5.13.11-18-gc34fab5/lib/site_perl/5.13.11
    /home/src/perl/repoperls/installed-perls/perl/v5.13.11-18-gc34fab5/lib/5.13.11/x86_64-linux-ld
    /home/src/perl/repoperls/installed-perls/perl/v5.13.11-18-gc34fab5/lib/5.13.11
    .