XSLoader v0.24 Perl 5 v5.8.9 evbarm-netbsd-thread-multi
- Status
- Fail
- From
- Nigel Horne
- Dist
-
XSLoader v0.24
- Platform
- Perl 5 v5.8.9 evbarm-netbsd-thread-multi
- Date
- 2018-02-05 15:45:58
- ID
- a8a4f718-0a8b-11e8-af2b-acaf1d79aee4
This distribution has been tested as part of the CPAN Testers
project, supporting the Perl programming language. See
http://wiki.cpantesters.org/ for more information or email
questions to cpan-testers-discuss@perl.org
--
Dear Sebastien Aperghis-Tramoni,
This is a computer-generated report for XSLoader-0.24
on perl 5.8.9, created by CPAN-Reporter-1.2018.
Thank you for uploading your work to CPAN. However, there was a problem
testing your distribution.
If you think this report is invalid, please consult the CPAN Testers Wiki
for suggestions on how to avoid getting FAIL reports for missing library
or binary dependencies, unsupported operating systems, and so on:
http://wiki.cpantesters.org/wiki/CPANAuthorNotes
Sections of this report:
* Tester comments
* Program output
* Prerequisites
* Environment and other context
------------------------------
TESTER COMMENTS
------------------------------
Additional comments from tester:
this report is from an automated smoke testing program
and was not reviewed by a human for accuracy
------------------------------
PROGRAM OUTPUT
------------------------------
Output from '/usr/bin/make test':
PERL_DL_NONLAZY=1 "/home/njh/perl5/perlbrew/perls/perl-5.8.9/bin/perl" "-MExtUtils::Command::MM" "-MTest::Harness" "-e" "undef *Test::Harness::Switches; test_harness(0, 'blib/lib', 'blib/arch')" t/*.t
# testing XSLoader v0.24 under Perl 5.008009
t/00-load.t ... ok
t/01-api.t .... ok
t/distchk.t ... skipped: Test::Distribution required for checking distribution
t/pod.t ....... skipped: Test::Pod 1.14 required for testing POD
t/podcover.t .. skipped: Test::Pod::Coverage 1.04 required for testing POD coverage
t/portfs.t .... skipped: Test::Portability::Files required for testing filenames portability
# Failed test 'calling XSLoader::load() with a XS module and an incorrect version'
# at t/XSLoader.t line 82.
# 'Can't load '/home/njh/perl5/perlbrew/perls/perl-5.8.9/lib/5.8.9/evbarm-netbsd-thread-multi/auto/Cwd/Cwd.so' for module Cwd: /home/njh/perl5/perlbrew/perls/perl-5.8.9/lib/5.8.9/evbarm-netbsd-thread-multi/auto/Cwd/Cwd.so: Undefined PLT symbol "croak_xs_usage" (symnum = 12) at /home/njh/perl5/perlbrew/perls/perl-5.8.9/lib/5.8.9/evbarm-netbsd-thread-multi/DynaLoader.pm line 226.
# at t/XSLoader.t line 81.
# '
# doesn't match '/^Cwd object version \S+ does not match bootstrap parameter 12345678/'
# Failed test 'XSLoader::load(Cwd)'
# at t/XSLoader.t line 86.
# got: 'Can't load '/home/njh/perl5/perlbrew/perls/perl-5.8.9/lib/5.8.9/evbarm-netbsd-thread-multi/auto/Cwd/Cwd.so' for module Cwd: /home/njh/perl5/perlbrew/perls/perl-5.8.9/lib/5.8.9/evbarm-netbsd-thread-multi/auto/Cwd/Cwd.so: Undefined PLT symbol "croak_xs_usage" (symnum = 12) at /home/njh/perl5/perlbrew/perls/perl-5.8.9/lib/5.8.9/evbarm-netbsd-thread-multi/DynaLoader.pm line 226.
# at t/XSLoader.t line 85.
# '
# expected: ''
# Failed test 'Cwd->can('fastcwd')'
# at (eval 15) line 1.
# Cwd->can('fastcwd') failed
# Looks like you failed 3 tests of 25.
t/XSLoader.t ..
Dubious, test returned 3 (wstat 768, 0x300)
Failed 3/25 subtests
(less 1 skipped subtest: 21 okay)
Test Summary Report
-------------------
t/XSLoader.t (Wstat: 768 Tests: 25 Failed: 3)
Failed tests: 8-10
Non-zero exit status: 3
Files=7, Tests=28, 5 wallclock secs ( 0.25 usr 0.17 sys + 2.75 cusr 1.33 csys = 4.50 CPU)
Result: FAIL
Failed 1/7 test programs. 3/28 subtests failed.
*** Error code 3
Stop.
make: stopped in /home/njh/.cpan/build/XSLoader-0.24-3
------------------------------
PREREQUISITES
------------------------------
Prerequisite modules loaded:
requires:
Module Need Have
------------------- ---- --------
Test::More 0.47 1.302075
build_requires:
Module Need Have
------------------- ---- --------
ExtUtils::MakeMaker 0 7.24
configure_requires:
Module Need Have
------------------- ---- --------
ExtUtils::MakeMaker 0 7.24
------------------------------
ENVIRONMENT AND OTHER CONTEXT
------------------------------
Environment variables:
AUTOMATED_TESTING = 1
PATH = /home/njh/perl5/perlbrew/bin:/home/njh/perl5/perlbrew/perls/perl-5.8.9/bin:src/njh/smoker/bin:/usr/bin:/bin:/usr/pkg/bin:/usr/local/bin
PERL5LIB = /home/njh/.cpan/build/Exporter-Tiny-1.000000-5/blib/arch:/home/njh/.cpan/build/Exporter-Tiny-1.000000-5/blib/lib:/home/njh/.cpan/build/Clone-0.39-0/blib/arch:/home/njh/.cpan/build/Clone-0.39-0/blib/lib
PERL5OPT =
PERL5_CPANPLUS_IS_RUNNING = 22593
PERL5_CPAN_IS_RUNNING = 22593
PERLBREW_BASHRC_VERSION = 0.80
PERLBREW_HOME = /home/njh/.perlbrew
PERLBREW_MANPATH = /home/njh/perl5/perlbrew/perls/perl-5.8.9/man
PERLBREW_PATH = /home/njh/perl5/perlbrew/bin:/home/njh/perl5/perlbrew/perls/perl-5.8.9/bin
PERLBREW_PERL = perl-5.8.9
PERLBREW_ROOT = /home/njh/perl5/perlbrew
PERLBREW_VERSION = 0.80
SHELL = /bin/sh
Perl special variables (and OS-specific diagnostics, for MSWin32):
$^X = /home/njh/perl5/perlbrew/perls/perl-5.8.9/bin/perl
$UID/$EUID = 1000 / 1000
$GID = 1000 1000 0
$EGID = 1000 1000 0
Perl module toolchain versions installed:
Module Have
------------------- --------
CPAN 2.16
CPAN::Meta 2.150010
Cwd 3.62
ExtUtils::CBuilder 0.280224
ExtUtils::Command 7.24
ExtUtils::Install 1.54
ExtUtils::MakeMaker 7.24
ExtUtils::Manifest 1.70
ExtUtils::ParseXS 3.30
File::Spec 3.62
JSON n/a
JSON::PP 2.27400
Module::Build 0.4220
Module::Signature n/a
Parse::CPAN::Meta 2.150010
Test::Harness 3.36
Test::More 1.302075
YAML 1.24
YAML::Syck 1.30
version 0.9917
--
Summary of my perl5 (revision 5 version 8 subversion 9) configuration:
Platform:
osname=netbsd, osvers=7.0.2_patch, archname=evbarm-netbsd-thread-multi
uname='netbsd pi2c.bandsman.co.uk 7.0.2_patch netbsd 7.0.2_patch (rpi2.201612281350z) evbarm '
config_args='-de -Dprefix=/home/njh/perl5/perlbrew/perls/perl-5.8.9 -Duseithreads -Dusemultiplicity -Dusedevel -Accflags=-O2 -W -Wformat=2 -Wswitch -Wshadow -Wwrite-strings -Wuninitialized -Wall -pipe -fomit-frame-pointer -D_FORTIFY_SOURCE=2 -Wpointer-arith -Wstrict-prototypes -fstack-protector -Wstack-protector -Wextra -Wbad-function-cast -Wcast-align -Wcast-qual -Wdisabled-optimization -Wendif-labels -Wfloat-equal -Wformat-nonliteral -Winline -Wmissing-declarations -Wmissing-prototypes -Wnested-externs -Wpointer-arith -Wundef -Wformat-security -mtune=cortex-a7 -mfpu=vfp -mfloat-abi=hard -Aeval:scriptdir=/home/njh/perl5/perlbrew/perls/perl-5.8.9/bin'
hint=recommended, useposix=true, d_sigaction=define
usethreads=define use5005threads=undef useithreads=define usemultiplicity=define
useperlio=define d_sfio=undef uselargefiles=define usesocks=undef
use64bitint=undef use64bitall=undef uselongdouble=undef
usemymalloc=n, bincompat5005=undef
Compiler:
cc='cc', ccflags ='-O2 -W -Wformat=2 -Wswitch -Wshadow -Wwrite-strings -Wuninitialized -Wall -pipe -fomit-frame-pointer -D_FORTIFY_SOURCE=2 -Wpointer-arith -Wstrict-prototypes -fstack-protector -Wstack-protector -Wextra -Wbad-function-cast -Wcast-align -Wcast-qual -Wdisabled-optimization -Wendif-labels -Wfloat-equal -Wformat-nonliteral -Winline -Wmissing-declarations -Wmissing-prototypes -Wnested-externs -Wpointer-arith -Wundef -Wformat-security -mtune=cortex-a7 -mfpu=vfp -mfloat-abi=hard -fno-strict-aliasing -I/usr/pkg/include',
optimize='-O',
cppflags='-O2 -W -Wformat=2 -Wswitch -Wshadow -Wwrite-strings -Wuninitialized -Wall -pipe -fomit-frame-pointer -D_FORTIFY_SOURCE=2 -Wpointer-arith -Wstrict-prototypes -fstack-protector -Wstack-protector -Wextra -Wbad-function-cast -Wcast-align -Wcast-qual -Wdisabled-optimization -Wendif-labels -Wfloat-equal -Wformat-nonliteral -Winline -Wmissing-declarations -Wmissing-prototypes -Wnested-externs -Wpointer-arith -Wundef -Wformat-security -mtune=cortex-a7 -mfpu=vfp -mfloat-abi=hard -fno-strict-aliasing -I/usr/pkg/include'
ccversion='', gccversion='4.8.4', gccosandvers=''
intsize=4, longsize=4, ptrsize=4, doublesize=8, byteorder=1234
d_longlong=define, longlongsize=8, d_longdbl=define, longdblsize=8
ivtype='long', ivsize=4, nvtype='double', nvsize=8, Off_t='off_t', lseeksize=8
alignbytes=8, prototype=define
Linker and Libraries:
ld='cc', ldflags =' -Wl,-rpath,/usr/pkg/lib -Wl,-rpath,/usr/local/lib -L/usr/pkg/lib'
libpth=/usr/pkg/lib /lib /usr/lib
libs=-lm -lcrypt -lutil -lc -lposix -lpthread
perllibs=-lm -lcrypt -lutil -lc -lposix -lpthread
libc=/lib/libc.so, so=so, useshrplib=false, libperl=libperl.a
gnulibc_version=''
Dynamic Linking:
dlsrc=dl_dlopen.xs, dlext=so, d_dlsymun=undef, ccdlflags='-Wl,-E '
cccdlflags='-DPIC -fPIC ', lddlflags='-shared -L/usr/pkg/lib'
Characteristics of this binary (from libperl):
Compile-time options: MULTIPLICITY PERL_IMPLICIT_CONTEXT PERL_MALLOC_WRAP
USE_FAST_STDIO USE_ITHREADS USE_LARGE_FILES
USE_PERLIO USE_REENTRANT_API
Locally applied patches:
Devel::PatchPerl 1.38
Built under netbsd
Compiled at Dec 31 2016 21:07:24
%ENV:
PERL5LIB="/home/njh/.cpan/build/Exporter-Tiny-1.000000-5/blib/arch:/home/njh/.cpan/build/Exporter-Tiny-1.000000-5/blib/lib:/home/njh/.cpan/build/Clone-0.39-0/blib/arch:/home/njh/.cpan/build/Clone-0.39-0/blib/lib"
PERL5OPT=""
PERL5_CPANPLUS_IS_RUNNING="22593"
PERL5_CPAN_IS_RUNNING="22593"
PERLBREW_BASHRC_VERSION="0.80"
PERLBREW_HOME="/home/njh/.perlbrew"
PERLBREW_MANPATH="/home/njh/perl5/perlbrew/perls/perl-5.8.9/man"
PERLBREW_PATH="/home/njh/perl5/perlbrew/bin:/home/njh/perl5/perlbrew/perls/perl-5.8.9/bin"
PERLBREW_PERL="perl-5.8.9"
PERLBREW_ROOT="/home/njh/perl5/perlbrew"
PERLBREW_VERSION="0.80"
@INC:
/home/njh/.cpan/build/Exporter-Tiny-1.000000-5/blib/arch
/home/njh/.cpan/build/Exporter-Tiny-1.000000-5/blib/lib
/home/njh/.cpan/build/Clone-0.39-0/blib/arch
/home/njh/.cpan/build/Clone-0.39-0/blib/lib
/home/njh/perl5/perlbrew/perls/perl-5.8.9/lib/5.8.9/evbarm-netbsd-thread-multi
/home/njh/perl5/perlbrew/perls/perl-5.8.9/lib/5.8.9
/home/njh/perl5/perlbrew/perls/perl-5.8.9/lib/site_perl/5.8.9/evbarm-netbsd-thread-multi
/home/njh/perl5/perlbrew/perls/perl-5.8.9/lib/site_perl/5.8.9
.