Image-Scale v0.14 Perl 5 v5.14.3 i686-linux-thread-multi

Status
Fail
From
Nigel Horne
Dist
Image-Scale v0.14
Platform
Perl 5 v5.14.3 i686-linux-thread-multi
Date
2018-03-19 18:09:26
ID
a8ba5bcc-2ba0-11e8-91ce-d3e3deac0b3f
This distribution has been tested as part of the CPAN Testers
project, supporting the Perl programming language.  See
http://wiki.cpantesters.org/ for more information or email
questions to cpan-testers-discuss@perl.org


--
Dear Andy Grundman,

This is a computer-generated report for Image-Scale-0.14
on perl 5.14.3, created by CPAN-Reporter-1.2018.

Thank you for uploading your work to CPAN.  However, there was a problem
testing your distribution.

If you think this report is invalid, please consult the CPAN Testers Wiki
for suggestions on how to avoid getting FAIL reports for missing library
or binary dependencies, unsupported operating systems, and so on:

http://wiki.cpantesters.org/wiki/CPANAuthorNotes

Sections of this report:

    * Tester comments
    * Program output
    * Prerequisites
    * Environment and other context

------------------------------
TESTER COMMENTS
------------------------------

Additional comments from tester:

this report is from an automated smoke testing program
and was not reviewed by a human for accuracy

------------------------------
PROGRAM OUTPUT
------------------------------

Output from '/usr/bin/make test':

"/home/njh/perl5/perlbrew/perls/perl-5.14.3/bin/perl" -MExtUtils::Command::MM -e 'cp_nonempty' -- Scale.bs blib/arch/auto/Image/Scale/Scale.bs 644
PERL_DL_NONLAZY=1 "/home/njh/perl5/perlbrew/perls/perl-5.14.3/bin/perl" "-MExtUtils::Command::MM" "-MTest::Harness" "-e" "undef *Test::Harness::Switches; test_harness(0, 'blib/lib', 'blib/arch')" t/*.t
t/01use.t .......... ok
t/02pod.t .......... skipped: set TEST_POD to enable this test
t/03podcoverage.t .. skipped: Test::Pod::Coverage 1.04 required
t/04critic.t ....... skipped: Critic test only for developers.
t/gif.t ............ skipped: Image::Scale not built with giflib support
t/bmp.t ............ ok
t/jpeg.t ........... skipped: Image::Scale not built with libjpeg support
Cannot open /home/njh/.cpan/build/Image-Scale-0.14-13/t/tmp/rgba_resize_gd_fixed_point_w100.png at t/png.t line 182.
# Looks like your test exited with 2 just after 41.
t/png.t ............ 
Dubious, test returned 2 (wstat 512, 0x200)
Failed 5/46 subtests 

#   Failed test 'Path::Tiny stringify in save_png() ok'
#   at t/stringify.t line 48.
# Looks like you failed 1 test of 3.
t/stringify.t ...... 
Dubious, test returned 1 (wstat 256, 0x100)
Failed 1/3 subtests 
	(less 2 skipped subtests: 0 okay)

Test Summary Report
-------------------
t/png.t          (Wstat: 512 Tests: 41 Failed: 0)
  Non-zero exit status: 2
  Parse errors: Bad plan.  You planned 46 tests but ran 41.
t/stringify.t    (Wstat: 256 Tests: 3 Failed: 1)
  Failed test:  3
  Non-zero exit status: 1
Files=9, Tests=75,  1 wallclock secs ( 0.05 usr  0.01 sys +  0.78 cusr  0.13 csys =  0.97 CPU)
Result: FAIL
Failed 2/9 test programs. 1/75 subtests failed.
Makefile:1028: recipe for target 'test_dynamic' failed
make: *** [test_dynamic] Error 1

------------------------------
PREREQUISITES
------------------------------

Prerequisite modules loaded:

requires:

    Module              Need  Have    
    ------------------- ----- --------
    perl                5.008 5.014003
    Test::NoWarnings    0     1.04    

build_requires:

    Module              Need  Have    
    ------------------- ----- --------
    ExtUtils::MakeMaker 0     7.18    

configure_requires:

    Module              Need  Have    
    ------------------- ----- --------
    ExtUtils::MakeMaker 0     7.18    


------------------------------
ENVIRONMENT AND OTHER CONTEXT
------------------------------

Environment variables:

    AUTOMATED_TESTING = 1
    HARNESS_OPTIONS = j2
    LANG = en_US.UTF-8
    PATH = /home/njh/perl5/perlbrew/bin:/home/njh/perl5/perlbrew/perls/perl-5.14.3/bin:src/njh/smoker/bin:/usr/bin:/bin
    PERL5LIB = /home/njh/.cpan/build/ExtUtils-PkgConfig-1.16-13/blib/arch:/home/njh/.cpan/build/ExtUtils-PkgConfig-1.16-13/blib/lib:/home/njh/.cpan/build/Cache-Memcached-1.30-13/blib/arch:/home/njh/.cpan/build/Cache-Memcached-1.30-13/blib/lib:/home/njh/.cpan/build/String-CRC32-1.6-13/blib/arch:/home/njh/.cpan/build/String-CRC32-1.6-13/blib/lib:/home/njh/.cpan/build/Cache-Cache-1.08-13/blib/arch:/home/njh/.cpan/build/Cache-Cache-1.08-13/blib/lib:/home/njh/.cpan/build/Error-0.17025-12/blib/arch:/home/njh/.cpan/build/Error-0.17025-12/blib/lib:/home/njh/.cpan/build/Digest-SHA1-2.13-13/blib/arch:/home/njh/.cpan/build/Digest-SHA1-2.13-13/blib/lib:/home/njh/.cpan/build/Inline-C-0.78-13/blib/arch:/home/njh/.cpan/build/Inline-C-0.78-13/blib/lib:/home/njh/.cpan/build/Pegex-0.64-4/blib/arch:/home/njh/.cpan/build/Pegex-0.64-4/blib/lib:/home/njh/.cpan/build/Parse-RecDescent-1.967015-3/blib/arch:/home/njh/.cpan/build/Parse-RecDescent-1.967015-3/blib/lib:/home/njh/.cpan/build/Inline-0.80-13/blib/arch:/home/njh/.cpan/build/Inline-0.80-13/blib/lib
    PERL5OPT = 
    PERL5_CPANPLUS_IS_RUNNING = 12344
    PERL5_CPAN_IS_RUNNING = 12344
    PERLBREW_BASHRC_VERSION = 0.73
    PERLBREW_HOME = /home/njh/.perlbrew
    PERLBREW_MANPATH = /home/njh/perl5/perlbrew/perls/perl-5.14.3/man
    PERLBREW_PATH = /home/njh/perl5/perlbrew/bin:/home/njh/perl5/perlbrew/perls/perl-5.14.3/bin
    PERLBREW_PERL = perl-5.14.3
    PERLBREW_ROOT = /home/njh/perl5/perlbrew
    PERLBREW_VERSION = 0.73
    SHELL = /bin/sh

Perl special variables (and OS-specific diagnostics, for MSWin32):

    $^X = /home/njh/perl5/perlbrew/perls/perl-5.14.3/bin/perl
    $UID/$EUID = 1000 / 1000
    $GID = 1000 4 24 25 29 30 44 46 108 1000
    $EGID = 1000 4 24 25 29 30 44 46 108 1000

Perl module toolchain versions installed:

    Module              Have    
    ------------------- --------
    CPAN                2.16    
    CPAN::Meta          2.150005
    Cwd                 3.60    
    ExtUtils::CBuilder  0.280224
    ExtUtils::Command   7.18    
    ExtUtils::Install   2.04    
    ExtUtils::MakeMaker 7.18    
    ExtUtils::Manifest  1.70    
    ExtUtils::ParseXS   3.30    
    File::Spec          3.60    
    JSON                2.97001 
    JSON::PP            2.27300 
    Module::Build       0.4214  
    Module::Signature   n/a     
    Parse::CPAN::Meta   1.4417  
    Test::Harness       3.35    
    Test::More          1.302120
    YAML                1.24    
    YAML::Syck          1.30    
    version             0.9912  


--

Summary of my perl5 (revision 5 version 14 subversion 3) configuration:
   
  Platform:
    osname=linux, osvers=4.2.0-1-686-pae, archname=i686-linux-thread-multi
    uname='linux zack 4.2.0-1-686-pae #1 smp debian 4.2.6-1 (2015-11-10) i686 gnulinux '
    config_args='-de -Dprefix=/home/njh/perl5/perlbrew/perls/perl-5.14.3 -Duseithreads -Dusemultiplicity -Dusedevel -Accflags= -Aeval:scriptdir=/home/njh/perl5/perlbrew/perls/perl-5.14.3/bin'
    hint=recommended, useposix=true, d_sigaction=define
    useithreads=define, usemultiplicity=define
    useperlio=define, d_sfio=undef, uselargefiles=define, usesocks=undef
    use64bitint=undef, use64bitall=undef, uselongdouble=undef
    usemymalloc=n, bincompat5005=undef
  Compiler:
    cc='cc', ccflags ='-D_REENTRANT -D_GNU_SOURCE -fno-strict-aliasing -pipe -fstack-protector -I/usr/local/include -D_LARGEFILE_SOURCE -D_FILE_OFFSET_BITS=64',
    optimize='-O2',
    cppflags='-D_REENTRANT -D_GNU_SOURCE -fno-strict-aliasing -pipe -fstack-protector -I/usr/local/include'
    ccversion='', gccversion='5.2.1 20151121', gccosandvers=''
    intsize=4, longsize=4, ptrsize=4, doublesize=8, byteorder=1234
    d_longlong=define, longlongsize=8, d_longdbl=define, longdblsize=12
    ivtype='long', ivsize=4, nvtype='double', nvsize=8, Off_t='off_t', lseeksize=8
    alignbytes=4, prototype=define
  Linker and Libraries:
    ld='cc', ldflags =' -fstack-protector -L/usr/local/lib'
    libpth=/usr/local/lib /lib/i386-linux-gnu /lib/../lib /usr/lib/i386-linux-gnu /usr/lib/../lib /lib /usr/lib
    libs=-lnsl -lgdbm -ldb -ldl -lm -lcrypt -lutil -lpthread -lc -lgdbm_compat
    perllibs=-lnsl -ldl -lm -lcrypt -lutil -lpthread -lc
    libc=libc-2.19.so, so=so, useshrplib=false, libperl=libperl.a
    gnulibc_version='2.19'
  Dynamic Linking:
    dlsrc=dl_dlopen.xs, dlext=so, d_dlsymun=undef, ccdlflags='-Wl,-E'
    cccdlflags='-fPIC', lddlflags='-shared -O2 -L/usr/local/lib -fstack-protector'


Characteristics of this binary (from libperl): 
  Compile-time options: MULTIPLICITY PERL_DONT_CREATE_GVSV
                        PERL_IMPLICIT_CONTEXT PERL_MALLOC_WRAP
                        PERL_PRESERVE_IVUV PERL_USE_DEVEL USE_ITHREADS
                        USE_LARGE_FILES USE_PERLIO USE_PERL_ATOF
                        USE_REENTRANT_API
  Locally applied patches:
	Devel::PatchPerl 1.38
  Built under linux
  Compiled at Nov 24 2015 06:17:24
  %ENV:
    PERL5LIB="/home/njh/.cpan/build/ExtUtils-PkgConfig-1.16-13/blib/arch:/home/njh/.cpan/build/ExtUtils-PkgConfig-1.16-13/blib/lib:/home/njh/.cpan/build/Cache-Memcached-1.30-13/blib/arch:/home/njh/.cpan/build/Cache-Memcached-1.30-13/blib/lib:/home/njh/.cpan/build/String-CRC32-1.6-13/blib/arch:/home/njh/.cpan/build/String-CRC32-1.6-13/blib/lib:/home/njh/.cpan/build/Cache-Cache-1.08-13/blib/arch:/home/njh/.cpan/build/Cache-Cache-1.08-13/blib/lib:/home/njh/.cpan/build/Error-0.17025-12/blib/arch:/home/njh/.cpan/build/Error-0.17025-12/blib/lib:/home/njh/.cpan/build/Digest-SHA1-2.13-13/blib/arch:/home/njh/.cpan/build/Digest-SHA1-2.13-13/blib/lib:/home/njh/.cpan/build/Inline-C-0.78-13/blib/arch:/home/njh/.cpan/build/Inline-C-0.78-13/blib/lib:/home/njh/.cpan/build/Pegex-0.64-4/blib/arch:/home/njh/.cpan/build/Pegex-0.64-4/blib/lib:/home/njh/.cpan/build/Parse-RecDescent-1.967015-3/blib/arch:/home/njh/.cpan/build/Parse-RecDescent-1.967015-3/blib/lib:/home/njh/.cpan/build/Inline-0.80-13/blib/arch:/home/njh/.cpan/build/Inline-0.80-13/blib/lib"
    PERL5OPT=""
    PERL5_CPANPLUS_IS_RUNNING="12344"
    PERL5_CPAN_IS_RUNNING="12344"
    PERLBREW_BASHRC_VERSION="0.73"
    PERLBREW_HOME="/home/njh/.perlbrew"
    PERLBREW_MANPATH="/home/njh/perl5/perlbrew/perls/perl-5.14.3/man"
    PERLBREW_PATH="/home/njh/perl5/perlbrew/bin:/home/njh/perl5/perlbrew/perls/perl-5.14.3/bin"
    PERLBREW_PERL="perl-5.14.3"
    PERLBREW_ROOT="/home/njh/perl5/perlbrew"
    PERLBREW_VERSION="0.73"
  @INC:
    /home/njh/.cpan/build/ExtUtils-PkgConfig-1.16-13/blib/arch
    /home/njh/.cpan/build/ExtUtils-PkgConfig-1.16-13/blib/lib
    /home/njh/.cpan/build/Cache-Memcached-1.30-13/blib/arch
    /home/njh/.cpan/build/Cache-Memcached-1.30-13/blib/lib
    /home/njh/.cpan/build/String-CRC32-1.6-13/blib/arch
    /home/njh/.cpan/build/String-CRC32-1.6-13/blib/lib
    /home/njh/.cpan/build/Cache-Cache-1.08-13/blib/arch
    /home/njh/.cpan/build/Cache-Cache-1.08-13/blib/lib
    /home/njh/.cpan/build/Error-0.17025-12/blib/arch
    /home/njh/.cpan/build/Error-0.17025-12/blib/lib
    /home/njh/.cpan/build/Digest-SHA1-2.13-13/blib/arch
    /home/njh/.cpan/build/Digest-SHA1-2.13-13/blib/lib
    /home/njh/.cpan/build/Inline-C-0.78-13/blib/arch
    /home/njh/.cpan/build/Inline-C-0.78-13/blib/lib
    /home/njh/.cpan/build/Pegex-0.64-4/blib/arch
    /home/njh/.cpan/build/Pegex-0.64-4/blib/lib
    /home/njh/.cpan/build/Parse-RecDescent-1.967015-3/blib/arch
    /home/njh/.cpan/build/Parse-RecDescent-1.967015-3/blib/lib
    /home/njh/.cpan/build/Inline-0.80-13/blib/arch
    /home/njh/.cpan/build/Inline-0.80-13/blib/lib
    /home/njh/perl5/perlbrew/perls/perl-5.14.3/lib/site_perl/5.14.3/i686-linux-thread-multi
    /home/njh/perl5/perlbrew/perls/perl-5.14.3/lib/site_perl/5.14.3
    /home/njh/perl5/perlbrew/perls/perl-5.14.3/lib/5.14.3/i686-linux-thread-multi
    /home/njh/perl5/perlbrew/perls/perl-5.14.3/lib/5.14.3
    .