Report for Text-WideChar-Util-0.15

Back
From: metabase:user:322078bc-2aae-11df-837a-5e0a49663a4f
Subject: FAIL Text-WideChar-Util-0.15 v5.14.4 NetBSD
Date: 2015-07-29T13:49:40Z

This distribution has been tested as part of the CPAN Testers
project, supporting the Perl programming language.  See
http://wiki.cpantesters.org/ for more information or email
questions to cpan-testers-discuss@perl.org


--

Dear PERLANCAR,

This is a computer-generated error report created automatically by
CPANPLUS, version 0.9154. Testers personal comments may appear
at the end of this report.


Thank you for uploading your work to CPAN.  However, it appears that
there were some problems testing your distribution.

TEST RESULTS:

Below is the error stack from stage 'make test':

PERL_DL_NONLAZY=1 "/home/cpan/pit/bare/perl-5.14.4/bin/perl" "-MExtUtils::Command::MM" "-MTest::Harness" "-e" "undef *Test::Harness::Switches; test_harness(0, 'blib/lib', 'blib/arch')" t/*.t

#   Failed test 'Text/WideChar/Util.pm loaded ok'
#   at t/00-compile.t line 37.
#          got: '65280'
#     expected: '0'
Use of uninitialized value at /home/cpan/pit/bare/conf/perl-5.14.4/.cpanplus/5.14.4/build/Text-WideChar-Util-0.15/blib/lib/Text/WideChar/Util.pm line 78.
Using just the first character returned by \N{} in character class in regex; marked by <-- HERE in m/(?:
                     \p{Block=CJK_Compatibility}
                 |   \p{Block=CJK_Compatibility_Forms}
                 |   \p{Block=CJK_Compatibility_Ideographs}
                 |   \p{Block=CJK_Compatibility_Ideographs_Supplement}
                 |   \p{Block=CJK_Radicals_Supplement}
                 |   \p{Block=CJK_Strokes}
                 |   \p{Block=CJK_Symbols_And_Punctuation}
                 |   \p{Block=CJK_Unified_Ideographs}
                 |   \p{Block=CJK_Unified_Ideographs_Extension_A}
                 |   \p{Block=CJK_Unified_Ideographs_Extension_B}
                     #|   \p{Block=CJK_Unified_Ideographs_Extension_C}
                     [\N{U+49 <-- HERE .44.45.4F.47.52.41.50.48.49.43.20.46.55.4C.4C.20.53.54.4F.50}\N{}]
                 )/ at /home/cpan/pit/bare/conf/perl-5.14.4/.cpanplus/5.14.4/build/Text-WideChar-Util-0.15/blib/lib/Text/WideChar/Util.pm line 91.
Ignoring zero length \N{} in character class in regex; marked by <-- HERE in m/(?:
                     \p{Block=CJK_Compatibility}
                 |   \p{Block=CJK_Compatibility_Forms}
                 |   \p{Block=CJK_Compatibility_Ideographs}
                 |   \p{Block=CJK_Compatibility_Ideographs_Supplement}
                 |   \p{Block=CJK_Radicals_Supplement}
                 |   \p{Block=CJK_Strokes}
                 |   \p{Block=CJK_Symbols_And_Punctuation}
                 |   \p{Block=CJK_Unified_Ideographs}
                 |   \p{Block=CJK_Unified_Ideographs_Extension_A}
                 |   \p{Block=CJK_Unified_Ideographs_Extension_B}
                     #|   \p{Block=CJK_Unified_Ideographs_Extension_C}
                     [\N{U+49.44.45.4F.47.52.41.50.48.49.43.20.46.55.4C.4C.20.53.54.4F.50}\N{ <-- HERE }]
                 )/ at /home/cpan/pit/bare/conf/perl-5.14.4/.cpanplus/5.14.4/build/Text-WideChar-Util-0.15/blib/lib/Text/WideChar/Util.pm line 91.
Using just the first character returned by \N{} in character class in regex; marked by <-- HERE in m/(?:
                     \p{Block=CJK_Compatibility}
                 |   \p{Block=CJK_Compatibility_Forms}
                 |   \p{Block=CJK_Compatibility_Ideographs}
                 |   \p{Block=CJK_Compatibility_Ideographs_Supplement}
                 |   \p{Block=CJK_Radicals_Supplement}
                 |   \p{Block=CJK_Strokes}
                 |   \p{Block=CJK_Symbols_And_Punctuation}
                 |   \p{Block=CJK_Unified_Ideographs}
                 |   \p{Block=CJK_Unified_Ideographs_Extension_A}
                 |   \p{Block=CJK_Unified_Ideographs_Extension_B}
                     #|   \p{Block=CJK_Unified_Ideographs_Extension_C}
                     [\N{U+49 <-- HERE .44.45.4F.47.52.41.50.48.49.43.20.46.55.4C.4C.20.53.54.4F.50}\N{}]
                 )/ at /home/cpan/pit/bare/conf/perl-5.14.4/.cpanplus/5.14.4/build/Text-WideChar-Util-0.15/blib/lib/Text/WideChar/Util.pm line 91.
Use of uninitialized value at /home/cpan/pit/bare/conf/perl-5.14.4/.cpanplus/5.14.4/build/Text-WideChar-Util-0.15/blib/lib/Text/WideChar/Util.pm line 92.
Use of uninitialized value at /home/cpan/pit/bare/conf/perl-5.14.4/.cpanplus/5.14.4/build/Text-WideChar-Util-0.15/blib/lib/Text/WideChar/Util.pm line 92.
Ignoring zero length \N{} in character class in regex; marked by <-- HERE in m/[
                           \p{Block=CJK_Compatibility}
                           \p{Block=CJK_Compatibility_Forms}
                           \p{Block=CJK_Compatibility_Ideographs}
                           \p{Block=CJK_Compatibility_Ideographs_Supplement}
                           \p{Block=CJK_Radicals_Supplement}
                           \p{Block=CJK_Strokes}
                           \p{Block=CJK_Symbols_And_Punctuation}
                           \p{Block=CJK_Unified_Ideographs}
                           \p{Block=CJK_Unified_Ideographs_Extension_A}
                           \p{Block=CJK_Unified_Ideographs_Extension_B}
                           \N{ <-- HERE }
                           \N{}
                      ]/ at /home/cpan/pit/bare/conf/perl-5.14.4/.cpanplus/5.14.4/build/Text-WideChar-Util-0.15/blib/lib/Text/WideChar/Util.pm line 105.
Ignoring zero length \N{} in character class in regex; marked by <-- HERE in m/[
                           \p{Block=CJK_Compatibility}
                           \p{Block=CJK_Compatibility_Forms}
                           \p{Block=CJK_Compatibility_Ideographs}
                           \p{Block=CJK_Compatibility_Ideographs_Supplement}
                           \p{Block=CJK_Radicals_Supplement}
                           \p{Block=CJK_Strokes}
                           \p{Block=CJK_Symbols_And_Punctuation}
                           \p{Block=CJK_Unified_Ideographs}
                           \p{Block=CJK_Unified_Ideographs_Extension_A}
                           \p{Block=CJK_Unified_Ideographs_Extension_B}
                           \N{}
                           \N{ <-- HERE }
                      ]/ at /home/cpan/pit/bare/conf/perl-5.14.4/.cpanplus/5.14.4/build/Text-WideChar-Util-0.15/blib/lib/Text/WideChar/Util.pm line 105.
Use of uninitialized value at /home/cpan/pit/bare/conf/perl-5.14.4/.cpanplus/5.14.4/build/Text-WideChar-Util-0.15/blib/lib/Text/WideChar/Util.pm line 106.
Use of uninitialized value at /home/cpan/pit/bare/conf/perl-5.14.4/.cpanplus/5.14.4/build/Text-WideChar-Util-0.15/blib/lib/Text/WideChar/Util.pm line 106.
Ignoring zero length \N{} in character class in regex; marked by <-- HERE in m/[^
                              \p{Block=CJK_Compatibility}
                              \p{Block=CJK_Compatibility_Forms}
                              \p{Block=CJK_Compatibility_Ideographs}
                              \p{Block=CJK_Compatibility_Ideographs_Supplement}
                              \p{Block=CJK_Radicals_Supplement}
                              \p{Block=CJK_Strokes}
                              \p{Block=CJK_Symbols_And_Punctuation}
                              \p{Block=CJK_Unified_Ideographs}
                              \p{Block=CJK_Unified_Ideographs_Extension_A}
                              \p{Block=CJK_Unified_Ideographs_Extension_B}
                              \N{ <-- HERE }
                              \N{}
                      ]/ at /home/cpan/pit/bare/conf/perl-5.14.4/.cpanplus/5.14.4/build/Text-WideChar-Util-0.15/blib/lib/Text/WideChar/Util.pm line 119.
Ignoring zero length \N{} in character class in regex; marked by <-- HERE in m/[^
                              \p{Block=CJK_Compatibility}
                              \p{Block=CJK_Compatibility_Forms}
                              \p{Block=CJK_Compatibility_Ideographs}
                              \p{Block=CJK_Compatibility_Ideographs_Supplement}
                              \p{Block=CJK_Radicals_Supplement}
                              \p{Block=CJK_Strokes}
                              \p{Block=CJK_Symbols_And_Punctuation}
                              \p{Block=CJK_Unified_Ideographs}
                              \p{Block=CJK_Unified_Ideographs_Extension_A}
                              \p{Block=CJK_Unified_Ideographs_Extension_B}
                              \N{}
                              \N{ <-- HERE }
                      ]/ at /home/cpan/pit/bare/conf/perl-5.14.4/.cpanplus/5.14.4/build/Text-WideChar-Util-0.15/blib/lib/Text/WideChar/Util.pm line 119.
Constant(\N{IDEOGRAPHIC FULL STOP}\N{FULLWIDTH COMMA}]
                 )): $^H{charnames} is not defined at /home/cpan/pit/bare/conf/perl-5.14.4/.cpanplus/5.14.4/build/Text-WideChar-Util-0.15/blib/lib/Text/WideChar/Util.pm line 78, within pattern
Compilation failed in require at -e line 1.
# Looks like you failed 1 test of 1.
t/00-compile.t ............ 
Dubious, test returned 1 (wstat 256, 0x100)
Failed 1/1 subtests 
Use of uninitialized value at /home/cpan/pit/bare/conf/perl-5.14.4/.cpanplus/5.14.4/build/Text-WideChar-Util-0.15/blib/lib/Text/WideChar/Util.pm line 78.
Using just the first character returned by \N{} in character class in regex; marked by <-- HERE in m/(?:
                     \p{Block=CJK_Compatibility}
                 |   \p{Block=CJK_Compatibility_Forms}
                 |   \p{Block=CJK_Compatibility_Ideographs}
                 |   \p{Block=CJK_Compatibility_Ideographs_Supplement}
                 |   \p{Block=CJK_Radicals_Supplement}
                 |   \p{Block=CJK_Strokes}
                 |   \p{Block=CJK_Symbols_And_Punctuation}
                 |   \p{Block=CJK_Unified_Ideographs}
                 |   \p{Block=CJK_Unified_Ideographs_Extension_A}
                 |   \p{Block=CJK_Unified_Ideographs_Extension_B}
                     #|   \p{Block=CJK_Unified_Ideographs_Extension_C}
                     [\N{U+49 <-- HERE .44.45.4F.47.52.41.50.48.49.43.20.46.55.4C.4C.20.53.54.4F.50}\N{}]
                 )/ at /home/cpan/pit/bare/conf/perl-5.14.4/.cpanplus/5.14.4/build/Text-WideChar-Util-0.15/blib/lib/Text/WideChar/Util.pm line 91.
Ignoring zero length \N{} in character class in regex; marked by <-- HERE in m/(?:
                     \p{Block=CJK_Compatibility}
                 |   \p{Block=CJK_Compatibility_Forms}
                 |   \p{Block=CJK_Compatibility_Ideographs}
                 |   \p{Block=CJK_Compatibility_Ideographs_Supplement}
                 |   \p{Block=CJK_Radicals_Supplement}
                 |   \p{Block=CJK_Strokes}
                 |   \p{Block=CJK_Symbols_And_Punctuation}
                 |   \p{Block=CJK_Unified_Ideographs}
                 |   \p{Block=CJK_Unified_Ideographs_Extension_A}
                 |   \p{Block=CJK_Unified_Ideographs_Extension_B}
                     #|   \p{Block=CJK_Unified_Ideographs_Extension_C}
                     [\N{U+49.44.45.4F.47.52.41.50.48.49.43.20.46.55.4C.4C.20.53.54.4F.50}\N{ <-- HERE }]
                 )/ at /home/cpan/pit/bare/conf/perl-5.14.4/.cpanplus/5.14.4/build/Text-WideChar-Util-0.15/blib/lib/Text/WideChar/Util.pm line 91.
Using just the first character returned by \N{} in character class in regex; marked by <-- HERE in m/(?:
                     \p{Block=CJK_Compatibility}
                 |   \p{Block=CJK_Compatibility_Forms}
                 |   \p{Block=CJK_Compatibility_Ideographs}
                 |   \p{Block=CJK_Compatibility_Ideographs_Supplement}
                 |   \p{Block=CJK_Radicals_Supplement}
                 |   \p{Block=CJK_Strokes}
                 |   \p{Block=CJK_Symbols_And_Punctuation}
                 |   \p{Block=CJK_Unified_Ideographs}
                 |   \p{Block=CJK_Unified_Ideographs_Extension_A}
                 |   \p{Block=CJK_Unified_Ideographs_Extension_B}
                     #|   \p{Block=CJK_Unified_Ideographs_Extension_C}
                     [\N{U+49 <-- HERE .44.45.4F.47.52.41.50.48.49.43.20.46.55.4C.4C.20.53.54.4F.50}\N{}]
                 )/ at /home/cpan/pit/bare/conf/perl-5.14.4/.cpanplus/5.14.4/build/Text-WideChar-Util-0.15/blib/lib/Text/WideChar/Util.pm line 91.
Use of uninitialized value at /home/cpan/pit/bare/conf/perl-5.14.4/.cpanplus/5.14.4/build/Text-WideChar-Util-0.15/blib/lib/Text/WideChar/Util.pm line 92.
Use of uninitialized value at /home/cpan/pit/bare/conf/perl-5.14.4/.cpanplus/5.14.4/build/Text-WideChar-Util-0.15/blib/lib/Text/WideChar/Util.pm line 92.
Ignoring zero length \N{} in character class in regex; marked by <-- HERE in m/[
                           \p{Block=CJK_Compatibility}
                           \p{Block=CJK_Compatibility_Forms}
                           \p{Block=CJK_Compatibility_Ideographs}
                           \p{Block=CJK_Compatibility_Ideographs_Supplement}
                           \p{Block=CJK_Radicals_Supplement}
                           \p{Block=CJK_Strokes}
                           \p{Block=CJK_Symbols_And_Punctuation}
                           \p{Block=CJK_Unified_Ideographs}
                           \p{Block=CJK_Unified_Ideographs_Extension_A}
                           \p{Block=CJK_Unified_Ideographs_Extension_B}
                           \N{ <-- HERE }
                           \N{}
                      ]/ at /home/cpan/pit/bare/conf/perl-5.14.4/.cpanplus/5.14.4/build/Text-WideChar-Util-0.15/blib/lib/Text/WideChar/Util.pm line 105.
Ignoring zero length \N{} in character class in regex; marked by <-- HERE in m/[
                           \p{Block=CJK_Compatibility}
                           \p{Block=CJK_Compatibility_Forms}
                           \p{Block=CJK_Compatibility_Ideographs}
                           \p{Block=CJK_Compatibility_Ideographs_Supplement}
                           \p{Block=CJK_Radicals_Supplement}
                           \p{Block=CJK_Strokes}
                           \p{Block=CJK_Symbols_And_Punctuation}
                           \p{Block=CJK_Unified_Ideographs}
                           \p{Block=CJK_Unified_Ideographs_Extension_A}
                           \p{Block=CJK_Unified_Ideographs_Extension_B}
                           \N{}
                           \N{ <-- HERE }
                      ]/ at /home/cpan/pit/bare/conf/perl-5.14.4/.cpanplus/5.14.4/build/Text-WideChar-Util-0.15/blib/lib/Text/WideChar/Util.pm line 105.
Use of uninitialized value at /home/cpan/pit/bare/conf/perl-5.14.4/.cpanplus/5.14.4/build/Text-WideChar-Util-0.15/blib/lib/Text/WideChar/Util.pm line 106.
Use of uninitialized value at /home/cpan/pit/bare/conf/perl-5.14.4/.cpanplus/5.14.4/build/Text-WideChar-Util-0.15/blib/lib/Text/WideChar/Util.pm line 106.
Ignoring zero length \N{} in character class in regex; marked by <-- HERE in m/[^
                              \p{Block=CJK_Compatibility}
                              \p{Block=CJK_Compatibility_Forms}
                              \p{Block=CJK_Compatibility_Ideographs}
                              \p{Block=CJK_Compatibility_Ideographs_Supplement}
                              \p{Block=CJK_Radicals_Supplement}
                              \p{Block=CJK_Strokes}
                              \p{Block=CJK_Symbols_And_Punctuation}
                              \p{Block=CJK_Unified_Ideographs}
                              \p{Block=CJK_Unified_Ideographs_Extension_A}
                              \p{Block=CJK_Unified_Ideographs_Extension_B}
                              \N{ <-- HERE }
                              \N{}
                      ]/ at /home/cpan/pit/bare/conf/perl-5.14.4/.cpanplus/5.14.4/build/Text-WideChar-Util-0.15/blib/lib/Text/WideChar/Util.pm line 119.
Ignoring zero length \N{} in character class in regex; marked by <-- HERE in m/[^
                              \p{Block=CJK_Compatibility}
                              \p{Block=CJK_Compatibility_Forms}
                              \p{Block=CJK_Compatibility_Ideographs}
                              \p{Block=CJK_Compatibility_Ideographs_Supplement}
                              \p{Block=CJK_Radicals_Supplement}
                              \p{Block=CJK_Strokes}
                              \p{Block=CJK_Symbols_And_Punctuation}
                              \p{Block=CJK_Unified_Ideographs}
                              \p{Block=CJK_Unified_Ideographs_Extension_A}
                              \p{Block=CJK_Unified_Ideographs_Extension_B}
                              \N{}
                              \N{ <-- HERE }
                      ]/ at /home/cpan/pit/bare/conf/perl-5.14.4/.cpanplus/5.14.4/build/Text-WideChar-Util-0.15/blib/lib/Text/WideChar/Util.pm line 119.
Constant(\N{IDEOGRAPHIC FULL STOP}\N{FULLWIDTH COMMA}]
                 )): $^H{charnames} is not defined at /home/cpan/pit/bare/conf/perl-5.14.4/.cpanplus/5.14.4/build/Text-WideChar-Util-0.15/blib/lib/Text/WideChar/Util.pm line 78, within pattern
Compilation failed in require at t/01-basics.t line 12.
BEGIN failed--compilation aborted at t/01-basics.t line 12.
t/01-basics.t ............. 
Dubious, test returned 255 (wstat 65280, 0xff00)
No subtests run 
t/release-pod-coverage.t .. skipped: these tests are for release candidate testing
t/release-pod-syntax.t .... skipped: these tests are for release candidate testing
t/release-rinci.t ......... skipped: these tests are for release candidate testing
Use of uninitialized value at /home/cpan/pit/bare/conf/perl-5.14.4/.cpanplus/5.14.4/build/Text-WideChar-Util-0.15/blib/lib/Text/WideChar/Util.pm line 78.
Using just the first character returned by \N{} in character class in regex; marked by <-- HERE in m/(?:
                     \p{Block=CJK_Compatibility}
                 |   \p{Block=CJK_Compatibility_Forms}
                 |   \p{Block=CJK_Compatibility_Ideographs}
                 |   \p{Block=CJK_Compatibility_Ideographs_Supplement}
                 |   \p{Block=CJK_Radicals_Supplement}
                 |   \p{Block=CJK_Strokes}
                 |   \p{Block=CJK_Symbols_And_Punctuation}
                 |   \p{Block=CJK_Unified_Ideographs}
                 |   \p{Block=CJK_Unified_Ideographs_Extension_A}
                 |   \p{Block=CJK_Unified_Ideographs_Extension_B}
                     #|   \p{Block=CJK_Unified_Ideographs_Extension_C}
                     [\N{U+49 <-- HERE .44.45.4F.47.52.41.50.48.49.43.20.46.55.4C.4C.20.53.54.4F.50}\N{}]
                 )/ at /home/cpan/pit/bare/conf/perl-5.14.4/.cpanplus/5.14.4/build/Text-WideChar-Util-0.15/blib/lib/Text/WideChar/Util.pm line 91.
Ignoring zero length \N{} in character class in regex; marked by <-- HERE in m/(?:
                     \p{Block=CJK_Compatibility}
                 |   \p{Block=CJK_Compatibility_Forms}
                 |   \p{Block=CJK_Compatibility_Ideographs}
                 |   \p{Block=CJK_Compatibility_Ideographs_Supplement}
                 |   \p{Block=CJK_Radicals_Supplement}
                 |   \p{Block=CJK_Strokes}
                 |   \p{Block=CJK_Symbols_And_Punctuation}
                 |   \p{Block=CJK_Unified_Ideographs}
                 |   \p{Block=CJK_Unified_Ideographs_Extension_A}
                 |   \p{Block=CJK_Unified_Ideographs_Extension_B}
                     #|   \p{Block=CJK_Unified_Ideographs_Extension_C}
                     [\N{U+49.44.45.4F.47.52.41.50.48.49.43.20.46.55.4C.4C.20.53.54.4F.50}\N{ <-- HERE }]
                 )/ at /home/cpan/pit/bare/conf/perl-5.14.4/.cpanplus/5.14.4/build/Text-WideChar-Util-0.15/blib/lib/Text/WideChar/Util.pm line 91.
Using just the first character returned by \N{} in character class in regex; marked by <-- HERE in m/(?:
                     \p{Block=CJK_Compatibility}
                 |   \p{Block=CJK_Compatibility_Forms}
                 |   \p{Block=CJK_Compatibility_Ideographs}
                 |   \p{Block=CJK_Compatibility_Ideographs_Supplement}
                 |   \p{Block=CJK_Radicals_Supplement}
                 |   \p{Block=CJK_Strokes}
                 |   \p{Block=CJK_Symbols_And_Punctuation}
                 |   \p{Block=CJK_Unified_Ideographs}
                 |   \p{Block=CJK_Unified_Ideographs_Extension_A}
                 |   \p{Block=CJK_Unified_Ideographs_Extension_B}
                     #|   \p{Block=CJK_Unified_Ideographs_Extension_C}
                     [\N{U+49 <-- HERE .44.45.4F.47.52.41.50.48.49.43.20.46.55.4C.4C.20.53.54.4F.50}\N{}]
                 )/ at /home/cpan/pit/bare/conf/perl-5.14.4/.cpanplus/5.14.4/build/Text-WideChar-Util-0.15/blib/lib/Text/WideChar/Util.pm line 91.
Use of uninitialized value at /home/cpan/pit/bare/conf/perl-5.14.4/.cpanplus/5.14.4/build/Text-WideChar-Util-0.15/blib/lib/Text/WideChar/Util.pm line 92.
Use of uninitialized value at /home/cpan/pit/bare/conf/perl-5.14.4/.cpanplus/5.14.4/build/Text-WideChar-Util-0.15/blib/lib/Text/WideChar/Util.pm line 92.
Ignoring zero length \N{} in character class in regex; marked by <-- HERE in m/[
                           \p{Block=CJK_Compatibility}
                           \p{Block=CJK_Compatibility_Forms}
                           \p{Block=CJK_Compatibility_Ideographs}
                           \p{Block=CJK_Compatibility_Ideographs_Supplement}
                           \p{Block=CJK_Radicals_Supplement}
                           \p{Block=CJK_Strokes}
                           \p{Block=CJK_Symbols_And_Punctuation}
                           \p{Block=CJK_Unified_Ideographs}
                           \p{Block=CJK_Unified_Ideographs_Extension_A}
                           \p{Block=CJK_Unified_Ideographs_Extension_B}
                           \N{ <-- HERE }
                           \N{}
                      ]/ at /home/cpan/pit/bare/conf/perl-5.14.4/.cpanplus/5.14.4/build/Text-WideChar-Util-0.15/blib/lib/Text/WideChar/Util.pm line 105.
Ignoring zero length \N{} in character class in regex; marked by <-- HERE in m/[
                           \p{Block=CJK_Compatibility}
                           \p{Block=CJK_Compatibility_Forms}
                           \p{Block=CJK_Compatibility_Ideographs}
                           \p{Block=CJK_Compatibility_Ideographs_Supplement}
                           \p{Block=CJK_Radicals_Supplement}
                           \p{Block=CJK_Strokes}
                           \p{Block=CJK_Symbols_And_Punctuation}
                           \p{Block=CJK_Unified_Ideographs}
                           \p{Block=CJK_Unified_Ideographs_Extension_A}
                           \p{Block=CJK_Unified_Ideographs_Extension_B}
                           \N{}
                           \N{ <-- HERE }
                      ]/ at /home/cpan/pit/bare/conf/perl-5.14.4/.cpanplus/5.14.4/build/Text-WideChar-Util-0.15/blib/lib/Text/WideChar/Util.pm line 105.
Use of uninitialized value at /home/cpan/pit/bare/conf/perl-5.14.4/.cpanplus/5.14.4/build/Text-WideChar-Util-0.15/blib/lib/Text/WideChar/Util.pm line 106.
Use of uninitialized value at /home/cpan/pit/bare/conf/perl-5.14.4/.cpanplus/5.14.4/build/Text-WideChar-Util-0.15/blib/lib/Text/WideChar/Util.pm line 106.
Ignoring zero length \N{} in character class in regex; marked by <-- HERE in m/[^
                              \p{Block=CJK_Compatibility}
                              \p{Block=CJK_Compatibility_Forms}
                              \p{Block=CJK_Compatibility_Ideographs}
                              \p{Block=CJK_Compatibility_Ideographs_Supplement}
                              \p{Block=CJK_Radicals_Supplement}
                              \p{Block=CJK_Strokes}
                              \p{Block=CJK_Symbols_And_Punctuation}
                              \p{Block=CJK_Unified_Ideographs}
                              \p{Block=CJK_Unified_Ideographs_Extension_A}
                              \p{Block=CJK_Unified_Ideographs_Extension_B}
                              \N{ <-- HERE }
                              \N{}
                      ]/ at /home/cpan/pit/bare/conf/perl-5.14.4/.cpanplus/5.14.4/build/Text-WideChar-Util-0.15/blib/lib/Text/WideChar/Util.pm line 119.
Ignoring zero length \N{} in character class in regex; marked by <-- HERE in m/[^
                              \p{Block=CJK_Compatibility}
                              \p{Block=CJK_Compatibility_Forms}
                              \p{Block=CJK_Compatibility_Ideographs}
                              \p{Block=CJK_Compatibility_Ideographs_Supplement}
                              \p{Block=CJK_Radicals_Supplement}
                              \p{Block=CJK_Strokes}
                              \p{Block=CJK_Symbols_And_Punctuation}
                              \p{Block=CJK_Unified_Ideographs}
                              \p{Block=CJK_Unified_Ideographs_Extension_A}
                              \p{Block=CJK_Unified_Ideographs_Extension_B}
                              \N{}
                              \N{ <-- HERE }
                      ]/ at /home/cpan/pit/bare/conf/perl-5.14.4/.cpanplus/5.14.4/build/Text-WideChar-Util-0.15/blib/lib/Text/WideChar/Util.pm line 119.
Constant(\N{IDEOGRAPHIC FULL STOP}\N{FULLWIDTH COMMA}]
                 )): $^H{charnames} is not defined at /home/cpan/pit/bare/conf/perl-5.14.4/.cpanplus/5.14.4/build/Text-WideChar-Util-0.15/blib/lib/Text/WideChar/Util.pm line 78, within pattern
Compilation failed in require at t/wrap.t line 11.
BEGIN failed--compilation aborted at t/wrap.t line 11.
t/wrap.t .................. 
Dubious, test returned 255 (wstat 65280, 0xff00)
No subtests run 

Test Summary Report
-------------------
t/00-compile.t          (Wstat: 256 Tests: 1 Failed: 1)
  Failed test:  1
  Non-zero exit status: 1
t/01-basics.t           (Wstat: 65280 Tests: 0 Failed: 0)
  Non-zero exit status: 255
  Parse errors: No plan found in TAP output
t/wrap.t                (Wstat: 65280 Tests: 0 Failed: 0)
  Non-zero exit status: 255
  Parse errors: No plan found in TAP output
Files=6, Tests=1,  1 wallclock secs ( 0.03 usr  0.00 sys +  0.15 cusr  0.08 csys =  0.26 CPU)
Result: FAIL
Failed 3/6 test programs. 1/1 subtests failed.
*** Error code 255

Stop.
make: stopped in /home/cpan/pit/bare/conf/perl-5.14.4/.cpanplus/5.14.4/build/Text-WideChar-Util-0.15


PREREQUISITES:

Here is a list of prerequisites you specified and versions we
managed to load:

	  Module Name                        Have     Want
	  ExtUtils::MakeMaker                7.04        0
	  File::Spec                         3.47        0
	  IO::Handle                         1.31        0
	  IPC::Open3                       1.0901        0
	  Test::More                     1.001014     0.98
	  Unicode::GCString               2013.10        0

Perl module toolchain versions installed:
	Module Name                        Have
	CPANPLUS                         0.9154
	CPANPLUS::Dist::Build              0.78
	Cwd                                3.47
	ExtUtils::CBuilder             0.280223
	ExtUtils::Command                  1.17
	ExtUtils::Install                  2.04
	ExtUtils::MakeMaker                7.04
	ExtUtils::Manifest                 1.70
	ExtUtils::ParseXS                  3.24
	File::Spec                         3.47
	Module::Build                    0.4214
	Pod::Parser                        1.37
	Pod::Simple                        3.16
	Test::Harness                      3.35
	Test::More                     1.001014
	version                          0.9912

******************************** NOTE ********************************
The comments above are created mechanically, possibly without manual
checking by the sender.  As there are many people performing automatic
tests on each upload to CPAN, it is likely that you will receive
identical messages about the same problem.

If you believe that the message is mistaken, please reply to the first
one with correction and/or additional informations, and do not take
it personally.  We appreciate your patience. :)
**********************************************************************

Additional comments:


This report was machine-generated by CPANPLUS::Dist::YACSmoke 0.94.
Powered by minismokebox version 0.58

------------------------------
ENVIRONMENT AND OTHER CONTEXT
------------------------------

Environment variables:

    AUTOMATED_TESTING = 1
    NONINTERACTIVE_TESTING = 1
    PATH = /home/cpan/bin:/bin:/sbin:/usr/bin:/usr/sbin:/usr/X11R7/bin:/usr/X11R6/bin:/usr/pkg/bin:/usr/pkg/sbin:/usr/games:/usr/local/bin:/usr/local/sbin
    PERL5LIB = :/home/cpan/pit/bare/conf/perl-5.14.4/.cpanplus/5.14.4/build/MIME-Charset-1.012/blib/lib:/home/cpan/pit/bare/conf/perl-5.14.4/.cpanplus/5.14.4/build/MIME-Charset-1.012/blib/arch:/home/cpan/pit/bare/conf/perl-5.14.4/.cpanplus/5.14.4/build/Unicode-LineBreak-2015.07.16/blib/lib:/home/cpan/pit/bare/conf/perl-5.14.4/.cpanplus/5.14.4/build/Unicode-LineBreak-2015.07.16/blib/arch:/home/cpan/pit/bare/conf/perl-5.14.4/.cpanplus/5.14.4/build/Text-WideChar-Util-0.15/blib/lib:/home/cpan/pit/bare/conf/perl-5.14.4/.cpanplus/5.14.4/build/Text-WideChar-Util-0.15/blib/arch
    PERL5_CPANPLUS_IS_RUNNING = 1968
    PERL5_CPANPLUS_IS_VERSION = 0.9154
    PERL5_MINISMOKEBOX = 0.58
    PERL5_YACSMOKE_BASE = /home/cpan/pit/bare/conf/perl-5.14.4
    PERL_EXTUTILS_AUTOINSTALL = --defaultdeps
    PERL_MM_USE_DEFAULT = 1
    SHELL = /usr/pkg/bin/bash
    TERM = screen

Perl special variables (and OS-specific diagnostics, for MSWin32):

    Perl: $^X = /home/cpan/pit/bare/perl-5.14.4/bin/perl
    UID:  $<  = 1002
    EUID: $>  = 1002
    GID:  $(  = 100 100
    EGID: $)  = 100 100


-------------------------------


--

Summary of my perl5 (revision 5 version 14 subversion 4) configuration:
   
  Platform:
    osname=netbsd, osvers=6.1.4, archname=amd64-netbsd
    uname='netbsd naboo.bingosnet.co.uk 6.1.4 netbsd 6.1.4 (generic) amd64 '
    config_args='-des -Dprefix=/home/cpan/pit/bare/perl-5.14.4'
    hint=recommended, useposix=true, d_sigaction=define
    useithreads=undef, usemultiplicity=undef
    useperlio=define, d_sfio=undef, uselargefiles=define, usesocks=undef
    use64bitint=define, use64bitall=define, uselongdouble=undef
    usemymalloc=n, bincompat5005=undef
  Compiler:
    cc='cc', ccflags ='-fno-strict-aliasing -pipe -fstack-protector -I/usr/pkg/include',
    optimize='-O',
    cppflags='-fno-strict-aliasing -pipe -fstack-protector -I/usr/pkg/include'
    ccversion='', gccversion='4.5.3', gccosandvers=''
    intsize=4, longsize=8, ptrsize=8, doublesize=8, byteorder=12345678
    d_longlong=define, longlongsize=8, d_longdbl=define, longdblsize=16
    ivtype='long', ivsize=8, nvtype='double', nvsize=8, Off_t='off_t', lseeksize=8
    alignbytes=8, prototype=define
  Linker and Libraries:
    ld='cc', ldflags =' -Wl,-rpath,/usr/pkg/lib -Wl,-rpath,/usr/local/lib -fstack-protector -L/usr/pkg/lib'
    libpth=/usr/pkg/lib /lib /usr/lib
    libs=-lgdbm -lm -lcrypt -lutil -lc -lposix
    perllibs=-lm -lcrypt -lutil -lc -lposix
    libc=/lib/libc.so, so=so, useshrplib=false, libperl=libperl.a
    gnulibc_version=''
  Dynamic Linking:
    dlsrc=dl_dlopen.xs, dlext=so, d_dlsymun=undef, ccdlflags='-Wl,-E '
    cccdlflags='-DPIC -fPIC ', lddlflags='--whole-archive -shared  -L/usr/pkg/lib -fstack-protector'


Characteristics of this binary (from libperl): 
  Compile-time options: PERL_DONT_CREATE_GVSV PERL_MALLOC_WRAP
                        PERL_PRESERVE_IVUV USE_64_BIT_ALL USE_64_BIT_INT
                        USE_LARGE_FILES USE_PERLIO USE_PERL_ATOF
  Built under netbsd
  Compiled at May  9 2014 15:26:52
  %ENV:
    PERL5LIB=":/home/cpan/pit/bare/conf/perl-5.14.4/.cpanplus/5.14.4/build/MIME-Charset-1.012/blib/lib:/home/cpan/pit/bare/conf/perl-5.14.4/.cpanplus/5.14.4/build/MIME-Charset-1.012/blib/arch:/home/cpan/pit/bare/conf/perl-5.14.4/.cpanplus/5.14.4/build/Unicode-LineBreak-2015.07.16/blib/lib:/home/cpan/pit/bare/conf/perl-5.14.4/.cpanplus/5.14.4/build/Unicode-LineBreak-2015.07.16/blib/arch:/home/cpan/pit/bare/conf/perl-5.14.4/.cpanplus/5.14.4/build/Text-WideChar-Util-0.15/blib/lib:/home/cpan/pit/bare/conf/perl-5.14.4/.cpanplus/5.14.4/build/Text-WideChar-Util-0.15/blib/arch"
    PERL5_CPANPLUS_IS_RUNNING="1968"
    PERL5_CPANPLUS_IS_VERSION="0.9154"
    PERL5_MINISMOKEBOX="0.58"
    PERL5_YACSMOKE_BASE="/home/cpan/pit/bare/conf/perl-5.14.4"
    PERL_EXTUTILS_AUTOINSTALL="--defaultdeps"
    PERL_MM_USE_DEFAULT="1"
  @INC:
    /home/cpan/pit/bare/conf/perl-5.14.4/.cpanplus/5.14.4/build/MIME-Charset-1.012/blib/lib
    /home/cpan/pit/bare/conf/perl-5.14.4/.cpanplus/5.14.4/build/MIME-Charset-1.012/blib/arch
    /home/cpan/pit/bare/conf/perl-5.14.4/.cpanplus/5.14.4/build/Unicode-LineBreak-2015.07.16/blib/lib
    /home/cpan/pit/bare/conf/perl-5.14.4/.cpanplus/5.14.4/build/Unicode-LineBreak-2015.07.16/blib/arch
    /home/cpan/pit/bare/conf/perl-5.14.4/.cpanplus/5.14.4/build/Text-WideChar-Util-0.15/blib/lib
    /home/cpan/pit/bare/conf/perl-5.14.4/.cpanplus/5.14.4/build/Text-WideChar-Util-0.15/blib/arch
    /home/cpan/pit/bare/perl-5.14.4/lib/site_perl/5.14.4/amd64-netbsd
    /home/cpan/pit/bare/perl-5.14.4/lib/site_perl/5.14.4
    /home/cpan/pit/bare/perl-5.14.4/lib/5.14.4/amd64-netbsd
    /home/cpan/pit/bare/perl-5.14.4/lib/5.14.4
    .