Crypt-OpenSSL-PKCS12 v1.92 Perl 5 v5.41.5 x86_64-dragonfly
- Status
- Fail
- From
- Carlos Guevara
- Dist
-
Crypt-OpenSSL-PKCS12 v1.92
- Platform
- Perl 5 v5.41.5 x86_64-dragonfly
- Date
- 2024-09-28 20:45:56
- ID
- a8d65118-7dda-11ef-9aca-cc2b51a582ab
This distribution has been tested as part of the CPAN Testers
project, supporting the Perl programming language. See
http://wiki.cpantesters.org/ for more information or email
questions to cpan-testers-discuss@perl.org
--
Dear jonasbn,
This is a computer-generated report for Crypt-OpenSSL-PKCS12-1.92
on perl 5.41.5, created by CPAN-Reporter-1.2020.
Thank you for uploading your work to CPAN. However, there was a problem
testing your distribution.
If you think this report is invalid, please consult the CPAN Testers Wiki
for suggestions on how to avoid getting FAIL reports for missing library
or binary dependencies, unsupported operating systems, and so on:
http://wiki.cpantesters.org/wiki/CPANAuthorNotes
Sections of this report:
* Tester comments
* Program output
* Prerequisites
* Environment and other context
------------------------------
TESTER COMMENTS
------------------------------
Additional comments from tester:
this report is from an automated smoke testing program
and was not reviewed by a human for accuracy
------------------------------
PROGRAM OUTPUT
------------------------------
Output from '/usr/bin/make test':
"/home/cpan/bin/perl/bin/perl5.41.5" -MExtUtils::Command::MM -e 'cp_nonempty' -- PKCS12.bs blib/arch/auto/Crypt/OpenSSL/PKCS12/PKCS12.bs 644
PERL_DL_NONLAZY=1 "/home/cpan/bin/perl/bin/perl5.41.5" "-MExtUtils::Command::MM" "-MTest::Harness" "-e" "undef *Test::Harness::Switches; test_harness(0, 'blib/lib', 'blib/arch')" t/*.t
# OpenSSL version: 3.0.13
t/00-openssl-version.t .................... ok
t/author-pod-syntax.t ..................... skipped: these tests are for testing by the author
# Failed test 'utf8 string refused new_from_string()'
# at t/pkcs12-from-scratch.t line 44.
# Failed test 'utf8 string refused in new_from_string()'
# at t/pkcs12-from-scratch.t line 57.
# Attempting to read certificate string from file certs/scratch-pkcs12.p12
# Failed test at t/pkcs12-from-scratch.t line 82.
# Failed test at t/pkcs12-from-scratch.t line 82.
# Failed test at t/pkcs12-from-scratch.t line 82.
# Failed test at t/pkcs12-from-scratch.t line 82.
Failed to load Legacy provider
# Looks like your test exited with 255 just after 17.
#
t/pkcs12-from-scratch.t ...................
Dubious, test returned 255 (wstat 65280, 0xff00)
Failed 19/30 subtests
Failed to load Legacy provider
# Tests were run but no plan was declared and done_testing() was not seen.
# Looks like your test exited with 29 just after 1.
t/pkcs12-info-arbitrary-bag-attributes.t ..
Dubious, test returned 29 (wstat 7424, 0x1d00)
All 1 subtests passed
Failed to load Legacy provider
# Tests were run but no plan was declared and done_testing() was not seen.
# Looks like your test exited with 29 just after 1.
t/pkcs12-info-key-bag.t ...................
Dubious, test returned 29 (wstat 7424, 0x1d00)
All 1 subtests passed
Failed to load Legacy provider
# Tests were run but no plan was declared and done_testing() was not seen.
# Looks like your test exited with 29 just after 1.
t/pkcs12-info-le_1.1.t ....................
Dubious, test returned 29 (wstat 7424, 0x1d00)
All 1 subtests passed
Failed to load Legacy provider
# Tests were run but no plan was declared and done_testing() was not seen.
# Looks like your test exited with 29 just after 1.
t/pkcs12-info-multiple-pkcs7-sections.t ...
Dubious, test returned 29 (wstat 7424, 0x1d00)
All 1 subtests passed
Failed to load Legacy provider
# Tests were run but no plan was declared and done_testing() was not seen.
# Looks like your test exited with 29 just after 1.
t/pkcs12-info-openssl-81-test_cmp_cli.t ...
Dubious, test returned 29 (wstat 7424, 0x1d00)
All 1 subtests passed
Failed to load Legacy provider
# Tests were run but no plan was declared and done_testing() was not seen.
# Looks like your test exited with 29 just after 1.
t/pkcs12-info-safe-contents-bag.t .........
Dubious, test returned 29 (wstat 7424, 0x1d00)
All 1 subtests passed
Failed to load Legacy provider
# Tests were run but no plan was declared and done_testing() was not seen.
# Looks like your test exited with 29 just after 1.
t/pkcs12-info-secret-bag.t ................
Dubious, test returned 29 (wstat 7424, 0x1d00)
All 1 subtests passed
Failed to load Legacy provider
# Tests were run but no plan was declared and done_testing() was not seen.
# Looks like your test exited with 29 just after 1.
t/pkcs12-info-v3-certs-RC2.t ..............
Dubious, test returned 29 (wstat 7424, 0x1d00)
All 1 subtests passed
Failed to load Legacy provider
# Tests were run but no plan was declared and done_testing() was not seen.
# Looks like your test exited with 29 just after 1.
t/pkcs12-info-v3-certs-TDES.t .............
Dubious, test returned 29 (wstat 7424, 0x1d00)
All 1 subtests passed
# Failed test 'utf8 string refused new_from_string()'
# at t/pkcs12-string.t line 23.
# Failed test 'utf8 string refused in new_from_string()'
# at t/pkcs12-string.t line 36.
# Attempting to read certificate string from file certs/test.p12
# Failed test at t/pkcs12-string.t line 68.
# Failed test at t/pkcs12-string.t line 68.
# Failed test at t/pkcs12-string.t line 68.
# Failed test at t/pkcs12-string.t line 68.
Failed to load Legacy provider
# Looks like your test exited with 255 just after 17.
#
t/pkcs12-string.t .........................
Dubious, test returned 255 (wstat 65280, 0xff00)
Failed 18/29 subtests
# Attempting to read certificate from certs/test.p12
Failed to load Legacy provider
# Looks like your test exited with 29 just after 1.
t/pkcs12.t ................................
Dubious, test returned 29 (wstat 7424, 0x1d00)
Failed 15/16 subtests
t/pod-coverage.t .......................... ok
t/pod.t ................................... ok
t/release-kwalitee.t ...................... skipped: these tests are for release candidate testing
t/release-meta-json.t ..................... skipped: these tests are for release candidate testing
Test Summary Report
-------------------
t/pkcs12-from-scratch.t (Wstat: 65280 (exited 255) Tests: 17 Failed: 6)
Failed tests: 4, 6-10
Non-zero exit status: 255
Parse errors: Bad plan. You planned 30 tests but ran 17.
t/pkcs12-info-arbitrary-bag-attributes.t (Wstat: 7424 (exited 29) Tests: 1 Failed: 0)
Non-zero exit status: 29
Parse errors: No plan found in TAP output
t/pkcs12-info-key-bag.t (Wstat: 7424 (exited 29) Tests: 1 Failed: 0)
Non-zero exit status: 29
Parse errors: No plan found in TAP output
t/pkcs12-info-le_1.1.t (Wstat: 7424 (exited 29) Tests: 1 Failed: 0)
Non-zero exit status: 29
Parse errors: No plan found in TAP output
t/pkcs12-info-multiple-pkcs7-sections.t (Wstat: 7424 (exited 29) Tests: 1 Failed: 0)
Non-zero exit status: 29
Parse errors: No plan found in TAP output
t/pkcs12-info-openssl-81-test_cmp_cli.t (Wstat: 7424 (exited 29) Tests: 1 Failed: 0)
Non-zero exit status: 29
Parse errors: No plan found in TAP output
t/pkcs12-info-safe-contents-bag.t (Wstat: 7424 (exited 29) Tests: 1 Failed: 0)
Non-zero exit status: 29
Parse errors: No plan found in TAP output
t/pkcs12-info-secret-bag.t (Wstat: 7424 (exited 29) Tests: 1 Failed: 0)
Non-zero exit status: 29
Parse errors: No plan found in TAP output
t/pkcs12-info-v3-certs-RC2.t (Wstat: 7424 (exited 29) Tests: 1 Failed: 0)
Non-zero exit status: 29
Parse errors: No plan found in TAP output
t/pkcs12-info-v3-certs-TDES.t (Wstat: 7424 (exited 29) Tests: 1 Failed: 0)
Non-zero exit status: 29
Parse errors: No plan found in TAP output
t/pkcs12-string.t (Wstat: 65280 (exited 255) Tests: 17 Failed: 6)
Failed tests: 4, 6-10
Non-zero exit status: 255
Parse errors: Bad plan. You planned 29 tests but ran 17.
t/pkcs12.t (Wstat: 7424 (exited 29) Tests: 1 Failed: 0)
Non-zero exit status: 29
Parse errors: Bad plan. You planned 16 tests but ran 1.
Files=18, Tests=47, 2 wallclock secs ( 0.03 usr 0.03 sys + 1.38 cusr 0.43 csys = 1.88 CPU)
Result: FAIL
Failed 12/18 test programs. 12/47 subtests failed.
*** Error code 255
Stop.
make: stopped in /home/cpan/.cpan/build/Crypt-OpenSSL-PKCS12-1.92-0
------------------------------
PREREQUISITES
------------------------------
Prerequisite modules loaded:
build_requires:
Module Need Have
---------------------- ---- --------
Crypt::OpenSSL::Guess 0.11 0.15
Crypt::OpenSSL::PKCS10 0 0.26
Data::Dumper 0 2.190
Digest::SHA 0 6.04
File::Spec::Functions 0 3.93
Test::More 0 1.302204
configure_requires:
Module Need Have
---------------------- ---- --------
Crypt::OpenSSL::Guess 0.11 0.15
ExtUtils::MakeMaker 0 7.70
------------------------------
ENVIRONMENT AND OTHER CONTEXT
------------------------------
Environment variables:
AUTOMATED_TESTING = 1
DATE_MANIP_TEST_DM5 = 1
LC_ALL = C
NONINTERACTIVE_TESTING = 1
NO_NETWORK_TESTING = 1
PATH = /home/cpan/bin/perl/bin:/home/cpan/bin:/sbin:/bin:/usr/sbin:/usr/bin:/usr/games:/usr/local/sbin:/usr/local/bin:/usr/pkg/sbin:/usr/pkg/bin:/home/cpan/bin
PERL5LIB =
PERL5OPT =
PERL5_CPANPLUS_IS_RUNNING = 750899
PERL5_CPAN_IS_RUNNING = 750899
PERL_MM_USE_DEFAULT = 1
PERL_USE_UNSAFE_INC = 1
SHELL = /usr/local/bin/bash
TERM = screen
TMPDIR = /home/cpan/tmp
Perl special variables (and OS-specific diagnostics, for MSWin32):
$^X = /home/cpan/bin/perl/bin/perl5.41.5
$UID/$EUID = 1002 / 1002
$GID = 1002 1002
$EGID = 1002 1002
Perl module toolchain versions installed:
Module Have
------------------- --------
CPAN 2.37
CPAN::Meta 2.150010
Cwd 3.92
ExtUtils::CBuilder 0.280240
ExtUtils::Command 7.70
ExtUtils::Install 2.22
ExtUtils::MakeMaker 7.70
ExtUtils::Manifest 1.75
ExtUtils::ParseXS 3.54
File::Spec 3.93
JSON 4.10
JSON::PP 4.16
Module::Build 0.4234
Module::Signature 0.89
Parse::CPAN::Meta 2.150010
Test2 1.302204
Test::Harness 3.50
Test::More 1.302204
YAML 1.31
YAML::Syck 1.34
version 0.9933
--
Summary of my perl5 (revision 5 version 41 subversion 5) configuration:
Commit id: d5041a18012b0dae3e3f79fd09fb4f28c985170e
Platform:
osname=dragonfly
osvers=6.4-release
archname=x86_64-dragonfly
uname='dragonfly cjg-dragonfly6 6.4-release dragonfly v6.4.0-release #54: fri dec 30 09:06:50 pst 2022 root@pkgbox64.dragonflybsd.org:usrobjusrsrcsysx86_64_generic x86_64 '
config_args='-des -Dprefix=/home/cpan/bin/perl -Dscriptdir=/home/cpan/bin/perl/bin -Dusedevel -Duse64bitall'
hint=recommended
useposix=true
d_sigaction=define
useithreads=undef
usemultiplicity=undef
use64bitint=define
use64bitall=define
uselongdouble=undef
usemymalloc=n
default_inc_excludes_dot=define
Compiler:
cc='cc'
ccflags ='-DHAS_FPSETMASK -DHAS_FLOATINGPOINT_H -DNO_POSIX_2008_LOCALE -fwrapv -fno-strict-aliasing -pipe -fstack-protector-strong -I/usr/local/include -D_FORTIFY_SOURCE=2'
optimize='-O2'
cppflags='-DHAS_FPSETMASK -DHAS_FLOATINGPOINT_H -DNO_POSIX_2008_LOCALE -fwrapv -fno-strict-aliasing -pipe -fstack-protector-strong -I/usr/local/include'
ccversion=''
gccversion='8.3 [DragonFly] Release/2019-02-22'
gccosandvers=''
intsize=4
longsize=8
ptrsize=8
doublesize=8
byteorder=12345678
doublekind=3
d_longlong=define
longlongsize=8
d_longdbl=define
longdblsize=16
longdblkind=3
ivtype='long'
ivsize=8
nvtype='double'
nvsize=8
Off_t='off_t'
lseeksize=8
alignbytes=8
prototype=define
Linker and Libraries:
ld='cc'
ldflags ='-Wl,-E -fstack-protector-strong -L/usr/local/lib'
libpth=/usr/lib /usr/local/lib
libs=-lpthread -lgdbm -ldl -lm -lcrypt -lutil -lc
perllibs=-lpthread -ldl -lm -lcrypt -lutil -lc
libc=
so=so
useshrplib=false
libperl=libperl.a
gnulibc_version=''
Dynamic Linking:
dlsrc=dl_dlopen.xs
dlext=so
d_dlsymun=undef
ccdlflags=' '
cccdlflags='-DPIC -fPIC'
lddlflags='-shared -L/usr/local/lib -fstack-protector-strong'
Characteristics of this binary (from libperl):
Compile-time options:
HAS_LONG_DOUBLE
HAS_STRTOLD
HAS_TIMES
PERLIO_LAYERS
PERL_COPY_ON_WRITE
PERL_DONT_CREATE_GVSV
PERL_HASH_FUNC_SIPHASH13
PERL_HASH_USE_SBOX32
PERL_MALLOC_WRAP
PERL_OP_PARENT
PERL_PRESERVE_IVUV
PERL_USE_DEVEL
PERL_USE_SAFE_PUTENV
USE_64_BIT_ALL
USE_64_BIT_INT
USE_LARGE_FILES
USE_LOCALE
USE_LOCALE_COLLATE
USE_LOCALE_CTYPE
USE_LOCALE_NUMERIC
USE_LOCALE_TIME
USE_PERLIO
USE_PERL_ATOF
Built under dragonfly
Compiled at Sep 27 2024 22:02:48
%ENV:
PERL5LIB=""
PERL5OPT=""
PERL5_CPANPLUS_IS_RUNNING="750899"
PERL5_CPAN_IS_RUNNING="750899"
PERL_MM_USE_DEFAULT="1"
PERL_USE_UNSAFE_INC="1"
@INC:
/home/cpan/bin/perl/lib/site_perl/5.41.5/x86_64-dragonfly
/home/cpan/bin/perl/lib/site_perl/5.41.5
/home/cpan/bin/perl/lib/5.41.5/x86_64-dragonfly
/home/cpan/bin/perl/lib/5.41.5
.