Time-Normalize v0.09 Perl 5 v5.41.9 amd64-midnightbsd
- Status
- Fail
- From
- Carlos Guevara
- Dist
-
Time-Normalize v0.09
- Platform
- Perl 5 v5.41.9 amd64-midnightbsd
- Date
- 2025-01-26 00:08:24
- ID
- a91397ec-db79-11ef-adc6-8f494c29f695
This distribution has been tested as part of the CPAN Testers
project, supporting the Perl programming language. See
http://wiki.cpantesters.org/ for more information or email
questions to cpan-testers-discuss@perl.org
--
Dear Eric J. Roode,
This is a computer-generated report for Time-Normalize-0.09
on perl 5.41.9, created by CPAN-Reporter-1.2020.
Thank you for uploading your work to CPAN. However, there was a problem
testing your distribution.
If you think this report is invalid, please consult the CPAN Testers Wiki
for suggestions on how to avoid getting FAIL reports for missing library
or binary dependencies, unsupported operating systems, and so on:
http://wiki.cpantesters.org/wiki/CPANAuthorNotes
Sections of this report:
* Tester comments
* Program output
* Prerequisites
* Environment and other context
------------------------------
TESTER COMMENTS
------------------------------
Additional comments from tester:
this report is from an automated smoke testing program
and was not reviewed by a human for accuracy
------------------------------
PROGRAM OUTPUT
------------------------------
Output from './Build test':
t/0-signature.t .. ok
t/doc.t .......... ok
t/hms.t .......... ok
t/month.t ........ ok
t/rct.t .......... ok
t/utils.t ........ ok
# Failed test '75 => 1975'
# at t/year.t line 58.
# got: '2075'
# expected: '1975'
# Looks like you failed 1 test of 17.
t/year.t .........
Dubious, test returned 1 (wstat 256, 0x100)
Failed 1/17 subtests
# Failed test 'y2 test: values'
# at t/ym.t line 114.
# Structures begin differing at:
# $got->[0] = '2075'
# $expected->[0] = '1975'
# Looks like you failed 1 test of 68.
t/ym.t ...........
Dubious, test returned 1 (wstat 256, 0x100)
Failed 1/68 subtests
# Failed test 'y2 test: values'
# at t/ymd.t line 112.
# Structures begin differing at:
# $got->[0] = '2075'
# $expected->[0] = '1975'
# Looks like you failed 1 test of 102.
t/ymd.t ..........
Dubious, test returned 1 (wstat 256, 0x100)
Failed 1/102 subtests
t/ymd3.t ......... ok
t/ymdhms.t ....... ok
Test Summary Report
-------------------
t/year.t (Wstat: 256 (exited 1) Tests: 17 Failed: 1)
Failed test: 10
Non-zero exit status: 1
t/ym.t (Wstat: 256 (exited 1) Tests: 68 Failed: 1)
Failed test: 16
Non-zero exit status: 1
t/ymd.t (Wstat: 256 (exited 1) Tests: 102 Failed: 1)
Failed test: 16
Non-zero exit status: 1
Files=11, Tests=622, 1 wallclock secs ( 0.05 usr 0.02 sys + 0.36 cusr 0.11 csys = 0.53 CPU)
Result: FAIL
Failed 3/11 test programs. 3/622 subtests failed.
------------------------------
PREREQUISITES
------------------------------
Prerequisite modules loaded:
build_requires:
Module Need Have
------------- ---- --------
Test::More 0.40 1.302209
configure_requires:
Module Need Have
------------- ---- --------
Module::Build 0.40 0.4234
------------------------------
ENVIRONMENT AND OTHER CONTEXT
------------------------------
Environment variables:
AUTOMATED_TESTING = 1
DATE_MANIP_TEST_DM5 = 1
LC_ALL = C
NONINTERACTIVE_TESTING = 1
NO_NETWORK_TESTING = 1
PATH = /home/cpan/bin/perl/bin:/home/cpan/bin:/sbin:/bin:/usr/sbin:/usr/bin:/usr/games:/usr/local/sbin:/usr/local/bin:/home/cpan/bin
PERL5LIB =
PERL5OPT =
PERL5_CPANPLUS_IS_RUNNING = 50995
PERL5_CPAN_IS_RUNNING = 50995
PERL_MM_USE_DEFAULT = 1
PERL_USE_UNSAFE_INC = 1
SHELL = /usr/local/bin/bash
TERM = screen
TMPDIR = /home/cpan/tmp
Perl special variables (and OS-specific diagnostics, for MSWin32):
$^X = /usr/home/cpan/bin/perl/bin/perl5.41.9
$UID/$EUID = 1002 / 1002
$GID = 1002 1002
$EGID = 1002 1002
Perl module toolchain versions installed:
Module Have
------------------- --------
CPAN 2.38
CPAN::Meta 2.150010
Cwd 3.92
ExtUtils::CBuilder 0.280240
ExtUtils::Command 7.70
ExtUtils::Install 2.22
ExtUtils::MakeMaker 7.70
ExtUtils::Manifest 1.75
ExtUtils::ParseXS 3.57
File::Spec 3.93
JSON 4.10
JSON::PP 4.16
Module::Build 0.4234
Module::Signature 0.89
Parse::CPAN::Meta 2.150010
Test2 1.302209
Test::Harness 3.50
Test::More 1.302209
YAML 1.31
YAML::Syck 1.34
version 0.9933
--
Summary of my perl5 (revision 5 version 41 subversion 9) configuration:
Commit id: 48972dd0c765c295cf54ec12c645db080478546d
Platform:
osname=midnightbsd
osvers=3.2.1
archname=amd64-midnightbsd
uname='midnightbsd cjg-midnightbsd3 3.2.1 midnightbsd 3.2.1 #15n13132-0869ed7092(stable3.2)-dirty: wed nov 6 12:53:25 est 2024 root@m3264:usrobjusrsrcamd64.amd64sysgeneric amd64 '
config_args='-des -Dprefix=/home/cpan/bin/perl -Dscriptdir=/home/cpan/bin/perl/bin -Dusedevel -Duse64bitall'
hint=recommended
useposix=true
d_sigaction=define
useithreads=undef
usemultiplicity=undef
use64bitint=define
use64bitall=define
uselongdouble=undef
usemymalloc=n
default_inc_excludes_dot=define
Compiler:
cc='cc'
ccflags ='-DHAS_FPSETMASK -DHAS_FLOATINGPOINT_H -fno-strict-aliasing -pipe -fstack-protector-strong -I/usr/local/include'
optimize='-O'
cppflags='-DHAS_FPSETMASK -DHAS_FLOATINGPOINT_H -fno-strict-aliasing -pipe -fstack-protector-strong -I/usr/local/include'
ccversion=''
gccversion='MidnightBSD Clang 13.0.0 (git@github.com:llvm/llvm-project.git llvmorg-13.0.0-0-gd7b669b3a303)'
gccosandvers=''
intsize=4
longsize=8
ptrsize=8
doublesize=8
byteorder=12345678
doublekind=3
d_longlong=define
longlongsize=8
d_longdbl=define
longdblsize=16
longdblkind=3
ivtype='long'
ivsize=8
nvtype='double'
nvsize=8
Off_t='off_t'
lseeksize=8
alignbytes=8
prototype=define
Linker and Libraries:
ld='cc'
ldflags ='-Wl,-E -fstack-protector-strong -L/usr/local/lib'
libpth=/usr/lib /usr/local/lib /usr/lib/clang/13.0.0/lib
libs=-lpthread -lgdbm -ldl -lm -lcrypt -lutil -lc
perllibs=-lpthread -ldl -lm -lcrypt -lutil -lc
libc=
so=so
useshrplib=false
libperl=libperl.a
gnulibc_version=''
Dynamic Linking:
dlsrc=dl_dlopen.xs
dlext=so
d_dlsymun=undef
ccdlflags=' '
cccdlflags='-DPIC -fPIC'
lddlflags='-shared -L/usr/local/lib -fstack-protector-strong'
Characteristics of this binary (from libperl):
Compile-time options:
HAS_LONG_DOUBLE
HAS_STRTOLD
HAS_TIMES
PERLIO_LAYERS
PERL_COPY_ON_WRITE
PERL_DONT_CREATE_GVSV
PERL_HASH_FUNC_SIPHASH13
PERL_HASH_USE_SBOX32
PERL_MALLOC_WRAP
PERL_OP_PARENT
PERL_PRESERVE_IVUV
PERL_USE_DEVEL
PERL_USE_SAFE_PUTENV
USE_64_BIT_ALL
USE_64_BIT_INT
USE_LARGE_FILES
USE_LOCALE
USE_LOCALE_COLLATE
USE_LOCALE_CTYPE
USE_LOCALE_NUMERIC
USE_LOCALE_TIME
USE_PERLIO
USE_PERL_ATOF
Built under midnightbsd
Compiled at Jan 25 2025 02:12:36
%ENV:
PERL5LIB=""
PERL5OPT=""
PERL5_CPANPLUS_IS_RUNNING="50995"
PERL5_CPAN_IS_RUNNING="50995"
PERL_MM_USE_DEFAULT="1"
PERL_USE_UNSAFE_INC="1"
@INC:
/home/cpan/bin/perl/lib/site_perl/5.41.9/amd64-midnightbsd
/home/cpan/bin/perl/lib/site_perl/5.41.9
/home/cpan/bin/perl/lib/5.41.9/amd64-midnightbsd
/home/cpan/bin/perl/lib/5.41.9
.