Graph-ModularDecomposition v0.15 Perl 5 v5.8.9 amd64-freebsd

Status
Fail
From
Slaven Rezić
Dist
Graph-ModularDecomposition v0.15
Platform
Perl 5 v5.8.9 amd64-freebsd
Date
2023-12-25 22:05:05
ID
a916988e-a371-11ee-8ef3-cb4e6e8775ea
This distribution has been tested as part of the CPAN Testers
project, supporting the Perl programming language.  See
http://wiki.cpantesters.org/ for more information or email
questions to cpan-testers-discuss@perl.org


--
Dear Andras Salamon,

This is a computer-generated report for Graph-ModularDecomposition-0.15
on perl 5.8.9, created by CPAN-Reporter-1.2019.

Thank you for uploading your work to CPAN.  However, there was a problem
testing your distribution.

If you think this report is invalid, please consult the CPAN Testers Wiki
for suggestions on how to avoid getting FAIL reports for missing library
or binary dependencies, unsupported operating systems, and so on:

http://wiki.cpantesters.org/wiki/CPANAuthorNotes

Sections of this report:

    * Tester comments
    * Program output
    * Prerequisites
    * Environment and other context

------------------------------
TESTER COMMENTS
------------------------------

Additional comments from tester:

none provided

------------------------------
PROGRAM OUTPUT
------------------------------

Output from '/usr/bin/make test':

PERL_DL_NONLAZY=1 "/usr/perl5.8.9/bin/perl" "-MExtUtils::Command::MM" "-MTest::Harness" "-e" "undef *Test::Harness::Switches; test_harness(0, 'blib/lib', 'blib/arch')" t/*.t
t/01.t ............ ok
t/02.t ............ ok
t/03.t ............ ok
t/04.t ............ ok
Odd number of elements in hash assignment at /usr/perl5.8.9/lib/site_perl/5.8.9/Graph/TransitiveClosure.pm line 16.
Graph::TransitiveClosure->new given non-Graph 'undirected' at /usr/perl5.8.9/lib/site_perl/5.8.9/Graph.pm line 7.
	Graph::__carp_confess("Graph::TransitiveClosure->new given non-Graph 'undirected'") called at /usr/perl5.8.9/lib/site_perl/5.8.9/Graph/TransitiveClosure.pm line 17
	Graph::TransitiveClosure::new("Graph::TransitiveClosure", "undirected", 0, "refvertexed", 0, "countvertexed", 0, "multivertexed", ...) called at /usr/perl5.8.9/lib/site_perl/5.8.9/Graph.pm line 1131
	Graph::copy called at /usr/perl5.8.9/lib/site_perl/5.8.9/Graph.pm line 1187
	Graph::transpose_graph(Graph::TransitiveClosure=ARRAY(0x801a82260)) called at /usr/perl5.8.9/lib/site_perl/5.8.9/Graph.pm line 2038
	Graph::_strongly_connected_components_compute(Graph::TransitiveClosure=ARRAY(0x801a82260)) called at /usr/perl5.8.9/lib/site_perl/5.8.9/Graph.pm line 1858
	Graph::_check_cache(Graph::TransitiveClosure=ARRAY(0x801a82260), "strong_connectivity", ARRAY(0x801a7d400), CODE(0x801834100)) called at /usr/perl5.8.9/lib/site_perl/5.8.9/Graph.pm line 2053
	Graph::_strongly_connected_components called at /usr/perl5.8.9/lib/site_perl/5.8.9/Graph.pm line 2093
	Graph::strongly_connected_graph(Graph::TransitiveClosure=ARRAY(0x801a82260)) called at t/05.t line 27
t/05.t ............ 
Dubious, test returned 255 (wstat 65280, 0xff00)
Failed 5/13 subtests 
t/06.t ............ ok
t/07.t ............ ok
t/08.t ............ ok
t/09.t ............ ok
t/10.t ............ ok
t/11.t ............ ok
t/12.t ............ ok
t/13.t ............ ok
Can't locate object method "classify" via package "Graph::TransitiveClosure" at t/14.t line 31.
t/14.t ............ 
Dubious, test returned 255 (wstat 65280, 0xff00)
Failed 14/15 subtests 
t/15.t ............ ok
t/16.t ............ ok
t/17.t ............ ok
Odd number of elements in hash assignment at /usr/perl5.8.9/lib/site_perl/5.8.9/Graph/TransitiveClosure.pm line 16.
Graph::TransitiveClosure->new given non-Graph 'undirected' at /usr/perl5.8.9/lib/site_perl/5.8.9/Graph.pm line 7.
	Graph::__carp_confess("Graph::TransitiveClosure->new given non-Graph 'undirected'") called at /usr/perl5.8.9/lib/site_perl/5.8.9/Graph/TransitiveClosure.pm line 17
	Graph::TransitiveClosure::new("Graph::TransitiveClosure", "undirected", 0, "refvertexed", 0, "countvertexed", 0, "multivertexed", ...) called at /usr/perl5.8.9/lib/site_perl/5.8.9/Graph.pm line 1131
	Graph::copy called at /usr/perl5.8.9/lib/site_perl/5.8.9/Graph.pm line 1187
	Graph::transpose_graph(Graph::TransitiveClosure=ARRAY(0x801a82040)) called at /usr/perl5.8.9/lib/site_perl/5.8.9/Graph.pm line 2038
	Graph::_strongly_connected_components_compute(Graph::TransitiveClosure=ARRAY(0x801a82040)) called at /usr/perl5.8.9/lib/site_perl/5.8.9/Graph.pm line 1858
	Graph::_check_cache(Graph::TransitiveClosure=ARRAY(0x801a82040), "strong_connectivity", ARRAY(0x801a7e5b0), CODE(0x801834170)) called at /usr/perl5.8.9/lib/site_perl/5.8.9/Graph.pm line 2053
	Graph::_strongly_connected_components called at /usr/perl5.8.9/lib/site_perl/5.8.9/Graph.pm line 2093
	Graph::strongly_connected_graph(Graph::TransitiveClosure=ARRAY(0x801a82040)) called at t/18.t line 31
t/18.t ............ 
Dubious, test returned 255 (wstat 65280, 0xff00)
Failed 4/13 subtests 
t/19.t ............ ok
t/pod-coverage.t .. ok
t/pod.t ........... ok

Test Summary Report
-------------------
t/05.t          (Wstat: 65280 (exited 255) Tests: 8 Failed: 0)
  Non-zero exit status: 255
  Parse errors: Bad plan.  You planned 13 tests but ran 8.
t/14.t          (Wstat: 65280 (exited 255) Tests: 1 Failed: 0)
  Non-zero exit status: 255
  Parse errors: Bad plan.  You planned 15 tests but ran 1.
t/18.t          (Wstat: 65280 (exited 255) Tests: 9 Failed: 0)
  Non-zero exit status: 255
  Parse errors: Bad plan.  You planned 13 tests but ran 9.
Files=21, Tests=149,  1 wallclock secs ( 0.05 usr  0.05 sys +  0.66 cusr  0.18 csys =  0.93 CPU)
Result: FAIL
Failed 3/21 test programs. 0/149 subtests failed.
*** [test_dynamic] Error code 255

Stop in /usr/home/cpansand/.cpan/build/2023122521/Graph-ModularDecomposition-0.15-0.

------------------------------
PREREQUISITES
------------------------------

Prerequisite modules loaded:

requires:

    Module              Need    Have  
    ------------------- ------- ------
    Graph               0.20105 0.9727

build_requires:

    Module              Need    Have  
    ------------------- ------- ------
    ExtUtils::MakeMaker 0       7.70  

configure_requires:

    Module              Need    Have  
    ------------------- ------- ------
    ExtUtils::MakeMaker 0       7.70  


------------------------------
ENVIRONMENT AND OTHER CONTEXT
------------------------------

Environment variables:

    LC_ALL = de_DE.ISO8859-1
    PATH = /usr/local/bin:/usr/bin:/bin:/usr/local/sbin:/usr/sbin:/sbin:/home/cpansand/bin/freebsd9.3:/home/cpansand/bin/sh:/home/cpansand/bin:/usr/games:/home/cpansand/devel:/usr/home/eserte/src/srezic-misc/scripts
    PERL5LIB = 
    PERL5OPT = 
    PERL5_CPANPLUS_IS_RUNNING = 90173
    PERL5_CPAN_IS_RUNNING = 90173
    PERL5_CPAN_IS_RUNNING_IN_RECURSION = 90160,90173
    PERLDOC = -MPod::Perldoc::ToTextOverstrike
    PERL_BATCH = yes
    PERL_CANARY_STABILITY_NOPROMPT = 1
    PERL_CPAN_REPORTER_CONFIG = /var/tmp/cpansmoker-1023/2023122521/cpanreporter_000_config.ini
    PERL_EXTUTILS_AUTOINSTALL = --defaultdeps
    PERL_USE_UNSAFE_INC = 1
    SHELL = /usr/local/bin/zsh
    TERM = screen
    TMPDIR = /var/tmp/cpansmoker-1023/2023122521

Perl special variables (and OS-specific diagnostics, for MSWin32):

    $^X = /usr/perl5.8.9/bin/perl
    $UID/$EUID = 1023 / 1023
    $GID = 1023 1023
    $EGID = 1023 1023

Perl module toolchain versions installed:

    Module              Have    
    ------------------- --------
    CPAN                2.36    
    CPAN::Meta          2.150010
    Cwd                 3.75    
    ExtUtils::CBuilder  0.280236
    ExtUtils::Command   7.70    
    ExtUtils::Install   2.22    
    ExtUtils::MakeMaker 7.70    
    ExtUtils::Manifest  1.75    
    ExtUtils::ParseXS   3.51    
    File::Spec          3.75    
    JSON                4.10    
    JSON::PP            4.16    
    Module::Build       0.4234  
    Module::Signature   0.88    
    Parse::CPAN::Meta   2.150010
    Test2               1.302198
    Test::Harness       3.47    
    Test::More          1.302198
    YAML                1.30    
    YAML::Syck          1.34    
    version             0.9929  


--

Summary of my perl5 (revision 5 version 8 subversion 9) configuration:
  Platform:
    osname=freebsd, osvers=9.2-release-p4, archname=amd64-freebsd
    uname='freebsd cvrsnica-freebsd-92 9.2-release-p4 freebsd 9.2-release-p4 #0: tue apr 8 18:08:22 utc 2014 root@amd64-builder.daemonology.net:usrobjusrsrcsysgeneric amd64 '
    config_args='-ds -e -Dprefix=/usr/perl5.8.9'
    hint=recommended, useposix=true, d_sigaction=define
    usethreads=undef use5005threads=undef useithreads=undef usemultiplicity=undef
    useperlio=define d_sfio=undef uselargefiles=define usesocks=undef
    use64bitint=define use64bitall=define uselongdouble=undef
    usemymalloc=n, bincompat5005=undef
  Compiler:
    cc='cc', ccflags ='-DHAS_FPSETMASK -DHAS_FLOATINGPOINT_H -fno-strict-aliasing -pipe -I/usr/local/include',
    optimize='-O',
    cppflags='-DHAS_FPSETMASK -DHAS_FLOATINGPOINT_H -fno-strict-aliasing -pipe -I/usr/local/include'
    ccversion='', gccversion='4.2.1 20070831 patched [FreeBSD]', gccosandvers=''
    intsize=4, longsize=8, ptrsize=8, doublesize=8, byteorder=12345678
    d_longlong=define, longlongsize=8, d_longdbl=define, longdblsize=16
    ivtype='long', ivsize=8, nvtype='double', nvsize=8, Off_t='off_t', lseeksize=8
    alignbytes=8, prototype=define
  Linker and Libraries:
    ld='cc', ldflags ='-Wl,-E  -L/usr/local/lib'
    libpth=/usr/lib /usr/local/lib
    libs=-lgdbm -lm -lcrypt -lutil -lc
    perllibs=-lm -lcrypt -lutil -lc
    libc=, so=so, useshrplib=false, libperl=libperl.a
    gnulibc_version=''
  Dynamic Linking:
    dlsrc=dl_dlopen.xs, dlext=so, d_dlsymun=undef, ccdlflags=' '
    cccdlflags='-DPIC -fPIC', lddlflags='-shared  -L/usr/local/lib'


Characteristics of this binary (from libperl): 
  Compile-time options: PERL_MALLOC_WRAP USE_64_BIT_ALL USE_64_BIT_INT
                        USE_FAST_STDIO USE_LARGE_FILES USE_PERLIO
  Built under freebsd
  Compiled at May 15 2014 22:27:57
  %ENV:
    PERL5LIB=""
    PERL5OPT=""
    PERL5_CPANPLUS_IS_RUNNING="90173"
    PERL5_CPAN_IS_RUNNING="90173"
    PERL5_CPAN_IS_RUNNING_IN_RECURSION="90160,90173"
    PERLDOC="-MPod::Perldoc::ToTextOverstrike"
    PERL_BATCH="yes"
    PERL_CANARY_STABILITY_NOPROMPT="1"
    PERL_CPAN_REPORTER_CONFIG="/var/tmp/cpansmoker-1023/2023122521/cpanreporter_000_config.ini"
    PERL_EXTUTILS_AUTOINSTALL="--defaultdeps"
    PERL_USE_UNSAFE_INC="1"
  @INC:
    /usr/perl5.8.9/lib/5.8.9/amd64-freebsd
    /usr/perl5.8.9/lib/5.8.9
    /usr/perl5.8.9/lib/site_perl/5.8.9/amd64-freebsd
    /usr/perl5.8.9/lib/site_perl/5.8.9
    .