Report for Shell-Perl-0.0022

Back
From: metabase:user:21427c7c-6c1b-1014-a310-4ed93fdd96d6
Subject: FAIL Shell-Perl-0.0022 v5.17.6 GNU/Linux
Date: 2012-12-11T20:38:03Z

This distribution has been tested as part of the CPAN Testers
project, supporting the Perl programming language.  See
http://wiki.cpantesters.org/ for more information or email
questions to cpan-testers-discuss@perl.org


--
Dear Adriano Ferreira,

This is a computer-generated report for Shell-Perl-0.0022
on perl 5.17.6, created by CPAN-Reporter-1.2006.

Thank you for uploading your work to CPAN.  However, there was a problem
testing your distribution.

If you think this report is invalid, please consult the CPAN Testers Wiki
for suggestions on how to avoid getting FAIL reports for missing library
or binary dependencies, unsupported operating systems, and so on:

http://wiki.cpantesters.org/wiki/CPANAuthorNotes

Sections of this report:

    * Tester comments
    * Program output
    * Prerequisites
    * Environment and other context

------------------------------
TESTER COMMENTS
------------------------------

Additional comments from tester:

none provided

------------------------------
PROGRAM OUTPUT
------------------------------

Output from '/usr/bin/make test':

PERL_DL_NONLAZY=1 /home/jm/perl5/perlbrew/perls/perl-5.17.6-thread-multi-ld/bin/perl5.17.6 "-MExtUtils::Command::MM" "-e" "test_harness(0, 'blib/lib', 'blib/arch')" t/*.t
# Testing Shell::Perl 0.0022, Perl 5.017006, /home/jm/perl5/perlbrew/perls/perl-5.17.6-thread-multi-ld/bin/perl5.17.6
t/01use.t ........... ok
t/02basic.t ......... ok
t/10compile.t ....... ok
t/11version.t ....... ok
t/20expect_quit.t ... skipped: Test::Expect required for testing
t/50isolated.t ...... ok

#   Failed test 'POD test for bin/pirl'
#   at /home/jm/perl5/perlbrew/perls/perl-5.17.6-thread-multi-ld/lib/site_perl/5.17.6/Test/Pod.pm line 182.
Wide character in print at /home/jm/perl5/perlbrew/perls/perl-5.17.6-thread-multi-ld/lib/5.17.6/Test/Builder.pm line 1759.
# bin/pirl (79): Non-ASCII character seen before =encoding in '2007–2011'. Assuming UTF-8

#   Failed test 'POD test for blib/script/pirl'
#   at /home/jm/perl5/perlbrew/perls/perl-5.17.6-thread-multi-ld/lib/site_perl/5.17.6/Test/Pod.pm line 182.
Wide character in print at /home/jm/perl5/perlbrew/perls/perl-5.17.6-thread-multi-ld/lib/5.17.6/Test/Builder.pm line 1759.
# blib/script/pirl (82): Non-ASCII character seen before =encoding in '2007–2011'. Assuming UTF-8

#   Failed test 'POD test for lib/Shell/Perl.pm'
#   at /home/jm/perl5/perlbrew/perls/perl-5.17.6-thread-multi-ld/lib/site_perl/5.17.6/Test/Pod.pm line 182.
Wide character in print at /home/jm/perl5/perlbrew/perls/perl-5.17.6-thread-multi-ld/lib/5.17.6/Test/Builder.pm line 1759.
# lib/Shell/Perl.pm (458): Non-ASCII character seen before =encoding in '2007–2011'. Assuming UTF-8

#   Failed test 'POD test for blib/lib/Shell/Perl.pm'
#   at /home/jm/perl5/perlbrew/perls/perl-5.17.6-thread-multi-ld/lib/site_perl/5.17.6/Test/Pod.pm line 182.
Wide character in print at /home/jm/perl5/perlbrew/perls/perl-5.17.6-thread-multi-ld/lib/5.17.6/Test/Builder.pm line 1759.
# blib/lib/Shell/Perl.pm (458): Non-ASCII character seen before =encoding in '2007–2011'. Assuming UTF-8

#   Failed test 'POD test for lib/Shell/Perl/Dumper.pm'
#   at /home/jm/perl5/perlbrew/perls/perl-5.17.6-thread-multi-ld/lib/site_perl/5.17.6/Test/Pod.pm line 182.
Wide character in print at /home/jm/perl5/perlbrew/perls/perl-5.17.6-thread-multi-ld/lib/5.17.6/Test/Builder.pm line 1759.
# lib/Shell/Perl/Dumper.pm (399): Non-ASCII character seen before =encoding in '2007–2011'. Assuming UTF-8

#   Failed test 'POD test for blib/lib/Shell/Perl/Dumper.pm'
#   at /home/jm/perl5/perlbrew/perls/perl-5.17.6-thread-multi-ld/lib/site_perl/5.17.6/Test/Pod.pm line 182.
Wide character in print at /home/jm/perl5/perlbrew/perls/perl-5.17.6-thread-multi-ld/lib/5.17.6/Test/Builder.pm line 1759.
# blib/lib/Shell/Perl/Dumper.pm (399): Non-ASCII character seen before =encoding in '2007–2011'. Assuming UTF-8
# Looks like you failed 6 tests of 15.
t/90pod.t ........... 
Dubious, test returned 6 (wstat 1536, 0x600)
Failed 6/15 subtests 
t/98pod-coverage.t .. ok

Test Summary Report
-------------------
t/90pod.t         (Wstat: 1536 Tests: 15 Failed: 6)
  Failed tests:  10-15
  Non-zero exit status: 6
Files=8, Tests=33,  3 wallclock secs ( 0.10 usr  0.03 sys +  2.21 cusr  0.23 csys =  2.57 CPU)
Result: FAIL
Failed 1/8 test programs. 6/33 subtests failed.
make: *** [test_dynamic] Error 255

------------------------------
PREREQUISITES
------------------------------

Prerequisite modules loaded:

requires:

    Module              Need Have   
    ------------------- ---- -------
    Class::Accessor     0    0.34   
    File::Basename      0    2.84   
    File::HomeDir       0    1.00   
    File::Slurp         0    9999.19
    Getopt::Long        0    2.38   
    IPC::Cmd            0    0.78   
    Path::Class         0    0.26   
    Term::ReadLine      0    1.10   
    Test::Deep          0    0.110  
    Test::More          0    0.98   

build_requires:

    Module              Need Have   
    ------------------- ---- -------
    ExtUtils::MakeMaker 0    6.63_02

configure_requires:

    Module              Need Have   
    ------------------- ---- -------
    ExtUtils::MakeMaker 0    6.63_02


------------------------------
ENVIRONMENT AND OTHER CONTEXT
------------------------------

Environment variables:

    LANG = pl_PL.UTF-8
    LC_COLLATE = pl_PL.UTF-8
    LC_MESSAGES = POSIX
    PATH = /home/jm/perl5/perlbrew/bin:/home/jm/perl5/perlbrew/perls/perl-5.17.6-thread-multi-ld/bin:/home/jm/perl5/perlbrew/bin:/usr/local/bin:/usr/bin:/bin:/usr/games:/usr/lib/kde4/libexec:/usr/lib/qt/bin:.
    PERL5LIB = 
    PERL5OPT = 
    PERL5_CPANPLUS_IS_RUNNING = 25686
    PERL5_CPAN_IS_RUNNING = 25686
    PERLBREW_BASHRC_VERSION = 0.55
    PERLBREW_HOME = /home/jm/.perlbrew
    PERLBREW_MANPATH = /home/jm/perl5/perlbrew/perls/perl-5.17.6-thread-multi-ld/man
    PERLBREW_PATH = /home/jm/perl5/perlbrew/bin:/home/jm/perl5/perlbrew/perls/perl-5.17.6-thread-multi-ld/bin
    PERLBREW_PERL = perl-5.17.6-thread-multi-ld
    PERLBREW_ROOT = /home/jm/perl5/perlbrew
    PERLBREW_VERSION = 0.58
    SHELL = /bin/bash
    TERM = xterm

Perl special variables (and OS-specific diagnostics, for MSWin32):

    $^X = /home/jm/perl5/perlbrew/perls/perl-5.17.6-thread-multi-ld/bin/perl5.17.6
    $UID/$EUID = 1000 / 1000
    $GID = 100 6 10 17 18 19 83 84 93 94 100 1000
    $EGID = 100 6 10 17 18 19 83 84 93 94 100 1000

Perl module toolchain versions installed:

    Module              Have    
    ------------------- --------
    CPAN                1.99_51 
    CPAN::Meta          2.120921
    Cwd                 3.39_02 
    ExtUtils::CBuilder  0.280209
    ExtUtils::Command   1.17    
    ExtUtils::Install   1.58    
    ExtUtils::MakeMaker 6.63_02 
    ExtUtils::Manifest  1.62    
    ExtUtils::ParseXS   3.18    
    File::Spec          3.39_02 
    JSON                2.53    
    JSON::PP            2.27200 
    Module::Build       0.4003  
    Module::Signature   n/a     
    Parse::CPAN::Meta   1.4404  
    Test::Harness       3.25_01 
    Test::More          0.98    
    YAML                0.84    
    YAML::Syck          n/a     
    version             0.9901  


--

Summary of my perl5 (revision 5 version 17 subversion 6) configuration:
   
  Platform:
    osname=linux, osvers=3.2.29-smp, archname=i686-linux-thread-multi-ld
    uname='linux darkstar 3.2.29-smp #2 smp mon sep 17 13:16:43 cdt 2012 i686 intel(r) celeron(r) cpu 3.06ghz genuineintel gnulinux '
    config_args='-de -Dprefix=/home/jm/perl5/perlbrew/perls/perl-5.17.6-thread-multi-ld -Dusemultiplicity -Dusethreads -Duseithreads -Duselongdouble -Dusedevel -Aeval:scriptdir=/home/jm/perl5/perlbrew/perls/perl-5.17.6-thread-multi-ld/bin'
    hint=recommended, useposix=true, d_sigaction=define
    useithreads=define, usemultiplicity=define
    useperlio=define, d_sfio=undef, uselargefiles=define, usesocks=undef
    use64bitint=undef, use64bitall=undef, uselongdouble=define
    usemymalloc=n, bincompat5005=undef
  Compiler:
    cc='cc', ccflags ='-D_REENTRANT -D_GNU_SOURCE -fno-strict-aliasing -pipe -fstack-protector -I/usr/local/include -D_LARGEFILE_SOURCE -D_FILE_OFFSET_BITS=64',
    optimize='-O2',
    cppflags='-D_REENTRANT -D_GNU_SOURCE -fno-strict-aliasing -pipe -fstack-protector -I/usr/local/include'
    ccversion='', gccversion='4.7.1', gccosandvers=''
    intsize=4, longsize=4, ptrsize=4, doublesize=8, byteorder=1234
    d_longlong=define, longlongsize=8, d_longdbl=define, longdblsize=12
    ivtype='long', ivsize=4, nvtype='long double', nvsize=12, Off_t='off_t', lseeksize=8
    alignbytes=4, prototype=define
  Linker and Libraries:
    ld='cc', ldflags =' -fstack-protector -L/usr/local/lib'
    libpth=/usr/local/lib /lib /usr/lib
    libs=-lnsl -lgdbm -ldb -ldl -lm -lcrypt -lutil -lpthread -lc
    perllibs=-lnsl -ldl -lm -lcrypt -lutil -lpthread -lc
    libc=/lib/libc-2.15.so, so=so, useshrplib=false, libperl=libperl.a
    gnulibc_version='2.15'
  Dynamic Linking:
    dlsrc=dl_dlopen.xs, dlext=so, d_dlsymun=undef, ccdlflags='-Wl,-E'
    cccdlflags='-fPIC', lddlflags='-shared -O2 -L/usr/local/lib -fstack-protector'


Characteristics of this binary (from libperl): 
  Compile-time options: HAS_TIMES MULTIPLICITY PERLIO_LAYERS
                        PERL_DONT_CREATE_GVSV PERL_IMPLICIT_CONTEXT
                        PERL_MALLOC_WRAP PERL_PRESERVE_IVUV PERL_USE_DEVEL
                        USE_ITHREADS USE_LARGE_FILES USE_LOCALE
                        USE_LOCALE_COLLATE USE_LOCALE_CTYPE
                        USE_LOCALE_NUMERIC USE_LONG_DOUBLE USE_PERLIO
                        USE_PERL_ATOF USE_REENTRANT_API
  Built under linux
  Compiled at Nov 21 2012 08:26:16
  %ENV:
    PERL5LIB=""
    PERL5OPT=""
    PERL5_CPANPLUS_IS_RUNNING="25686"
    PERL5_CPAN_IS_RUNNING="25686"
    PERLBREW_BASHRC_VERSION="0.55"
    PERLBREW_HOME="/home/jm/.perlbrew"
    PERLBREW_MANPATH="/home/jm/perl5/perlbrew/perls/perl-5.17.6-thread-multi-ld/man"
    PERLBREW_PATH="/home/jm/perl5/perlbrew/bin:/home/jm/perl5/perlbrew/perls/perl-5.17.6-thread-multi-ld/bin"
    PERLBREW_PERL="perl-5.17.6-thread-multi-ld"
    PERLBREW_ROOT="/home/jm/perl5/perlbrew"
    PERLBREW_VERSION="0.58"
  @INC:
    /home/jm/perl5/perlbrew/perls/perl-5.17.6-thread-multi-ld/lib/site_perl/5.17.6/i686-linux-thread-multi-ld
    /home/jm/perl5/perlbrew/perls/perl-5.17.6-thread-multi-ld/lib/site_perl/5.17.6
    /home/jm/perl5/perlbrew/perls/perl-5.17.6-thread-multi-ld/lib/5.17.6/i686-linux-thread-multi-ld
    /home/jm/perl5/perlbrew/perls/perl-5.17.6-thread-multi-ld/lib/5.17.6
    .