IPC-Run v20180523.0 Perl 5 v5.28.0 i86pc-solaris-thread-multi

Status
Fail
From
Nigel Horne
Dist
IPC-Run v20180523.0
Platform
Perl 5 v5.28.0 i86pc-solaris-thread-multi
Date
2019-04-29 12:31:07
ID
a9aad68c-6a7a-11e9-a76c-0ca7b2c5c2a9
This distribution has been tested as part of the CPAN Testers
project, supporting the Perl programming language.  See
http://wiki.cpantesters.org/ for more information or email
questions to cpan-testers-discuss@perl.org


--
Dear Todd Rinaldo,

This is a computer-generated report for IPC-Run-20180523.0
on perl 5.28.0, created by CPAN-Reporter-1.2018.

Thank you for uploading your work to CPAN.  However, there was a problem
testing your distribution.

If you think this report is invalid, please consult the CPAN Testers Wiki
for suggestions on how to avoid getting FAIL reports for missing library
or binary dependencies, unsupported operating systems, and so on:

http://wiki.cpantesters.org/wiki/CPANAuthorNotes

Sections of this report:

    * Tester comments
    * Program output
    * Prerequisites
    * Environment and other context

------------------------------
TESTER COMMENTS
------------------------------

Additional comments from tester:

none provided

------------------------------
PROGRAM OUTPUT
------------------------------

Output from '/usr/bin/make test':

PERL_DL_NONLAZY=1 "/export/home/njh/perl5/perlbrew/perls/cperl-5.28.0/bin/cperl5.28.0" "-MExtUtils::Command::MM" "-MTest::Harness" "-e" "undef *Test::Harness::Switches; test_harness(0, 'blib/lib', 'blib/arch')" t/*.t
t/97_meta.t .......................... skipped: Author tests not required for installation
t/98_pod.t ........................... skipped: Author tests not required for installation
t/98_pod_coverage.t .................. skipped: Author tests not required for installation
t/99_perl_minimum_version.t .......... skipped: Author tests not required for installation
t/adopt.t ............................ skipped: adopt not implemented yet
t/autoflush.t ........................ ok
t/binmode.t .......................... ok
t/bogus.t ............................ ok
t/eintr.t ............................ ok
t/filter.t ........................... ok
t/harness.t .......................... ok
t/io.t ............................... ok
t/kill_kill.t ........................ ok
t/parallel.t ......................... ok
# IO::Tty 1.12, IO::Pty 1.12

#   Failed test at t/pty.t line 136.
#          got: '012-4-67----'
#     expected: '012---67----'
# Looks like you failed 1 test of 32.
t/pty.t .............................. 
Dubious, test returned 1 (wstat 256, 0x100)
Failed 1/32 subtests 
t/pump.t ............................. ok
t/readonly.t ......................... skipped: Readonly is require for this test to work.
t/run.t .............................. ok
t/run_stdin-callback-return-array.t .. ok
t/signal.t ........................... ok
t/timeout.t .......................... ok
t/timer.t ............................ ok
t/utf8.t ............................. ok
Constant subroutine IPPROTO_TCP redefined at /export/home/njh/perl5/perlbrew/perls/cperl-5.28.0/lib/5.28.0/i86pc-solaris-thread-multi/Socket.pm line -1.
t/win32_compile.t .................... ok
t/windows_search_path.t .............. ok

Test Summary Report
-------------------
t/pty.t                            (Wstat: 256 Tests: 32 Failed: 1)
  Failed test:  9
  Non-zero exit status: 1
Files=25, Tests=713, 30 wallclock secs ( 0.23 usr  0.10 sys +  2.52 cusr  0.69 csys =  3.54 CPU)
Result: FAIL
Failed 1/25 test programs. 1/713 subtests failed.
*** Error code 255
make: Fatal error: Command failed for target `test_dynamic'

------------------------------
PREREQUISITES
------------------------------

Prerequisite modules loaded:

requires:

    Module              Need Have     
    ------------------- ---- ---------
    IO::Pty             1.08 1.12     
    Test::More          0.47 1.401015c

build_requires:

    Module              Need Have     
    ------------------- ---- ---------
    ExtUtils::MakeMaker 0    8.35_06  

configure_requires:

    Module              Need Have     
    ------------------- ---- ---------
    ExtUtils::MakeMaker 0    8.35_06  


------------------------------
ENVIRONMENT AND OTHER CONTEXT
------------------------------

Environment variables:

    LANG = en_GB.UTF-8
    NONINTERACTIVE_TESTING = 1
    PATH = /export/home/njh/perl5/perlbrew/bin:/export/home/njh/perl5/perlbrew/perls/cperl-5.28.0/bin:/export/home/njh/perl5/perlbrew/bin:/usr/bin:/usr/sbin:/sbin:/usr/gnu/bin
    PERL5LIB = 
    PERL5OPT = 
    PERL5_CPANPLUS_IS_RUNNING = 5146
    PERL5_CPAN_IS_RUNNING = 5146
    PERLBREW_HOME = /export/home/njh/.perlbrew
    PERLBREW_LIB = 
    PERLBREW_MANPATH = /export/home/njh/perl5/perlbrew/perls/cperl-5.28.0/man
    PERLBREW_PATH = /export/home/njh/perl5/perlbrew/bin:/export/home/njh/perl5/perlbrew/perls/cperl-5.28.0/bin
    PERLBREW_PERL = cperl-5.28.0
    PERLBREW_ROOT = /export/home/njh/perl5/perlbrew
    PERLBREW_SHELLRC_VERSION = 0.84
    PERLBREW_VERSION = 0.84
    PERL_LOCAL_LIB_ROOT = 
    PERL_MM_USE_DEFAULT = 1
    PERL_USE_UNSAFE_INC = 1
    SHELL = /bin/bash
    TERM = dumb

Perl special variables (and OS-specific diagnostics, for MSWin32):

    $^X = /export/home/njh/perl5/perlbrew/perls/cperl-5.28.0/bin/cperl5.28.0
    $UID/$EUID = 101 / 101
    $GID = 10 10
    $EGID = 10 10

Perl module toolchain versions installed:

    Module              Have      
    ------------------- ----------
    CPAN                2.26      
    CPAN::Meta          2.150010  
    Cwd                 4.74c     
    ExtUtils::CBuilder  0.280230  
    ExtUtils::Command   7.35_06   
    ExtUtils::Install   2.14      
    ExtUtils::MakeMaker 8.35_06   
    ExtUtils::Manifest  1.71      
    ExtUtils::ParseXS   3.39_03   
    File::Spec          4.74c     
    JSON                4.02      
    JSON::PP            2.97001_04
    Module::Build       0.4224    
    Module::Signature   n/a       
    Parse::CPAN::Meta   2.150010  
    Test::Harness       3.42_01   
    Test::More          1.401015c 
    YAML                1.27      
    YAML::Syck          1.31      
    version             0.9923_02 


--

Summary of my cperl (revision 5 version 28 subversion 0) configuration:
    
    git_branch=
  Platform:
    osname=solaris, osvers=2.11, archname=i86pc-solaris-thread-multi
    uname='sunos vultr1.bandsman.co.uk 5.11 illumos-b075503f22 i86pc i386 i86pc '
    config_args='-de -Dprefix=/export/home/njh/perl5/perlbrew/perls/cperl-5.28.0 -Dusedevel -Dusethreads -Dusemultiplicity -Dusecperl -Accflags= -Aeval:scriptdir=/export/home/njh/perl5/perlbrew/perls/cperl-5.28.0/bin'
    hint=recommended, useposix=true, d_sigaction=define
    useithreads=define, usemultiplicity=define
    use64bitint=undef, use64bitall=undef, uselongdouble=undef
    usemymalloc=n, bincompat5005=undef default_inc_excludes_dot=define
  Compiler:
    cc='/opt/SUNWspro/bin/cc', ccflags ='-D_REENTRANT -I/usr/gnu/include -D_LARGEFILE_SOURCE -D_FILE_OFFSET_BITS=64 -DPERL_USE_SAFE_PUTENV',
    optimize='-O',
    cppflags='-D_REENTRANT -I/usr/gnu/include'
    ccversion='Sun C 5.10 SunOS_i386 2009/06/03', gccversion='', gccosandvers=''
    intsize=4, longsize=4, ptrsize=4, doublesize=8, byteorder=1234, doublekind=3
    d_longlong=define, longlongsize=8, d_longdbl=define, longdblsize=12, longdblkind=3
    ivtype='long', ivsize=4, nvtype='double', nvsize=8, Off_t='off_t', lseeksize=8
    alignbytes=4
  Linker and Libraries:
    ld='/opt/SUNWspro/bin/cc', ldflags =' -L/usr/lib -L/usr/ccs/lib -L/opt/sunstudio12.1/prod/lib -L/lib -L/usr/gnu/lib '
    libpth=/usr/lib /usr/ccs/lib /opt/sunstudio12.1/prod/lib /lib /usr/gnu/lib
    libs=-lpthread -lsocket -lnsl -lgdbm -ldb -ldl -lm -lc
    perllibs=-lpthread -lsocket -lnsl -ldl -lm -lc
    libc=/lib/libc.so, so=so, useshrplib=true, libperl=libcperl.so
    gnulibc_version=''
  Dynamic Linking:
    dlsrc=dl_dlopen.xs, dlext=so, d_dlsymun=undef, ccdlflags='  -R /export/home/njh/perl5/perlbrew/perls/cperl-5.28.0/lib/5.28.0/i86pc-solaris-thread-multi/CORE'
    cccdlflags='-KPIC', lddlflags='-G -L/usr/lib -L/usr/ccs/lib -L/opt/sunstudio12.1/prod/lib -L/lib -L/usr/gnu/lib'


Characteristics of this binary (from libperl): 
  Compile-time options: HAS_TIMES MULTIPLICITY PERLIO_LAYERS
                        PERL_COPY_ON_WRITE PERL_DONT_CREATE_GVSV
                        PERL_HASH_FUNC_FNV1A PERL_IMPLICIT_CONTEXT
                        PERL_MALLOC_WRAP PERL_OP_PARENT PERL_PERTURB_KEYS_TOP
                        PERL_PRESERVE_IVUV PERL_USE_DEVEL
                        PERL_USE_SAFE_PUTENV USE_CPERL USE_ITHREADS
                        USE_LARGE_FILES USE_LOCALE USE_LOCALE_COLLATE
                        USE_LOCALE_CTYPE USE_LOCALE_NUMERIC USE_LOCALE_TIME
                        USE_PERLIO USE_PERL_ATOF USE_REENTRANT_API
  Built under solaris
  Compiled at Tue Sep 18 05:33:49 EDT 2018
  %ENV:
    PERL5LIB=""
    PERL5OPT=""
    PERL5_CPANPLUS_IS_RUNNING="5146"
    PERL5_CPAN_IS_RUNNING="5146"
    PERLBREW_HOME="/export/home/njh/.perlbrew"
    PERLBREW_LIB=""
    PERLBREW_MANPATH="/export/home/njh/perl5/perlbrew/perls/cperl-5.28.0/man"
    PERLBREW_PATH="/export/home/njh/perl5/perlbrew/bin:/export/home/njh/perl5/perlbrew/perls/cperl-5.28.0/bin"
    PERLBREW_PERL="cperl-5.28.0"
    PERLBREW_ROOT="/export/home/njh/perl5/perlbrew"
    PERLBREW_SHELLRC_VERSION="0.84"
    PERLBREW_VERSION="0.84"
    PERL_LOCAL_LIB_ROOT=""
    PERL_MM_USE_DEFAULT="1"
    PERL_USE_UNSAFE_INC="1"
  @INC:
    /export/home/njh/perl5/perlbrew/perls/cperl-5.28.0/lib/site_cperl/5.28.0/i86pc-solaris-thread-multi
    /export/home/njh/perl5/perlbrew/perls/cperl-5.28.0/lib/site_cperl/5.28.0
    /export/home/njh/perl5/perlbrew/perls/cperl-5.28.0/lib/5.28.0/i86pc-solaris-thread-multi
    /export/home/njh/perl5/perlbrew/perls/cperl-5.28.0/lib/5.28.0
    .