Unix-PID-Tiny v0.93 Perl 5 v5.12.0 amd64-netbsd

Status
Fail
From
Chris Williams (BINGOS)
Dist
Unix-PID-Tiny v0.93
Platform
Perl 5 v5.12.0 amd64-netbsd
Date
2019-04-27 22:56:16
ID
a9c69a8e-693f-11e9-9ccb-b1ae95f66eb9
This distribution has been tested as part of the CPAN Testers
project, supporting the Perl programming language.  See
http://wiki.cpantesters.org/ for more information or email
questions to cpan-testers-discuss@perl.org


--

Dear DMUEY,

This is a computer-generated error report created automatically by
CPANPLUS, version 0.9176. Testers personal comments may appear
at the end of this report.


Thank you for uploading your work to CPAN.  However, it appears that
there were some problems testing your distribution.

TEST RESULTS:

Below is the error stack from stage 'make test':

PERL_DL_NONLAZY=1 "/home/cpan/pit/bare/perl-5.12.0/bin/perl" "-MExtUtils::Command::MM" "-MTest::Harness" "-e" "undef *Test::Harness::Switches; test_harness(0, 'blib/lib', 'blib/arch')" t/*.t
# Testing Unix::PID::Tiny 0.93
t/00.load.t ....... ok
Can't locate Test/NoWarnings.pm in @INC (@INC contains: /home/cpan/pit/bare/conf/perl-5.12.0/.cpanplus/5.12.0/build/9oOmjXfPpk/Unix-PID-Tiny-0.93/blib/lib /home/cpan/pit/bare/conf/perl-5.12.0/.cpanplus/5.12.0/build/9oOmjXfPpk/Unix-PID-Tiny-0.93/blib/arch /home/cpan/pit/jail/O3iGNhKqeb/lib/perl5/5.12.0/amd64-netbsd /home/cpan/pit/jail/O3iGNhKqeb/lib/perl5/5.12.0/amd64-netbsd /home/cpan/pit/jail/O3iGNhKqeb/lib/perl5/5.12.0 /home/cpan/pit/jail/O3iGNhKqeb/lib/perl5/amd64-netbsd /home/cpan/pit/jail/O3iGNhKqeb/lib/perl5/5.12.0/amd64-netbsd /home/cpan/pit/jail/O3iGNhKqeb/lib/perl5/5.12.0 /home/cpan/pit/jail/O3iGNhKqeb/lib/perl5/amd64-netbsd /home/cpan/pit/jail/O3iGNhKqeb/lib/perl5 /home/cpan/pit/jail/O3iGNhKqeb/lib/perl5/5.12.0/amd64-netbsd /home/cpan/pit/jail/O3iGNhKqeb/lib/perl5/5.12.0 /home/cpan/pit/jail/O3iGNhKqeb/lib/perl5/amd64-netbsd /home/cpan/pit/jail/O3iGNhKqeb/lib/perl5 /home/cpan/pit/bare/conf/perl-5.12.0/.cpanplus/5.12.0/build/9oOmjXfPpk/Unix-PID-Tiny-0.93/blib/lib /home/cpan/pit/bare/conf/perl-5.12.0/.cpanplus/5.12.0/build/9oOmjXfPpk/Unix-PID-Tiny-0.93/blib/arch /home/cpan/pit/bare/perl-5.12.0/lib/site_perl/5.12.0/amd64-netbsd /home/cpan/pit/bare/perl-5.12.0/lib/site_perl/5.12.0 /home/cpan/pit/bare/perl-5.12.0/lib/5.12.0/amd64-netbsd /home/cpan/pit/bare/perl-5.12.0/lib/5.12.0 .) at t/01.methods.t line 10.
BEGIN failed--compilation aborted at t/01.methods.t line 10.
# Looks like your test exited with 2 before it could output anything.
t/01.methods.t .... 
Dubious, test returned 2 (wstat 512, 0x200)
Failed 87/87 subtests 
t/perlcritic.t .... skipped: Critic tests are only run in RELEASE_TESTING mode.
t/perltidy.t ...... skipped: PerlTidy tests are only run in RELEASE_TESTING mode.
t/pod-coverage.t .. skipped: POD tests are only run in RELEASE_TESTING mode.
t/pod.t ........... skipped: POD tests are only run in RELEASE_TESTING mode.

Test Summary Report
-------------------
t/01.methods.t  (Wstat: 512 Tests: 0 Failed: 0)
  Non-zero exit status: 2
  Parse errors: Bad plan.  You planned 87 tests but ran 0.
Files=6, Tests=1,  0 wallclock secs ( 0.01 usr  0.02 sys +  0.38 cusr  0.15 csys =  0.56 CPU)
Result: FAIL
*** Error code 255

Stop.
make: stopped in /home/cpan/pit/bare/conf/perl-5.12.0/.cpanplus/5.12.0/build/9oOmjXfPpk/Unix-PID-Tiny-0.93
Failed 1/6 test programs. 0/1 subtests failed.



MISSING PREREQUISITES:

It was observed that the test suite seem to fail without these modules:

Test::NoWarnings

As such, adding the prerequisite module(s) to 'PREREQ_PM' in your
Makefile.PL should solve this problem.  For example:

WriteMakefile(
    AUTHOR      => 'DMUEY (cpanplus-info@lists.sf.net)',
    ... # other information
    PREREQ_PM   => {
	'Test::NoWarnings'	=> '0', # or a minimum working version
    }
);

Thanks! :-)

PREREQUISITES:

Here is a list of prerequisites you specified and versions we
managed to load:

	  Module Name                        Have     Want
	  ExtUtils::MakeMaker                7.34        0
	  File::Slurp                     9999.27        0
	  Test::MockFile                    0.018        0
	  Test::More                     1.302162        0

Perl module toolchain versions installed:
	Module Name                        Have
	CPANPLUS                         0.9176
	CPANPLUS::Dist::Build              0.90
	Cwd                                3.75
	ExtUtils::CBuilder             0.280231
	ExtUtils::Command                  7.34
	ExtUtils::Install                  2.14
	ExtUtils::MakeMaker                7.34
	ExtUtils::Manifest                 1.72
	ExtUtils::ParseXS                  3.35
	File::Spec                         3.75
	Module::Build                    0.4229
	Pod::Parser                        1.37
	Pod::Simple                        3.13
	Test2                          1.302162
	Test::Harness                      3.42
	Test::More                     1.302162
	version                          0.9924

******************************** NOTE ********************************
The comments above are created mechanically, possibly without manual
checking by the sender.  As there are many people performing automatic
tests on each upload to CPAN, it is likely that you will receive
identical messages about the same problem.

If you believe that the message is mistaken, please reply to the first
one with correction and/or additional informations, and do not take
it personally.  We appreciate your patience. :)
**********************************************************************

Additional comments:


This report was machine-generated by CPANPLUS::Dist::YACSmoke 1.06.
Powered by minismokebox version 0.68

------------------------------
ENVIRONMENT AND OTHER CONTEXT
------------------------------

Environment variables:

    AUTOMATED_TESTING = 1
    NONINTERACTIVE_TESTING = 1
    PATH = /home/cpan/bin:/bin:/sbin:/usr/bin:/usr/sbin:/usr/X11R7/bin:/usr/X11R6/bin:/usr/pkg/bin:/usr/pkg/sbin:/usr/games:/usr/local/bin:/usr/local/sbin
    PERL5LIB = /home/cpan/pit/jail/O3iGNhKqeb/lib/perl5:/home/cpan/pit/bare/conf/perl-5.12.0/.cpanplus/5.12.0/build/9oOmjXfPpk/Unix-PID-Tiny-0.93/blib/lib:/home/cpan/pit/bare/conf/perl-5.12.0/.cpanplus/5.12.0/build/9oOmjXfPpk/Unix-PID-Tiny-0.93/blib/arch
    PERL5_CPANPLUS_IS_RUNNING = 20301
    PERL5_CPANPLUS_IS_VERSION = 0.9176
    PERL5_MINISMOKEBOX = 0.68
    PERL5_YACSMOKE_BASE = /home/cpan/pit/bare/conf/perl-5.12.0
    PERL_EXTUTILS_AUTOINSTALL = --defaultdeps
    PERL_LOCAL_LIB_ROOT = /home/cpan/pit/jail/O3iGNhKqeb
    PERL_MB_OPT = --install_base "/home/cpan/pit/jail/O3iGNhKqeb"
    PERL_MM_OPT = INSTALL_BASE=/home/cpan/pit/jail/O3iGNhKqeb
    PERL_MM_USE_DEFAULT = 1
    SHELL = /usr/pkg/bin/bash
    TERM = screen

Perl special variables (and OS-specific diagnostics, for MSWin32):

    Perl: $^X = /home/cpan/pit/bare/perl-5.12.0/bin/perl
    UID:  $<  = 1002
    EUID: $>  = 1002
    GID:  $(  = 100 100
    EGID: $)  = 100 100


-------------------------------


--

Summary of my perl5 (revision 5 version 12 subversion 0) configuration:
   
  Platform:
    osname=netbsd, osvers=6.1.4, archname=amd64-netbsd
    uname='netbsd naboo.bingosnet.co.uk 6.1.4 netbsd 6.1.4 (generic) amd64 '
    config_args='-des -Dprefix=/home/cpan/pit/bare/perl-5.12.0'
    hint=recommended, useposix=true, d_sigaction=define
    useithreads=undef, usemultiplicity=undef
    useperlio=define, d_sfio=undef, uselargefiles=define, usesocks=undef
    use64bitint=define, use64bitall=define, uselongdouble=undef
    usemymalloc=n, bincompat5005=undef
  Compiler:
    cc='cc', ccflags ='-fno-strict-aliasing -pipe -fstack-protector -I/usr/pkg/include',
    optimize='-O',
    cppflags='-fno-strict-aliasing -pipe -fstack-protector -I/usr/pkg/include'
    ccversion='', gccversion='4.5.3', gccosandvers=''
    intsize=4, longsize=8, ptrsize=8, doublesize=8, byteorder=12345678
    d_longlong=define, longlongsize=8, d_longdbl=define, longdblsize=16
    ivtype='long', ivsize=8, nvtype='double', nvsize=8, Off_t='off_t', lseeksize=8
    alignbytes=8, prototype=define
  Linker and Libraries:
    ld='cc', ldflags =' -Wl,-rpath,/usr/pkg/lib -Wl,-rpath,/usr/local/lib -fstack-protector -L/usr/pkg/lib'
    libpth=/usr/pkg/lib /lib /usr/lib
    libs=-lgdbm -lm -lcrypt -lutil -lc -lposix
    perllibs=-lm -lcrypt -lutil -lc -lposix
    libc=/lib/libc.so, so=so, useshrplib=false, libperl=libperl.a
    gnulibc_version=''
  Dynamic Linking:
    dlsrc=dl_dlopen.xs, dlext=so, d_dlsymun=undef, ccdlflags='-Wl,-E '
    cccdlflags='-DPIC -fPIC ', lddlflags='--whole-archive -shared  -L/usr/pkg/lib -fstack-protector'


Characteristics of this binary (from libperl): 
  Compile-time options: PERL_DONT_CREATE_GVSV PERL_MALLOC_WRAP USE_64_BIT_ALL
                        USE_64_BIT_INT USE_LARGE_FILES USE_PERLIO
                        USE_PERL_ATOF
  Built under netbsd
  Compiled at May  9 2014 12:53:48
  %ENV:
    PERL5LIB="/home/cpan/pit/jail/O3iGNhKqeb/lib/perl5:/home/cpan/pit/bare/conf/perl-5.12.0/.cpanplus/5.12.0/build/9oOmjXfPpk/Unix-PID-Tiny-0.93/blib/lib:/home/cpan/pit/bare/conf/perl-5.12.0/.cpanplus/5.12.0/build/9oOmjXfPpk/Unix-PID-Tiny-0.93/blib/arch"
    PERL5_CPANPLUS_IS_RUNNING="20301"
    PERL5_CPANPLUS_IS_VERSION="0.9176"
    PERL5_MINISMOKEBOX="0.68"
    PERL5_YACSMOKE_BASE="/home/cpan/pit/bare/conf/perl-5.12.0"
    PERL_EXTUTILS_AUTOINSTALL="--defaultdeps"
    PERL_LOCAL_LIB_ROOT="/home/cpan/pit/jail/O3iGNhKqeb"
    PERL_MB_OPT="--install_base "/home/cpan/pit/jail/O3iGNhKqeb""
    PERL_MM_OPT="INSTALL_BASE=/home/cpan/pit/jail/O3iGNhKqeb"
    PERL_MM_USE_DEFAULT="1"
  @INC:
    /home/cpan/pit/jail/O3iGNhKqeb/lib/perl5/5.12.0/amd64-netbsd
    /home/cpan/pit/jail/O3iGNhKqeb/lib/perl5/5.12.0
    /home/cpan/pit/jail/O3iGNhKqeb/lib/perl5/amd64-netbsd
    /home/cpan/pit/jail/O3iGNhKqeb/lib/perl5
    /home/cpan/pit/bare/conf/perl-5.12.0/.cpanplus/5.12.0/build/9oOmjXfPpk/Unix-PID-Tiny-0.93/blib/lib
    /home/cpan/pit/bare/conf/perl-5.12.0/.cpanplus/5.12.0/build/9oOmjXfPpk/Unix-PID-Tiny-0.93/blib/arch
    /home/cpan/pit/bare/perl-5.12.0/lib/site_perl/5.12.0/amd64-netbsd
    /home/cpan/pit/bare/perl-5.12.0/lib/site_perl/5.12.0
    /home/cpan/pit/bare/perl-5.12.0/lib/5.12.0/amd64-netbsd
    /home/cpan/pit/bare/perl-5.12.0/lib/5.12.0
    .