Back
From: metabase:user:313dc9fe-2aae-11df-837a-5e0a49663a4f
Subject: FAIL HTML-GenToc-3.20 v5.12.3 GNU/Linux
Date: 2011-04-11T01:04:33Z
This distribution has been tested as part of the CPAN Testers
project, supporting the Perl programming language. See
http://wiki.cpantesters.org/ for more information or email
questions to cpan-testers-discuss@perl.org
--
Dear Kathryn Andersen,
This is a computer-generated report for HTML-GenToc-3.20
on perl 5.12.3, created by CPAN-Reporter-1.1902.
Thank you for uploading your work to CPAN. However, there was a problem
testing your distribution.
If you think this report is invalid, please consult the CPAN Testers Wiki
for suggestions on how to avoid getting FAIL reports for missing library
or binary dependencies, unsupported operating systems, and so on:
http://wiki.cpantesters.org/wiki/CPANAuthorNotes
Sections of this report:
* Tester comments
* Program output
* Prerequisites
* Environment and other context
------------------------------
TESTER COMMENTS
------------------------------
Additional comments from tester:
this report is from an automated smoke testing program
and was not reviewed by a human for accuracy
------------------------------
PROGRAM OUTPUT
------------------------------
Output from './Build test':
t/00-compile.t ............ ok
t/010_files.t ............. ok
t/020_strings.t ........... ok
t/030_anchors.t ........... ok
Unknown option: argfile
To process: tfiles/test1b.args tfiles/test1.wml
# Failed test 'hypertoc: test1b_toc.html matches tfiles/good_test1a_toc.html exactly'
# at t/070_script.t line 65.
# Looks like you failed 1 test of 8.
t/070_script.t ............
Dubious, test returned 1 (wstat 256, 0x100)
Failed 1/8 subtests
t/release-distmeta.t ...... skipped: these tests are for release candidate testing
t/release-has-version.t ... skipped: these tests are for release candidate testing
t/release-kwalitee.t ...... skipped: these tests are for release candidate testing
t/release-pod-coverage.t .. skipped: these tests are for release candidate testing
t/release-pod-syntax.t .... skipped: these tests are for release candidate testing
t/release-portability.t ... skipped: these tests are for release candidate testing
Test Summary Report
-------------------
t/070_script.t (Wstat: 256 Tests: 8 Failed: 1)
Failed test: 8
Non-zero exit status: 1
Files=11, Tests=53, 1 wallclock secs ( 0.05 usr 0.01 sys + 0.74 cusr 0.11 csys = 0.91 CPU)
Result: FAIL
Failed 1/11 test programs. 1/53 subtests failed.
------------------------------
PREREQUISITES
------------------------------
Prerequisite modules loaded:
requires:
Module Need Have
----------------- ------ ------
Data::Dumper 0 2.125
File::Basename 0 2.78
Getopt::Long 2.34 2.38
HTML::Entities 0 3.68
HTML::LinkList 0 0.1503
HTML::SimpleParse 0 0.12
Pod::Usage 0 1.36
build_requires:
Module Need Have
----------------- ------ ------
File::Find 0 1.15
File::Temp 0 0.22
Module::Build 0.3601 0.3800
Test::More 0 0.98
configure_requires:
Module Need Have
----------------- ------ ------
Module::Build 0.3601 0.3800
------------------------------
ENVIRONMENT AND OTHER CONTEXT
------------------------------
Environment variables:
AUTOMATED_TESTING = 1
LANG = en_US.UTF-8
PATH = /usr/local/sbin:/usr/local/bin:/usr/sbin:/usr/bin:/sbin:/bin:/usr/games
PERL5LIB = /home/perl5123/.cpan/build/HTML-SimpleParse-0.12-a95lQE/blib/arch:/home/perl5123/.cpan/build/HTML-SimpleParse-0.12-a95lQE/blib/lib:/home/perl5123/.cpan/build/HTML-LinkList-0.1503-dI3QLQ/blib/arch:/home/perl5123/.cpan/build/HTML-LinkList-0.1503-dI3QLQ/blib/lib
PERL5OPT =
PERL5_CPANPLUS_IS_RUNNING = 32042
PERL5_CPAN_IS_RUNNING = 32042
PERL5_CPAN_IS_RUNNING_IN_RECURSION = 18482,32042
PERL_CR_SMOKER_CURRENT = HTML-GenToc-3.20
PERL_EXTUTILS_AUTOINSTALL = --defaultdeps
PERL_MM_USE_DEFAULT = 1
SHELL = /bin/bash
TERM = xterm
Perl special variables (and OS-specific diagnostics, for MSWin32):
$^X = /home/perl5123/perl/perl
$UID/$EUID = 1004 / 1004
$GID = 1004 1004
$EGID = 1004 1004
Perl module toolchain versions installed:
Module Have
------------------- --------
CPAN 1.94_56
Cwd 3.31
ExtUtils::CBuilder 0.280202
ExtUtils::Command 1.16
ExtUtils::Install 1.55
ExtUtils::MakeMaker 6.56
ExtUtils::Manifest 1.57
ExtUtils::ParseXS 2.21
File::Spec 3.31_01
Module::Build 0.3800
Module::Signature n/a
Test::Harness 3.17
Test::More 0.98
YAML 0.72
YAML::Syck 1.17
version 0.88
--
Summary of my perl5 (revision 5 version 12 subversion 3) configuration:
Platform:
osname=linux, osvers=2.6.35-28-generic-pae, archname=i686-linux-thread-multi-64int-ld
uname='linux higgsboson 2.6.35-28-generic-pae #49-ubuntu smp tue mar 1 14:58:06 utc 2011 i686 gnulinux '
config_args=''
hint=previous, useposix=true, d_sigaction=define
useithreads=define, usemultiplicity=define
useperlio=define, d_sfio=undef, uselargefiles=define, usesocks=undef
use64bitint=define, use64bitall=undef, uselongdouble=define
usemymalloc=n, bincompat5005=undef
Compiler:
cc='cc', ccflags ='-D_REENTRANT -D_GNU_SOURCE -fno-strict-aliasing -pipe -fstack-protector -I/usr/local/include -D_LARGEFILE_SOURCE -D_FILE_OFFSET_BITS=64',
optimize='-O2',
cppflags='-D_REENTRANT -D_GNU_SOURCE -fno-strict-aliasing -pipe -fstack-protector -I/usr/local/include -D_REENTRANT -D_GNU_SOURCE -fno-strict-aliasing -pipe -fstack-protector -I/usr/local/include -D_LARGEFILE_SOURCE -D_FILE_OFFSET_BITS=64'
ccversion='', gccversion='4.4.5', gccosandvers=''
intsize=4, longsize=4, ptrsize=4, doublesize=8, byteorder=12345678
d_longlong=define, longlongsize=8, d_longdbl=define, longdblsize=12
ivtype='long long', ivsize=8, nvtype='long double', nvsize=12, Off_t='off_t', lseeksize=8
alignbytes=4, prototype=define
Linker and Libraries:
ld='cc', ldflags =' -fstack-protector -L/usr/local/lib'
libpth=/usr/local/lib /lib /usr/lib /usr/lib64
libs=-lnsl -ldl -lm -lcrypt -lutil -lpthread -lc
perllibs=-lnsl -ldl -lm -lcrypt -lutil -lpthread -lc
libc=/lib/libc-2.12.1.so, so=so, useshrplib=false, libperl=libperl.a
gnulibc_version='2.12.1'
Dynamic Linking:
dlsrc=dl_dlopen.xs, dlext=so, d_dlsymun=undef, ccdlflags='-Wl,-E'
cccdlflags='-fPIC', lddlflags='-shared -O2 -L/usr/local/lib -fstack-protector'
Characteristics of this binary (from libperl):
Compile-time options: MULTIPLICITY PERL_DONT_CREATE_GVSV
PERL_IMPLICIT_CONTEXT PERL_MALLOC_WRAP USE_64_BIT_INT
USE_ITHREADS USE_LARGE_FILES USE_LONG_DOUBLE
USE_PERLIO USE_PERL_ATOF USE_REENTRANT_API
Built under linux
Compiled at Apr 9 2011 18:29:22
%ENV:
PERL5LIB="/home/perl5123/.cpan/build/HTML-SimpleParse-0.12-a95lQE/blib/arch:/home/perl5123/.cpan/build/HTML-SimpleParse-0.12-a95lQE/blib/lib:/home/perl5123/.cpan/build/HTML-LinkList-0.1503-dI3QLQ/blib/arch:/home/perl5123/.cpan/build/HTML-LinkList-0.1503-dI3QLQ/blib/lib"
PERL5OPT=""
PERL5_CPANPLUS_IS_RUNNING="32042"
PERL5_CPAN_IS_RUNNING="32042"
PERL5_CPAN_IS_RUNNING_IN_RECURSION="18482,32042"
PERL_CR_SMOKER_CURRENT="HTML-GenToc-3.20"
PERL_EXTUTILS_AUTOINSTALL="--defaultdeps"
PERL_MM_USE_DEFAULT="1"
@INC:
/home/perl5123/.cpan/build/HTML-SimpleParse-0.12-a95lQE/blib/arch
/home/perl5123/.cpan/build/HTML-SimpleParse-0.12-a95lQE/blib/lib
/home/perl5123/.cpan/build/HTML-LinkList-0.1503-dI3QLQ/blib/arch
/home/perl5123/.cpan/build/HTML-LinkList-0.1503-dI3QLQ/blib/lib
/home/perl5123/perl/lib
/home/perl5123/perl/lib
.