Git-LowLevel v0.4 Perl 5 v5.18.2 amd64-freebsd-thread-multi
- Status
- Fail
- From
- Nigel Horne
- Dist
-
Git-LowLevel v0.4
- Platform
- Perl 5 v5.18.2 amd64-freebsd-thread-multi
- Date
- 2018-09-16 08:29:44
- ID
- a9de284e-b98a-11e8-be3d-81d2b8d57a06
This distribution has been tested as part of the CPAN Testers
project, supporting the Perl programming language. See
http://wiki.cpantesters.org/ for more information or email
questions to cpan-testers-discuss@perl.org
--
Dear Dominik Meyer,
This is a computer-generated report for Git-LowLevel-0.4
on perl 5.18.2, created by CPAN-Reporter-1.2018.
Thank you for uploading your work to CPAN. However, there was a problem
testing your distribution.
If you think this report is invalid, please consult the CPAN Testers Wiki
for suggestions on how to avoid getting FAIL reports for missing library
or binary dependencies, unsupported operating systems, and so on:
http://wiki.cpantesters.org/wiki/CPANAuthorNotes
Sections of this report:
* Tester comments
* Program output
* Prerequisites
* Environment and other context
------------------------------
TESTER COMMENTS
------------------------------
Additional comments from tester:
this report is from an automated smoke testing program
and was not reviewed by a human for accuracy
------------------------------
PROGRAM OUTPUT
------------------------------
Output from '/usr/bin/make test':
PERL_DL_NONLAZY=1 "/usr/home/njh/perl5/perlbrew/perls/perl-5.18.2-thread/bin/perl5.18.2" "-MExtUtils::Command::MM" "-MTest::Harness" "-e" "undef *Test::Harness::Switches; test_harness(0, 'blib/lib', 'blib/arch')" t/*.t
t/00_git.t ........ ok
t/01_base.t ....... ok
fatal: input format error: -e 100644 blob 90bfcb510602aa11ae53a42dcec18ea39fbd8cec test
usage: git commit-tree [(-p <sha1>)...] [-S[<keyid>]] [-m <message>] [-F <file>] <sha1>
usage: git update-ref [<options>] -d <refname> [<old-val>]
or: git update-ref [<options>] <refname> <new-val> [<old-val>]
or: git update-ref [<options>] --stdin [-z]
-m <reason> reason of the update
-d delete the reference
--no-deref update <refname> not the one it points to
-z stdin has NUL-terminated arguments
--stdin read updates from stdin
--create-reflog create a reflog
# Failed test 'creating/commiting worked(git version 2.18.0)'
# at t/02_blob.t line 46.
# Failed test 'tree ist not empty after creating blob (git version 2.18.0)'
# at t/02_blob.t line 49.
# Looks like you failed 2 tests of 12.
t/02_blob.t .......
Dubious, test returned 2 (wstat 512, 0x200)
Failed 2/12 subtests
fatal: input format error: -e 100644 blob 90bfcb510602aa11ae53a42dcec18ea39fbd8cec test
fatal: input format error: -e 040000 tree tree
usage: git commit-tree [(-p <sha1>)...] [-S[<keyid>]] [-m <message>] [-F <file>] <sha1>
usage: git update-ref [<options>] -d <refname> [<old-val>]
or: git update-ref [<options>] <refname> <new-val> [<old-val>]
or: git update-ref [<options>] --stdin [-z]
-m <reason> reason of the update
-d delete the reference
--no-deref update <refname> not the one it points to
-z stdin has NUL-terminated arguments
--stdin read updates from stdin
--create-reflog create a reflog
# Failed test 'creating/commiting worked'
# at t/03_tree.t line 48.
# Failed test 'tree ist not empty after creating tree'
# at t/03_tree.t line 51.
# Looks like you failed 2 tests of 16.
t/03_tree.t .......
Dubious, test returned 2 (wstat 512, 0x200)
Failed 2/16 subtests
fatal: input format error: -e 100644 blob 92c16e08eb8557dc8d9e668cbc7737d294a68027 lo3jG4tFeCRsIvdoXXxA0C6rt52hdnxHllOKziLoVgndz2hzle41t6rBfwXsAH8r6hZdaM7RnVCL7IkMofs2onXQL2kGta6A6yINdsMDnK9458DH
usage: git commit-tree [(-p <sha1>)...] [-S[<keyid>]] [-m <message>] [-F <file>] <sha1>
usage: git update-ref [<options>] -d <refname> [<old-val>]
or: git update-ref [<options>] <refname> <new-val> [<old-val>]
or: git update-ref [<options>] --stdin [-z]
-m <reason> reason of the update
-d delete the reference
--no-deref update <refname> not the one it points to
-z stdin has NUL-terminated arguments
--stdin read updates from stdin
--create-reflog create a reflog
# Failed test 'find blob lo3jG4tFeCRsIvdoXXxA0C6rt52hdnxHllOKziLoVgndz2hzle41t6rBfwXsAH8r6hZdaM7RnVCL7IkMofs2onXQL2kGta6A6yINdsMDnK9458DH'
# at t/04_extensive.t line 61.
# Failed test 'checking for Git::LowLevel::Blob object'
# at t/04_extensive.t line 62.
Can't call method "content" on an undefined value at t/04_extensive.t line 63.
# Tests were run but no plan was declared and done_testing() was not seen.
# Looks like your test exited with 128 just after 7.
t/04_extensive.t ..
Dubious, test returned 128 (wstat 32768, 0x8000)
Failed 2/7 subtests
Test Summary Report
-------------------
t/02_blob.t (Wstat: 512 Tests: 12 Failed: 2)
Failed tests: 9-10
Non-zero exit status: 2
t/03_tree.t (Wstat: 512 Tests: 16 Failed: 2)
Failed tests: 10-11
Non-zero exit status: 2
t/04_extensive.t (Wstat: 32768 Tests: 7 Failed: 2)
Failed tests: 6-7
Non-zero exit status: 128
Parse errors: No plan found in TAP output
Files=5, Tests=44, 2 wallclock secs ( 0.05 usr 0.02 sys + 1.62 cusr 0.48 csys = 2.16 CPU)
Result: FAIL
Failed 3/5 test programs. 6/44 subtests failed.
*** Error code 128
Stop.
make: stopped in /usr/home/njh/.cpan/build/Git-LowLevel-0.4-5
------------------------------
PREREQUISITES
------------------------------
Prerequisite modules loaded:
requires:
Module Need Have
------------------- ---- --------
File::Basename 0 2.84
Moose 0 2.2011
MooseX::Privacy 0 0.05
strict 0 1.07
warnings 0 1.18
build_requires:
Module Need Have
------------------- ---- --------
ExtUtils::MakeMaker 0 7.34
File::Temp 0 0.2308
String::Random 0 0.30
Test::Exception 0 0.43
Test::More 0 1.302140
configure_requires:
Module Need Have
------------------- ---- --------
ExtUtils::MakeMaker 0 7.34
------------------------------
ENVIRONMENT AND OTHER CONTEXT
------------------------------
Environment variables:
AUTOMATED_TESTING = 1
NONINTERACTIVE_TESTING = 1
PATH = /home/njh/perl5/perlbrew/bin:/home/njh/perl5/perlbrew/perls/perl-5.18.2-thread/bin:/home/njh/src/njh/smoker/bin:/sbin:/bin:/usr/sbin:/usr/bin:/usr/local/sbin:/usr/local/bin
PERL5LIB = /home/njh/.cpan/build/String-Random-0.30-5/blib/arch:/home/njh/.cpan/build/String-Random-0.30-5/blib/lib:/home/njh/.cpan/build/MooseX-Privacy-0.05-5/blib/arch:/home/njh/.cpan/build/MooseX-Privacy-0.05-5/blib/lib:/home/njh/.cpan/build/MooseX-Types-0.50-13/blib/arch:/home/njh/.cpan/build/MooseX-Types-0.50-13/blib/lib:/home/njh/.cpan/build/Sub-Exporter-ForMethods-0.100052-13/blib/arch:/home/njh/.cpan/build/Sub-Exporter-ForMethods-0.100052-13/blib/lib:/home/njh/.cpan/build/Carp-Clan-6.06-13/blib/arch:/home/njh/.cpan/build/Carp-Clan-6.06-13/blib/lib
PERL5OPT =
PERL5_CPANPLUS_IS_RUNNING = 83700
PERL5_CPAN_IS_RUNNING = 83700
PERLBREW_HOME = /home/njh/.perlbrew
PERLBREW_MANPATH = /home/njh/perl5/perlbrew/perls/perl-5.18.2-thread/man
PERLBREW_PATH = /home/njh/perl5/perlbrew/bin:/home/njh/perl5/perlbrew/perls/perl-5.18.2-thread/bin
PERLBREW_PERL = perl-5.18.2-thread
PERLBREW_ROOT = /home/njh/perl5/perlbrew
PERLBREW_SHELLRC_VERSION = 0.84
PERLBREW_VERSION = 0.84
PERL_MM_USE_DEFAULT = 1
SHELL = /bin/sh
TMPDIR = /tmp/testwrapper.83687
Perl special variables (and OS-specific diagnostics, for MSWin32):
$^X = /usr/home/njh/perl5/perlbrew/perls/perl-5.18.2-thread/bin/perl5.18.2
$UID/$EUID = 1000 / 1000
$GID = 1000 1000 0
$EGID = 1000 1000 0
Perl module toolchain versions installed:
Module Have
------------------- --------
CPAN 2.16
CPAN::Meta 2.150010
Cwd 3.75
ExtUtils::CBuilder 0.280230
ExtUtils::Command 7.34
ExtUtils::Install 2.14
ExtUtils::MakeMaker 7.34
ExtUtils::Manifest 1.71
ExtUtils::ParseXS 3.35
File::Spec 3.75
JSON 2.97001
JSON::PP 2.97001
Module::Build 0.4224
Module::Signature n/a
Parse::CPAN::Meta 2.150010
Test::Harness 3.42
Test::More 1.302140
YAML 1.26
YAML::Syck 1.30
version 0.9924
--
Summary of my perl5 (revision 5 version 18 subversion 2) configuration:
Platform:
osname=freebsd, osvers=11.1-release-p4, archname=amd64-freebsd-thread-multi
uname='freebsd 149.28.224.57.vultr.com 11.1-release-p4 freebsd 11.1-release-p4 #0: tue nov 14 06:12:40 utc 2017 root@amd64-builder.daemonology.net:usrobjusrsrcsysgeneric amd64 '
config_args='-de -Dprefix=/home/njh/perl5/perlbrew/perls/perl-5.18.2-thread -Dusedevel -Dusethreads -Accflags=-O2 -W -Wformat=2 -Wswitch -Wshadow -Wwrite-strings -Wuninitialized -Wall -pipe -fomit-frame-pointer -pedantic -D_FORTIFY_SOURCE=2 -Wpointer-arith -Wstrict-prototypes -fstack-protector -Wstack-protector -Wextra -Wbad-function-cast -Wcast-align -Wcast-qual -Wdisabled-optimization -Wendif-labels -Wfloat-equal -Wformat-nonliteral -Winline -Wmissing-declarations -Wmissing-prototypes -Wnested-externs -Wpointer-arith -Wundef -Wformat-security -ftree-vectorize -mmmx -msse -mfpmath=sse -msse2 -msse3 -msse4.1 -msse4.2 -fdiagnostics-color=auto -mtune=native -march=native -Aeval:scriptdir=/home/njh/perl5/perlbrew/perls/perl-5.18.2-thread/bin'
hint=recommended, useposix=true, d_sigaction=define
useithreads=define, usemultiplicity=define
useperlio=define, d_sfio=undef, uselargefiles=define, usesocks=undef
use64bitint=define, use64bitall=define, uselongdouble=undef
usemymalloc=n, bincompat5005=undef
Compiler:
cc='cc', ccflags ='-DHAS_FPSETMASK -DHAS_FLOATINGPOINT_H -O2 -W -Wformat=2 -Wswitch -Wshadow -Wwrite-strings -Wuninitialized -Wall -pipe -fomit-frame-pointer -pedantic -D_FORTIFY_SOURCE=2 -Wpointer-arith -Wstrict-prototypes -fstack-protector -Wstack-protector -Wextra -Wbad-function-cast -Wcast-align -Wcast-qual -Wdisabled-optimization -Wendif-labels -Wfloat-equal -Wformat-nonliteral -Winline -Wmissing-declarations -Wmissing-prototypes -Wnested-externs -Wpointer-arith -Wundef -Wformat-security -ftree-vectorize -mmmx -msse -mfpmath=sse -msse2 -msse3 -msse4.1 -msse4.2 -fdiagnostics-color=auto -mtune=native -march=native -fno-strict-aliasing -I/usr/local/include',
optimize='-O',
cppflags='-DHAS_FPSETMASK -DHAS_FLOATINGPOINT_H -O2 -W -Wformat=2 -Wswitch -Wshadow -Wwrite-strings -Wuninitialized -Wall -pipe -fomit-frame-pointer -pedantic -D_FORTIFY_SOURCE=2 -Wpointer-arith -Wstrict-prototypes -fstack-protector -Wstack-protector -Wextra -Wbad-function-cast -Wcast-align -Wcast-qual -Wdisabled-optimization -Wendif-labels -Wfloat-equal -Wformat-nonliteral -Winline -Wmissing-declarations -Wmissing-prototypes -Wnested-externs -Wpointer-arith -Wundef -Wformat-security -ftree-vectorize -mmmx -msse -mfpmath=sse -msse2 -msse3 -msse4.1 -msse4.2 -fdiagnostics-color=auto -mtune=native -march=native -fno-strict-aliasing -I/usr/local/include'
ccversion='', gccversion='4.2.1 Compatible FreeBSD Clang 4.0.0 (tags/RELEASE_400/final 297347)', gccosandvers=''
intsize=4, longsize=8, ptrsize=8, doublesize=8, byteorder=12345678
d_longlong=define, longlongsize=8, d_longdbl=define, longdblsize=16
ivtype='long', ivsize=8, nvtype='double', nvsize=8, Off_t='off_t', lseeksize=8
alignbytes=8, prototype=define
Linker and Libraries:
ld='cc', ldflags ='-pthread -Wl,-E -fstack-protector -L/usr/local/lib'
libpth=/usr/lib /usr/local/lib
libs=-lm -lcrypt -lutil
perllibs=-lm -lcrypt -lutil
libc=, so=so, useshrplib=false, libperl=libperl.a
gnulibc_version=''
Dynamic Linking:
dlsrc=dl_dlopen.xs, dlext=so, d_dlsymun=undef, ccdlflags=' '
cccdlflags='-DPIC -fPIC', lddlflags='-shared -L/usr/local/lib -fstack-protector'
Characteristics of this binary (from libperl):
Compile-time options: HAS_TIMES MULTIPLICITY PERLIO_LAYERS
PERL_DONT_CREATE_GVSV
PERL_HASH_FUNC_ONE_AT_A_TIME_HARD
PERL_IMPLICIT_CONTEXT PERL_MALLOC_WRAP
PERL_PRESERVE_IVUV PERL_SAWAMPERSAND PERL_USE_DEVEL
USE_64_BIT_ALL USE_64_BIT_INT USE_ITHREADS
USE_LARGE_FILES USE_LOCALE USE_LOCALE_COLLATE
USE_LOCALE_CTYPE USE_LOCALE_NUMERIC USE_PERLIO
USE_PERL_ATOF USE_REENTRANT_API
Locally applied patches:
Devel::PatchPerl 1.48
Built under freebsd
Compiled at Aug 20 2018 10:54:05
%ENV:
PERL5LIB="/home/njh/.cpan/build/String-Random-0.30-5/blib/arch:/home/njh/.cpan/build/String-Random-0.30-5/blib/lib:/home/njh/.cpan/build/MooseX-Privacy-0.05-5/blib/arch:/home/njh/.cpan/build/MooseX-Privacy-0.05-5/blib/lib:/home/njh/.cpan/build/MooseX-Types-0.50-13/blib/arch:/home/njh/.cpan/build/MooseX-Types-0.50-13/blib/lib:/home/njh/.cpan/build/Sub-Exporter-ForMethods-0.100052-13/blib/arch:/home/njh/.cpan/build/Sub-Exporter-ForMethods-0.100052-13/blib/lib:/home/njh/.cpan/build/Carp-Clan-6.06-13/blib/arch:/home/njh/.cpan/build/Carp-Clan-6.06-13/blib/lib"
PERL5OPT=""
PERL5_CPANPLUS_IS_RUNNING="83700"
PERL5_CPAN_IS_RUNNING="83700"
PERLBREW_HOME="/home/njh/.perlbrew"
PERLBREW_MANPATH="/home/njh/perl5/perlbrew/perls/perl-5.18.2-thread/man"
PERLBREW_PATH="/home/njh/perl5/perlbrew/bin:/home/njh/perl5/perlbrew/perls/perl-5.18.2-thread/bin"
PERLBREW_PERL="perl-5.18.2-thread"
PERLBREW_ROOT="/home/njh/perl5/perlbrew"
PERLBREW_SHELLRC_VERSION="0.84"
PERLBREW_VERSION="0.84"
PERL_MM_USE_DEFAULT="1"
@INC:
/home/njh/.cpan/build/String-Random-0.30-5/blib/arch
/home/njh/.cpan/build/String-Random-0.30-5/blib/lib
/home/njh/.cpan/build/MooseX-Privacy-0.05-5/blib/arch
/home/njh/.cpan/build/MooseX-Privacy-0.05-5/blib/lib
/home/njh/.cpan/build/MooseX-Types-0.50-13/blib/arch
/home/njh/.cpan/build/MooseX-Types-0.50-13/blib/lib
/home/njh/.cpan/build/Sub-Exporter-ForMethods-0.100052-13/blib/arch
/home/njh/.cpan/build/Sub-Exporter-ForMethods-0.100052-13/blib/lib
/home/njh/.cpan/build/Carp-Clan-6.06-13/blib/arch
/home/njh/.cpan/build/Carp-Clan-6.06-13/blib/lib
/home/njh/perl5/perlbrew/perls/perl-5.18.2-thread/lib/site_perl/5.18.2/amd64-freebsd-thread-multi
/home/njh/perl5/perlbrew/perls/perl-5.18.2-thread/lib/site_perl/5.18.2
/home/njh/perl5/perlbrew/perls/perl-5.18.2-thread/lib/5.18.2/amd64-freebsd-thread-multi
/home/njh/perl5/perlbrew/perls/perl-5.18.2-thread/lib/5.18.2
.