Weather-NHC-TropicalCyclone v0.34 Perl 5 v5.10.1 x86_64-linux-thread-multi
- Status
- Fail
- From
- David Cantrell (DCANTRELL)
- Dist
-
Weather-NHC-TropicalCyclone v0.34
- Platform
- Perl 5 v5.10.1 x86_64-linux-thread-multi
- Date
- 2022-10-06 02:43:31
- ID
- a9f83ef2-4520-11ed-a83f-8cd9bea0cd8a
This distribution has been tested as part of the CPAN Testers
project, supporting the Perl programming language. See
http://wiki.cpantesters.org/ for more information or email
questions to cpan-testers-discuss@perl.org
--
Dear Danny Frankle,
This is a computer-generated report for Weather-NHC-TropicalCyclone-0.34
on perl 5.10.1, created by CPAN-Reporter-1.2018.
Thank you for uploading your work to CPAN. However, there was a problem
testing your distribution.
If you think this report is invalid, please consult the CPAN Testers Wiki
for suggestions on how to avoid getting FAIL reports for missing library
or binary dependencies, unsupported operating systems, and so on:
http://wiki.cpantesters.org/wiki/CPANAuthorNotes
Sections of this report:
* Tester comments
* Program output
* Prerequisites
* Environment and other context
------------------------------
TESTER COMMENTS
------------------------------
Additional comments from tester:
this report is from an automated smoke testing program
and was not reviewed by a human for accuracy
------------------------------
PROGRAM OUTPUT
------------------------------
Output from '/usr/bin/make test':
PERL_DL_NONLAZY=1 "/home/david/cpantesting/perl-5.10.1/bin/perl" "-MExtUtils::Command::MM" "-MTest::Harness" "-e" "undef *Test::Harness::Switches; test_harness(0, 'blib/lib', 'blib/arch')" t/*.t t/unit/lib-Weather-NHC-TropicalCyclone-ForecastAdvisory/*.t t/unit/lib-Weather-NHC-TropicalCyclone-Storm/*.t t/unit/lib-Weather-NHC-TropicalCyclone-StormHistory/*.t t/unit/lib-Weather-NHC-TropicalCyclone/*.t
t/release-kwalitee.t ................................................ skipped: these tests are for release candidate testing
t/unit/lib-Weather-NHC-TropicalCyclone-ForecastAdvisory/01-basic.t .. ok
t/unit/lib-Weather-NHC-TropicalCyclone-Storm/01-basic.t ............. ok
t/unit/lib-Weather-NHC-TropicalCyclone-StormHistory/01-basic.t ...... ok
# Failed test 'testing 'fetch' method timeout'
# at t/unit/lib-Weather-NHC-TropicalCyclone/01-basic.t line 119.
#
# Looks like you failed 1 test of 41.
t/unit/lib-Weather-NHC-TropicalCyclone/01-basic.t ...................
Dubious, test returned 1 (wstat 256, 0x100)
Failed 1/41 subtests
Test Summary Report
-------------------
t/unit/lib-Weather-NHC-TropicalCyclone/01-basic.t (Wstat: 256 Tests: 41 Failed: 1)
Failed test: 41
Non-zero exit status: 1
Files=5, Tests=16296, 46 wallclock secs ( 3.11 usr 0.45 sys + 6.83 cusr 0.68 csys = 11.07 CPU)
Result: FAIL
Failed 1/5 test programs. 1/16296 subtests failed.
make: *** [Makefile:888: test_dynamic] Error 1
------------------------------
PREREQUISITES
------------------------------
Prerequisite modules loaded:
requires:
Module Need Have
------------------- ---- --------
Date::Calc 0 6.4
File::Temp 0 0.22
HTML::TreeBuilder 0 5.07
HTTP::Status 0 6.37
HTTP::Tiny 0 0.080
IO::Socket::SSL 0 2.074
JSON::XS 0 4.03
Object::Tiny 0 1.09
Util::H2O 0 0.18
Util::H2O::More 0 0.0.8
Validate::Tiny 0 1.6
build_requires:
Module Need Have
------------------- ---- --------
ExtUtils::MakeMaker 0 7.64
File::Temp 0 0.22
Net::Ping 0 2.36
Test::Exception 0 0.43
Test::More 0 1.302188
configure_requires:
Module Need Have
------------------- ---- --------
ExtUtils::MakeMaker 0 7.64
------------------------------
ENVIRONMENT AND OTHER CONTEXT
------------------------------
Environment variables:
AUTOMATED_TESTING = 1
LANG = en_GB.UTF-8
LANGUAGE = en_GB:en
LC_TERMINAL = iTerm2
LC_TERMINAL_VERSION = 3.4.16
NONINTERACTIVE_TESTING = 1
PATH = /home/david/perl5/perlbrew/bin:/home/david/perl5/perlbrew/perls/perl-5.30.2/bin:/home/david/bin:/usr/local/bin:/usr/bin:/bin:/usr/local/games:/usr/games
PERL = 5.10.1
PERL5LIB =
PERL5OPT =
PERL5_CPANPLUS_IS_RUNNING = 1656440
PERL5_CPAN_IS_RUNNING = 1656440
PERLBREW_HOME = /home/david/.perlbrew
PERLBREW_MANPATH = /home/david/perl5/perlbrew/perls/perl-5.30.2/man
PERLBREW_PATH = /home/david/perl5/perlbrew/bin:/home/david/perl5/perlbrew/perls/perl-5.30.2/bin
PERLBREW_PERL = perl-5.30.2
PERLBREW_ROOT = /home/david/perl5/perlbrew
PERLBREW_SHELLRC_VERSION = 0.89
PERLBREW_VERSION = 0.89
PERLVER = 5.10.1
PERL_INLINE_DIRECTORY = /home/david/.Inline-5.10.1
PERL_MM_USE_DEFAULT = 1
PERL_USE_UNSAFE_INC = 0
SHELL = /bin/bash
TERM = screen
Perl special variables (and OS-specific diagnostics, for MSWin32):
$^X = /home/david/cpantesting/perl-5.10.1/bin/perl
$UID/$EUID = 1000 / 1000
$GID = 1000 24 25 27 29 30 44 46 109 1000
$EGID = 1000 24 25 27 29 30 44 46 109 1000
Perl module toolchain versions installed:
Module Have
------------------- --------
CPAN 2.29
CPAN::Meta 2.150010
Cwd 3.30
ExtUtils::CBuilder 0.280236
ExtUtils::Command 7.64
ExtUtils::Install 2.06
ExtUtils::MakeMaker 7.64
ExtUtils::Manifest 1.70
ExtUtils::ParseXS 3.44
File::Spec 3.30
JSON 4.09
JSON::PP 4.07
Module::Build 0.4231
Module::Signature n/a
Parse::CPAN::Meta 2.150010
Test::Harness 3.42
Test::More 1.302188
YAML 1.30
YAML::Syck n/a
version 0.9929
--
Summary of my perl5 (revision 5 version 10 subversion 1) configuration:
Platform:
osname=linux, osvers=5.10.0-11-amd64, archname=x86_64-linux-thread-multi
uname='linux cpantesting-linux-utm 5.10.0-11-amd64 #1 smp debian 5.10.92-1 (2022-01-18) x86_64 gnulinux '
config_args='-de -Dusethreads -Dprefix=/home/david/cpantesting/perl-5.10.1 -A ccflags=-fwrapv'
hint=recommended, useposix=true, d_sigaction=define
useithreads=define, usemultiplicity=define
useperlio=define, d_sfio=undef, uselargefiles=define, usesocks=undef
use64bitint=define, use64bitall=define, uselongdouble=undef
usemymalloc=n, bincompat5005=undef
Compiler:
cc='cc', ccflags ='-D_REENTRANT -D_GNU_SOURCE -fwrapv -fno-strict-aliasing -pipe -fstack-protector -I/usr/local/include -D_LARGEFILE_SOURCE -D_FILE_OFFSET_BITS=64',
optimize='-O2',
cppflags='-D_REENTRANT -D_GNU_SOURCE -fwrapv -fno-strict-aliasing -pipe -fstack-protector -I/usr/local/include'
ccversion='', gccversion='10.2.1 20210110', gccosandvers=''
intsize=4, longsize=8, ptrsize=8, doublesize=8, byteorder=12345678
d_longlong=define, longlongsize=8, d_longdbl=define, longdblsize=16
ivtype='long', ivsize=8, nvtype='double', nvsize=8, Off_t='off_t', lseeksize=8
alignbytes=8, prototype=define
Linker and Libraries:
ld='cc', ldflags =' -fstack-protector -L/usr/local/lib'
libpth=/usr/local/lib /lib/x86_64-linux-gnu /lib/../lib /usr/lib/x86_64-linux-gnu /usr/lib/../lib /lib /usr/lib /lib64 /usr/lib64
libs=-lnsl -ldl -lm -lcrypt -lutil -lpthread -lc
perllibs=-lnsl -ldl -lm -lcrypt -lutil -lpthread -lc
libc=libc-2.31.so, so=so, useshrplib=false, libperl=libperl.a
gnulibc_version='2.31'
Dynamic Linking:
dlsrc=dl_dlopen.xs, dlext=so, d_dlsymun=undef, ccdlflags='-Wl,-E'
cccdlflags='-fPIC', lddlflags='-shared -O2 -L/usr/local/lib -fstack-protector'
Characteristics of this binary (from libperl):
Compile-time options: MULTIPLICITY PERL_DONT_CREATE_GVSV
PERL_IMPLICIT_CONTEXT PERL_MALLOC_WRAP USE_64_BIT_ALL
USE_64_BIT_INT USE_ITHREADS USE_LARGE_FILES
USE_PERLIO USE_REENTRANT_API
Locally applied patches:
Devel::PatchPerl 2.08
Built under linux
Compiled at Feb 5 2022 21:00:07
%ENV:
PERL="5.10.1"
PERL5LIB=""
PERL5OPT=""
PERL5_CPANPLUS_IS_RUNNING="1656440"
PERL5_CPAN_IS_RUNNING="1656440"
PERLBREW_HOME="/home/david/.perlbrew"
PERLBREW_MANPATH="/home/david/perl5/perlbrew/perls/perl-5.30.2/man"
PERLBREW_PATH="/home/david/perl5/perlbrew/bin:/home/david/perl5/perlbrew/perls/perl-5.30.2/bin"
PERLBREW_PERL="perl-5.30.2"
PERLBREW_ROOT="/home/david/perl5/perlbrew"
PERLBREW_SHELLRC_VERSION="0.89"
PERLBREW_VERSION="0.89"
PERLVER="5.10.1"
PERL_INLINE_DIRECTORY="/home/david/.Inline-5.10.1"
PERL_MM_USE_DEFAULT="1"
PERL_USE_UNSAFE_INC="0"
@INC:
/home/david/cpantesting/perl-5.10.1/lib/5.10.1/x86_64-linux-thread-multi
/home/david/cpantesting/perl-5.10.1/lib/5.10.1
/home/david/cpantesting/perl-5.10.1/lib/site_perl/5.10.1/x86_64-linux-thread-multi
/home/david/cpantesting/perl-5.10.1/lib/site_perl/5.10.1
.