Mojo-IOLoop-ReadWriteProcess v0.33 Perl 5 v5.37.7 x86_64-linux

Status
Fail
From
Andreas J. König (ANDK)
Dist
Mojo-IOLoop-ReadWriteProcess v0.33
Platform
Perl 5 v5.37.7 x86_64-linux
Date
2023-01-12 09:01:13
ID
a9fdfc64-9257-11ed-a11a-d1c8dc43a89c
This distribution has been tested as part of the CPAN Testers
project, supporting the Perl programming language.  See
http://wiki.cpantesters.org/ for more information or email
questions to cpan-testers-discuss@perl.org


--
Dear Santiago Zarate,

This is a computer-generated report for Mojo-IOLoop-ReadWriteProcess-0.33
on perl 5.37.7, created by CPAN-Reporter-1.2018.

Thank you for uploading your work to CPAN.  However, there was a problem
testing your distribution.

If you think this report is invalid, please consult the CPAN Testers Wiki
for suggestions on how to avoid getting FAIL reports for missing library
or binary dependencies, unsupported operating systems, and so on:

http://wiki.cpantesters.org/wiki/CPANAuthorNotes

Sections of this report:

    * Tester comments
    * Program output
    * Prerequisites
    * Environment and other context

------------------------------
TESTER COMMENTS
------------------------------

Additional comments from tester:

this report is from an automated smoke testing program
and was not reviewed by a human for accuracy

------------------------------
PROGRAM OUTPUT
------------------------------

Output from './Build test':

t/00_compile.t ........... ok
TEST error print
>> Mojo::IOLoop::ReadWriteProcess::_fork(): Fork: {
    use warnings;
    use strict;
    shift();
    print "$_$/" foreach (@_);
}
>> Mojo::IOLoop::ReadWriteProcess::_fork_collect_status(): Forked code Process Exit status: 0
>> Mojo::IOLoop::ReadWriteProcess::_fork_collect_status(): Forked code Process Returns: nothing
>> Mojo::IOLoop::ReadWriteProcess::_fork_collect_status(): Forked code Process Errors: 
>> Mojo::IOLoop::ReadWriteProcess::_shutdown(): Shutdown 4129716
>> Mojo::IOLoop::ReadWriteProcess::_fork(): Fork: {
    use warnings;
    use strict;
    shift();
    print "$_$/" foreach (@_);
}
>> Mojo::IOLoop::ReadWriteProcess::_fork_collect_status(): Forked code Process Exit status: 48
>> Mojo::IOLoop::ReadWriteProcess::_fork_collect_status(): Forked code Process Returns: nothing
>> Mojo::IOLoop::ReadWriteProcess::_fork_collect_status(): Forked code Process Errors: 
>> Mojo::IOLoop::ReadWriteProcess::_shutdown(): Shutdown 4129717
>> Mojo::IOLoop::ReadWriteProcess::_fork(): Fork: {
    use warnings;
    use strict;
    shift();
    print "$_$/" foreach (@_);
}
>> Mojo::IOLoop::ReadWriteProcess::_fork_collect_status(): Forked code Process Exit status: 232
>> Mojo::IOLoop::ReadWriteProcess::_fork_collect_status(): Forked code Process Returns: nothing
>> Mojo::IOLoop::ReadWriteProcess::_fork_collect_status(): Forked code Process Errors: 
>> Mojo::IOLoop::ReadWriteProcess::_shutdown(): Shutdown 4129718
>> Mojo::IOLoop::ReadWriteProcess::_fork(): Fork: {
    use warnings;
    use strict;
    shift();
    print "$_$/" foreach (@_);
}
>> Mojo::IOLoop::ReadWriteProcess::_fork_collect_status(): Forked code Process Exit status: 64
>> Mojo::IOLoop::ReadWriteProcess::_fork_collect_status(): Forked code Process Returns: nothing
>> Mojo::IOLoop::ReadWriteProcess::_fork_collect_status(): Forked code Process Errors: 
>> Mojo::IOLoop::ReadWriteProcess::_shutdown(): Shutdown 4129719
>> Mojo::IOLoop::ReadWriteProcess::_fork(): Fork: {
    use warnings;
    use strict;
    is process('execute', '/bin/true')->quirkiness(1)->start->wait_stop->exit_status, 0, 'process(execute) from process(code) -- retval check true';
    is process('execute', '/bin/false')->quirkiness(1)->start->wait_stop->exit_status, 1, 'process(execute) from process(code) -- retval check false';
    is process(sub {
        print 'sub-sub-process';
    }
    )->start->wait_stop->read_all_stdout, 'sub-sub-process', 'process(code) works from process(code)';
    print 'DONE';
}
>> Mojo::IOLoop::ReadWriteProcess::_fork_collect_status(): Forked code Process Exit status: 72
>> Mojo::IOLoop::ReadWriteProcess::_fork_collect_status(): Forked code Process Returns: 1
>> Mojo::IOLoop::ReadWriteProcess::_fork_collect_status(): Forked code Process Errors: 
>> Mojo::IOLoop::ReadWriteProcess::_shutdown(): Shutdown 4129720
>> Mojo::IOLoop::ReadWriteProcess::_open(): Execute: '/I/do/not/exist'
>> Mojo::IOLoop::ReadWriteProcess::_open(): Execute: 'sleep 0.2'
>> Mojo::IOLoop::ReadWriteProcess::_open_collect_status(): Forked code Process Exit status: 0
>> Mojo::IOLoop::ReadWriteProcess::_open(): Execute: 'perl', '/tmp/loop_over_bdir-2720289-E2bU0y/Mojo-IOLoop-ReadWriteProcess-0.33-0/t/data/simple_rwp.pl'
>> Mojo::IOLoop::ReadWriteProcess::_open_collect_status(): Forked code Process Exit status: 2
>> Mojo::IOLoop::ReadWriteProcess::_shutdown(): Shutdown 4129726

    #   Failed test 'simple_rwp.pl exit with 0'
    #   at t/01_run.t line 614.
    #          got: '2'
    #     expected: '0'
>> Mojo::IOLoop::ReadWriteProcess::_open(): Execute: '/tmp/loop_over_bdir-2720289-E2bU0y/Mojo-IOLoop-ReadWriteProcess-0.33-0/t/data/sigchld_handler.pl'
>> Mojo::IOLoop::ReadWriteProcess::_open_collect_status(): Forked code Process Exit status: 0
>> Mojo::IOLoop::ReadWriteProcess::_shutdown(): Shutdown 4129727
    # Looks like you failed 1 test of 3.

#   Failed test 'SIG_CHLD handler in spawned process'
#   at t/01_run.t line 625.
# Looks like you failed 1 test of 12.
t/01_run.t ............... 
Dubious, test returned 1 (wstat 256, 0x100)
Failed 1/12 subtests 
t/02_parallel.t .......... ok
Can't use an undefined value as filehandle reference at lib/Mojo/IOLoop/ReadWriteProcess.pm line 298.
t/03_func.t .............. ok
t/04_queues.t ............ ok
t/05_serialize.t ......... ok
t/06_events.t ............ ok
t/07_autodetect.t ........ ok
t/08_ioloop.t ............ ok
t/09_session.t ........... ok
t/10_cgroupv1.t .......... ok
t/10_cgroupv2.t .......... ok
t/11_containers.t ........ skipped: This test works only if you have cgroups permissions
t/12_mocked_container.t .. ok
t/13_shared.t ............ skipped: Skipped unless TEST_SHARED is set

Test Summary Report
-------------------
t/01_run.t             (Wstat: 256 (exited 1) Tests: 12 Failed: 1)
  Failed test:  12
  Non-zero exit status: 1
Files=15, Tests=69, 102 wallclock secs ( 0.10 usr  0.04 sys +  5.99 cusr  1.35 csys =  7.48 CPU)
Result: FAIL
Failed 1/15 test programs. 1/69 subtests failed.

------------------------------
PREREQUISITES
------------------------------

Prerequisite modules loaded:

requires:

    Module          Need   Have    
    --------------- ------ --------
    IPC::SharedMem  0      2.09    
    Mojolicious     0      9.31    

build_requires:

    Module          Need   Have    
    --------------- ------ --------
    Test::Exception 0      0.43    
    Test::More      0      1.302191

configure_requires:

    Module          Need   Have    
    --------------- ------ --------
    Module::Build   0.4005 0.4232  
    perl            5.016  5.037007


------------------------------
ENVIRONMENT AND OTHER CONTEXT
------------------------------

Environment variables:

    AUTOMATED_TESTING = 1
    LANG = en_US.UTF-8
    PATH = /home/sand/bin:/usr/local/bin:/usr/local/sbin:/usr/sbin:/usr/bin:/sbin:/bin:/usr/games:/usr/local/games:/snap/bin:/usr/local/perl/bin:/usr/X11/bin
    PERL5LIB = /tmp/loop_over_bdir-2720289-E2bU0y/Lingua-BioYaTeA-0.11-0/blib/arch:/tmp/loop_over_bdir-2720289-E2bU0y/Lingua-BioYaTeA-0.11-0/blib/lib:/tmp/loop_over_bdir-2720289-E2bU0y/Lingua-YaTeA-0.626-0/blib/arch:/tmp/loop_over_bdir-2720289-E2bU0y/Lingua-YaTeA-0.626-0/blib/lib:/tmp/loop_over_bdir-2720289-E2bU0y/Net-Async-WebService-lxd-0.03-0/blib/arch:/tmp/loop_over_bdir-2720289-E2bU0y/Net-Async-WebService-lxd-0.03-0/blib/lib:/tmp/loop_over_bdir-2720289-E2bU0y/Net-Async-DigitalOcean-0.04-0/blib/arch:/tmp/loop_over_bdir-2720289-E2bU0y/Net-Async-DigitalOcean-0.04-0/blib/lib:/tmp/loop_over_bdir-2720289-E2bU0y/CORBA-Python-2.66-0/blib/arch:/tmp/loop_over_bdir-2720289-E2bU0y/CORBA-Python-2.66-0/blib/lib:/tmp/loop_over_bdir-2720289-E2bU0y/downsexta-0/blib/arch:/tmp/loop_over_bdir-2720289-E2bU0y/downsexta-0/blib/lib:/tmp/loop_over_bdir-2720289-E2bU0y/Dpkg-1.21.14-0/blib/arch:/tmp/loop_over_bdir-2720289-E2bU0y/Dpkg-1.21.14-0/blib/lib:/tmp/loop_over_bdir-2720289-E2bU0y/Debian-Packages-0.03-0/blib/arch:/tmp/loop_over_bdir-2720289-E2bU0y/Debian-Packages-0.03-0/blib/lib:/tmp/loop_over_bdir-2720289-E2bU0y/dta-tokwrap-0.98-0/blib/arch:/tmp/loop_over_bdir-2720289-E2bU0y/dta-tokwrap-0.98-0/blib/lib:/tmp/loop_over_bdir-2720289-E2bU0y/App-nrun-v1.1.2-0/blib/arch:/tmp/loop_over_bdir-2720289-E2bU0y/App-nrun-v1.1.2-0/blib/lib
    PERL5OPT = 
    PERL5_CPANPLUS_IS_RUNNING = 2720298
    PERL5_CPAN_IS_RUNNING = 2720298
    PERL_CANARY_STABILITY_NOPROMPT = 1
    PERL_MM_USE_DEFAULT = 1
    PERL_USE_UNSAFE_INC = 1
    SHELL = /usr/bin/zsh
    TERM = screen

Perl special variables (and OS-specific diagnostics, for MSWin32):

    $^X = /tmp/basesmoker-reloperl-jzc2/bin/perl
    $UID/$EUID = 1005 / 1005
    $GID = 1005 1005
    $EGID = 1005 1005

Perl module toolchain versions installed:

    Module              Have    
    ------------------- --------
    CPAN                2.34    
    CPAN::Meta          2.150010
    Cwd                 3.88    
    ExtUtils::CBuilder  0.280238
    ExtUtils::Command   7.66    
    ExtUtils::Install   2.20    
    ExtUtils::MakeMaker 7.66    
    ExtUtils::Manifest  1.73    
    ExtUtils::ParseXS   3.49    
    File::Spec          3.88    
    JSON                4.10    
    JSON::PP            4.16    
    Module::Build       0.4232  
    Module::Signature   0.88    
    Parse::CPAN::Meta   2.150010
    Test::Harness       3.44    
    Test::More          1.302191
    YAML                1.30    
    YAML::Syck          1.34    
    version             0.9929  


--

Summary of my perl5 (revision 5 version 37 subversion 7) configuration:
  Commit id: b1163c2ae562670f2bf4c7700087f0c9d0ad8fe5
  Platform:
    osname=linux
    osvers=5.4.0-135-generic
    archname=x86_64-linux
    uname='linux k93focal 5.4.0-135-generic #152-ubuntu smp wed nov 23 20:19:22 utc 2022 x86_64 x86_64 x86_64 gnulinux '
    config_args='-Dprefix=/home/sand/src/perl/repoperls/installed-perls/host/k93focal/v5.37.7/b254 -Dmyhostname=k93focal -Dinstallusrbinperl=n -Uversiononly -Dusedevel -des -Ui_db -Dlibswanted=cl pthread socket inet nsl gdbm dbm malloc dl ld sun m crypt sec util c cposix posix ucb BSD gdbm_compat -Uuseithreads -Uuselongdouble -DEBUGGING=both'
    hint=recommended
    useposix=true
    d_sigaction=define
    useithreads=undef
    usemultiplicity=undef
    use64bitint=define
    use64bitall=define
    uselongdouble=undef
    usemymalloc=n
    default_inc_excludes_dot=define
  Compiler:
    cc='cc'
    ccflags ='-fwrapv -DDEBUGGING -fno-strict-aliasing -pipe -fstack-protector-strong -I/usr/local/include -D_LARGEFILE_SOURCE -D_FILE_OFFSET_BITS=64'
    optimize='-O2 -g'
    cppflags='-fwrapv -DDEBUGGING -fno-strict-aliasing -pipe -fstack-protector-strong -I/usr/local/include'
    ccversion=''
    gccversion='9.4.0'
    gccosandvers=''
    intsize=4
    longsize=8
    ptrsize=8
    doublesize=8
    byteorder=12345678
    doublekind=3
    d_longlong=define
    longlongsize=8
    d_longdbl=define
    longdblsize=16
    longdblkind=3
    ivtype='long'
    ivsize=8
    nvtype='double'
    nvsize=8
    Off_t='off_t'
    lseeksize=8
    alignbytes=8
    prototype=define
  Linker and Libraries:
    ld='cc'
    ldflags =' -fstack-protector-strong -L/usr/local/lib'
    libpth=/usr/local/lib /usr/lib/x86_64-linux-gnu /usr/lib /usr/lib64
    libs=-lpthread -lnsl -ldl -lm -lcrypt -lutil -lc
    perllibs=-lpthread -lnsl -ldl -lm -lcrypt -lutil -lc
    libc=libc-2.31.so
    so=so
    useshrplib=false
    libperl=libperl.a
    gnulibc_version='2.31'
  Dynamic Linking:
    dlsrc=dl_dlopen.xs
    dlext=so
    d_dlsymun=undef
    ccdlflags='-Wl,-E'
    cccdlflags='-fPIC'
    lddlflags='-shared -O2 -g -L/usr/local/lib -fstack-protector-strong'


Characteristics of this binary (from libperl): 
  Compile-time options:
    DEBUGGING
    HAS_TIMES
    PERLIO_LAYERS
    PERL_COPY_ON_WRITE
    PERL_DONT_CREATE_GVSV
    PERL_HASH_FUNC_SIPHASH13
    PERL_HASH_USE_SBOX32
    PERL_MALLOC_WRAP
    PERL_OP_PARENT
    PERL_PRESERVE_IVUV
    PERL_USE_DEVEL
    PERL_USE_SAFE_PUTENV
    USE_64_BIT_ALL
    USE_64_BIT_INT
    USE_LARGE_FILES
    USE_LOCALE
    USE_LOCALE_COLLATE
    USE_LOCALE_CTYPE
    USE_LOCALE_NUMERIC
    USE_LOCALE_TIME
    USE_PERLIO
    USE_PERL_ATOF
  Built under linux
  Compiled at Jan  5 2023 05:26:31
  %ENV:
    PERL5LIB="/tmp/loop_over_bdir-2720289-E2bU0y/Lingua-BioYaTeA-0.11-0/blib/arch:/tmp/loop_over_bdir-2720289-E2bU0y/Lingua-BioYaTeA-0.11-0/blib/lib:/tmp/loop_over_bdir-2720289-E2bU0y/Lingua-YaTeA-0.626-0/blib/arch:/tmp/loop_over_bdir-2720289-E2bU0y/Lingua-YaTeA-0.626-0/blib/lib:/tmp/loop_over_bdir-2720289-E2bU0y/Net-Async-WebService-lxd-0.03-0/blib/arch:/tmp/loop_over_bdir-2720289-E2bU0y/Net-Async-WebService-lxd-0.03-0/blib/lib:/tmp/loop_over_bdir-2720289-E2bU0y/Net-Async-DigitalOcean-0.04-0/blib/arch:/tmp/loop_over_bdir-2720289-E2bU0y/Net-Async-DigitalOcean-0.04-0/blib/lib:/tmp/loop_over_bdir-2720289-E2bU0y/CORBA-Python-2.66-0/blib/arch:/tmp/loop_over_bdir-2720289-E2bU0y/CORBA-Python-2.66-0/blib/lib:/tmp/loop_over_bdir-2720289-E2bU0y/downsexta-0/blib/arch:/tmp/loop_over_bdir-2720289-E2bU0y/downsexta-0/blib/lib:/tmp/loop_over_bdir-2720289-E2bU0y/Dpkg-1.21.14-0/blib/arch:/tmp/loop_over_bdir-2720289-E2bU0y/Dpkg-1.21.14-0/blib/lib:/tmp/loop_over_bdir-2720289-E2bU0y/Debian-Packages-0.03-0/blib/arch:/tmp/loop_over_bdir-2720289-E2bU0y/Debian-Packages-0.03-0/blib/lib:/tmp/loop_over_bdir-2720289-E2bU0y/dta-tokwrap-0.98-0/blib/arch:/tmp/loop_over_bdir-2720289-E2bU0y/dta-tokwrap-0.98-0/blib/lib:/tmp/loop_over_bdir-2720289-E2bU0y/App-nrun-v1.1.2-0/blib/arch:/tmp/loop_over_bdir-2720289-E2bU0y/App-nrun-v1.1.2-0/blib/lib"
    PERL5OPT=""
    PERL5_CPANPLUS_IS_RUNNING="2720298"
    PERL5_CPAN_IS_RUNNING="2720298"
    PERL_CANARY_STABILITY_NOPROMPT="1"
    PERL_MM_USE_DEFAULT="1"
    PERL_USE_UNSAFE_INC="1"
  @INC:
    /tmp/loop_over_bdir-2720289-E2bU0y/Lingua-BioYaTeA-0.11-0/blib/arch
    /tmp/loop_over_bdir-2720289-E2bU0y/Lingua-BioYaTeA-0.11-0/blib/lib
    /tmp/loop_over_bdir-2720289-E2bU0y/Lingua-YaTeA-0.626-0/blib/arch
    /tmp/loop_over_bdir-2720289-E2bU0y/Lingua-YaTeA-0.626-0/blib/lib
    /tmp/loop_over_bdir-2720289-E2bU0y/Net-Async-WebService-lxd-0.03-0/blib/arch
    /tmp/loop_over_bdir-2720289-E2bU0y/Net-Async-WebService-lxd-0.03-0/blib/lib
    /tmp/loop_over_bdir-2720289-E2bU0y/Net-Async-DigitalOcean-0.04-0/blib/arch
    /tmp/loop_over_bdir-2720289-E2bU0y/Net-Async-DigitalOcean-0.04-0/blib/lib
    /tmp/loop_over_bdir-2720289-E2bU0y/CORBA-Python-2.66-0/blib/arch
    /tmp/loop_over_bdir-2720289-E2bU0y/CORBA-Python-2.66-0/blib/lib
    /tmp/loop_over_bdir-2720289-E2bU0y/downsexta-0/blib/arch
    /tmp/loop_over_bdir-2720289-E2bU0y/downsexta-0/blib/lib
    /tmp/loop_over_bdir-2720289-E2bU0y/Dpkg-1.21.14-0/blib/arch
    /tmp/loop_over_bdir-2720289-E2bU0y/Dpkg-1.21.14-0/blib/lib
    /tmp/loop_over_bdir-2720289-E2bU0y/Debian-Packages-0.03-0/blib/arch
    /tmp/loop_over_bdir-2720289-E2bU0y/Debian-Packages-0.03-0/blib/lib
    /tmp/loop_over_bdir-2720289-E2bU0y/dta-tokwrap-0.98-0/blib/arch
    /tmp/loop_over_bdir-2720289-E2bU0y/dta-tokwrap-0.98-0/blib/lib
    /tmp/loop_over_bdir-2720289-E2bU0y/App-nrun-v1.1.2-0/blib/arch
    /tmp/loop_over_bdir-2720289-E2bU0y/App-nrun-v1.1.2-0/blib/lib
    /home/sand/src/perl/repoperls/installed-perls/host/k93focal/v5.37.7/b254/lib/site_perl/5.37.7/x86_64-linux
    /home/sand/src/perl/repoperls/installed-perls/host/k93focal/v5.37.7/b254/lib/site_perl/5.37.7
    /home/sand/src/perl/repoperls/installed-perls/host/k93focal/v5.37.7/b254/lib/5.37.7/x86_64-linux
    /home/sand/src/perl/repoperls/installed-perls/host/k93focal/v5.37.7/b254/lib/5.37.7
    .