Plack-Middleware-Debug-Redis v0.03 Perl 5 v5.37.11 x86_64-linux

Status
Fail
From
Andreas J. König (ANDK)
Dist
Plack-Middleware-Debug-Redis v0.03
Platform
Perl 5 v5.37.11 x86_64-linux
Date
2023-05-18 05:27:21
ID
aa1b71e8-f53c-11ed-9f67-623e02e3473a
This distribution has been tested as part of the CPAN Testers
project, supporting the Perl programming language.  See
http://wiki.cpantesters.org/ for more information or email
questions to cpan-testers-discuss@perl.org


--
Dear Anton Gerasimov,

This is a computer-generated report for Plack-Middleware-Debug-Redis-0.03
on perl 5.37.11, created by CPAN-Reporter-1.2019.

Thank you for uploading your work to CPAN.  However, there was a problem
testing your distribution.

If you think this report is invalid, please consult the CPAN Testers Wiki
for suggestions on how to avoid getting FAIL reports for missing library
or binary dependencies, unsupported operating systems, and so on:

http://wiki.cpantesters.org/wiki/CPANAuthorNotes

Sections of this report:

    * Tester comments
    * Program output
    * Prerequisites
    * Environment and other context

------------------------------
TESTER COMMENTS
------------------------------

Additional comments from tester:

this report is from an automated smoke testing program
and was not reviewed by a human for accuracy

------------------------------
PROGRAM OUTPUT
------------------------------

Output from '/usr/bin/make test':

PERL_DL_NONLAZY=1 "/tmp/basesmoker-reloperl-s0XO/bin/perl" "-MExtUtils::Command::MM" "-MTest::Harness" "-e" "undef *Test::Harness::Switches; test_harness(0, 'blib/lib', 'blib/arch')" t/*.t
t/00-compile.t ............ ok

#   Failed test 'total keys in db0'
#   at t/01-panel-info.t line 48.
#                   '<html><body>OK<script src="/debug_toolbar/jquery.js"></script>
# <script src="/debug_toolbar/toolbar.min.js"></script>
# <style type="text/css">
#     @import url(/debug_toolbar/toolbar.min.css);
# </style>
# <div id="plDebug">
#     <div style="display:none;" id="plDebugToolbar">
#         <ul id="plDebugPanelList">
#             <li><a id="plHideToolBarButton" href="#" title="Hide Toolbar">Hide &raquo;</a></li>
#                 <li>
#                         <a href="#" title="Redis::Info" class="plDebugInfo94714767038488Panel">
#                     Redis::Info
#                     <br><small>Version: 0.1.99</small>
#                     </a>
#                 </li>
#         </ul>
#     </div>
#     <div style="display:none;" id="plDebugToolbarHandle">
#         <a title="Show Toolbar" id="plShowToolBarButton" href="#">&laquo;</a>
#     </div>
#             <div id="plDebugInfo94714767038488Panel" class="panelContent">
#                 <div class="plDebugPanelTitle">
#                     <a href="" class="plDebugClose">Close</a>
#                     <h3>Redis::Info</h3>
#                 </div>
#                 <div class="plDebugPanelContent">
#                     <div class="scroll">
#                         <table>
#     <thead>
#         <tr>
#             <th>Key</th>
#             <th>Value</th>
#         </tr>
#     </thead>
#     <tbody>
#             <tr class="plDebugOdd">
#                 <td>db0_expires</td>
#                 <td><pre>145</pre></td>
#             </tr>
#             <tr class="plDebugEven">
#                 <td>db0_keys</td>
#                 <td><pre>167</pre></td>
#             </tr>
#             <tr class="plDebugOdd">
#                 <td>db1_expires</td>
#                 <td><pre>0</pre></td>
#             </tr>
#             <tr class="plDebugEven">
#                 <td>db1_keys</td>
#                 <td><pre>75</pre></td>
#             </tr>
#             <tr class="plDebugOdd">
#                 <td>os</td>
#                 <td><pre>FreeBSD 9.0-RELEASE-p4 amd64</pre></td>
#             </tr>
#             <tr class="plDebugEven">
#                 <td>redis_version</td>
#                 <td><pre>0.1.99</pre></td>
#             </tr>
#             <tr class="plDebugOdd">
#                 <td>role</td>
#                 <td><pre>master</pre></td>
#             </tr>
#             <tr class="plDebugEven">
#                 <td>run_id</td>
#                 <td><pre>e7c2fdeb9b67f78ab5084e4c3f39c9bd789b4458</pre></td>
#             </tr>
#             <tr class="plDebugOdd">
#                 <td>uptime_in_seconds</td>
#                 <td><pre>1591647</pre></td>
#             </tr>
#             <tr class="plDebugEven">
#                 <td>used_cpu_sys</td>
#                 <td><pre>5.97</pre></td>
#             </tr>
#             <tr class="plDebugOdd">
#                 <td>used_cpu_user</td>
#                 <td><pre>7.05</pre></td>
#             </tr>
#     </tbody>
# </table>
# 
#                     </div>
#                 </div>
#             </div>
#     <div id="plDebugWindow" class="panelContent"></div>
# </div>
# </body></html>'
#     doesn't match '(?^m:<td>db0_keys</td>[.\s\n\r]*<td>167</td>)'

#   Failed test 'expires keys in db0'
#   at t/01-panel-info.t line 48.
#                   '<html><body>OK<script src="/debug_toolbar/jquery.js"></script>
# <script src="/debug_toolbar/toolbar.min.js"></script>
# <style type="text/css">
#     @import url(/debug_toolbar/toolbar.min.css);
# </style>
# <div id="plDebug">
#     <div style="display:none;" id="plDebugToolbar">
#         <ul id="plDebugPanelList">
#             <li><a id="plHideToolBarButton" href="#" title="Hide Toolbar">Hide &raquo;</a></li>
#                 <li>
#                         <a href="#" title="Redis::Info" class="plDebugInfo94714767038488Panel">
#                     Redis::Info
#                     <br><small>Version: 0.1.99</small>
#                     </a>
#                 </li>
#         </ul>
#     </div>
#     <div style="display:none;" id="plDebugToolbarHandle">
#         <a title="Show Toolbar" id="plShowToolBarButton" href="#">&laquo;</a>
#     </div>
#             <div id="plDebugInfo94714767038488Panel" class="panelContent">
#                 <div class="plDebugPanelTitle">
#                     <a href="" class="plDebugClose">Close</a>
#                     <h3>Redis::Info</h3>
#                 </div>
#                 <div class="plDebugPanelContent">
#                     <div class="scroll">
#                         <table>
#     <thead>
#         <tr>
#             <th>Key</th>
#             <th>Value</th>
#         </tr>
#     </thead>
#     <tbody>
#             <tr class="plDebugOdd">
#                 <td>db0_expires</td>
#                 <td><pre>145</pre></td>
#             </tr>
#             <tr class="plDebugEven">
#                 <td>db0_keys</td>
#                 <td><pre>167</pre></td>
#             </tr>
#             <tr class="plDebugOdd">
#                 <td>db1_expires</td>
#                 <td><pre>0</pre></td>
#             </tr>
#             <tr class="plDebugEven">
#                 <td>db1_keys</td>
#                 <td><pre>75</pre></td>
#             </tr>
#             <tr class="plDebugOdd">
#                 <td>os</td>
#                 <td><pre>FreeBSD 9.0-RELEASE-p4 amd64</pre></td>
#             </tr>
#             <tr class="plDebugEven">
#                 <td>redis_version</td>
#                 <td><pre>0.1.99</pre></td>
#             </tr>
#             <tr class="plDebugOdd">
#                 <td>role</td>
#                 <td><pre>master</pre></td>
#             </tr>
#             <tr class="plDebugEven">
#                 <td>run_id</td>
#                 <td><pre>e7c2fdeb9b67f78ab5084e4c3f39c9bd789b4458</pre></td>
#             </tr>
#             <tr class="plDebugOdd">
#                 <td>uptime_in_seconds</td>
#                 <td><pre>1591647</pre></td>
#             </tr>
#             <tr class="plDebugEven">
#                 <td>used_cpu_sys</td>
#                 <td><pre>5.97</pre></td>
#             </tr>
#             <tr class="plDebugOdd">
#                 <td>used_cpu_user</td>
#                 <td><pre>7.05</pre></td>
#             </tr>
#     </tbody>
# </table>
# 
#                     </div>
#                 </div>
#             </div>
#     <div id="plDebugWindow" class="panelContent"></div>
# </div>
# </body></html>'
#     doesn't match '(?^m:<td>db0_expires</td>[.\s\n\r]*<td>145</td>)'

#   Failed test 'total keys in db1'
#   at t/01-panel-info.t line 48.
#                   '<html><body>OK<script src="/debug_toolbar/jquery.js"></script>
# <script src="/debug_toolbar/toolbar.min.js"></script>
# <style type="text/css">
#     @import url(/debug_toolbar/toolbar.min.css);
# </style>
# <div id="plDebug">
#     <div style="display:none;" id="plDebugToolbar">
#         <ul id="plDebugPanelList">
#             <li><a id="plHideToolBarButton" href="#" title="Hide Toolbar">Hide &raquo;</a></li>
#                 <li>
#                         <a href="#" title="Redis::Info" class="plDebugInfo94714767038488Panel">
#                     Redis::Info
#                     <br><small>Version: 0.1.99</small>
#                     </a>
#                 </li>
#         </ul>
#     </div>
#     <div style="display:none;" id="plDebugToolbarHandle">
#         <a title="Show Toolbar" id="plShowToolBarButton" href="#">&laquo;</a>
#     </div>
#             <div id="plDebugInfo94714767038488Panel" class="panelContent">
#                 <div class="plDebugPanelTitle">
#                     <a href="" class="plDebugClose">Close</a>
#                     <h3>Redis::Info</h3>
#                 </div>
#                 <div class="plDebugPanelContent">
#                     <div class="scroll">
#                         <table>
#     <thead>
#         <tr>
#             <th>Key</th>
#             <th>Value</th>
#         </tr>
#     </thead>
#     <tbody>
#             <tr class="plDebugOdd">
#                 <td>db0_expires</td>
#                 <td><pre>145</pre></td>
#             </tr>
#             <tr class="plDebugEven">
#                 <td>db0_keys</td>
#                 <td><pre>167</pre></td>
#             </tr>
#             <tr class="plDebugOdd">
#                 <td>db1_expires</td>
#                 <td><pre>0</pre></td>
#             </tr>
#             <tr class="plDebugEven">
#                 <td>db1_keys</td>
#                 <td><pre>75</pre></td>
#             </tr>
#             <tr class="plDebugOdd">
#                 <td>os</td>
#                 <td><pre>FreeBSD 9.0-RELEASE-p4 amd64</pre></td>
#             </tr>
#             <tr class="plDebugEven">
#                 <td>redis_version</td>
#                 <td><pre>0.1.99</pre></td>
#             </tr>
#             <tr class="plDebugOdd">
#                 <td>role</td>
#                 <td><pre>master</pre></td>
#             </tr>
#             <tr class="plDebugEven">
#                 <td>run_id</td>
#                 <td><pre>e7c2fdeb9b67f78ab5084e4c3f39c9bd789b4458</pre></td>
#             </tr>
#             <tr class="plDebugOdd">
#                 <td>uptime_in_seconds</td>
#                 <td><pre>1591647</pre></td>
#             </tr>
#             <tr class="plDebugEven">
#                 <td>used_cpu_sys</td>
#                 <td><pre>5.97</pre></td>
#             </tr>
#             <tr class="plDebugOdd">
#                 <td>used_cpu_user</td>
#                 <td><pre>7.05</pre></td>
#             </tr>
#     </tbody>
# </table>
# 
#                     </div>
#                 </div>
#             </div>
#     <div id="plDebugWindow" class="panelContent"></div>
# </div>
# </body></html>'
#     doesn't match '(?^m:<td>db1_keys</td>[.\s\n\r]*<td>75</td>)'

#   Failed test 'expires keys in db1'
#   at t/01-panel-info.t line 48.
#                   '<html><body>OK<script src="/debug_toolbar/jquery.js"></script>
# <script src="/debug_toolbar/toolbar.min.js"></script>
# <style type="text/css">
#     @import url(/debug_toolbar/toolbar.min.css);
# </style>
# <div id="plDebug">
#     <div style="display:none;" id="plDebugToolbar">
#         <ul id="plDebugPanelList">
#             <li><a id="plHideToolBarButton" href="#" title="Hide Toolbar">Hide &raquo;</a></li>
#                 <li>
#                         <a href="#" title="Redis::Info" class="plDebugInfo94714767038488Panel">
#                     Redis::Info
#                     <br><small>Version: 0.1.99</small>
#                     </a>
#                 </li>
#         </ul>
#     </div>
#     <div style="display:none;" id="plDebugToolbarHandle">
#         <a title="Show Toolbar" id="plShowToolBarButton" href="#">&laquo;</a>
#     </div>
#             <div id="plDebugInfo94714767038488Panel" class="panelContent">
#                 <div class="plDebugPanelTitle">
#                     <a href="" class="plDebugClose">Close</a>
#                     <h3>Redis::Info</h3>
#                 </div>
#                 <div class="plDebugPanelContent">
#                     <div class="scroll">
#                         <table>
#     <thead>
#         <tr>
#             <th>Key</th>
#             <th>Value</th>
#         </tr>
#     </thead>
#     <tbody>
#             <tr class="plDebugOdd">
#                 <td>db0_expires</td>
#                 <td><pre>145</pre></td>
#             </tr>
#             <tr class="plDebugEven">
#                 <td>db0_keys</td>
#                 <td><pre>167</pre></td>
#             </tr>
#             <tr class="plDebugOdd">
#                 <td>db1_expires</td>
#                 <td><pre>0</pre></td>
#             </tr>
#             <tr class="plDebugEven">
#                 <td>db1_keys</td>
#                 <td><pre>75</pre></td>
#             </tr>
#             <tr class="plDebugOdd">
#                 <td>os</td>
#                 <td><pre>FreeBSD 9.0-RELEASE-p4 amd64</pre></td>
#             </tr>
#             <tr class="plDebugEven">
#                 <td>redis_version</td>
#                 <td><pre>0.1.99</pre></td>
#             </tr>
#             <tr class="plDebugOdd">
#                 <td>role</td>
#                 <td><pre>master</pre></td>
#             </tr>
#             <tr class="plDebugEven">
#                 <td>run_id</td>
#                 <td><pre>e7c2fdeb9b67f78ab5084e4c3f39c9bd789b4458</pre></td>
#             </tr>
#             <tr class="plDebugOdd">
#                 <td>uptime_in_seconds</td>
#                 <td><pre>1591647</pre></td>
#             </tr>
#             <tr class="plDebugEven">
#                 <td>used_cpu_sys</td>
#                 <td><pre>5.97</pre></td>
#             </tr>
#             <tr class="plDebugOdd">
#                 <td>used_cpu_user</td>
#                 <td><pre>7.05</pre></td>
#             </tr>
#     </tbody>
# </table>
# 
#                     </div>
#                 </div>
#             </div>
#     <div id="plDebugWindow" class="panelContent"></div>
# </div>
# </body></html>'
#     doesn't match '(?^m:<td>db1_expires</td>[.\s\n\r]*<td>0</td>)'

#   Failed test 'redis server version'
#   at t/01-panel-info.t line 48.
#                   '<html><body>OK<script src="/debug_toolbar/jquery.js"></script>
# <script src="/debug_toolbar/toolbar.min.js"></script>
# <style type="text/css">
#     @import url(/debug_toolbar/toolbar.min.css);
# </style>
# <div id="plDebug">
#     <div style="display:none;" id="plDebugToolbar">
#         <ul id="plDebugPanelList">
#             <li><a id="plHideToolBarButton" href="#" title="Hide Toolbar">Hide &raquo;</a></li>
#                 <li>
#                         <a href="#" title="Redis::Info" class="plDebugInfo94714767038488Panel">
#                     Redis::Info
#                     <br><small>Version: 0.1.99</small>
#                     </a>
#                 </li>
#         </ul>
#     </div>
#     <div style="display:none;" id="plDebugToolbarHandle">
#         <a title="Show Toolbar" id="plShowToolBarButton" href="#">&laquo;</a>
#     </div>
#             <div id="plDebugInfo94714767038488Panel" class="panelContent">
#                 <div class="plDebugPanelTitle">
#                     <a href="" class="plDebugClose">Close</a>
#                     <h3>Redis::Info</h3>
#                 </div>
#                 <div class="plDebugPanelContent">
#                     <div class="scroll">
#                         <table>
#     <thead>
#         <tr>
#             <th>Key</th>
#             <th>Value</th>
#         </tr>
#     </thead>
#     <tbody>
#             <tr class="plDebugOdd">
#                 <td>db0_expires</td>
#                 <td><pre>145</pre></td>
#             </tr>
#             <tr class="plDebugEven">
#                 <td>db0_keys</td>
#                 <td><pre>167</pre></td>
#             </tr>
#             <tr class="plDebugOdd">
#                 <td>db1_expires</td>
#                 <td><pre>0</pre></td>
#             </tr>
#             <tr class="plDebugEven">
#                 <td>db1_keys</td>
#                 <td><pre>75</pre></td>
#             </tr>
#             <tr class="plDebugOdd">
#                 <td>os</td>
#                 <td><pre>FreeBSD 9.0-RELEASE-p4 amd64</pre></td>
#             </tr>
#             <tr class="plDebugEven">
#                 <td>redis_version</td>
#                 <td><pre>0.1.99</pre></td>
#             </tr>
#             <tr class="plDebugOdd">
#                 <td>role</td>
#                 <td><pre>master</pre></td>
#             </tr>
#             <tr class="plDebugEven">
#                 <td>run_id</td>
#                 <td><pre>e7c2fdeb9b67f78ab5084e4c3f39c9bd789b4458</pre></td>
#             </tr>
#             <tr class="plDebugOdd">
#                 <td>uptime_in_seconds</td>
#                 <td><pre>1591647</pre></td>
#             </tr>
#             <tr class="plDebugEven">
#                 <td>used_cpu_sys</td>
#                 <td><pre>5.97</pre></td>
#             </tr>
#             <tr class="plDebugOdd">
#                 <td>used_cpu_user</td>
#                 <td><pre>7.05</pre></td>
#             </tr>
#     </tbody>
# </table>
# 
#                     </div>
#                 </div>
#             </div>
#     <div id="plDebugWindow" class="panelContent"></div>
# </div>
# </body></html>'
#     doesn't match '(?^m:<td>redis_version</td>[.\s\n\r]*<td>\d\.\d{1,2}\.\d{1,2}</td>)'

#   Failed test 'redis server uptime'
#   at t/01-panel-info.t line 48.
#                   '<html><body>OK<script src="/debug_toolbar/jquery.js"></script>
# <script src="/debug_toolbar/toolbar.min.js"></script>
# <style type="text/css">
#     @import url(/debug_toolbar/toolbar.min.css);
# </style>
# <div id="plDebug">
#     <div style="display:none;" id="plDebugToolbar">
#         <ul id="plDebugPanelList">
#             <li><a id="plHideToolBarButton" href="#" title="Hide Toolbar">Hide &raquo;</a></li>
#                 <li>
#                         <a href="#" title="Redis::Info" class="plDebugInfo94714767038488Panel">
#                     Redis::Info
#                     <br><small>Version: 0.1.99</small>
#                     </a>
#                 </li>
#         </ul>
#     </div>
#     <div style="display:none;" id="plDebugToolbarHandle">
#         <a title="Show Toolbar" id="plShowToolBarButton" href="#">&laquo;</a>
#     </div>
#             <div id="plDebugInfo94714767038488Panel" class="panelContent">
#                 <div class="plDebugPanelTitle">
#                     <a href="" class="plDebugClose">Close</a>
#                     <h3>Redis::Info</h3>
#                 </div>
#                 <div class="plDebugPanelContent">
#                     <div class="scroll">
#                         <table>
#     <thead>
#         <tr>
#             <th>Key</th>
#             <th>Value</th>
#         </tr>
#     </thead>
#     <tbody>
#             <tr class="plDebugOdd">
#                 <td>db0_expires</td>
#                 <td><pre>145</pre></td>
#             </tr>
#             <tr class="plDebugEven">
#                 <td>db0_keys</td>
#                 <td><pre>167</pre></td>
#             </tr>
#             <tr class="plDebugOdd">
#                 <td>db1_expires</td>
#                 <td><pre>0</pre></td>
#             </tr>
#             <tr class="plDebugEven">
#                 <td>db1_keys</td>
#                 <td><pre>75</pre></td>
#             </tr>
#             <tr class="plDebugOdd">
#                 <td>os</td>
#                 <td><pre>FreeBSD 9.0-RELEASE-p4 amd64</pre></td>
#             </tr>
#             <tr class="plDebugEven">
#                 <td>redis_version</td>
#                 <td><pre>0.1.99</pre></td>
#             </tr>
#             <tr class="plDebugOdd">
#                 <td>role</td>
#                 <td><pre>master</pre></td>
#             </tr>
#             <tr class="plDebugEven">
#                 <td>run_id</td>
#                 <td><pre>e7c2fdeb9b67f78ab5084e4c3f39c9bd789b4458</pre></td>
#             </tr>
#             <tr class="plDebugOdd">
#                 <td>uptime_in_seconds</td>
#                 <td><pre>1591647</pre></td>
#             </tr>
#             <tr class="plDebugEven">
#                 <td>used_cpu_sys</td>
#                 <td><pre>5.97</pre></td>
#             </tr>
#             <tr class="plDebugOdd">
#                 <td>used_cpu_user</td>
#                 <td><pre>7.05</pre></td>
#             </tr>
#     </tbody>
# </table>
# 
#                     </div>
#                 </div>
#             </div>
#     <div id="plDebugWindow" class="panelContent"></div>
# </div>
# </body></html>'
#     doesn't match '(?^m:<td>uptime_in_seconds</td>[.\s\n\r]*<td>1591647</td>)'

#   Failed test 'redis server role'
#   at t/01-panel-info.t line 48.
#                   '<html><body>OK<script src="/debug_toolbar/jquery.js"></script>
# <script src="/debug_toolbar/toolbar.min.js"></script>
# <style type="text/css">
#     @import url(/debug_toolbar/toolbar.min.css);
# </style>
# <div id="plDebug">
#     <div style="display:none;" id="plDebugToolbar">
#         <ul id="plDebugPanelList">
#             <li><a id="plHideToolBarButton" href="#" title="Hide Toolbar">Hide &raquo;</a></li>
#                 <li>
#                         <a href="#" title="Redis::Info" class="plDebugInfo94714767038488Panel">
#                     Redis::Info
#                     <br><small>Version: 0.1.99</small>
#                     </a>
#                 </li>
#         </ul>
#     </div>
#     <div style="display:none;" id="plDebugToolbarHandle">
#         <a title="Show Toolbar" id="plShowToolBarButton" href="#">&laquo;</a>
#     </div>
#             <div id="plDebugInfo94714767038488Panel" class="panelContent">
#                 <div class="plDebugPanelTitle">
#                     <a href="" class="plDebugClose">Close</a>
#                     <h3>Redis::Info</h3>
#                 </div>
#                 <div class="plDebugPanelContent">
#                     <div class="scroll">
#                         <table>
#     <thead>
#         <tr>
#             <th>Key</th>
#             <th>Value</th>
#         </tr>
#     </thead>
#     <tbody>
#             <tr class="plDebugOdd">
#                 <td>db0_expires</td>
#                 <td><pre>145</pre></td>
#             </tr>
#             <tr class="plDebugEven">
#                 <td>db0_keys</td>
#                 <td><pre>167</pre></td>
#             </tr>
#             <tr class="plDebugOdd">
#                 <td>db1_expires</td>
#                 <td><pre>0</pre></td>
#             </tr>
#             <tr class="plDebugEven">
#                 <td>db1_keys</td>
#                 <td><pre>75</pre></td>
#             </tr>
#             <tr class="plDebugOdd">
#                 <td>os</td>
#                 <td><pre>FreeBSD 9.0-RELEASE-p4 amd64</pre></td>
#             </tr>
#             <tr class="plDebugEven">
#                 <td>redis_version</td>
#                 <td><pre>0.1.99</pre></td>
#             </tr>
#             <tr class="plDebugOdd">
#                 <td>role</td>
#                 <td><pre>master</pre></td>
#             </tr>
#             <tr class="plDebugEven">
#                 <td>run_id</td>
#                 <td><pre>e7c2fdeb9b67f78ab5084e4c3f39c9bd789b4458</pre></td>
#             </tr>
#             <tr class="plDebugOdd">
#                 <td>uptime_in_seconds</td>
#                 <td><pre>1591647</pre></td>
#             </tr>
#             <tr class="plDebugEven">
#                 <td>used_cpu_sys</td>
#                 <td><pre>5.97</pre></td>
#             </tr>
#             <tr class="plDebugOdd">
#                 <td>used_cpu_user</td>
#                 <td><pre>7.05</pre></td>
#             </tr>
#     </tbody>
# </table>
# 
#                     </div>
#                 </div>
#             </div>
#     <div id="plDebugWindow" class="panelContent"></div>
# </div>
# </body></html>'
#     doesn't match '(?^m:<td>role</td>[.\s\n\r]*<td>master</td>)'

#   Failed test 'run under os'
#   at t/01-panel-info.t line 48.
#                   '<html><body>OK<script src="/debug_toolbar/jquery.js"></script>
# <script src="/debug_toolbar/toolbar.min.js"></script>
# <style type="text/css">
#     @import url(/debug_toolbar/toolbar.min.css);
# </style>
# <div id="plDebug">
#     <div style="display:none;" id="plDebugToolbar">
#         <ul id="plDebugPanelList">
#             <li><a id="plHideToolBarButton" href="#" title="Hide Toolbar">Hide &raquo;</a></li>
#                 <li>
#                         <a href="#" title="Redis::Info" class="plDebugInfo94714767038488Panel">
#                     Redis::Info
#                     <br><small>Version: 0.1.99</small>
#                     </a>
#                 </li>
#         </ul>
#     </div>
#     <div style="display:none;" id="plDebugToolbarHandle">
#         <a title="Show Toolbar" id="plShowToolBarButton" href="#">&laquo;</a>
#     </div>
#             <div id="plDebugInfo94714767038488Panel" class="panelContent">
#                 <div class="plDebugPanelTitle">
#                     <a href="" class="plDebugClose">Close</a>
#                     <h3>Redis::Info</h3>
#                 </div>
#                 <div class="plDebugPanelContent">
#                     <div class="scroll">
#                         <table>
#     <thead>
#         <tr>
#             <th>Key</th>
#             <th>Value</th>
#         </tr>
#     </thead>
#     <tbody>
#             <tr class="plDebugOdd">
#                 <td>db0_expires</td>
#                 <td><pre>145</pre></td>
#             </tr>
#             <tr class="plDebugEven">
#                 <td>db0_keys</td>
#                 <td><pre>167</pre></td>
#             </tr>
#             <tr class="plDebugOdd">
#                 <td>db1_expires</td>
#                 <td><pre>0</pre></td>
#             </tr>
#             <tr class="plDebugEven">
#                 <td>db1_keys</td>
#                 <td><pre>75</pre></td>
#             </tr>
#             <tr class="plDebugOdd">
#                 <td>os</td>
#                 <td><pre>FreeBSD 9.0-RELEASE-p4 amd64</pre></td>
#             </tr>
#             <tr class="plDebugEven">
#                 <td>redis_version</td>
#                 <td><pre>0.1.99</pre></td>
#             </tr>
#             <tr class="plDebugOdd">
#                 <td>role</td>
#                 <td><pre>master</pre></td>
#             </tr>
#             <tr class="plDebugEven">
#                 <td>run_id</td>
#                 <td><pre>e7c2fdeb9b67f78ab5084e4c3f39c9bd789b4458</pre></td>
#             </tr>
#             <tr class="plDebugOdd">
#                 <td>uptime_in_seconds</td>
#                 <td><pre>1591647</pre></td>
#             </tr>
#             <tr class="plDebugEven">
#                 <td>used_cpu_sys</td>
#                 <td><pre>5.97</pre></td>
#             </tr>
#             <tr class="plDebugOdd">
#                 <td>used_cpu_user</td>
#                 <td><pre>7.05</pre></td>
#             </tr>
#     </tbody>
# </table>
# 
#                     </div>
#                 </div>
#             </div>
#     <div id="plDebugWindow" class="panelContent"></div>
# </div>
# </body></html>'
#     doesn't match '(?^m:<td>os</td>[.\s\n\r]*<td>Free.*\d\.\d-.*</td>)'

#   Failed test 'match run_id'
#   at t/01-panel-info.t line 48.
#                   '<html><body>OK<script src="/debug_toolbar/jquery.js"></script>
# <script src="/debug_toolbar/toolbar.min.js"></script>
# <style type="text/css">
#     @import url(/debug_toolbar/toolbar.min.css);
# </style>
# <div id="plDebug">
#     <div style="display:none;" id="plDebugToolbar">
#         <ul id="plDebugPanelList">
#             <li><a id="plHideToolBarButton" href="#" title="Hide Toolbar">Hide &raquo;</a></li>
#                 <li>
#                         <a href="#" title="Redis::Info" class="plDebugInfo94714767038488Panel">
#                     Redis::Info
#                     <br><small>Version: 0.1.99</small>
#                     </a>
#                 </li>
#         </ul>
#     </div>
#     <div style="display:none;" id="plDebugToolbarHandle">
#         <a title="Show Toolbar" id="plShowToolBarButton" href="#">&laquo;</a>
#     </div>
#             <div id="plDebugInfo94714767038488Panel" class="panelContent">
#                 <div class="plDebugPanelTitle">
#                     <a href="" class="plDebugClose">Close</a>
#                     <h3>Redis::Info</h3>
#                 </div>
#                 <div class="plDebugPanelContent">
#                     <div class="scroll">
#                         <table>
#     <thead>
#         <tr>
#             <th>Key</th>
#             <th>Value</th>
#         </tr>
#     </thead>
#     <tbody>
#             <tr class="plDebugOdd">
#                 <td>db0_expires</td>
#                 <td><pre>145</pre></td>
#             </tr>
#             <tr class="plDebugEven">
#                 <td>db0_keys</td>
#                 <td><pre>167</pre></td>
#             </tr>
#             <tr class="plDebugOdd">
#                 <td>db1_expires</td>
#                 <td><pre>0</pre></td>
#             </tr>
#             <tr class="plDebugEven">
#                 <td>db1_keys</td>
#                 <td><pre>75</pre></td>
#             </tr>
#             <tr class="plDebugOdd">
#                 <td>os</td>
#                 <td><pre>FreeBSD 9.0-RELEASE-p4 amd64</pre></td>
#             </tr>
#             <tr class="plDebugEven">
#                 <td>redis_version</td>
#                 <td><pre>0.1.99</pre></td>
#             </tr>
#             <tr class="plDebugOdd">
#                 <td>role</td>
#                 <td><pre>master</pre></td>
#             </tr>
#             <tr class="plDebugEven">
#                 <td>run_id</td>
#                 <td><pre>e7c2fdeb9b67f78ab5084e4c3f39c9bd789b4458</pre></td>
#             </tr>
#             <tr class="plDebugOdd">
#                 <td>uptime_in_seconds</td>
#                 <td><pre>1591647</pre></td>
#             </tr>
#             <tr class="plDebugEven">
#                 <td>used_cpu_sys</td>
#                 <td><pre>5.97</pre></td>
#             </tr>
#             <tr class="plDebugOdd">
#                 <td>used_cpu_user</td>
#                 <td><pre>7.05</pre></td>
#             </tr>
#     </tbody>
# </table>
# 
#                     </div>
#                 </div>
#             </div>
#     <div id="plDebugWindow" class="panelContent"></div>
# </div>
# </body></html>'
#     doesn't match '(?^m:<td>run_id</td>[.\s\n\r]*<td>[a-f0-9]{40}</td>)'

#   Failed test 'match sys cpu usage'
#   at t/01-panel-info.t line 48.
#                   '<html><body>OK<script src="/debug_toolbar/jquery.js"></script>
# <script src="/debug_toolbar/toolbar.min.js"></script>
# <style type="text/css">
#     @import url(/debug_toolbar/toolbar.min.css);
# </style>
# <div id="plDebug">
#     <div style="display:none;" id="plDebugToolbar">
#         <ul id="plDebugPanelList">
#             <li><a id="plHideToolBarButton" href="#" title="Hide Toolbar">Hide &raquo;</a></li>
#                 <li>
#                         <a href="#" title="Redis::Info" class="plDebugInfo94714767038488Panel">
#                     Redis::Info
#                     <br><small>Version: 0.1.99</small>
#                     </a>
#                 </li>
#         </ul>
#     </div>
#     <div style="display:none;" id="plDebugToolbarHandle">
#         <a title="Show Toolbar" id="plShowToolBarButton" href="#">&laquo;</a>
#     </div>
#             <div id="plDebugInfo94714767038488Panel" class="panelContent">
#                 <div class="plDebugPanelTitle">
#                     <a href="" class="plDebugClose">Close</a>
#                     <h3>Redis::Info</h3>
#                 </div>
#                 <div class="plDebugPanelContent">
#                     <div class="scroll">
#                         <table>
#     <thead>
#         <tr>
#             <th>Key</th>
#             <th>Value</th>
#         </tr>
#     </thead>
#     <tbody>
#             <tr class="plDebugOdd">
#                 <td>db0_expires</td>
#                 <td><pre>145</pre></td>
#             </tr>
#             <tr class="plDebugEven">
#                 <td>db0_keys</td>
#                 <td><pre>167</pre></td>
#             </tr>
#             <tr class="plDebugOdd">
#                 <td>db1_expires</td>
#                 <td><pre>0</pre></td>
#             </tr>
#             <tr class="plDebugEven">
#                 <td>db1_keys</td>
#                 <td><pre>75</pre></td>
#             </tr>
#             <tr class="plDebugOdd">
#                 <td>os</td>
#                 <td><pre>FreeBSD 9.0-RELEASE-p4 amd64</pre></td>
#             </tr>
#             <tr class="plDebugEven">
#                 <td>redis_version</td>
#                 <td><pre>0.1.99</pre></td>
#             </tr>
#             <tr class="plDebugOdd">
#                 <td>role</td>
#                 <td><pre>master</pre></td>
#             </tr>
#             <tr class="plDebugEven">
#                 <td>run_id</td>
#                 <td><pre>e7c2fdeb9b67f78ab5084e4c3f39c9bd789b4458</pre></td>
#             </tr>
#             <tr class="plDebugOdd">
#                 <td>uptime_in_seconds</td>
#                 <td><pre>1591647</pre></td>
#             </tr>
#             <tr class="plDebugEven">
#                 <td>used_cpu_sys</td>
#                 <td><pre>5.97</pre></td>
#             </tr>
#             <tr class="plDebugOdd">
#                 <td>used_cpu_user</td>
#                 <td><pre>7.05</pre></td>
#             </tr>
#     </tbody>
# </table>
# 
#                     </div>
#                 </div>
#             </div>
#     <div id="plDebugWindow" class="panelContent"></div>
# </div>
# </body></html>'
#     doesn't match '(?^m:<td>used_cpu_sys</td>[.\s\n\r]*<td>\d\.\d{2}</td>)'

#   Failed test 'match user cpu usage'
#   at t/01-panel-info.t line 48.
#                   '<html><body>OK<script src="/debug_toolbar/jquery.js"></script>
# <script src="/debug_toolbar/toolbar.min.js"></script>
# <style type="text/css">
#     @import url(/debug_toolbar/toolbar.min.css);
# </style>
# <div id="plDebug">
#     <div style="display:none;" id="plDebugToolbar">
#         <ul id="plDebugPanelList">
#             <li><a id="plHideToolBarButton" href="#" title="Hide Toolbar">Hide &raquo;</a></li>
#                 <li>
#                         <a href="#" title="Redis::Info" class="plDebugInfo94714767038488Panel">
#                     Redis::Info
#                     <br><small>Version: 0.1.99</small>
#                     </a>
#                 </li>
#         </ul>
#     </div>
#     <div style="display:none;" id="plDebugToolbarHandle">
#         <a title="Show Toolbar" id="plShowToolBarButton" href="#">&laquo;</a>
#     </div>
#             <div id="plDebugInfo94714767038488Panel" class="panelContent">
#                 <div class="plDebugPanelTitle">
#                     <a href="" class="plDebugClose">Close</a>
#                     <h3>Redis::Info</h3>
#                 </div>
#                 <div class="plDebugPanelContent">
#                     <div class="scroll">
#                         <table>
#     <thead>
#         <tr>
#             <th>Key</th>
#             <th>Value</th>
#         </tr>
#     </thead>
#     <tbody>
#             <tr class="plDebugOdd">
#                 <td>db0_expires</td>
#                 <td><pre>145</pre></td>
#             </tr>
#             <tr class="plDebugEven">
#                 <td>db0_keys</td>
#                 <td><pre>167</pre></td>
#             </tr>
#             <tr class="plDebugOdd">
#                 <td>db1_expires</td>
#                 <td><pre>0</pre></td>
#             </tr>
#             <tr class="plDebugEven">
#                 <td>db1_keys</td>
#                 <td><pre>75</pre></td>
#             </tr>
#             <tr class="plDebugOdd">
#                 <td>os</td>
#                 <td><pre>FreeBSD 9.0-RELEASE-p4 amd64</pre></td>
#             </tr>
#             <tr class="plDebugEven">
#                 <td>redis_version</td>
#                 <td><pre>0.1.99</pre></td>
#             </tr>
#             <tr class="plDebugOdd">
#                 <td>role</td>
#                 <td><pre>master</pre></td>
#             </tr>
#             <tr class="plDebugEven">
#                 <td>run_id</td>
#                 <td><pre>e7c2fdeb9b67f78ab5084e4c3f39c9bd789b4458</pre></td>
#             </tr>
#             <tr class="plDebugOdd">
#                 <td>uptime_in_seconds</td>
#                 <td><pre>1591647</pre></td>
#             </tr>
#             <tr class="plDebugEven">
#                 <td>used_cpu_sys</td>
#                 <td><pre>5.97</pre></td>
#             </tr>
#             <tr class="plDebugOdd">
#                 <td>used_cpu_user</td>
#                 <td><pre>7.05</pre></td>
#             </tr>
#     </tbody>
# </table>
# 
#                     </div>
#                 </div>
#             </div>
#     <div id="plDebugWindow" class="panelContent"></div>
# </div>
# </body></html>'
#     doesn't match '(?^m:<td>used_cpu_user</td>[.\s\n\r]*<td>\d\.\d{2}</td>)'
# Looks like you failed 11 tests of 14.
t/01-panel-info.t ......... 
Dubious, test returned 11 (wstat 2816, 0xb00)
Failed 11/14 subtests 

#   Failed test 'string key found'
#   at t/02-panel-keys.t line 42.
#                   '<html><body>OK<script src="/debug_toolbar/jquery.js"></script>
# <script src="/debug_toolbar/toolbar.min.js"></script>
# <style type="text/css">
#     @import url(/debug_toolbar/toolbar.min.css);
# </style>
# <div id="plDebug">
#     <div style="display:none;" id="plDebugToolbar">
#         <ul id="plDebugPanelList">
#             <li><a id="plHideToolBarButton" href="#" title="Hide Toolbar">Hide &raquo;</a></li>
#                 <li>
#                         <a href="#" title="Redis::Keys" class="plDebugKeys94273063312064Panel">
#                     Redis::Keys
#                     <br><small>DB #0 (5)</small>
#                     </a>
#                 </li>
#         </ul>
#     </div>
#     <div style="display:none;" id="plDebugToolbarHandle">
#         <a title="Show Toolbar" id="plShowToolBarButton" href="#">&laquo;</a>
#     </div>
#             <div id="plDebugKeys94273063312064Panel" class="panelContent">
#                 <div class="plDebugPanelTitle">
#                     <a href="" class="plDebugClose">Close</a>
#                     <h3>Redis::Keys</h3>
#                 </div>
#                 <div class="plDebugPanelContent">
#                     <div class="scroll">
#                         <table>
#     <thead>
#         <tr>
#             <th>Key</th>
#             <th>Value</th>
#         </tr>
#     </thead>
#     <tbody>
#             <tr class="plDebugOdd">
#                 <td>coy:knows:pseudonoise:codes</td>
#                 <td><pre>STRING (9000)</pre></td>
#             </tr>
#             <tr class="plDebugEven">
#                 <td>eleven:benevolent:elephants</td>
#                 <td><pre>HASH (17)</pre></td>
#             </tr>
#             <tr class="plDebugOdd">
#                 <td>six:slimy:snails:sailed:silently</td>
#                 <td><pre>LIST (35)</pre></td>
#             </tr>
#             <tr class="plDebugEven">
#                 <td>tie:twine:to:three:tree:twigs</td>
#                 <td><pre>ZSET (66)</pre></td>
#             </tr>
#             <tr class="plDebugOdd">
#                 <td>two:tried:and:true:tridents</td>
#                 <td><pre>SET (101)</pre></td>
#             </tr>
#     </tbody>
# </table>
# 
#                     </div>
#                 </div>
#             </div>
#     <div id="plDebugWindow" class="panelContent"></div>
# </div>
# </body></html>'
#     doesn't match '(?^m:<td>coy:.*</td>[.\s\n\r]*<td>STRING \(9000\)</td>)'

#   Failed test 'list key found'
#   at t/02-panel-keys.t line 42.
#                   '<html><body>OK<script src="/debug_toolbar/jquery.js"></script>
# <script src="/debug_toolbar/toolbar.min.js"></script>
# <style type="text/css">
#     @import url(/debug_toolbar/toolbar.min.css);
# </style>
# <div id="plDebug">
#     <div style="display:none;" id="plDebugToolbar">
#         <ul id="plDebugPanelList">
#             <li><a id="plHideToolBarButton" href="#" title="Hide Toolbar">Hide &raquo;</a></li>
#                 <li>
#                         <a href="#" title="Redis::Keys" class="plDebugKeys94273063312064Panel">
#                     Redis::Keys
#                     <br><small>DB #0 (5)</small>
#                     </a>
#                 </li>
#         </ul>
#     </div>
#     <div style="display:none;" id="plDebugToolbarHandle">
#         <a title="Show Toolbar" id="plShowToolBarButton" href="#">&laquo;</a>
#     </div>
#             <div id="plDebugKeys94273063312064Panel" class="panelContent">
#                 <div class="plDebugPanelTitle">
#                     <a href="" class="plDebugClose">Close</a>
#                     <h3>Redis::Keys</h3>
#                 </div>
#                 <div class="plDebugPanelContent">
#                     <div class="scroll">
#                         <table>
#     <thead>
#         <tr>
#             <th>Key</th>
#             <th>Value</th>
#         </tr>
#     </thead>
#     <tbody>
#             <tr class="plDebugOdd">
#                 <td>coy:knows:pseudonoise:codes</td>
#                 <td><pre>STRING (9000)</pre></td>
#             </tr>
#             <tr class="plDebugEven">
#                 <td>eleven:benevolent:elephants</td>
#                 <td><pre>HASH (17)</pre></td>
#             </tr>
#             <tr class="plDebugOdd">
#                 <td>six:slimy:snails:sailed:silently</td>
#                 <td><pre>LIST (35)</pre></td>
#             </tr>
#             <tr class="plDebugEven">
#                 <td>tie:twine:to:three:tree:twigs</td>
#                 <td><pre>ZSET (66)</pre></td>
#             </tr>
#             <tr class="plDebugOdd">
#                 <td>two:tried:and:true:tridents</td>
#                 <td><pre>SET (101)</pre></td>
#             </tr>
#     </tbody>
# </table>
# 
#                     </div>
#                 </div>
#             </div>
#     <div id="plDebugWindow" class="panelContent"></div>
# </div>
# </body></html>'
#     doesn't match '(?^m:<td>six:.*</td>[.\s\n\r]*<td>LIST \(35\)</td>)'

#   Failed test 'hash key found'
#   at t/02-panel-keys.t line 42.
#                   '<html><body>OK<script src="/debug_toolbar/jquery.js"></script>
# <script src="/debug_toolbar/toolbar.min.js"></script>
# <style type="text/css">
#     @import url(/debug_toolbar/toolbar.min.css);
# </style>
# <div id="plDebug">
#     <div style="display:none;" id="plDebugToolbar">
#         <ul id="plDebugPanelList">
#             <li><a id="plHideToolBarButton" href="#" title="Hide Toolbar">Hide &raquo;</a></li>
#                 <li>
#                         <a href="#" title="Redis::Keys" class="plDebugKeys94273063312064Panel">
#                     Redis::Keys
#                     <br><small>DB #0 (5)</small>
#                     </a>
#                 </li>
#         </ul>
#     </div>
#     <div style="display:none;" id="plDebugToolbarHandle">
#         <a title="Show Toolbar" id="plShowToolBarButton" href="#">&laquo;</a>
#     </div>
#             <div id="plDebugKeys94273063312064Panel" class="panelContent">
#                 <div class="plDebugPanelTitle">
#                     <a href="" class="plDebugClose">Close</a>
#                     <h3>Redis::Keys</h3>
#                 </div>
#                 <div class="plDebugPanelContent">
#                     <div class="scroll">
#                         <table>
#     <thead>
#         <tr>
#             <th>Key</th>
#             <th>Value</th>
#         </tr>
#     </thead>
#     <tbody>
#             <tr class="plDebugOdd">
#                 <td>coy:knows:pseudonoise:codes</td>
#                 <td><pre>STRING (9000)</pre></td>
#             </tr>
#             <tr class="plDebugEven">
#                 <td>eleven:benevolent:elephants</td>
#                 <td><pre>HASH (17)</pre></td>
#             </tr>
#             <tr class="plDebugOdd">
#                 <td>six:slimy:snails:sailed:silently</td>
#                 <td><pre>LIST (35)</pre></td>
#             </tr>
#             <tr class="plDebugEven">
#                 <td>tie:twine:to:three:tree:twigs</td>
#                 <td><pre>ZSET (66)</pre></td>
#             </tr>
#             <tr class="plDebugOdd">
#                 <td>two:tried:and:true:tridents</td>
#                 <td><pre>SET (101)</pre></td>
#             </tr>
#     </tbody>
# </table>
# 
#                     </div>
#                 </div>
#             </div>
#     <div id="plDebugWindow" class="panelContent"></div>
# </div>
# </body></html>'
#     doesn't match '(?^m:<td>eleven:.*</td>[.\s\n\r]*<td>HASH \(17\)</td>)'

#   Failed test 'set key found'
#   at t/02-panel-keys.t line 42.
#                   '<html><body>OK<script src="/debug_toolbar/jquery.js"></script>
# <script src="/debug_toolbar/toolbar.min.js"></script>
# <style type="text/css">
#     @import url(/debug_toolbar/toolbar.min.css);
# </style>
# <div id="plDebug">
#     <div style="display:none;" id="plDebugToolbar">
#         <ul id="plDebugPanelList">
#             <li><a id="plHideToolBarButton" href="#" title="Hide Toolbar">Hide &raquo;</a></li>
#                 <li>
#                         <a href="#" title="Redis::Keys" class="plDebugKeys94273063312064Panel">
#                     Redis::Keys
#                     <br><small>DB #0 (5)</small>
#                     </a>
#                 </li>
#         </ul>
#     </div>
#     <div style="display:none;" id="plDebugToolbarHandle">
#         <a title="Show Toolbar" id="plShowToolBarButton" href="#">&laquo;</a>
#     </div>
#             <div id="plDebugKeys94273063312064Panel" class="panelContent">
#                 <div class="plDebugPanelTitle">
#                     <a href="" class="plDebugClose">Close</a>
#                     <h3>Redis::Keys</h3>
#                 </div>
#                 <div class="plDebugPanelContent">
#                     <div class="scroll">
#                         <table>
#     <thead>
#         <tr>
#             <th>Key</th>
#             <th>Value</th>
#         </tr>
#     </thead>
#     <tbody>
#             <tr class="plDebugOdd">
#                 <td>coy:knows:pseudonoise:codes</td>
#                 <td><pre>STRING (9000)</pre></td>
#             </tr>
#             <tr class="plDebugEven">
#                 <td>eleven:benevolent:elephants</td>
#                 <td><pre>HASH (17)</pre></td>
#             </tr>
#             <tr class="plDebugOdd">
#                 <td>six:slimy:snails:sailed:silently</td>
#                 <td><pre>LIST (35)</pre></td>
#             </tr>
#             <tr class="plDebugEven">
#                 <td>tie:twine:to:three:tree:twigs</td>
#                 <td><pre>ZSET (66)</pre></td>
#             </tr>
#             <tr class="plDebugOdd">
#                 <td>two:tried:and:true:tridents</td>
#                 <td><pre>SET (101)</pre></td>
#             </tr>
#     </tbody>
# </table>
# 
#                     </div>
#                 </div>
#             </div>
#     <div id="plDebugWindow" class="panelContent"></div>
# </div>
# </body></html>'
#     doesn't match '(?^m:<td>two:.*</td>[.\s\n\r]*<td>SET \(101\)</td>)'

#   Failed test 'zset key found'
#   at t/02-panel-keys.t line 42.
#                   '<html><body>OK<script src="/debug_toolbar/jquery.js"></script>
# <script src="/debug_toolbar/toolbar.min.js"></script>
# <style type="text/css">
#     @import url(/debug_toolbar/toolbar.min.css);
# </style>
# <div id="plDebug">
#     <div style="display:none;" id="plDebugToolbar">
#         <ul id="plDebugPanelList">
#             <li><a id="plHideToolBarButton" href="#" title="Hide Toolbar">Hide &raquo;</a></li>
#                 <li>
#                         <a href="#" title="Redis::Keys" class="plDebugKeys94273063312064Panel">
#                     Redis::Keys
#                     <br><small>DB #0 (5)</small>
#                     </a>
#                 </li>
#         </ul>
#     </div>
#     <div style="display:none;" id="plDebugToolbarHandle">
#         <a title="Show Toolbar" id="plShowToolBarButton" href="#">&laquo;</a>
#     </div>
#             <div id="plDebugKeys94273063312064Panel" class="panelContent">
#                 <div class="plDebugPanelTitle">
#                     <a href="" class="plDebugClose">Close</a>
#                     <h3>Redis::Keys</h3>
#                 </div>
#                 <div class="plDebugPanelContent">
#                     <div class="scroll">
#                         <table>
#     <thead>
#         <tr>
#             <th>Key</th>
#             <th>Value</th>
#         </tr>
#     </thead>
#     <tbody>
#             <tr class="plDebugOdd">
#                 <td>coy:knows:pseudonoise:codes</td>
#                 <td><pre>STRING (9000)</pre></td>
#             </tr>
#             <tr class="plDebugEven">
#                 <td>eleven:benevolent:elephants</td>
#                 <td><pre>HASH (17)</pre></td>
#             </tr>
#             <tr class="plDebugOdd">
#                 <td>six:slimy:snails:sailed:silently</td>
#                 <td><pre>LIST (35)</pre></td>
#             </tr>
#             <tr class="plDebugEven">
#                 <td>tie:twine:to:three:tree:twigs</td>
#                 <td><pre>ZSET (66)</pre></td>
#             </tr>
#             <tr class="plDebugOdd">
#                 <td>two:tried:and:true:tridents</td>
#                 <td><pre>SET (101)</pre></td>
#             </tr>
#     </tbody>
# </table>
# 
#                     </div>
#                 </div>
#             </div>
#     <div id="plDebugWindow" class="panelContent"></div>
# </div>
# </body></html>'
#     doesn't match '(?^m:<td>tie:.*</td>[.\s\n\r]*<td>ZSET \(66\)</td>)'
# Looks like you failed 5 tests of 8.
t/02-panel-keys.t ......... 
Dubious, test returned 5 (wstat 1280, 0x500)
Failed 5/8 subtests 
t/release-distmeta.t ...... skipped: these tests are for release candidate testing
t/release-kwalitee.t ...... skipped: these tests are for release candidate testing
t/release-pod-coverage.t .. skipped: these tests are for release candidate testing
t/release-pod-syntax.t .... skipped: these tests are for release candidate testing
t/release-test-version.t .. skipped: these tests are for release candidate testing

Test Summary Report
-------------------
t/01-panel-info.t       (Wstat: 2816 (exited 11) Tests: 14 Failed: 11)
  Failed tests:  4-14
  Non-zero exit status: 11
t/02-panel-keys.t       (Wstat: 1280 (exited 5) Tests: 8 Failed: 5)
  Failed tests:  4-8
  Non-zero exit status: 5
Files=8, Tests=25,  1 wallclock secs ( 0.05 usr  0.00 sys +  0.96 cusr  0.27 csys =  1.28 CPU)
Result: FAIL
Failed 2/8 test programs. 16/25 subtests failed.
make: *** [Makefile:873: test_dynamic] Error 255

------------------------------
PREREQUISITES
------------------------------

Prerequisite modules loaded:

requires:

    Module                   Need   Have      
    ------------------------ ------ ----------
    Carp                     0      1.54      
    parent                   0      0.241     
    Plack                    0.9979 1.0050    
    Plack::Middleware::Debug 0      0.18      
    Redis                    1.955  2.000     
    strict                   0      1.12      
    warnings                 0      1.64      

build_requires:

    Module                   Need   Have      
    ------------------------ ------ ----------
    HTTP::Message            0      6.44      
    Plack                    0.9979 1.0050    
    Test::MockObject         0      1.20200122
    Test::More               0.98   1.302195  
    Test::Pod                1.22   1.52      

configure_requires:

    Module                   Need   Have      
    ------------------------ ------ ----------
    ExtUtils::MakeMaker      6.30   7.70      


------------------------------
ENVIRONMENT AND OTHER CONTEXT
------------------------------

Environment variables:

    AUTOMATED_TESTING = 1
    LANG = en_US.UTF-8
    PATH = /home/sand/bin:/usr/local/bin:/usr/local/sbin:/usr/sbin:/usr/bin:/sbin:/bin:/usr/games:/usr/local/games:/snap/bin:/usr/local/perl/bin:/usr/X11/bin
    PERL = /tmp/basesmoker-reloperl-s0XO/bin/perl
    PERL5LIB = /tmp/loop_over_bdir-2450-bXucDn/Net-ISP-Balance-1.31-0/blib/arch:/tmp/loop_over_bdir-2450-bXucDn/Net-ISP-Balance-1.31-0/blib/lib:/tmp/loop_over_bdir-2450-bXucDn/App-rmcd-0.280-0/blib/arch:/tmp/loop_over_bdir-2450-bXucDn/App-rmcd-0.280-0/blib/lib:/tmp/loop_over_bdir-2450-bXucDn/Device-Kiln-0.03-0/blib/arch:/tmp/loop_over_bdir-2450-bXucDn/Device-Kiln-0.03-0/blib/lib:/tmp/loop_over_bdir-2450-bXucDn/AllKnowingDNS-1.7-0/blib/arch:/tmp/loop_over_bdir-2450-bXucDn/AllKnowingDNS-1.7-0/blib/lib:/tmp/loop_over_bdir-2450-bXucDn/Lingua-BioYaTeA-0.11-0/blib/arch:/tmp/loop_over_bdir-2450-bXucDn/Lingua-BioYaTeA-0.11-0/blib/lib:/tmp/loop_over_bdir-2450-bXucDn/Lingua-YaTeA-0.626-0/blib/arch:/tmp/loop_over_bdir-2450-bXucDn/Lingua-YaTeA-0.626-0/blib/lib:/tmp/loop_over_bdir-2450-bXucDn/perl-Hardware-UPS-Perl-0.43-0/blib/arch:/tmp/loop_over_bdir-2450-bXucDn/perl-Hardware-UPS-Perl-0.43-0/blib/lib:/tmp/loop_over_bdir-2450-bXucDn/downsexta-0/blib/arch:/tmp/loop_over_bdir-2450-bXucDn/downsexta-0/blib/lib:/tmp/loop_over_bdir-2450-bXucDn/LCFG-Build-Tools-0.9.30-0/blib/arch:/tmp/loop_over_bdir-2450-bXucDn/LCFG-Build-Tools-0.9.30-0/blib/lib:/tmp/loop_over_bdir-2450-bXucDn/Lemonldap-NG-Cli-0.2-0/blib/arch:/tmp/loop_over_bdir-2450-bXucDn/Lemonldap-NG-Cli-0.2-0/blib/lib:/tmp/loop_over_bdir-2450-bXucDn/Captive-Portal-4.10-0/blib/arch:/tmp/loop_over_bdir-2450-bXucDn/Captive-Portal-4.10-0/blib/lib:/tmp/loop_over_bdir-2450-bXucDn/Business-Shipping-DataFiles-1.02-0/blib/arch:/tmp/loop_over_bdir-2450-bXucDn/Business-Shipping-DataFiles-1.02-0/blib/lib:/tmp/loop_over_bdir-2450-bXucDn/CGI-Application-NetNewsIface-0.0204-0/blib/arch:/tmp/loop_over_bdir-2450-bXucDn/CGI-Application-NetNewsIface-0.0204-0/blib/lib:/tmp/loop_over_bdir-2450-bXucDn/ProjectBuilder-0.14.1-0/blib/arch:/tmp/loop_over_bdir-2450-bXucDn/ProjectBuilder-0.14.1-0/blib/lib:/tmp/loop_over_bdir-2450-bXucDn/js-app-0.13-0/blib/arch:/tmp/loop_over_bdir-2450-bXucDn/js-app-0.13-0/blib/lib:/tmp/loop_over_bdir-2450-bXucDn/Devel-Required-0.16-0/blib/arch:/tmp/loop_over_bdir-2450-bXucDn/Devel-Required-0.16-0/blib/lib:/tmp/loop_over_bdir-2450-bXucDn/EJBCA-CrlPublish-0.60-0/blib/arch:/tmp/loop_over_bdir-2450-bXucDn/EJBCA-CrlPublish-0.60-0/blib/lib:/tmp/loop_over_bdir-2450-bXucDn/DBIx-Migration-Directories-0.12-0/blib/arch:/tmp/loop_over_bdir-2450-bXucDn/DBIx-Migration-Directories-0.12-0/blib/lib:/tmp/loop_over_bdir-2450-bXucDn/dta-tokwrap-0.98-0/blib/arch:/tmp/loop_over_bdir-2450-bXucDn/dta-tokwrap-0.98-0/blib/lib:/tmp/loop_over_bdir-2450-bXucDn/mmds-1.902-0/blib/arch:/tmp/loop_over_bdir-2450-bXucDn/mmds-1.902-0/blib/lib:/tmp/loop_over_bdir-2450-bXucDn/CORBA-Python-2.66-0/blib/arch:/tmp/loop_over_bdir-2450-bXucDn/CORBA-Python-2.66-0/blib/lib:/tmp/loop_over_bdir-2450-bXucDn/shishi-0.0.1-0/blib/arch:/tmp/loop_over_bdir-2450-bXucDn/shishi-0.0.1-0/blib/lib:/tmp/loop_over_bdir-2450-bXucDn/Dpkg-1.21.19-0/blib/arch:/tmp/loop_over_bdir-2450-bXucDn/Dpkg-1.21.19-0/blib/lib
    PERL5OPT = 
    PERL5_CPANPLUS_IS_RUNNING = 2470
    PERL5_CPAN_IS_RUNNING = 2470
    PERL_CANARY_STABILITY_NOPROMPT = 1
    PERL_MM_USE_DEFAULT = 1
    PERL_USE_UNSAFE_INC = 1
    SHELL = /usr/bin/zsh
    TERM = screen

Perl special variables (and OS-specific diagnostics, for MSWin32):

    $^X = /tmp/basesmoker-reloperl-s0XO/bin/perl
    $UID/$EUID = 1005 / 1005
    $GID = 1005 1005
    $EGID = 1005 1005

Perl module toolchain versions installed:

    Module              Have    
    ------------------- --------
    CPAN                2.35    
    CPAN::Meta          2.150010
    Cwd                 3.89    
    ExtUtils::CBuilder  0.280238
    ExtUtils::Command   7.70    
    ExtUtils::Install   2.22    
    ExtUtils::MakeMaker 7.70    
    ExtUtils::Manifest  1.75    
    ExtUtils::ParseXS   3.50    
    File::Spec          3.88    
    JSON                4.10    
    JSON::PP            4.16    
    Module::Build       0.4234  
    Module::Signature   0.88    
    Parse::CPAN::Meta   2.150010
    Test2               1.302195
    Test::Harness       3.44    
    Test::More          1.302195
    YAML                1.30    
    YAML::Syck          1.34    
    version             0.9929  


--

Summary of my perl5 (revision 5 version 37 subversion 11) configuration:
  Commit id: f94aafcf7b0649f7058ce2679b1be428d0b1bca8
  Platform:
    osname=linux
    osvers=5.4.0-148-generic
    archname=x86_64-linux
    uname='linux k93focal 5.4.0-148-generic #165-ubuntu smp tue apr 18 08:53:12 utc 2023 x86_64 x86_64 x86_64 gnulinux '
    config_args='-Dprefix=/home/sand/src/perl/repoperls/installed-perls/host/k93focal/v5.37.11/b254 -Dmyhostname=k93focal -Dinstallusrbinperl=n -Uversiononly -Dusedevel -des -Ui_db -Dlibswanted=cl pthread socket inet nsl gdbm dbm malloc dl ld sun m crypt sec util c cposix posix ucb BSD gdbm_compat -Uuseithreads -Uuselongdouble -DEBUGGING=both'
    hint=recommended
    useposix=true
    d_sigaction=define
    useithreads=undef
    usemultiplicity=undef
    use64bitint=define
    use64bitall=define
    uselongdouble=undef
    usemymalloc=n
    default_inc_excludes_dot=define
  Compiler:
    cc='cc'
    ccflags ='-fwrapv -DDEBUGGING -fno-strict-aliasing -pipe -fstack-protector-strong -I/usr/local/include -D_LARGEFILE_SOURCE -D_FILE_OFFSET_BITS=64'
    optimize='-O2 -g'
    cppflags='-fwrapv -DDEBUGGING -fno-strict-aliasing -pipe -fstack-protector-strong -I/usr/local/include'
    ccversion=''
    gccversion='9.4.0'
    gccosandvers=''
    intsize=4
    longsize=8
    ptrsize=8
    doublesize=8
    byteorder=12345678
    doublekind=3
    d_longlong=define
    longlongsize=8
    d_longdbl=define
    longdblsize=16
    longdblkind=3
    ivtype='long'
    ivsize=8
    nvtype='double'
    nvsize=8
    Off_t='off_t'
    lseeksize=8
    alignbytes=8
    prototype=define
  Linker and Libraries:
    ld='cc'
    ldflags =' -fstack-protector-strong -L/usr/local/lib'
    libpth=/usr/local/lib /usr/lib/x86_64-linux-gnu /usr/lib /usr/lib64
    libs=-lpthread -lnsl -ldl -lm -lcrypt -lutil -lc
    perllibs=-lpthread -lnsl -ldl -lm -lcrypt -lutil -lc
    libc=libc-2.31.so
    so=so
    useshrplib=false
    libperl=libperl.a
    gnulibc_version='2.31'
  Dynamic Linking:
    dlsrc=dl_dlopen.xs
    dlext=so
    d_dlsymun=undef
    ccdlflags='-Wl,-E'
    cccdlflags='-fPIC'
    lddlflags='-shared -O2 -g -L/usr/local/lib -fstack-protector-strong'


Characteristics of this binary (from libperl): 
  Compile-time options:
    DEBUGGING
    HAS_LONG_DOUBLE
    HAS_STRTOLD
    HAS_TIMES
    PERLIO_LAYERS
    PERL_COPY_ON_WRITE
    PERL_DONT_CREATE_GVSV
    PERL_HASH_FUNC_SIPHASH13
    PERL_HASH_USE_SBOX32
    PERL_MALLOC_WRAP
    PERL_OP_PARENT
    PERL_PRESERVE_IVUV
    PERL_USE_DEVEL
    PERL_USE_SAFE_PUTENV
    USE_64_BIT_ALL
    USE_64_BIT_INT
    USE_LARGE_FILES
    USE_LOCALE
    USE_LOCALE_COLLATE
    USE_LOCALE_CTYPE
    USE_LOCALE_NUMERIC
    USE_LOCALE_TIME
    USE_PERLIO
    USE_PERL_ATOF
  Built under linux
  Compiled at May 10 2023 09:46:44
  %ENV:
    PERL="/tmp/basesmoker-reloperl-s0XO/bin/perl"
    PERL5LIB="/tmp/loop_over_bdir-2450-bXucDn/Net-ISP-Balance-1.31-0/blib/arch:/tmp/loop_over_bdir-2450-bXucDn/Net-ISP-Balance-1.31-0/blib/lib:/tmp/loop_over_bdir-2450-bXucDn/App-rmcd-0.280-0/blib/arch:/tmp/loop_over_bdir-2450-bXucDn/App-rmcd-0.280-0/blib/lib:/tmp/loop_over_bdir-2450-bXucDn/Device-Kiln-0.03-0/blib/arch:/tmp/loop_over_bdir-2450-bXucDn/Device-Kiln-0.03-0/blib/lib:/tmp/loop_over_bdir-2450-bXucDn/AllKnowingDNS-1.7-0/blib/arch:/tmp/loop_over_bdir-2450-bXucDn/AllKnowingDNS-1.7-0/blib/lib:/tmp/loop_over_bdir-2450-bXucDn/Lingua-BioYaTeA-0.11-0/blib/arch:/tmp/loop_over_bdir-2450-bXucDn/Lingua-BioYaTeA-0.11-0/blib/lib:/tmp/loop_over_bdir-2450-bXucDn/Lingua-YaTeA-0.626-0/blib/arch:/tmp/loop_over_bdir-2450-bXucDn/Lingua-YaTeA-0.626-0/blib/lib:/tmp/loop_over_bdir-2450-bXucDn/perl-Hardware-UPS-Perl-0.43-0/blib/arch:/tmp/loop_over_bdir-2450-bXucDn/perl-Hardware-UPS-Perl-0.43-0/blib/lib:/tmp/loop_over_bdir-2450-bXucDn/downsexta-0/blib/arch:/tmp/loop_over_bdir-2450-bXucDn/downsexta-0/blib/lib:/tmp/loop_over_bdir-2450-bXucDn/LCFG-Build-Tools-0.9.30-0/blib/arch:/tmp/loop_over_bdir-2450-bXucDn/LCFG-Build-Tools-0.9.30-0/blib/lib:/tmp/loop_over_bdir-2450-bXucDn/Lemonldap-NG-Cli-0.2-0/blib/arch:/tmp/loop_over_bdir-2450-bXucDn/Lemonldap-NG-Cli-0.2-0/blib/lib:/tmp/loop_over_bdir-2450-bXucDn/Captive-Portal-4.10-0/blib/arch:/tmp/loop_over_bdir-2450-bXucDn/Captive-Portal-4.10-0/blib/lib:/tmp/loop_over_bdir-2450-bXucDn/Business-Shipping-DataFiles-1.02-0/blib/arch:/tmp/loop_over_bdir-2450-bXucDn/Business-Shipping-DataFiles-1.02-0/blib/lib:/tmp/loop_over_bdir-2450-bXucDn/CGI-Application-NetNewsIface-0.0204-0/blib/arch:/tmp/loop_over_bdir-2450-bXucDn/CGI-Application-NetNewsIface-0.0204-0/blib/lib:/tmp/loop_over_bdir-2450-bXucDn/ProjectBuilder-0.14.1-0/blib/arch:/tmp/loop_over_bdir-2450-bXucDn/ProjectBuilder-0.14.1-0/blib/lib:/tmp/loop_over_bdir-2450-bXucDn/js-app-0.13-0/blib/arch:/tmp/loop_over_bdir-2450-bXucDn/js-app-0.13-0/blib/lib:/tmp/loop_over_bdir-2450-bXucDn/Devel-Required-0.16-0/blib/arch:/tmp/loop_over_bdir-2450-bXucDn/Devel-Required-0.16-0/blib/lib:/tmp/loop_over_bdir-2450-bXucDn/EJBCA-CrlPublish-0.60-0/blib/arch:/tmp/loop_over_bdir-2450-bXucDn/EJBCA-CrlPublish-0.60-0/blib/lib:/tmp/loop_over_bdir-2450-bXucDn/DBIx-Migration-Directories-0.12-0/blib/arch:/tmp/loop_over_bdir-2450-bXucDn/DBIx-Migration-Directories-0.12-0/blib/lib:/tmp/loop_over_bdir-2450-bXucDn/dta-tokwrap-0.98-0/blib/arch:/tmp/loop_over_bdir-2450-bXucDn/dta-tokwrap-0.98-0/blib/lib:/tmp/loop_over_bdir-2450-bXucDn/mmds-1.902-0/blib/arch:/tmp/loop_over_bdir-2450-bXucDn/mmds-1.902-0/blib/lib:/tmp/loop_over_bdir-2450-bXucDn/CORBA-Python-2.66-0/blib/arch:/tmp/loop_over_bdir-2450-bXucDn/CORBA-Python-2.66-0/blib/lib:/tmp/loop_over_bdir-2450-bXucDn/shishi-0.0.1-0/blib/arch:/tmp/loop_over_bdir-2450-bXucDn/shishi-0.0.1-0/blib/lib:/tmp/loop_over_bdir-2450-bXucDn/Dpkg-1.21.19-0/blib/arch:/tmp/loop_over_bdir-2450-bXucDn/Dpkg-1.21.19-0/blib/lib"
    PERL5OPT=""
    PERL5_CPANPLUS_IS_RUNNING="2470"
    PERL5_CPAN_IS_RUNNING="2470"
    PERL_CANARY_STABILITY_NOPROMPT="1"
    PERL_MM_USE_DEFAULT="1"
    PERL_USE_UNSAFE_INC="1"
  @INC:
    /tmp/loop_over_bdir-2450-bXucDn/Net-ISP-Balance-1.31-0/blib/arch
    /tmp/loop_over_bdir-2450-bXucDn/Net-ISP-Balance-1.31-0/blib/lib
    /tmp/loop_over_bdir-2450-bXucDn/App-rmcd-0.280-0/blib/arch
    /tmp/loop_over_bdir-2450-bXucDn/App-rmcd-0.280-0/blib/lib
    /tmp/loop_over_bdir-2450-bXucDn/Device-Kiln-0.03-0/blib/arch
    /tmp/loop_over_bdir-2450-bXucDn/Device-Kiln-0.03-0/blib/lib
    /tmp/loop_over_bdir-2450-bXucDn/AllKnowingDNS-1.7-0/blib/arch
    /tmp/loop_over_bdir-2450-bXucDn/AllKnowingDNS-1.7-0/blib/lib
    /tmp/loop_over_bdir-2450-bXucDn/Lingua-BioYaTeA-0.11-0/blib/arch
    /tmp/loop_over_bdir-2450-bXucDn/Lingua-BioYaTeA-0.11-0/blib/lib
    /tmp/loop_over_bdir-2450-bXucDn/Lingua-YaTeA-0.626-0/blib/arch
    /tmp/loop_over_bdir-2450-bXucDn/Lingua-YaTeA-0.626-0/blib/lib
    /tmp/loop_over_bdir-2450-bXucDn/perl-Hardware-UPS-Perl-0.43-0/blib/arch
    /tmp/loop_over_bdir-2450-bXucDn/perl-Hardware-UPS-Perl-0.43-0/blib/lib
    /tmp/loop_over_bdir-2450-bXucDn/downsexta-0/blib/arch
    /tmp/loop_over_bdir-2450-bXucDn/downsexta-0/blib/lib
    /tmp/loop_over_bdir-2450-bXucDn/LCFG-Build-Tools-0.9.30-0/blib/arch
    /tmp/loop_over_bdir-2450-bXucDn/LCFG-Build-Tools-0.9.30-0/blib/lib
    /tmp/loop_over_bdir-2450-bXucDn/Lemonldap-NG-Cli-0.2-0/blib/arch
    /tmp/loop_over_bdir-2450-bXucDn/Lemonldap-NG-Cli-0.2-0/blib/lib
    /tmp/loop_over_bdir-2450-bXucDn/Captive-Portal-4.10-0/blib/arch
    /tmp/loop_over_bdir-2450-bXucDn/Captive-Portal-4.10-0/blib/lib
    /tmp/loop_over_bdir-2450-bXucDn/Business-Shipping-DataFiles-1.02-0/blib/arch
    /tmp/loop_over_bdir-2450-bXucDn/Business-Shipping-DataFiles-1.02-0/blib/lib
    /tmp/loop_over_bdir-2450-bXucDn/CGI-Application-NetNewsIface-0.0204-0/blib/arch
    /tmp/loop_over_bdir-2450-bXucDn/CGI-Application-NetNewsIface-0.0204-0/blib/lib
    /tmp/loop_over_bdir-2450-bXucDn/ProjectBuilder-0.14.1-0/blib/arch
    /tmp/loop_over_bdir-2450-bXucDn/ProjectBuilder-0.14.1-0/blib/lib
    /tmp/loop_over_bdir-2450-bXucDn/js-app-0.13-0/blib/arch
    /tmp/loop_over_bdir-2450-bXucDn/js-app-0.13-0/blib/lib
    /tmp/loop_over_bdir-2450-bXucDn/Devel-Required-0.16-0/blib/arch
    /tmp/loop_over_bdir-2450-bXucDn/Devel-Required-0.16-0/blib/lib
    /tmp/loop_over_bdir-2450-bXucDn/EJBCA-CrlPublish-0.60-0/blib/arch
    /tmp/loop_over_bdir-2450-bXucDn/EJBCA-CrlPublish-0.60-0/blib/lib
    /tmp/loop_over_bdir-2450-bXucDn/DBIx-Migration-Directories-0.12-0/blib/arch
    /tmp/loop_over_bdir-2450-bXucDn/DBIx-Migration-Directories-0.12-0/blib/lib
    /tmp/loop_over_bdir-2450-bXucDn/dta-tokwrap-0.98-0/blib/arch
    /tmp/loop_over_bdir-2450-bXucDn/dta-tokwrap-0.98-0/blib/lib
    /tmp/loop_over_bdir-2450-bXucDn/mmds-1.902-0/blib/arch
    /tmp/loop_over_bdir-2450-bXucDn/mmds-1.902-0/blib/lib
    /tmp/loop_over_bdir-2450-bXucDn/CORBA-Python-2.66-0/blib/arch
    /tmp/loop_over_bdir-2450-bXucDn/CORBA-Python-2.66-0/blib/lib
    /tmp/loop_over_bdir-2450-bXucDn/shishi-0.0.1-0/blib/arch
    /tmp/loop_over_bdir-2450-bXucDn/shishi-0.0.1-0/blib/lib
    /tmp/loop_over_bdir-2450-bXucDn/Dpkg-1.21.19-0/blib/arch
    /tmp/loop_over_bdir-2450-bXucDn/Dpkg-1.21.19-0/blib/lib
    /home/sand/src/perl/repoperls/installed-perls/host/k93focal/v5.37.11/b254/lib/site_perl/5.37.11/x86_64-linux
    /home/sand/src/perl/repoperls/installed-perls/host/k93focal/v5.37.11/b254/lib/site_perl/5.37.11
    /home/sand/src/perl/repoperls/installed-perls/host/k93focal/v5.37.11/b254/lib/5.37.11/x86_64-linux
    /home/sand/src/perl/repoperls/installed-perls/host/k93focal/v5.37.11/b254/lib/5.37.11
    .