Apache-AuthenMSAD v0.02 Perl 5 v5.26.1 x86_64-haiku
- Status
- Fail
- From
- Serguei Trouchelle (STRO)
- Dist
-
Apache-AuthenMSAD v0.02
- Platform
- Perl 5 v5.26.1 x86_64-haiku
- Date
- 2018-10-03 16:37:49
- ID
- aa57fd06-c72a-11e8-b18f-da91a5bcaffc
This distribution has been tested as part of the CPAN Testers
project, supporting the Perl programming language. See
http://wiki.cpantesters.org/ for more information or email
questions to cpan-testers-discuss@perl.org
--
Dear Andrew McGregor,
This is a computer-generated report for Apache-AuthenMSAD-0.02
on perl 5.26.1, created by CPAN-Reporter-1.2018.
Thank you for uploading your work to CPAN. However, there was a problem
testing your distribution.
If you think this report is invalid, please consult the CPAN Testers Wiki
for suggestions on how to avoid getting FAIL reports for missing library
or binary dependencies, unsupported operating systems, and so on:
http://wiki.cpantesters.org/wiki/CPANAuthorNotes
Sections of this report:
* Tester comments
* Program output
* Prerequisites
* Environment and other context
------------------------------
TESTER COMMENTS
------------------------------
Additional comments from tester:
this report is from an automated smoke testing program
and was not reviewed by a human for accuracy
------------------------------
PROGRAM OUTPUT
------------------------------
Output from '/bin/make test':
"/packages/perl-5.26.1-2/.self/bin/perl" "-MExtUtils::Command::MM" "-MTest::Harness" "-e" "undef *Test::Harness::Switches; test_harness(0, 'blib/lib', 'blib/arch')" t/*.t
# Failed test 'use Apache::AuthenMSAD;'
# at t/00.load.t line 4.
# Tried to use 'Apache::AuthenMSAD'.
# Error: Can't locate mod_perl.pm in @INC (you may need to install the mod_perl module) (@INC contains: /boot/home/.cpan/build/Apache-AuthenMSAD-0/blib/lib /boot/home/.cpan/build/Apache-AuthenMSAD-0/blib/arch /boot/home/perl5/lib/perl5/5.26.1/x86_64-haiku /boot/home/perl5/lib/perl5/5.26.1/x86_64-haiku /boot/home/perl5/lib/perl5/5.26.1 /boot/home/perl5/lib/perl5/x86_64-haiku /boot/home/perl5/lib/perl5/5.26.1/x86_64-haiku /boot/home/perl5/lib/perl5/5.26.1 /boot/home/perl5/lib/perl5/x86_64-haiku /boot/home/perl5/lib/perl5 /boot/home/perl5/lib/perl5/5.26.1/x86_64-haiku /boot/home/perl5/lib/perl5/5.26.1 /boot/home/perl5/lib/perl5/x86_64-haiku /boot/home/perl5/lib/perl5 /packages/perl-5.26.1-2/.self/non-packaged/lib/perl5/site_perl/5.26/x86_64-haiku /packages/perl-5.26.1-2/.self/non-packaged/lib/perl5/site_perl/5.26 /packages/perl-5.26.1-2/.self/lib/perl5/vendor_perl/5.26/x86_64-haiku /packages/perl-5.26.1-2/.self/lib/perl5/vendor_perl/5.26 /packages/perl-5.26.1-2/.self/lib/perl5/5.26.1/x86_64-haiku /packages/perl-5.26.1-2/.self/lib/perl5/5.26.1 .) at /boot/home/.cpan/build/Apache-AuthenMSAD-0/blib/lib/Apache/AuthenMSAD.pm line 3.
# BEGIN failed--compilation aborted at /boot/home/.cpan/build/Apache-AuthenMSAD-0/blib/lib/Apache/AuthenMSAD.pm line 3.
# Compilation failed in require at t/00.load.t line 4.
# BEGIN failed--compilation aborted at t/00.load.t line 4.
# Testing Apache::AuthenMSAD
# Looks like you failed 1 test of 1.
t/00.load.t .....
Dubious, test returned 1 (wstat 256, 0x100)
Failed 1/1 subtests
# Failed test 'Test::Perl::Critic for "blib/lib/Apache/AuthenMSAD.pm"'
# at /boot/home/perl5/lib/perl5/Test/Perl/Critic.pm line 121.
#
# Variable, subroutine, and package names have to be in CamelCase at line 15, column 1. (no explanation). (Severity: 5)
# Variable, subroutine, and package names have to be in CamelCase at line 24, column 8. (no explanation). (Severity: 5)
# Variable, subroutine, and package names have to be in CamelCase at line 24, column 14. (no explanation). (Severity: 5)
# Method invocation should use "()" at line 24, column 25. Use "->MethodName()" instead of "->MethodName". (Severity: 5)
# Variable, subroutine, and package names have to be in CamelCase at line 25, column 11. (no explanation). (Severity: 5)
# Variable, subroutine, and package names have to be in CamelCase at line 25, column 19. (no explanation). (Severity: 5)
# Variable, subroutine, and package names have to be in CamelCase at line 27, column 7. (no explanation). (Severity: 5)
# Method invocation should use "()" at line 27, column 17. Use "->MethodName()" instead of "->MethodName". (Severity: 5)
# Variable, subroutine, and package names have to be in CamelCase at line 29, column 7. (no explanation). (Severity: 5)
# Variable, subroutine, and package names have to be in CamelCase at line 30, column 7. (no explanation). (Severity: 5)
# Variable, subroutine, and package names have to be in CamelCase at line 30, column 49. (no explanation). (Severity: 5)
# Variable, subroutine, and package names have to be in CamelCase at line 32, column 8. (no explanation). (Severity: 5)
# Method invocation should use "()" at line 33, column 9. Use "->MethodName()" instead of "->MethodName". (Severity: 5)
# Method invocation should use "()" at line 34, column 54. Use "->MethodName()" instead of "->MethodName". (Severity: 5)
# Variable, subroutine, and package names have to be in CamelCase at line 38, column 8. (no explanation). (Severity: 5)
# Method invocation should use "()" at line 39, column 9. Use "->MethodName()" instead of "->MethodName". (Severity: 5)
# Method invocation should use "()" at line 40, column 52. Use "->MethodName()" instead of "->MethodName". (Severity: 5)
# Variable, subroutine, and package names have to be in CamelCase at line 44, column 7. (no explanation). (Severity: 5)
# Variable, subroutine, and package names have to be in CamelCase at line 44, column 30. (no explanation). (Severity: 5)
# Variable, subroutine, and package names have to be in CamelCase at line 45, column 12. (no explanation). (Severity: 5)
# Method invocation should use "()" at line 46, column 9. Use "->MethodName()" instead of "->MethodName". (Severity: 5)
# Method invocation should use "()" at line 47, column 58. Use "->MethodName()" instead of "->MethodName". (Severity: 5)
# Variable, subroutine, and package names have to be in CamelCase at line 51, column 7. (no explanation). (Severity: 5)
# Variable, subroutine, and package names have to be in CamelCase at line 51, column 16. (no explanation). (Severity: 5)
# Variable, subroutine, and package names have to be in CamelCase at line 51, column 65. (no explanation). (Severity: 5)
# Variable, subroutine, and package names have to be in CamelCase at line 52, column 9. (no explanation). (Severity: 5)
# Variable, subroutine, and package names have to be in CamelCase at line 52, column 21. (no explanation). (Severity: 5)
# Variable, subroutine, and package names have to be in CamelCase at line 52, column 32. (no explanation). (Severity: 5)
# Method invocation should use "()" at line 52, column 39. Use "->MethodName()" instead of "->MethodName". (Severity: 5)
# Method invocation should use "()" at line 53, column 9. Use "->MethodName()" instead of "->MethodName". (Severity: 5)
# Method invocation should use "()" at line 54, column 64. Use "->MethodName()" instead of "->MethodName". (Severity: 5)
t/perlcritic.t ..
Dubious, test returned 1 (wstat 256, 0x100)
Failed 1/1 subtests
t/pod.t ......... ok
Test Summary Report
-------------------
t/00.load.t (Wstat: 256 Tests: 1 Failed: 1)
Failed test: 1
Non-zero exit status: 1
t/perlcritic.t (Wstat: 256 Tests: 1 Failed: 1)
Failed test: 1
Non-zero exit status: 1
Files=3, Tests=3, 3 wallclock secs ( 0.03 usr 0.01 sys + 1.85 cusr 0.65 csys = 2.54 CPU)
Result: FAIL
Failed 2/3 test programs. 2/3 subtests failed.
Makefile:842: recipe for target 'test_dynamic' failed
make: *** [test_dynamic] Error 255
------------------------------
PREREQUISITES
------------------------------
Prerequisite modules loaded:
requires:
Module Need Have
------------------- ---- ---------
Test::More 0 1.302138
version 0 0.9923_02
build_requires:
Module Need Have
------------------- ---- ---------
ExtUtils::MakeMaker 0 7.35_06
------------------------------
ENVIRONMENT AND OTHER CONTEXT
------------------------------
Environment variables:
AUTOMATED_TESTING = 1
LC_COLLATE = en.UTF-8
LC_CTYPE = en.UTF-8
LC_MESSAGES = en.UTF-8
LC_MONETARY = en.UTF-8
LC_NUMERIC = en.UTF-8
LC_TIME = en.UTF-8
LC_TYPE = en_US.UTF-8
PATH = /boot/home/perl5/bin:.:/boot/home/config/non-packaged/bin:/boot/home/config/bin:/boot/system/non-packaged/bin:/bin:/boot/system/apps:/boot/system/preferences
PERL5LIB = /boot/home/perl5/lib/perl5
PERL5OPT =
PERL5_CPANPLUS_IS_RUNNING = 1018087
PERL5_CPAN_IS_RUNNING = 1018087
PERL5_CPAN_IS_RUNNING_IN_RECURSION = 410,1018087
PERL_CR_SMOKER_CURRENT = Apache-AuthenMSAD-0.02
PERL_EXTUTILS_AUTOINSTALL = --defaultdeps
PERL_LOCAL_LIB_ROOT = /boot/home/perl5
PERL_MB_OPT = --install_base "/boot/home/perl5"
PERL_MM_OPT = INSTALL_BASE=/boot/home/perl5
PERL_MM_USE_DEFAULT = 1
TERM = xterm
Perl special variables (and OS-specific diagnostics, for MSWin32):
$^X = /packages/perl-5.26.1-2/.self/bin/perl
$UID/$EUID = 0 / 0
$GID = 0 101 0
$EGID = 0 101 0
Perl module toolchain versions installed:
Module Have
------------------- ---------
CPAN 2.16
CPAN::Meta 2.150010
Cwd 3.67
ExtUtils::CBuilder 0.280230
ExtUtils::Command 7.35_06
ExtUtils::Install 2.14
ExtUtils::MakeMaker 7.35_06
ExtUtils::Manifest 1.71
ExtUtils::ParseXS 3.34
File::Spec 3.67
JSON 2.97001
JSON::PP 2.97001
Module::Build 0.42_28
Module::Signature n/a
Parse::CPAN::Meta 2.150010
Test::Harness 3.42
Test::More 1.302138
YAML 1.26
YAML::Syck 1.30
version 0.9923_02
--
Summary of my perl5 (revision 5 version 26 subversion 1) configuration:
Derived from:
Platform:
osname=haiku
osvers=1
archname=x86_64-haiku
uname='haiku shredder 1 hrev51655 dec 4 2017 12:44:17 x86_64 x86_64 haiku '
config_args='-Dprefix=/packages/perl-5.26.1-2/.self -Dprivlib=/packages/perl-5.26.1-2/.self/lib/perl5/5.26.1 -Dsiteprefix=/packages/perl-5.26.1-2/.self/non-packaged -Dsitelib=/packages/perl-5.26.1-2/.self/non-packaged/lib/perl5/site_perl/5.26 -Dvendorprefix=/packages/perl-5.26.1-2/.self -Dvendorlib=/packages/perl-5.26.1-2/.self/lib/perl5/vendor_perl/5.26 -Dcf_email=zooey@hirschkaefer.de -Uusenm -Duseshrplib -Uusemymalloc -Dlibpth=/boot/home/config/develop/lib /boot/system/develop/lib -Dusrinc=/boot/system/develop/headers/posix -Dlocinc=/boot/home/config/develop/headers /boot/system/develop/headers -Dlibc='/boot/system/lib/libroot.so' -Dlibs=-lnetwork -Dcc=gcc -Dld=gcc -Ud_link -Ddont_use_nlink -Ud_syserrlst -Dldlibpthname=LIBRARY_PATH -Dstartperl=#! perl -Dccdlflags=-Wl,-fno-stack-protector,-rpath=/packages/perl-5.26.1-2/.self/lib/perl5/5.26.1/x86_64-haiku/CORE -Dusesitecustomize -de'
hint=recommended
useposix=true
d_sigaction=define
useithreads=undef
usemultiplicity=undef
use64bitint=define
use64bitall=define
uselongdouble=undef
usemymalloc=n
default_inc_excludes_dot=define
bincompat5005=undef
Compiler:
cc='gcc'
ccflags ='-fwrapv -fno-strict-aliasing -pipe -D_FORTIFY_SOURCE=2'
optimize='-O'
cppflags='-fwrapv -fno-strict-aliasing -pipe'
ccversion=''
gccversion='5.4.0'
gccosandvers=''
intsize=4
longsize=8
ptrsize=8
doublesize=8
byteorder=12345678
doublekind=3
d_longlong=define
longlongsize=8
d_longdbl=define
longdblsize=16
longdblkind=3
ivtype='long'
ivsize=8
nvtype='double'
nvsize=8
Off_t='off_t'
lseeksize=8
alignbytes=8
prototype=define
Linker and Libraries:
ld='gcc'
ldflags =''
libpth=/boot/home/config/develop/lib /boot/system/develop/lib /boot/system/develop/tools/bin/../lib/gcc/x86_64-unknown-haiku/5.4.0/include-fixed
libs=-lnetwork
perllibs=-lnetwork
libc=/boot/system/lib/libroot.so
so=so
useshrplib=true
libperl=libperl.so
gnulibc_version=''
Dynamic Linking:
dlsrc=dl_dlopen.xs
dlext=so
d_dlsymun=undef
ccdlflags='-Wl,-fno-stack-protector,-rpath=/packages/perl-5.26.1-2/.self/lib/perl5/5.26.1/x86_64-haiku/CORE -Wl,-rpath,/packages/perl-5.26.1-2/.self/lib/perl5/5.26.1/x86_64-haiku/CORE'
cccdlflags='-fpic'
lddlflags='-shared'
Characteristics of this binary (from libperl):
Compile-time options:
HAS_TIMES
PERLIO_LAYERS
PERL_COPY_ON_WRITE
PERL_DONT_CREATE_GVSV
PERL_OP_PARENT
PERL_PRESERVE_IVUV
USE_64_BIT_ALL
USE_64_BIT_INT
USE_LARGE_FILES
USE_LOCALE
USE_LOCALE_COLLATE
USE_LOCALE_CTYPE
USE_LOCALE_NUMERIC
USE_LOCALE_TIME
USE_PERLIO
USE_PERL_ATOF
USE_SITECUSTOMIZE
Locally applied patches:
uncommitted-changes
Built under haiku
Compiled at Mar 14 2018 20:50:46
%ENV:
PERL5LIB="/boot/home/perl5/lib/perl5"
PERL5OPT=""
PERL5_CPANPLUS_IS_RUNNING="1018087"
PERL5_CPAN_IS_RUNNING="1018087"
PERL5_CPAN_IS_RUNNING_IN_RECURSION="410,1018087"
PERL_CR_SMOKER_CURRENT="Apache-AuthenMSAD-0.02"
PERL_EXTUTILS_AUTOINSTALL="--defaultdeps"
PERL_LOCAL_LIB_ROOT="/boot/home/perl5"
PERL_MB_OPT="--install_base "/boot/home/perl5""
PERL_MM_OPT="INSTALL_BASE=/boot/home/perl5"
PERL_MM_USE_DEFAULT="1"
@INC:
/boot/home/perl5/lib/perl5/5.26.1/x86_64-haiku
/boot/home/perl5/lib/perl5/5.26.1
/boot/home/perl5/lib/perl5/x86_64-haiku
/boot/home/perl5/lib/perl5
/packages/perl-5.26.1-2/.self/non-packaged/lib/perl5/site_perl/5.26/x86_64-haiku
/packages/perl-5.26.1-2/.self/non-packaged/lib/perl5/site_perl/5.26
/packages/perl-5.26.1-2/.self/lib/perl5/vendor_perl/5.26/x86_64-haiku
/packages/perl-5.26.1-2/.self/lib/perl5/vendor_perl/5.26
/packages/perl-5.26.1-2/.self/lib/perl5/5.26.1/x86_64-haiku
/packages/perl-5.26.1-2/.self/lib/perl5/5.26.1