Report for Unix-PID-Tiny-0.91

Back
From: metabase:user:30ae4450-2aae-11df-837a-5e0a49663a4f
Subject: FAIL Unix-PID-Tiny-0.91 v5.18.2 RC4 
Date: 2013-12-28T14:58:32Z

This distribution has been tested as part of the CPAN Testers
project, supporting the Perl programming language.  See
http://wiki.cpantesters.org/ for more information or email
questions to cpan-testers-discuss@perl.org


--
Dear Daniel Muey,

This is a computer-generated report for Unix-PID-Tiny-0.91
on perl 5.18.2, created by CPAN-Reporter-1.2010_01.

Thank you for uploading your work to CPAN.  However, there was a problem
testing your distribution.

If you think this report is invalid, please consult the CPAN Testers Wiki
for suggestions on how to avoid getting FAIL reports for missing library
or binary dependencies, unsupported operating systems, and so on:

http://wiki.cpantesters.org/wiki/CPANAuthorNotes

Sections of this report:

    * Tester comments
    * Program output
    * Prerequisites
    * Environment and other context

------------------------------
TESTER COMMENTS
------------------------------

Additional comments from tester:

this report is from an automated smoke testing program
and was not reviewed by a human for accuracy

------------------------------
PROGRAM OUTPUT
------------------------------

Output from 'C:\strawberry182RC4\c\bin\dmake.exe test':

C:\strawberry182RC4\perl\bin\perl.exe "-MExtUtils::Command::MM" "-MTest::Harness" "-e" "undef *Test::Harness::Switches; test_harness(0, 'blib\lib', 'blib\arch')" t/*.t
# Testing Unix::PID::Tiny 0.91
t/00.load.t ....... ok
"ps" ­¥ ï¥âáï ¢­ãâ७­¥© ¨«¨ ¢­¥è­¥©
ª®¬ ­¤®©, ¨á¯®«­ï¥¬®© ¯à®£à ¬¬®© ¨«¨ ¯ ª¥â­ë¬ ä ©«®¬.

#   Failed test 'pid_info_hash(): calls ps and parses result'
#   at t/01.methods.t line 205.
#          got: undef
#     expected: '384'
"ps" ­¥ ï¥âáï ¢­ãâ७­¥© ¨«¨ ¢­¥è­¥©
ª®¬ ­¤®©, ¨á¯®«­ï¥¬®© ¯à®£à ¬¬®© ¨«¨ ¯ ª¥â­ë¬ ä ©«®¬.

#   Failed test '_raw_ps: returns array in array context'
#   at t/01.methods.t line 212.
#          got: '0'
#     expected: '2'
"ps" ­¥ ï¥âáï ¢­ãâ७­¥© ¨«¨ ¢­¥è­¥©
ª®¬ ­¤®©, ¨á¯®«­ï¥¬®© ¯à®£à ¬¬®© ¨«¨ ¯ ª¥â­ë¬ ä ©«®¬.
"ps" ­¥ ï¥âáï ¢­ãâ७­¥© ¨«¨ ¢­¥è­¥©
ª®¬ ­¤®©, ¨á¯®«­ï¥¬®© ¯à®£à ¬¬®© ¨«¨ ¯ ª¥â­ë¬ ä ©«®¬.
"ps" ­¥ ï¥âáï ¢­ãâ७­¥© ¨«¨ ¢­¥è­¥©
ª®¬ ­¤®©, ¨á¯®«­ï¥¬®© ¯à®£à ¬¬®© ¨«¨ ¯ ª¥â­ë¬ ä ©«®¬.

#   Failed test 'pid file gone on process END'
#   at t/01.methods.t line 288.

#   Failed test 'sanity: fork pid_file used child’s PID'
#   at t/01.methods.t line 289.
#          got: '1260'
#     expected: '-1260'

#   Failed test 'only the PID in the file cleans up pid file'
#   at t/01.methods.t line 290.
#          got: '1260'
#     expected: '-1260'

#   Failed test 'no warnings'
#   at C:/strawberry182RC4/perl/lib/Test/NoWarnings.pm line 45.
# There were 5 warning(s)
# 	Previous test 45 'pid_info_hash(): Weird args give weird warnings'
# 	Use of uninitialized value in split at C:\strawberry182RC4\cpan\build\Unix-PID-Tiny-0.91-O85JP4\blib\lib/Unix/PID/Tiny.pm line 81.
#  at C:\strawberry182RC4\cpan\build\Unix-PID-Tiny-0.91-O85JP4\blib\lib/Unix/PID/Tiny.pm line 81.
# 	Unix::PID::Tiny::pid_info_hash(Unix::PID::Tiny=HASH(0xec6cbc), 384) called at t/01.methods.t line 204
# 
# ----------
# 	Previous test 45 'pid_info_hash(): Weird args give weird warnings'
# 	Use of uninitialized value in split at C:\strawberry182RC4\cpan\build\Unix-PID-Tiny-0.91-O85JP4\blib\lib/Unix/PID/Tiny.pm line 81.
#  at C:\strawberry182RC4\cpan\build\Unix-PID-Tiny-0.91-O85JP4\blib\lib/Unix/PID/Tiny.pm line 81.
# 	Unix::PID::Tiny::pid_info_hash(Unix::PID::Tiny=HASH(0xec6cbc), 384) called at t/01.methods.t line 204
# 
# ----------
# 	Previous test 47 '_raw_ps: returns array in array context'
# 	Use of uninitialized value in split at t/01.methods.t line 215.
#  at t/01.methods.t line 215.
# 
# ----------
# 	Previous test 47 '_raw_ps: returns array in array context'
# 	Use of uninitialized value $ps[0] in regexp compilation at t/01.methods.t line 216.
#  at t/01.methods.t line 216.
# 
# ----------
# 	Previous test 48 '_raw_ps: returns single string in scalar context (begin)'
# 	Use of uninitialized value $end in quotemeta at t/01.methods.t line 217.
#  at t/01.methods.t line 217.
# 
# Looks like you failed 6 tests of 81.
t/01.methods.t .... 
Dubious, test returned 6 (wstat 1536, 0x600)
Failed 6/81 subtests 
	(less 3 skipped subtests: 72 okay)
t/perlcritic.t .... skipped: Critic tests are only run in RELEASE_TESTING mode.
t/perltidy.t ...... skipped: PerlTidy tests are only run in RELEASE_TESTING mode.
t/pod-coverage.t .. skipped: POD tests are only run in RELEASE_TESTING mode.
t/pod.t ........... skipped: POD tests are only run in RELEASE_TESTING mode.

Test Summary Report
-------------------
t/01.methods.t  (Wstat: 1536 Tests: 81 Failed: 6)
  Failed tests:  46-47, 61-63, 81
  Non-zero exit status: 6
Files=6, Tests=82,  2 wallclock secs ( 0.07 usr +  0.02 sys =  0.09 CPU)
Result: FAIL
Failed 1/6 test programs. 6/82 subtests failed.
dmake.exe:  Error code 255, while making 'test_dynamic'

------------------------------
PREREQUISITES
------------------------------

Prerequisite modules loaded:

requires:

    Module              Need Have    
    ------------------- ---- --------
    Test::More          0    1.001002

build_requires:

    Module              Need Have    
    ------------------- ---- --------
    ExtUtils::MakeMaker 0    6.84    

configure_requires:

    Module              Need Have    
    ------------------- ---- --------
    ExtUtils::MakeMaker 0    6.84    


------------------------------
ENVIRONMENT AND OTHER CONTEXT
------------------------------

Environment variables:

    AUTOMATED_TESTING = 1
    COMSPEC = C:\WINDOWS\system32\cmd.exe
    NUMBER_OF_PROCESSORS = 1
    PATH = C:\Program Files\Far Manager\;C:\WINDOWS\system32;C:\WINDOWS;C:\WINDOWS\System32\Wbem;C:\strawberry182RC4\c\bin;C:\strawberry182RC4\perl\site\bin;C:\strawberry182RC4\perl\bin
    PERL5LIB = 
    PERL5OPT = 
    PERL5_CPANPLUS_IS_RUNNING = 1396
    PERL5_CPAN_IS_RUNNING = 1396
    PERL5_CPAN_IS_RUNNING_IN_RECURSION = 1324,1396
    PERL_EXTUTILS_AUTOINSTALL = --defaultdeps
    PERL_MM_USE_DEFAULT = 1
    PROCESSOR_IDENTIFIER = x86 Family 16 Model 5 Stepping 3, AuthenticAMD
    TEMP = C:\DOCUME~1\c\LOCALS~1\Temp
    TERM = dumb

Perl special variables (and OS-specific diagnostics, for MSWin32):

    $^X = C:\strawberry182RC4\perl\bin\perl.exe
    $UID/$EUID = 0 / 0
    $GID = 0
    $EGID = 0
    Win32::GetOSName = WinXP/.Net
    Win32::GetOSVersion = Service Pack 3, 5, 1, 2600, 2, 3, 0, 256, 1
    Win32::FsType = NTFS
    Win32::IsAdminUser = 1

Perl module toolchain versions installed:

    Module              Have    
    ------------------- --------
    CPAN                2.00    
    CPAN::Meta          2.133380
    Cwd                 3.40    
    ExtUtils::CBuilder  0.280212
    ExtUtils::Command   1.18    
    ExtUtils::Install   1.59    
    ExtUtils::MakeMaker 6.84    
    ExtUtils::Manifest  1.63    
    ExtUtils::ParseXS   3.22    
    File::Spec          3.40    
    JSON                2.90    
    JSON::PP            2.27203 
    Module::Build       0.4203  
    Module::Signature   n/a     
    Parse::CPAN::Meta   1.4409  
    Test::Harness       3.30    
    Test::More          1.001002
    YAML                0.88    
    YAML::Syck          1.27    
    version             0.9904  


--

Summary of my perl5 (revision 5 version 18 subversion 2) configuration:
   
  Platform:
    osname=MSWin32, osvers=4.0, archname=MSWin32-x86-multi-thread
    uname='Win32 strawberry-perl-no64 5.18.2.1 #1 Thu Dec 26 18:03:25 2013 i386'
    config_args='undef'
    hint=recommended, useposix=true, d_sigaction=undef
    useithreads=define, usemultiplicity=define
    useperlio=define, d_sfio=undef, uselargefiles=define, usesocks=undef
    use64bitint=undef, use64bitall=undef, uselongdouble=undef
    usemymalloc=n, bincompat5005=undef
  Compiler:
    cc='gcc', ccflags =' -s -O2 -DWIN32  -DPERL_TEXTMODE_SCRIPTS -DPERL_IMPLICIT_CONTEXT -DPERL_IMPLICIT_SYS -DUSE_PERLIO -fno-strict-aliasing -mms-bitfields',
    optimize='-s -O2',
    cppflags='-DWIN32'
    ccversion='', gccversion='4.7.3', gccosandvers=''
    intsize=4, longsize=4, ptrsize=4, doublesize=8, byteorder=1234
    d_longlong=define, longlongsize=8, d_longdbl=define, longdblsize=12
    ivtype='long', ivsize=4, nvtype='double', nvsize=8, Off_t='long long', lseeksize=8
    alignbytes=8, prototype=define
  Linker and Libraries:
    ld='g++', ldflags ='-s -L"C:\strawberry182RC4\perl\lib\CORE" -L"C:\strawberry182RC4\c\lib"'
    libpth=C:\strawberry182RC4\c\lib C:\strawberry182RC4\c\i686-w64-mingw32\lib
    libs=-lmoldname -lkernel32 -luser32 -lgdi32 -lwinspool -lcomdlg32 -ladvapi32 -lshell32 -lole32 -loleaut32 -lnetapi32 -luuid -lws2_32 -lmpr -lwinmm -lversion -lodbc32 -lodbccp32 -lcomctl32
    perllibs=-lmoldname -lkernel32 -luser32 -lgdi32 -lwinspool -lcomdlg32 -ladvapi32 -lshell32 -lole32 -loleaut32 -lnetapi32 -luuid -lws2_32 -lmpr -lwinmm -lversion -lodbc32 -lodbccp32 -lcomctl32
    libc=, so=dll, useshrplib=true, libperl=libperl518.a
    gnulibc_version=''
  Dynamic Linking:
    dlsrc=dl_win32.xs, dlext=dll, d_dlsymun=undef, ccdlflags=' '
    cccdlflags=' ', lddlflags='-mdll -s -L"C:\strawberry182RC4\perl\lib\CORE" -L"C:\strawberry182RC4\c\lib"'


Characteristics of this binary (from libperl): 
  Compile-time options: HAS_TIMES HAVE_INTERP_INTERN MULTIPLICITY
                        PERLIO_LAYERS PERL_DONT_CREATE_GVSV
                        PERL_HASH_FUNC_ONE_AT_A_TIME_HARD
                        PERL_IMPLICIT_CONTEXT PERL_IMPLICIT_SYS
                        PERL_MALLOC_WRAP PERL_PRESERVE_IVUV PERL_SAWAMPERSAND
                        USE_ITHREADS USE_LARGE_FILES USE_LOCALE
                        USE_LOCALE_COLLATE USE_LOCALE_CTYPE
                        USE_LOCALE_NUMERIC USE_PERLIO USE_PERL_ATOF
  Locally applied patches:
	RC4
  Built under MSWin32
  Compiled at Dec 26 2013 18:09:02
  %ENV:
    PERL5_CPANPLUS_IS_RUNNING="1396"
    PERL5_CPAN_IS_RUNNING="1396"
    PERL5_CPAN_IS_RUNNING_IN_RECURSION="1324,1396"
    PERL_EXTUTILS_AUTOINSTALL="--defaultdeps"
    PERL_MM_USE_DEFAULT="1"
  @INC:
    C:/strawberry182RC4/perl/site/lib
    C:/strawberry182RC4/perl/vendor/lib
    C:/strawberry182RC4/perl/lib
    .