Back
From: metabase:user:320bfe00-2aae-11df-837a-5e0a49663a4f
Subject: FAIL WebService-Google-Language-0.13 v5.15.4 GNU/Linux
Date: 2011-11-08T02:23:37Z
This distribution has been tested as part of the CPAN Testers
project, supporting the Perl programming language. See
http://wiki.cpantesters.org/ for more information or email
questions to cpan-testers-discuss@perl.org
--
Dear Henning Manske,
This is a computer-generated report for WebService-Google-Language-0.13
on perl 5.15.4, created by CPAN-Reporter-1.1902.
Thank you for uploading your work to CPAN. However, there was a problem
testing your distribution.
If you think this report is invalid, please consult the CPAN Testers Wiki
for suggestions on how to avoid getting FAIL reports for missing library
or binary dependencies, unsupported operating systems, and so on:
http://wiki.cpantesters.org/wiki/CPANAuthorNotes
Sections of this report:
* Tester comments
* Program output
* Prerequisites
* Environment and other context
------------------------------
TESTER COMMENTS
------------------------------
Additional comments from tester:
this report is from an automated smoke testing program
and was not reviewed by a human for accuracy
------------------------------
PROGRAM OUTPUT
------------------------------
Output from '/usr/bin/make test':
PERL_DL_NONLAZY=1 /home/sand/src/perl/repoperls/installed-perls/perl/v5.15.4-176-gad4795e/127e/bin/perl "-MExtUtils::Command::MM" "-e" "test_harness(0, 'blib/lib', 'blib/arch')" t/*.t xt/*.t
t/00-load.t ................... ok
t/01-constructor.t ............ ok
t/02-accessors.t .............. ok
t/03-constructor-revisited.t .. ok
t/04-result.t ................. ok
# Failed test 'Google could handle translate request'
# at t/05-methods.t line 48.
Use of uninitialized value in lc at t/05-methods.t line 49.
# Failed test 'Translation is correct'
# at t/05-methods.t line 49.
# got: ''
# expected: 'hello world'
# Failed test 'Detected language is correct'
# at t/05-methods.t line 50.
# got: undef
# expected: 'de'
Use of uninitialized value in lc at t/05-methods.t line 70.
# Failed test 'French translation is correct'
# at t/05-methods.t line 70.
# got: ''
# expected: 'bonjour tout le monde'
# Looks like you failed 4 tests of 29.
t/05-methods.t ................
Dubious, test returned 4 (wstat 1024, 0x400)
Failed 4/29 subtests
t/06-mock.t ................... ok
xt/cpan-meta.t ................ ok
xt/hasversion.t ............... ok
xt/minimumversion.t ........... skipped: Test::MinimumVersion 0.101080 required
xt/pod-coverage.t ............. skipped: Author tests not required for installation
xt/pod.t ...................... ok
xt/synopsis.t ................. ok
Test Summary Report
-------------------
t/05-methods.t (Wstat: 1024 Tests: 29 Failed: 4)
Failed tests: 8-10, 19
Non-zero exit status: 4
Files=13, Tests=93, 4 wallclock secs ( 0.05 usr 0.01 sys + 0.90 cusr 0.10 csys = 1.06 CPU)
Result: FAIL
Failed 1/13 test programs. 4/93 subtests failed.
make: *** [test_dynamic] Error 255
------------------------------
PREREQUISITES
------------------------------
Prerequisite modules loaded:
requires:
Module Need Have
------------------- ----- --------
JSON 2.0 2.53
LWP::UserAgent 0 6.03
perl 5.006 5.015004
URI 0 1.59
build_requires:
Module Need Have
------------------- ----- --------
HTTP::Response 0 6.01
JSON 2.0 2.53
LWP::UserAgent 0 6.03
Test::More 0.62 0.98
configure_requires:
Module Need Have
------------------- ----- --------
ExtUtils::MakeMaker 6.17 6.63_02
------------------------------
ENVIRONMENT AND OTHER CONTEXT
------------------------------
Environment variables:
AUTOMATED_TESTING = 1
LANG = en_US.UTF-8
LANGUAGE = en_US:en
PATH = /home/sand/bin:/usr/local/bin:/usr/bin:/bin:/usr/bin/X11:/usr/games:/usr/local/perl/bin:/usr/X11/bin:/sbin:/usr/sbin
PERL5LIB =
PERL5OPT =
PERL5_CPANPLUS_IS_RUNNING = 4456
PERL5_CPAN_IS_RUNNING = 4456
PERL_MM_USE_DEFAULT = 1
SHELL = /usr/bin/zsh
TERM = screen
Perl special variables (and OS-specific diagnostics, for MSWin32):
$^X = /home/sand/src/perl/repoperls/installed-perls/perl/v5.15.4-176-gad4795e/127e/bin/perl
$UID/$EUID = 1005 / 1005
$GID = 1005 1005
$EGID = 1005 1005
Perl module toolchain versions installed:
Module Have
------------------- --------
CPAN 1.9800
Cwd 3.37
ExtUtils::CBuilder 0.280204
ExtUtils::Command 1.17
ExtUtils::Install 1.57
ExtUtils::MakeMaker 6.63_02
ExtUtils::Manifest 1.60
ExtUtils::ParseXS 3.05
File::Spec 3.34
Module::Build 0.39_01
Module::Signature 0.68
Test::Harness 3.23
Test::More 0.98
YAML 0.77
YAML::Syck 1.18
version 0.94
--
Summary of my perl5 (revision 5 version 15 subversion 4) configuration:
Commit id: ad4795e78e923065898354b946437030aaeca163
Platform:
osname=linux, osvers=2.6.32-5-amd64, archname=x86_64-linux-ld
uname='linux k83 2.6.32-5-amd64 #1 smp mon oct 3 03:59:20 utc 2011 x86_64 gnulinux '
config_args='-Dprefix=/home/src/perl/repoperls/installed-perls/perl/v5.15.4-176-gad4795e/127e -Dmyhostname=k83 -Dinstallusrbinperl=n -Uversiononly -Dusedevel -des -Ui_db -Uuseithreads -Duselongdouble -DDEBUGGING=-g'
hint=recommended, useposix=true, d_sigaction=define
useithreads=undef, usemultiplicity=undef
useperlio=define, d_sfio=undef, uselargefiles=define, usesocks=undef
use64bitint=define, use64bitall=define, uselongdouble=define
usemymalloc=n, bincompat5005=undef
Compiler:
cc='cc', ccflags ='-fno-strict-aliasing -pipe -fstack-protector -I/usr/local/include -D_LARGEFILE_SOURCE -D_FILE_OFFSET_BITS=64',
optimize='-O2 -g',
cppflags='-fno-strict-aliasing -pipe -fstack-protector -I/usr/local/include'
ccversion='', gccversion='4.4.5', gccosandvers=''
intsize=4, longsize=8, ptrsize=8, doublesize=8, byteorder=12345678
d_longlong=define, longlongsize=8, d_longdbl=define, longdblsize=16
ivtype='long', ivsize=8, nvtype='long double', nvsize=16, Off_t='off_t', lseeksize=8
alignbytes=16, prototype=define
Linker and Libraries:
ld='cc', ldflags =' -fstack-protector -L/usr/local/lib'
libpth=/usr/local/lib /lib/../lib /usr/lib/../lib /lib /usr/lib /lib64 /usr/lib64
libs=-lnsl -ldb -ldl -lm -lcrypt -lutil -lc
perllibs=-lnsl -ldl -lm -lcrypt -lutil -lc
libc=/lib/libc-2.11.2.so, so=so, useshrplib=false, libperl=libperl.a
gnulibc_version='2.11.2'
Dynamic Linking:
dlsrc=dl_dlopen.xs, dlext=so, d_dlsymun=undef, ccdlflags='-Wl,-E'
cccdlflags='-fPIC', lddlflags='-shared -O2 -g -L/usr/local/lib -fstack-protector'
Characteristics of this binary (from libperl):
Compile-time options: HAS_TIMES PERLIO_LAYERS PERL_DONT_CREATE_GVSV
PERL_MALLOC_WRAP PERL_PRESERVE_IVUV PERL_USE_DEVEL
USE_64_BIT_ALL USE_64_BIT_INT USE_LARGE_FILES
USE_LOCALE USE_LOCALE_COLLATE USE_LOCALE_CTYPE
USE_LOCALE_NUMERIC USE_LONG_DOUBLE USE_PERLIO
USE_PERL_ATOF
Built under linux
Compiled at Nov 7 2011 05:41:37
%ENV:
PERL5LIB=""
PERL5OPT=""
PERL5_CPANPLUS_IS_RUNNING="4456"
PERL5_CPAN_IS_RUNNING="4456"
PERL_MM_USE_DEFAULT="1"
@INC:
/home/src/perl/repoperls/installed-perls/perl/v5.15.4-176-gad4795e/127e/lib/site_perl/5.15.4/x86_64-linux-ld
/home/src/perl/repoperls/installed-perls/perl/v5.15.4-176-gad4795e/127e/lib/site_perl/5.15.4
/home/src/perl/repoperls/installed-perls/perl/v5.15.4-176-gad4795e/127e/lib/5.15.4/x86_64-linux-ld
/home/src/perl/repoperls/installed-perls/perl/v5.15.4-176-gad4795e/127e/lib/5.15.4
.