HTTP-AnyUA v0.904 Perl 5 v5.32.1 MSWin32-x86-multi-thread-64int

Status
Fail
From
gregor herrmann
Dist
HTTP-AnyUA v0.904
Platform
Perl 5 v5.32.1 MSWin32-x86-multi-thread-64int
Date
2022-03-30 06:36:58
ID
aa9fe446-6d4c-1014-8290-d3f49598d170
This distribution has been tested as part of the CPAN Testers
project, supporting the Perl programming language.  See
http://wiki.cpantesters.org/ for more information or email
questions to cpan-testers-discuss@perl.org


--
Dear Charles McGarvey,

This is a computer-generated report for HTTP-AnyUA-0.904
on perl 5.32.1, created by CPAN-Reporter-1.2018.

Thank you for uploading your work to CPAN.  However, there was a problem
testing your distribution.

If you think this report is invalid, please consult the CPAN Testers Wiki
for suggestions on how to avoid getting FAIL reports for missing library
or binary dependencies, unsupported operating systems, and so on:

http://wiki.cpantesters.org/wiki/CPANAuthorNotes

Sections of this report:

    * Tester comments
    * Program output
    * Prerequisites
    * Environment and other context

------------------------------
TESTER COMMENTS
------------------------------

Additional comments from tester:

this report is from an automated smoke testing program
and was not reviewed by a human for accuracy

------------------------------
PROGRAM OUTPUT
------------------------------

Output from 'C:\strawberry\c\bin\gmake.EXE test':

"C:\Strawberry\perl\bin\perl.exe" "-MExtUtils::Command::MM" "-MTest::Harness" "-e" "undef *Test::Harness::Switches; test_harness(0, 'blib\lib', 'blib\arch')" t/*.t
t/00-compile.t ..................... ok
# 
# Versions for all modules listed in MYMETA.json (including optional ones):
# 
# === Configure Requires ===
# 
#     Module              Want Have
#     ------------------- ---- ----
#     ExtUtils::MakeMaker  any 7.64
# 
# === Build Requires ===
# 
#     Module              Want Have
#     ------------------- ---- ----
#     ExtUtils::MakeMaker  any 7.64
# 
# === Test Requires ===
# 
#     Module              Want     Have
#     ------------------- ---- --------
#     ExtUtils::MakeMaker  any     7.64
#     File::Spec           any     3.78
#     IO::Handle           any     1.48
#     IPC::Open3           any     1.21
#     Test2::API           any 1.302190
#     Test::Exception      any     0.43
#     Test::More           any 1.302190
#     lib                  any     0.65
#     namespace::clean     any     0.27
# 
# === Test Recommends ===
# 
#     Module         Want     Have
#     ---------- -------- --------
#     CPAN::Meta 2.120900 2.150010
# 
# === Test Suggests ===
# 
#     Module          Want    Have
#     --------------- ---- -------
#     AnyEvent::HTTP   any missing
#     Furl             any missing
#     HTTP::Tiny       any   0.080
#     JSON             any    4.05
#     LWP::UserAgent   any    6.61
#     Mojo::UserAgent  any   undef
#     Net::Curl::Easy  any missing
#     Plack::Runner    any   undef
#     Starman          any missing
# 
# === Runtime Requires ===
# 
#     Module         Want   Have
#     -------------- ---- ------
#     Carp            any   1.50
#     Exporter        any   5.74
#     Fcntl           any   1.13
#     Future          any   0.48
#     MIME::Base64    any   3.16
#     Module::Loader  any   0.04
#     Scalar::Util    any   1.62
#     Time::HiRes     any 1.9764
#     Time::Local     any   1.31
#     bytes           any   1.07
#     parent          any  0.238
#     strict          any   1.11
#     warnings        any   1.47
# 
# === Runtime Recommends ===
# 
#     Module     Want  Have
#     ---------- ---- -----
#     HTTP::Tiny  any 0.080
# 
t/00-report-prereqs.t .............. ok
t/01-new.t ......................... ok
t/02-shortcuts.t ................... ok
t/03-post_form.t ................... ok
    # Can't locate AnyEvent/HTTP.pm in @INC (you may need to install the AnyEvent::HTTP module) (@INC contains: t/lib C:\cpan\build\HTTP-AnyUA-0.904-0\blib\lib C:\cpan\build\HTTP-AnyUA-0.904-0\blib\arch C:/Strawberry/perl/site/lib/MSWin32-x86-multi-thread-64int C:/Strawberry/perl/site/lib C:/Strawberry/perl/vendor/lib C:/Strawberry/perl/lib .) at (eval 41) line 1.
    # Can't locate Furl.pm in @INC (you may need to install the Furl module) (@INC contains: t/lib C:\cpan\build\HTTP-AnyUA-0.904-0\blib\lib C:\cpan\build\HTTP-AnyUA-0.904-0\blib\arch C:/Strawberry/perl/site/lib/MSWin32-x86-multi-thread-64int C:/Strawberry/perl/site/lib C:/Strawberry/perl/vendor/lib C:/Strawberry/perl/lib .) at (eval 42) line 1.
Deadlock or test is slow at C:/Strawberry/perl/site/lib/JSON/PP.pm line 1384.
# Test ended with extra hubs on the stack!
    # Looks like your test exited with 1 just after 4.
t/04-internal-exception.t .......... 
Dubious, test returned 255 (wstat 65280, 0xff00)
Failed 2/6 subtests 
	(less 2 skipped subtests: 2 okay)
Der Befehl "-" ist entweder falsch geschrieben oder
konnte nicht gefunden werden.
# Could not start test server at t/lib/Server.pm line 100.
t/10-get.t ......................... skipped: Could not start test server.
Der Befehl "-" ist entweder falsch geschrieben oder
konnte nicht gefunden werden.
# Could not start test server at t/lib/Server.pm line 100.
t/11-post.t ........................ skipped: Could not start test server.
Der Befehl "-" ist entweder falsch geschrieben oder
konnte nicht gefunden werden.
# Could not start test server at t/lib/Server.pm line 100.
t/12-put.t ......................... skipped: Could not start test server.
Der Befehl "-" ist entweder falsch geschrieben oder
konnte nicht gefunden werden.
# Could not start test server at t/lib/Server.pm line 100.
t/13-head.t ........................ skipped: Could not start test server.
Der Befehl "-" ist entweder falsch geschrieben oder
konnte nicht gefunden werden.
# Could not start test server at t/lib/Server.pm line 100.
t/14-delete.t ...................... skipped: Could not start test server.
Der Befehl "-" ist entweder falsch geschrieben oder
konnte nicht gefunden werden.
# Could not start test server at t/lib/Server.pm line 100.
t/15-custom-method.t ............... skipped: Could not start test server.
Der Befehl "-" ist entweder falsch geschrieben oder
konnte nicht gefunden werden.
# Could not start test server at t/lib/Server.pm line 100.
t/20-data_callback.t ............... skipped: Could not start test server.
Der Befehl "-" ist entweder falsch geschrieben oder
konnte nicht gefunden werden.
# Could not start test server at t/lib/Server.pm line 100.
t/21-basic-auth.t .................. skipped: Could not start test server.
Der Befehl "-" ist entweder falsch geschrieben oder
konnte nicht gefunden werden.
# Could not start test server at t/lib/Server.pm line 100.
t/22-redirects.t ................... skipped: Could not start test server.
Der Befehl "-" ist entweder falsch geschrieben oder
konnte nicht gefunden werden.
# Could not start test server at t/lib/Server.pm line 100.
t/23-content-coderef.t ............. skipped: Could not start test server.
t/40-middleware-content-length.t ... ok
t/40-middleware-request-headers.t .. ok
t/40-middleware-runtime.t .......... ok
    # Can't locate AnyEvent/HTTP.pm in @INC (you may need to install the AnyEvent::HTTP module) (@INC contains: t/lib C:\cpan\build\HTTP-AnyUA-0.904-0\blib\lib C:\cpan\build\HTTP-AnyUA-0.904-0\blib\arch C:/Strawberry/perl/site/lib/MSWin32-x86-multi-thread-64int C:/Strawberry/perl/site/lib C:/Strawberry/perl/vendor/lib C:/Strawberry/perl/lib .) at (eval 139) line 1.
t/50-future-subclass.t ............. ok

Test Summary Report
-------------------
t/04-internal-exception.t        (Wstat: 65280 (exited 255) Tests: 4 Failed: 0)
  Non-zero exit status: 255
  Parse errors: Bad plan.  You planned 6 tests but ran 4.
Files=20, Tests=48, 90 wallclock secs ( 0.20 usr +  0.05 sys =  0.25 CPU)
Result: FAIL
Failed 1/20 test programs. 0/48 subtests failed.
gmake.EXE: *** [Makefile:908: test_dynamic] Error 255

------------------------------
PREREQUISITES
------------------------------

Prerequisite modules loaded:

requires:

    Module              Need  Have    
    ------------------- ----- --------
    bytes               0     1.07    
    Carp                0     1.50    
    Exporter            0     5.74    
    Fcntl               0     1.13    
    Future              0     0.48    
    MIME::Base64        0     3.16    
    Module::Loader      0     0.04    
    parent              0     0.238   
    perl                5.010 5.032001
    Scalar::Util        0     1.62    
    strict              0     1.11    
    Time::HiRes         0     1.9764  
    Time::Local         0     1.31    
    warnings            0     1.47    

build_requires:

    Module              Need  Have    
    ------------------- ----- --------
    ExtUtils::MakeMaker 0     7.64    
    File::Spec          0     3.78    
    IO::Handle          0     1.48    
    IPC::Open3          0     1.21    
    lib                 0     0.65    
    namespace::clean    0     0.27    
    Test2::API          0     1.302190
    Test::Exception     0     0.43    
    Test::More          0     1.302190

configure_requires:

    Module              Need  Have    
    ------------------- ----- --------
    ExtUtils::MakeMaker 0     7.64    


------------------------------
ENVIRONMENT AND OTHER CONTEXT
------------------------------

Environment variables:

    AUTOMATED_TESTING = 1
    COMSPEC = C:\WINDOWS.0\system32\cmd.exe
    NONINTERACTIVE_TESTING = 1
    NUMBER_OF_PROCESSORS = 1
    PATH = C:\WINDOWS.0\system32;C:\strawberry\c\bin;C:\strawberry\perl\site\bin;C:\strawberry\perl\bin
    PERL5LIB = 
    PERL5OPT = 
    PERL5_CPANPLUS_IS_RUNNING = 3200
    PERL5_CPAN_IS_RUNNING = 3200
    PERL5_CPAN_IS_RUNNING_IN_RECURSION = 2244,3200
    PERL_CR_SMOKER_CURRENT = GraphQL-Client-0.605
    PERL_EXTUTILS_AUTOINSTALL = --defaultdeps
    PERL_MM_USE_DEFAULT = 1
    PERL_USE_UNSAFE_INC = 1
    PROCESSOR_IDENTIFIER = x86 Family 6 Model 14 Stepping 8, GenuineIntel
    TEMP = C:\DOKUME~1\smoker\LOKALE~1\Temp
    TERM = dumb

Perl special variables (and OS-specific diagnostics, for MSWin32):

    $^X = C:\Strawberry\perl\bin\perl.exe
    $UID/$EUID = 0 / 0
    $GID = 0
    $EGID = 0
    Win32::GetOSName = WinXP/.Net
    Win32::GetOSVersion = Service Pack 3, 5, 1, 2600, 2, 3, 0, 256, 1
    Win32::FsType = NTFS
    Win32::IsAdminUser = 1

Perl module toolchain versions installed:

    Module              Have    
    ------------------- --------
    CPAN                2.33    
    CPAN::Meta          2.150010
    Cwd                 3.78    
    ExtUtils::CBuilder  0.280235
    ExtUtils::Command   7.64    
    ExtUtils::Install   2.20    
    ExtUtils::MakeMaker 7.64    
    ExtUtils::Manifest  1.73    
    ExtUtils::ParseXS   3.44    
    File::Spec          3.78    
    JSON                4.05    
    JSON::PP            4.07    
    Module::Build       0.4231  
    Module::Signature   0.88    
    Parse::CPAN::Meta   2.150010
    Test::Harness       3.43_03 
    Test::More          1.302190
    YAML                1.30    
    YAML::Syck          1.34    
    version             0.9928  


--

Summary of my perl5 (revision 5 version 32 subversion 1) configuration:
   
  Platform:
    osname=MSWin32
    osvers=10.0.19042.746
    archname=MSWin32-x86-multi-thread-64int
    uname='Win32 strawberry-perl 5.32.1.1 #1 Sun Jan 24 12:17:47 2021 i386'
    config_args='undef'
    hint=recommended
    useposix=true
    d_sigaction=undef
    useithreads=define
    usemultiplicity=define
    use64bitint=define
    use64bitall=undef
    uselongdouble=undef
    usemymalloc=n
    default_inc_excludes_dot=define
    bincompat5005=undef
  Compiler:
    cc='gcc'
    ccflags =' -DWIN32 -D__USE_MINGW_ANSI_STDIO -DPERL_TEXTMODE_SCRIPTS -DPERL_IMPLICIT_CONTEXT -DPERL_IMPLICIT_SYS -DUSE_PERLIO -fwrapv -fno-strict-aliasing -mms-bitfields'
    optimize='-s -O2'
    cppflags='-DWIN32'
    ccversion=''
    gccversion='8.3.0'
    gccosandvers=''
    intsize=4
    longsize=4
    ptrsize=4
    doublesize=8
    byteorder=12345678
    doublekind=3
    d_longlong=define
    longlongsize=8
    d_longdbl=define
    longdblsize=12
    longdblkind=3
    ivtype='long long'
    ivsize=8
    nvtype='double'
    nvsize=8
    Off_t='long long'
    lseeksize=8
    alignbytes=8
    prototype=define
  Linker and Libraries:
    ld='g++'
    ldflags ='-s -L"C:\STRAWB~1\perl\lib\CORE" -L"C:\STRAWB~1\c\lib"'
    libpth=C:\STRAWB~1\c\lib C:\STRAWB~1\c\i686-w64-mingw32\lib C:\STRAWB~1\c\lib\gcc\i686-w64-mingw32\8.3.0
    libs= -lmoldname -lkernel32 -luser32 -lgdi32 -lwinspool -lcomdlg32 -ladvapi32 -lshell32 -lole32 -loleaut32 -lnetapi32 -luuid -lws2_32 -lmpr -lwinmm -lversion -lodbc32 -lodbccp32 -lcomctl32
    perllibs= -lmoldname -lkernel32 -luser32 -lgdi32 -lwinspool -lcomdlg32 -ladvapi32 -lshell32 -lole32 -loleaut32 -lnetapi32 -luuid -lws2_32 -lmpr -lwinmm -lversion -lodbc32 -lodbccp32 -lcomctl32
    libc=
    so=dll
    useshrplib=true
    libperl=libperl532.a
    gnulibc_version=''
  Dynamic Linking:
    dlsrc=dl_win32.xs
    dlext=xs.dll
    d_dlsymun=undef
    ccdlflags=' '
    cccdlflags=' '
    lddlflags='-mdll -s -L"C:\STRAWB~1\perl\lib\CORE" -L"C:\STRAWB~1\c\lib"'


Characteristics of this binary (from libperl): 
  Compile-time options:
    HAS_TIMES
    HAVE_INTERP_INTERN
    MULTIPLICITY
    PERLIO_LAYERS
    PERL_COPY_ON_WRITE
    PERL_DONT_CREATE_GVSV
    PERL_IMPLICIT_CONTEXT
    PERL_IMPLICIT_SYS
    PERL_MALLOC_WRAP
    PERL_OP_PARENT
    PERL_PRESERVE_IVUV
    USE_64_BIT_INT
    USE_ITHREADS
    USE_LARGE_FILES
    USE_LOCALE
    USE_LOCALE_COLLATE
    USE_LOCALE_CTYPE
    USE_LOCALE_NUMERIC
    USE_LOCALE_TIME
    USE_PERLIO
    USE_PERL_ATOF
  Built under MSWin32
  Compiled at Jan 24 2021 12:22:49
  %ENV:
    PERL5_CPANPLUS_IS_RUNNING="3200"
    PERL5_CPAN_IS_RUNNING="3200"
    PERL5_CPAN_IS_RUNNING_IN_RECURSION="2244,3200"
    PERL_CR_SMOKER_CURRENT="GraphQL-Client-0.605"
    PERL_EXTUTILS_AUTOINSTALL="--defaultdeps"
    PERL_MM_USE_DEFAULT="1"
    PERL_USE_UNSAFE_INC="1"
  @INC:
    C:/Strawberry/perl/site/lib/MSWin32-x86-multi-thread-64int
    C:/Strawberry/perl/site/lib
    C:/Strawberry/perl/vendor/lib
    C:/Strawberry/perl/lib
    .