Back
From: metabase:user:68a9c4ac-1ec7-11e0-bf29-9c4bfeb2ac3f
Subject: FAIL WWW-Curl-4.15 v5.15.8 GNU/Linux
Date: 2012-03-14T04:32:11Z
This distribution has been tested as part of the CPAN Testers
project, supporting the Perl programming language. See
http://wiki.cpantesters.org/ for more information or email
questions to cpan-testers-discuss@perl.org
--
Dear Balint Szilakszi,
This is a computer-generated report for WWW-Curl-4.15
on perl 5.15.8, created by CPAN-Reporter-1.2004.
Thank you for uploading your work to CPAN. However, there was a problem
testing your distribution.
If you think this report is invalid, please consult the CPAN Testers Wiki
for suggestions on how to avoid getting FAIL reports for missing library
or binary dependencies, unsupported operating systems, and so on:
http://wiki.cpantesters.org/wiki/CPANAuthorNotes
Sections of this report:
* Tester comments
* Program output
* Prerequisites
* Environment and other context
------------------------------
TESTER COMMENTS
------------------------------
Additional comments from tester:
this report is from an automated smoke testing program
and was not reviewed by a human for accuracy
------------------------------
PROGRAM OUTPUT
------------------------------
Output from '/usr/bin/make test':
PERL_DL_NONLAZY=1 /home/smoker/perl5/perlbrew/perls/perl-5.15.8/bin/perl5.15.8 "-MExtUtils::Command::MM" "-e" "test_harness(0, 'inc', 'blib/lib', 'blib/arch')" t/*.t
# Failed test 'CURLSHE_NOMEM is defined alright - Invalid argument'
# at t/00constants.t line 59.
# Looks like you failed 1 test of 331.
t/00constants.t ...........
Dubious, test returned 1 (wstat 256, 0x100)
Failed 1/331 subtests
t/01basic.t ............... ok
t/02callbacks.t ........... ok
t/04abort-test.t .......... ok
t/05progress.t ............ ok
t/06http-post.t ........... skipped: Not performing http POST/upload tests
t/07ftp-upload.t .......... skipped: Not performing ftp upload tests
t/08ssl.t ................. ok
t/09times.t ............... ok
t/10errbuf.t .............. ok
t/13slowleak.t ............ skipped: Not performing slow leakage regression test
t/14duphandle.t ........... ok
t/15duphandle-callback.t .. ok
t/16formpost.t ............ skipped: Not performing POST
t/17slist.t ............... skipped: Not performing printenv cgi tests
t/18twinhandles.t ......... ok
t/19multi.t ............... ok
t/20undefined_subs.t ...... ok
t/21write-to-scalar.t ..... ok
t/meta.t .................. ok
t/pod-coverage.t .......... ok
t/pod.t ................... ok
Test Summary Report
-------------------
t/00constants.t (Wstat: 256 Tests: 331 Failed: 1)
Failed test: 271
Non-zero exit status: 1
Files=22, Tests=529, 19 wallclock secs ( 0.09 usr 0.04 sys + 1.29 cusr 0.18 csys = 1.60 CPU)
Result: FAIL
Failed 1/22 test programs. 1/529 subtests failed.
make: *** [test_dynamic] Error 255
------------------------------
PREREQUISITES
------------------------------
Prerequisite modules loaded:
requires:
Module Need Have
------------------- ---- -------
ExtUtils::MakeMaker 6.42 6.63_02
build_requires:
Module Need Have
------------------- ---- -------
ExtUtils::MakeMaker 0 6.63_02
configure_requires:
Module Need Have
------------------- ---- -------
ExtUtils::MakeMaker 6.42 6.63_02
------------------------------
ENVIRONMENT AND OTHER CONTEXT
------------------------------
Environment variables:
AUTOMATED_TESTING = 1
LANG = en_US.UTF-8
MANPATH_WITHOUT_PERLBREW =
PATH = /home/smoker/perl5/perlbrew/bin:/home/smoker/perl5/perlbrew/perls/perl-5.15.8/bin:/usr/kerberos/bin:/home/smoker/bin:/usr/local/bin:/bin:/usr/bin:/usr/X11R6/bin:/pasid:.:/home/smoker/bin
PATH_WITHOUT_PERLBREW = /usr/kerberos/bin:/home/smoker/bin:/usr/local/bin:/bin:/usr/bin:/usr/X11R6/bin:/pasid:.
PERL5LIB = /home/smoker/.cpan/build/Mail-RFC822-Address-0.3-8vdGHf/blib/arch:/home/smoker/.cpan/build/Mail-RFC822-Address-0.3-8vdGHf/blib/lib
PERL5OPT =
PERL5_CPANPLUS_IS_RUNNING = 14227
PERL5_CPAN_IS_RUNNING = 14227
PERL5_CPAN_IS_RUNNING_IN_RECURSION = 10368,14227
PERLBREW_BASHRC_VERSION = 0.41
PERLBREW_HOME = /home/smoker/.perlbrew
PERLBREW_MANPATH = /home/smoker/perl5/perlbrew/perls/perl-5.15.8/man
PERLBREW_PATH = /home/smoker/perl5/perlbrew/bin:/home/smoker/perl5/perlbrew/perls/perl-5.15.8/bin
PERLBREW_PERL = perl-5.15.8
PERLBREW_ROOT = /home/smoker/perl5/perlbrew
PERLBREW_VERSION = 0.41
PERL_CR_SMOKER_CURRENT = WebService-SendGrid-1.02
PERL_EXTUTILS_AUTOINSTALL = --defaultdeps
PERL_MM_USE_DEFAULT = 1
SHELL = /bin/bash
TERM = screen
Perl special variables (and OS-specific diagnostics, for MSWin32):
$^X = /home/smoker/perl5/perlbrew/perls/perl-5.15.8/bin/perl5.15.8
$UID/$EUID = 500 / 500
$GID = 500 500
$EGID = 500 500
Perl module toolchain versions installed:
Module Have
------------------- --------
CPAN 1.9800
CPAN::Meta 2.120351
Cwd 3.39_02
ExtUtils::CBuilder 0.280205
ExtUtils::Command 1.17
ExtUtils::Install 1.58
ExtUtils::MakeMaker 6.63_02
ExtUtils::Manifest 1.61
ExtUtils::ParseXS 3.16
File::Spec 3.39_02
JSON 2.53
JSON::PP 2.27200
Module::Build 0.39_01
Module::Signature 0.68
Parse::CPAN::Meta 1.4402
Test::Harness 3.23
Test::More 0.98
YAML n/a
YAML::Syck 1.20
version 0.96
--
Summary of my perl5 (revision 5 version 15 subversion 8) configuration:
Platform:
osname=linux, osvers=2.6.10-1.771_fc2, archname=i686-linux
uname='linux engine-smoker.localdomain 2.6.10-1.771_fc2 #1 mon mar 28 00:50:14 est 2005 i686 i686 i386 gnulinux '
config_args='-de -Dprefix=/home/smoker/perl5/perlbrew/perls/perl-5.15.8 -Dusedevel'
hint=recommended, useposix=true, d_sigaction=define
useithreads=undef, usemultiplicity=undef
useperlio=define, d_sfio=undef, uselargefiles=define, usesocks=undef
use64bitint=undef, use64bitall=undef, uselongdouble=undef
usemymalloc=n, bincompat5005=undef
Compiler:
cc='cc', ccflags ='-fno-strict-aliasing -pipe -I/usr/local/include -D_LARGEFILE_SOURCE -D_FILE_OFFSET_BITS=64',
optimize='-O2',
cppflags='-fno-strict-aliasing -pipe -I/usr/local/include'
ccversion='', gccversion='3.3.3 20040412 (Red Hat Linux 3.3.3-7)', gccosandvers=''
intsize=4, longsize=4, ptrsize=4, doublesize=8, byteorder=1234
d_longlong=define, longlongsize=8, d_longdbl=define, longdblsize=12
ivtype='long', ivsize=4, nvtype='double', nvsize=8, Off_t='off_t', lseeksize=8
alignbytes=4, prototype=define
Linker and Libraries:
ld='cc', ldflags =' -L/usr/local/lib'
libpth=/usr/local/lib /lib /usr/lib
libs=-lnsl -ldl -lm -lcrypt -lutil -lc
perllibs=-lnsl -ldl -lm -lcrypt -lutil -lc
libc=/lib/libc-2.3.3.so, so=so, useshrplib=false, libperl=libperl.a
gnulibc_version='2.3.3'
Dynamic Linking:
dlsrc=dl_dlopen.xs, dlext=so, d_dlsymun=undef, ccdlflags='-Wl,-E'
cccdlflags='-fPIC', lddlflags='-shared -O2 -L/usr/local/lib'
Characteristics of this binary (from libperl):
Compile-time options: HAS_TIMES PERLIO_LAYERS PERL_DONT_CREATE_GVSV
PERL_MALLOC_WRAP PERL_PRESERVE_IVUV PERL_USE_DEVEL
USE_LARGE_FILES USE_LOCALE USE_LOCALE_COLLATE
USE_LOCALE_CTYPE USE_LOCALE_NUMERIC USE_PERLIO
USE_PERL_ATOF
Built under linux
Compiled at Feb 21 2012 14:57:33
%ENV:
PERL5LIB="/home/smoker/.cpan/build/Mail-RFC822-Address-0.3-8vdGHf/blib/arch:/home/smoker/.cpan/build/Mail-RFC822-Address-0.3-8vdGHf/blib/lib"
PERL5OPT=""
PERL5_CPANPLUS_IS_RUNNING="14227"
PERL5_CPAN_IS_RUNNING="14227"
PERL5_CPAN_IS_RUNNING_IN_RECURSION="10368,14227"
PERLBREW_BASHRC_VERSION="0.41"
PERLBREW_HOME="/home/smoker/.perlbrew"
PERLBREW_MANPATH="/home/smoker/perl5/perlbrew/perls/perl-5.15.8/man"
PERLBREW_PATH="/home/smoker/perl5/perlbrew/bin:/home/smoker/perl5/perlbrew/perls/perl-5.15.8/bin"
PERLBREW_PERL="perl-5.15.8"
PERLBREW_ROOT="/home/smoker/perl5/perlbrew"
PERLBREW_VERSION="0.41"
PERL_CR_SMOKER_CURRENT="WebService-SendGrid-1.02"
PERL_EXTUTILS_AUTOINSTALL="--defaultdeps"
PERL_MM_USE_DEFAULT="1"
@INC:
/home/smoker/.cpan/build/Mail-RFC822-Address-0.3-8vdGHf/blib/arch
/home/smoker/.cpan/build/Mail-RFC822-Address-0.3-8vdGHf/blib/lib
/home/smoker/perl5/perlbrew/perls/perl-5.15.8/lib/site_perl/5.15.8/i686-linux
/home/smoker/perl5/perlbrew/perls/perl-5.15.8/lib/site_perl/5.15.8
/home/smoker/perl5/perlbrew/perls/perl-5.15.8/lib/5.15.8/i686-linux
/home/smoker/perl5/perlbrew/perls/perl-5.15.8/lib/5.15.8
.