Math-MatrixReal v2.13 Perl 5 v5.38.0 cygwin-ld
- Status
- Fail
- From
- Peter John Acklam (PJACKLAM)
- Dist
-
Math-MatrixReal v2.13
- Platform
- Perl 5 v5.38.0 cygwin-ld
- Date
- 2024-09-28 01:37:17
- ID
- ab4e080c-6e22-1014-b002-b658eadf99e7
This distribution has been tested as part of the CPAN Testers
project, supporting the Perl programming language. See
http://wiki.cpantesters.org/ for more information or email
questions to cpan-testers-discuss@perl.org
--
Dear Jonathan Leto,
This is a computer-generated report for Math-MatrixReal-2.13
on perl 5.38.0, created by CPAN-Reporter-1.2020.
Thank you for uploading your work to CPAN. However, there was a problem
testing your distribution.
If you think this report is invalid, please consult the CPAN Testers Wiki
for suggestions on how to avoid getting FAIL reports for missing library
or binary dependencies, unsupported operating systems, and so on:
http://wiki.cpantesters.org/wiki/CPANAuthorNotes
Sections of this report:
* Tester comments
* Program output
* Prerequisites
* Environment and other context
------------------------------
TESTER COMMENTS
------------------------------
Additional comments from tester:
this report is from an automated smoke testing program
and was not reviewed by a human for accuracy
------------------------------
PROGRAM OUTPUT
------------------------------
Output from './Build test':
# Testing Math::MatrixReal 2.13 on cygwin, Perl (/cygdrive/c/opt/perl5/cygwin_nt-10.0/3.5.4/x86_64/perl/5.38.0/cygwin-ld/bin/perl5.38.0) 5.038000
t/00-load.t ............ ok
do "funcs.pl" failed, '.' is no longer in @INC; did you mean do "./funcs.pl"? at t/adjoint.t line 8.
Undefined subroutine &main::ok_matrix called at t/adjoint.t line 16.
# Looks like your test exited with 2 before it could output anything.
t/adjoint.t ............
Dubious, test returned 2 (wstat 512, 0x200)
Failed 2/2 subtests
do "funcs.pl" failed, '.' is no longer in @INC; did you mean do "./funcs.pl"? at t/arith.t line 6.
Undefined subroutine &main::ok_matrix called at t/arith.t line 13.
# Looks like your test exited with 2 before it could output anything.
t/arith.t ..............
Dubious, test returned 2 (wstat 512, 0x200)
Failed 4/4 subtests
do "funcs.pl" failed, '.' is no longer in @INC; did you mean do "./funcs.pl"? at t/assign.t line 6.
Undefined subroutine &main::assert_dies called at t/assign.t line 34.
# Looks like your test exited with 2 just after 2.
t/assign.t .............
Dubious, test returned 2 (wstat 512, 0x200)
Failed 3/5 subtests
do "funcs.pl" failed, '.' is no longer in @INC; did you mean do "./funcs.pl"? at t/basic.t line 6.
Undefined subroutine &main::ok_matrix called at t/basic.t line 97.
# Looks like your test exited with 2 just after 5.
t/basic.t ..............
Dubious, test returned 2 (wstat 512, 0x200)
Failed 2/7 subtests
do "funcs.pl" failed, '.' is no longer in @INC; did you mean do "./funcs.pl"? at t/bench_eigen.t line 6.
* Estimated diagonalization time for 150x150 matrix: 2.96 s
Estimated biggest matrix diagonalisable within 1 day cpu: 4516x4516
* Estimated eigenvalues-only computation time for 150x150 matrix: 0.46 s
Estimated biggest matrix manageable within 1 day cpu: 8298x8298
Btw, do you want to crunch such one now? (no, just kidding...;-)
t/bench_eigen.t ........ ok
do "funcs.pl" failed, '.' is no longer in @INC; did you mean do "./funcs.pl"? at t/bench_eigen2.t line 5.
Undefined subroutine &main::ok_eigenvectors called at t/bench_eigen2.t line 32.
# Looks like your test exited with 2 before it could output anything.
t/bench_eigen2.t .......
Dubious, test returned 2 (wstat 512, 0x200)
Failed 3/3 subtests
do "funcs.pl" failed, '.' is no longer in @INC; did you mean do "./funcs.pl"? at t/binary.t line 6.
t/binary.t ............. ok
do "funcs.pl" failed, '.' is no longer in @INC; did you mean do "./funcs.pl"? at t/bool.t line 6.
t/bool.t ............... ok
do "funcs.pl" failed, '.' is no longer in @INC; did you mean do "./funcs.pl"? at t/cofactor.t line 5.
Undefined subroutine &main::ok_matrix called at t/cofactor.t line 13.
# Looks like your test exited with 2 before it could output anything.
t/cofactor.t ...........
Dubious, test returned 2 (wstat 512, 0x200)
Failed 2/2 subtests
t/concat.t ............. ok
do "funcs.pl" failed, '.' is no longer in @INC; did you mean do "./funcs.pl"? at t/condition.t line 6.
t/condition.t .......... ok
do "funcs.pl" failed, '.' is no longer in @INC; did you mean do "./funcs.pl"? at t/decompose_LR.t line 8.
Undefined subroutine &main::ok_matrix called at t/decompose_LR.t line 13.
# Looks like your test exited with 2 before it could output anything.
t/decompose_LR.t .......
Dubious, test returned 2 (wstat 512, 0x200)
Failed 2/2 subtests
do "funcs.pl" failed, '.' is no longer in @INC; did you mean do "./funcs.pl"? at t/det.t line 5.
Undefined subroutine &main::similar called at t/det.t line 15.
# Looks like your test exited with 2 before it could output anything.
t/det.t ................
Dubious, test returned 2 (wstat 512, 0x200)
Failed 13/13 subtests
do "funcs.pl" failed, '.' is no longer in @INC; did you mean do "./funcs.pl"? at t/diag.t line 6.
t/diag.t ............... ok
do "funcs.pl" failed, '.' is no longer in @INC; did you mean do "./funcs.pl"? at t/display_precision.t line 5.
Undefined subroutine &main::assert_dies called at t/display_precision.t line 32.
# Looks like your test exited with 2 just after 2.
t/display_precision.t ..
Dubious, test returned 2 (wstat 512, 0x200)
Failed 1/3 subtests
t/div.t ................ ok
do "funcs.pl" failed, '.' is no longer in @INC; did you mean do "./funcs.pl"? at t/each.t line 5.
Undefined subroutine &main::ok_matrix called at t/each.t line 16.
# Looks like your test exited with 2 before it could output anything.
t/each.t ...............
Dubious, test returned 2 (wstat 512, 0x200)
Failed 2/2 subtests
do "funcs.pl" failed, '.' is no longer in @INC; did you mean do "./funcs.pl"? at t/eigen_3x3.t line 6.
Undefined subroutine &main::ok_matrix_orthogonal called at t/eigen_3x3.t line 32.
# Looks like your test exited with 2 just after 2.
t/eigen_3x3.t ..........
Dubious, test returned 2 (wstat 512, 0x200)
Failed 11/13 subtests
do "funcs.pl" failed, '.' is no longer in @INC; did you mean do "./funcs.pl"? at t/eigen_7x7.t line 5.
Undefined subroutine &main::ok_matrix_orthogonal called at t/eigen_7x7.t line 37.
# Looks like your test exited with 2 before it could output anything.
t/eigen_7x7.t ..........
Dubious, test returned 2 (wstat 512, 0x200)
Failed 10/10 subtests
do "funcs.pl" failed, '.' is no longer in @INC; did you mean do "./funcs.pl"? at t/eigen_NxN.t line 6.
Undefined subroutine &main::ok_matrix_orthogonal called at t/eigen_NxN.t line 21.
# Looks like your test exited with 2 before it could output anything.
t/eigen_NxN.t ..........
Dubious, test returned 2 (wstat 512, 0x200)
Failed 15/15 subtests
do "funcs.pl" failed, '.' is no longer in @INC; did you mean do "./funcs.pl"? at t/equality.t line 7.
t/equality.t ........... ok
do "funcs.pl" failed, '.' is no longer in @INC; did you mean do "./funcs.pl"? at t/exponent.t line 5.
Undefined subroutine &main::ok_matrix called at t/exponent.t line 17.
# Looks like your test exited with 2 before it could output anything.
t/exponent.t ...........
Dubious, test returned 2 (wstat 512, 0x200)
Failed 6/6 subtests
do "funcs.pl" failed, '.' is no longer in @INC; did you mean do "./funcs.pl"? at t/ext1.t line 4.
Undefined subroutine &main::similar called at t/ext1.t line 166.
t/ext1.t ...............
Dubious, test returned 2 (wstat 512, 0x200)
Failed 2/21 subtests
do "funcs.pl" failed, '.' is no longer in @INC; did you mean do "./funcs.pl"? at t/gramian.t line 5.
t/gramian.t ............ ok
do "funcs.pl" failed, '.' is no longer in @INC; did you mean do "./funcs.pl"? at t/gsm.t line 6.
t/gsm.t ................ ok
do "funcs.pl" failed, '.' is no longer in @INC; did you mean do "./funcs.pl"? at t/inequality.t line 6.
t/inequality.t ......... ok
do "funcs.pl" failed, '.' is no longer in @INC; did you mean do "./funcs.pl"? at t/inverse.t line 5.
Undefined subroutine &main::ok_matrix called at t/inverse.t line 19.
# Looks like your test exited with 2 before it could output anything.
t/inverse.t ............
Dubious, test returned 2 (wstat 512, 0x200)
Failed 6/6 subtests
do "funcs.pl" failed, '.' is no longer in @INC; did you mean do "./funcs.pl"? at t/is_LR.t line 6.
t/is_LR.t .............. ok
do "funcs.pl" failed, '.' is no longer in @INC; did you mean do "./funcs.pl"? at t/isrowcol.t line 5.
t/isrowcol.t ........... ok
do "funcs.pl" failed, '.' is no longer in @INC; did you mean do "./funcs.pl"? at t/latex.t line 7.
t/latex.t .............. ok
do "funcs.pl" failed, '.' is no longer in @INC; did you mean do "./funcs.pl"? at t/length.t line 6.
Undefined subroutine &main::similar called at t/length.t line 10.
# Looks like your test exited with 2 before it could output anything.
t/length.t .............
Dubious, test returned 2 (wstat 512, 0x200)
Failed 2/2 subtests
do "funcs.pl" failed, '.' is no longer in @INC; did you mean do "./funcs.pl"? at t/list.t line 6.
t/list.t ............... ok
do "funcs.pl" failed, '.' is no longer in @INC; did you mean do "./funcs.pl"? at t/matlab.t line 5.
t/matlab.t ............. ok
do "funcs.pl" failed, '.' is no longer in @INC; did you mean do "./funcs.pl"? at t/max_min.t line 6.
t/max_min.t ............ ok
do "funcs.pl" failed, '.' is no longer in @INC; did you mean do "./funcs.pl"? at t/minimax.t line 8.
Undefined subroutine &main::similar called at t/minimax.t line 17.
# Looks like your test exited with 2 just after 2.
t/minimax.t ............
Dubious, test returned 2 (wstat 512, 0x200)
Failed 4/6 subtests
do "funcs.pl" failed, '.' is no longer in @INC; did you mean do "./funcs.pl"? at t/minor.t line 5.
Undefined subroutine &main::ok_matrix called at t/minor.t line 12.
# Looks like your test exited with 2 before it could output anything.
t/minor.t ..............
Dubious, test returned 2 (wstat 512, 0x200)
Failed 3/3 subtests
do "funcs.pl" failed, '.' is no longer in @INC; did you mean do "./funcs.pl"? at t/norm.t line 6.
Undefined subroutine &main::similar called at t/norm.t line 16.
# Looks like your test exited with 2 before it could output anything.
t/norm.t ...............
Dubious, test returned 2 (wstat 512, 0x200)
Failed 3/3 subtests
do "funcs.pl" failed, '.' is no longer in @INC; did you mean do "./funcs.pl"? at t/normality.t line 6.
t/normality.t .......... ok
do "funcs.pl" failed, '.' is no longer in @INC; did you mean do "./funcs.pl"? at t/orthogonal.t line 5.
t/orthogonal.t ......... ok
do "funcs.pl" failed, '.' is no longer in @INC; did you mean do "./funcs.pl"? at t/periodic.t line 5.
t/periodic.t ........... ok
do "funcs.pl" failed, '.' is no longer in @INC; did you mean do "./funcs.pl"? at t/positive.t line 6.
t/positive.t ........... ok
do "funcs.pl" failed, '.' is no longer in @INC; did you mean do "./funcs.pl"? at t/product.t line 5.
t/product.t ............ ok
do "funcs.pl" failed, '.' is no longer in @INC; did you mean do "./funcs.pl"? at t/quadratic.t line 5.
t/quadratic.t .......... ok
do "funcs.pl" failed, '.' is no longer in @INC; did you mean do "./funcs.pl"? at t/rand.t line 8.
Undefined subroutine &main::assert_dies called at t/rand.t line 46.
# Looks like your test exited with 2 just after 5.
t/rand.t ...............
Dubious, test returned 2 (wstat 512, 0x200)
Failed 11/16 subtests
do "funcs.pl" failed, '.' is no longer in @INC; did you mean do "./funcs.pl"? at t/rank.t line 6.
t/rank.t ............... ok
do "funcs.pl" failed, '.' is no longer in @INC; did you mean do "./funcs.pl"? at t/scinotation.t line 5.
Undefined subroutine &main::similar called at t/scinotation.t line 20.
# Looks like your test exited with 2 just after 2.
t/scinotation.t ........
Dubious, test returned 2 (wstat 512, 0x200)
Failed 1/3 subtests
do "funcs.pl" failed, '.' is no longer in @INC; did you mean do "./funcs.pl"? at t/similar.t line 8.
Undefined subroutine &main::similar called at t/similar.t line 12.
# Looks like your test exited with 2 before it could output anything.
t/similar.t ............
Dubious, test returned 2 (wstat 512, 0x200)
Failed 6/6 subtests
do "funcs.pl" failed, '.' is no longer in @INC; did you mean do "./funcs.pl"? at t/spectral.t line 6.
Undefined subroutine &main::similar called at t/spectral.t line 21.
# Looks like your test exited with 2 just after 3.
t/spectral.t ...........
Dubious, test returned 2 (wstat 512, 0x200)
Failed 2/5 subtests
do "funcs.pl" failed, '.' is no longer in @INC; did you mean do "./funcs.pl"? at t/stringify.t line 5.
t/stringify.t .......... ok
do "funcs.pl" failed, '.' is no longer in @INC; did you mean do "./funcs.pl"? at t/submatrix.t line 7.
Undefined subroutine &main::ok_matrix called at t/submatrix.t line 18.
# Looks like your test exited with 2 before it could output anything.
t/submatrix.t ..........
Dubious, test returned 2 (wstat 512, 0x200)
Failed 4/4 subtests
do "funcs.pl" failed, '.' is no longer in @INC; did you mean do "./funcs.pl"? at t/swap.t line 6.
Undefined subroutine &main::ok_matrix called at t/swap.t line 30.
# Looks like your test exited with 2 before it could output anything.
t/swap.t ...............
Dubious, test returned 2 (wstat 512, 0x200)
Failed 2/2 subtests
do "funcs.pl" failed, '.' is no longer in @INC; did you mean do "./funcs.pl"? at t/symmetric.t line 6.
t/symmetric.t .......... ok
do "funcs.pl" failed, '.' is no longer in @INC; did you mean do "./funcs.pl"? at t/trace.t line 6.
Undefined subroutine &main::similar called at t/trace.t line 22.
# Looks like your test exited with 2 before it could output anything.
t/trace.t ..............
Dubious, test returned 2 (wstat 512, 0x200)
Failed 8/8 subtests
do "funcs.pl" failed, '.' is no longer in @INC; did you mean do "./funcs.pl"? at t/transpose.t line 6.
Undefined subroutine &main::ok_matrix called at t/transpose.t line 11.
# Looks like your test exited with 2 before it could output anything.
t/transpose.t ..........
Dubious, test returned 2 (wstat 512, 0x200)
Failed 4/4 subtests
do "funcs.pl" failed, '.' is no longer in @INC; did you mean do "./funcs.pl"? at t/triang.t line 7.
t/triang.t ............. ok
do "funcs.pl" failed, '.' is no longer in @INC; did you mean do "./funcs.pl"? at t/tridiag.t line 6.
Undefined subroutine &main::ok_matrix called at t/tridiag.t line 25.
# Looks like your test exited with 2 just after 2.
t/tridiag.t ............
Dubious, test returned 2 (wstat 512, 0x200)
Failed 3/5 subtests
do "funcs.pl" failed, '.' is no longer in @INC; did you mean do "./funcs.pl"? at t/vecnorm.t line 5.
Undefined subroutine &main::similar called at t/vecnorm.t line 19.
# Looks like your test exited with 2 just after 1.
t/vecnorm.t ............
Dubious, test returned 2 (wstat 512, 0x200)
Failed 5/6 subtests
do "funcs.pl" failed, '.' is no longer in @INC; did you mean do "./funcs.pl"? at t/yacas.t line 6.
t/yacas.t .............. ok
Test Summary Report
-------------------
t/adjoint.t (Wstat: 512 (exited 2) Tests: 0 Failed: 0)
Non-zero exit status: 2
Parse errors: Bad plan. You planned 2 tests but ran 0.
t/arith.t (Wstat: 512 (exited 2) Tests: 0 Failed: 0)
Non-zero exit status: 2
Parse errors: Bad plan. You planned 4 tests but ran 0.
t/assign.t (Wstat: 512 (exited 2) Tests: 2 Failed: 0)
Non-zero exit status: 2
Parse errors: Bad plan. You planned 5 tests but ran 2.
t/basic.t (Wstat: 512 (exited 2) Tests: 5 Failed: 0)
Non-zero exit status: 2
Parse errors: Bad plan. You planned 7 tests but ran 5.
t/bench_eigen2.t (Wstat: 512 (exited 2) Tests: 0 Failed: 0)
Non-zero exit status: 2
Parse errors: Bad plan. You planned 3 tests but ran 0.
t/cofactor.t (Wstat: 512 (exited 2) Tests: 0 Failed: 0)
Non-zero exit status: 2
Parse errors: Bad plan. You planned 2 tests but ran 0.
t/decompose_LR.t (Wstat: 512 (exited 2) Tests: 0 Failed: 0)
Non-zero exit status: 2
Parse errors: Bad plan. You planned 2 tests but ran 0.
t/det.t (Wstat: 512 (exited 2) Tests: 0 Failed: 0)
Non-zero exit status: 2
Parse errors: Bad plan. You planned 13 tests but ran 0.
t/display_precision.t (Wstat: 512 (exited 2) Tests: 2 Failed: 0)
Non-zero exit status: 2
Parse errors: Bad plan. You planned 3 tests but ran 2.
t/each.t (Wstat: 512 (exited 2) Tests: 0 Failed: 0)
Non-zero exit status: 2
Parse errors: Bad plan. You planned 2 tests but ran 0.
t/eigen_3x3.t (Wstat: 512 (exited 2) Tests: 2 Failed: 0)
Non-zero exit status: 2
Parse errors: Bad plan. You planned 13 tests but ran 2.
t/eigen_7x7.t (Wstat: 512 (exited 2) Tests: 0 Failed: 0)
Non-zero exit status: 2
Parse errors: Bad plan. You planned 10 tests but ran 0.
t/eigen_NxN.t (Wstat: 512 (exited 2) Tests: 0 Failed: 0)
Non-zero exit status: 2
Parse errors: Bad plan. You planned 15 tests but ran 0.
t/exponent.t (Wstat: 512 (exited 2) Tests: 0 Failed: 0)
Non-zero exit status: 2
Parse errors: Bad plan. You planned 6 tests but ran 0.
t/ext1.t (Wstat: 512 (exited 2) Tests: 19 Failed: 0)
Non-zero exit status: 2
Parse errors: Bad plan. You planned 21 tests but ran 19.
t/inverse.t (Wstat: 512 (exited 2) Tests: 0 Failed: 0)
Non-zero exit status: 2
Parse errors: Bad plan. You planned 6 tests but ran 0.
t/length.t (Wstat: 512 (exited 2) Tests: 0 Failed: 0)
Non-zero exit status: 2
Parse errors: Bad plan. You planned 2 tests but ran 0.
t/minimax.t (Wstat: 512 (exited 2) Tests: 2 Failed: 0)
Non-zero exit status: 2
Parse errors: Bad plan. You planned 6 tests but ran 2.
t/minor.t (Wstat: 512 (exited 2) Tests: 0 Failed: 0)
Non-zero exit status: 2
Parse errors: Bad plan. You planned 3 tests but ran 0.
t/norm.t (Wstat: 512 (exited 2) Tests: 0 Failed: 0)
Non-zero exit status: 2
Parse errors: Bad plan. You planned 3 tests but ran 0.
t/rand.t (Wstat: 512 (exited 2) Tests: 5 Failed: 0)
Non-zero exit status: 2
Parse errors: Bad plan. You planned 16 tests but ran 5.
t/scinotation.t (Wstat: 512 (exited 2) Tests: 2 Failed: 0)
Non-zero exit status: 2
Parse errors: Bad plan. You planned 3 tests but ran 2.
t/similar.t (Wstat: 512 (exited 2) Tests: 0 Failed: 0)
Non-zero exit status: 2
Parse errors: Bad plan. You planned 6 tests but ran 0.
t/spectral.t (Wstat: 512 (exited 2) Tests: 3 Failed: 0)
Non-zero exit status: 2
Parse errors: Bad plan. You planned 5 tests but ran 3.
t/submatrix.t (Wstat: 512 (exited 2) Tests: 0 Failed: 0)
Non-zero exit status: 2
Parse errors: Bad plan. You planned 4 tests but ran 0.
t/swap.t (Wstat: 512 (exited 2) Tests: 0 Failed: 0)
Non-zero exit status: 2
Parse errors: Bad plan. You planned 2 tests but ran 0.
t/trace.t (Wstat: 512 (exited 2) Tests: 0 Failed: 0)
Non-zero exit status: 2
Parse errors: Bad plan. You planned 8 tests but ran 0.
t/transpose.t (Wstat: 512 (exited 2) Tests: 0 Failed: 0)
Non-zero exit status: 2
Parse errors: Bad plan. You planned 4 tests but ran 0.
t/tridiag.t (Wstat: 512 (exited 2) Tests: 2 Failed: 0)
Non-zero exit status: 2
Parse errors: Bad plan. You planned 5 tests but ran 2.
t/vecnorm.t (Wstat: 512 (exited 2) Tests: 1 Failed: 0)
Non-zero exit status: 2
Parse errors: Bad plan. You planned 6 tests but ran 1.
Files=59, Tests=211, 686 wallclock secs ( 0.27 usr 1.53 sys + 23.39 cusr 302.66 csys = 327.85 CPU)
Result: FAIL
Failed 30/59 test programs. 0/211 subtests failed.
------------------------------
PREREQUISITES
------------------------------
Prerequisite modules loaded:
build_requires:
Module Need Have
------------- ---- ------
File::Spec 0 3.88
Test::Most 0 0.38
configure_requires:
Module Need Have
------------- ---- ------
Module::Build 0.38 0.4234
------------------------------
ENVIRONMENT AND OTHER CONTEXT
------------------------------
Environment variables:
AUTOMATED_TESTING = 1
COMSPEC = C:\WINDOWS\system32\cmd.exe
LDFLAGS = -Wl,-rpath,/usr/local/lib -L/usr/local/lib
NUMBER_OF_PROCESSORS = 24
PATH = /cygdrive/c/opt/perl5/cygwin_nt-10.0/3.5.4/x86_64/perl/5.38.0/cygwin-ld/bin:/usr/bin:/bin:/usr/local/bin
PERL5LIB = /opt/perl5/cygwin_nt-10.0/3.5.4/x86_64/cpan/5.38.0/cygwin-ld/buildzAOuSZol/Test-Most-0.38-0/blib/arch:/opt/perl5/cygwin_nt-10.0/3.5.4/x86_64/cpan/5.38.0/cygwin-ld/buildzAOuSZol/Test-Most-0.38-0/blib/lib:/opt/perl5/cygwin_nt-10.0/3.5.4/x86_64/cpan/5.38.0/cygwin-ld/buildzAOuSZol/Test-Exception-0.43-0/blib/arch:/opt/perl5/cygwin_nt-10.0/3.5.4/x86_64/cpan/5.38.0/cygwin-ld/buildzAOuSZol/Test-Exception-0.43-0/blib/lib:/opt/perl5/cygwin_nt-10.0/3.5.4/x86_64/cpan/5.38.0/cygwin-ld/buildzAOuSZol/Test-Differences-0.71-0/blib/arch:/opt/perl5/cygwin_nt-10.0/3.5.4/x86_64/cpan/5.38.0/cygwin-ld/buildzAOuSZol/Test-Differences-0.71-0/blib/lib:/opt/perl5/cygwin_nt-10.0/3.5.4/x86_64/cpan/5.38.0/cygwin-ld/buildzAOuSZol/Text-Diff-1.45-0/blib/arch:/opt/perl5/cygwin_nt-10.0/3.5.4/x86_64/cpan/5.38.0/cygwin-ld/buildzAOuSZol/Text-Diff-1.45-0/blib/lib:/opt/perl5/cygwin_nt-10.0/3.5.4/x86_64/cpan/5.38.0/cygwin-ld/buildzAOuSZol/Algorithm-Diff-1.201-0/blib/arch:/opt/perl5/cygwin_nt-10.0/3.5.4/x86_64/cpan/5.38.0/cygwin-ld/buildzAOuSZol/Algorithm-Diff-1.201-0/blib/lib:/opt/perl5/cygwin_nt-10.0/3.5.4/x86_64/cpan/5.38.0/cygwin-ld/buildzAOuSZol/Test-Deep-1.204-0/blib/arch:/opt/perl5/cygwin_nt-10.0/3.5.4/x86_64/cpan/5.38.0/cygwin-ld/buildzAOuSZol/Test-Deep-1.204-0/blib/lib:/opt/perl5/cygwin_nt-10.0/3.5.4/x86_64/cpan/5.38.0/cygwin-ld/buildzAOuSZol/Exception-Class-1.45-0/blib/arch:/opt/perl5/cygwin_nt-10.0/3.5.4/x86_64/cpan/5.38.0/cygwin-ld/buildzAOuSZol/Exception-Class-1.45-0/blib/lib:/opt/perl5/cygwin_nt-10.0/3.5.4/x86_64/cpan/5.38.0/cygwin-ld/buildzAOuSZol/Devel-StackTrace-2.05-0/blib/arch:/opt/perl5/cygwin_nt-10.0/3.5.4/x86_64/cpan/5.38.0/cygwin-ld/buildzAOuSZol/Devel-StackTrace-2.05-0/blib/lib:/opt/perl5/cygwin_nt-10.0/3.5.4/x86_64/cpan/5.38.0/cygwin-ld/buildzAOuSZol/Class-Data-Inheritable-0.09-0/blib/arch:/opt/perl5/cygwin_nt-10.0/3.5.4/x86_64/cpan/5.38.0/cygwin-ld/buildzAOuSZol/Class-Data-Inheritable-0.09-0/blib/lib:/opt/perl5/cygwin_nt-10.0/3.5.4/x86_64/perl/5.38.0/cygwin-ld/local/lib/perl5:/opt/perl5/cygwin_nt-10.0/3.5.4/x86_64/perl/5.38.0/cygwin-ld/local/lib/site_perl:/opt/perl5/cygwin_nt-10.0/3.5.4/x86_64/perl/5.38.0/cygwin-ld/local/lib
PERL5OPT =
PERL5_CPANPLUS_IS_RUNNING = 3357
PERL5_CPAN_IS_RUNNING = 3357
PERL_CANARY_STABILITY_NOPROMPT = 1
PERL_CPAN_REPORTER_CONFIG = /cygdrive/c/home/peter/.cpanreporter/config-cygwin-AR-A01-L0042.ini
PERL_EXTUTILS_AUTOINSTALL = 1
PERL_MB_OPT = --install_base /opt/perl5/cygwin_nt-10.0/3.5.4/x86_64/perl/5.38.0/cygwin-ld/local
PERL_MM_OPT = INSTALL_BASE=/opt/perl5/cygwin_nt-10.0/3.5.4/x86_64/perl/5.38.0/cygwin-ld/local
PERL_MM_USE_DEFAULT = 1
PERL_TEST_CRITIC = 1
PERL_TEST_CRITIC = 1
PERL_TEST_POD = 1
PERL_TEST_POD = 1
PERL_USE_UNSAFE_INC =
POD_TESTING = 1
POD_TESTS = 1
PROCESSOR_IDENTIFIER = Intel64 Family 6 Model 151 Stepping 2, GenuineIntel
SHELL = /bin/bash
TEMP = /tmp
TERM = xterm
Perl special variables (and OS-specific diagnostics, for MSWin32):
$^X = /cygdrive/c/opt/perl5/cygwin_nt-10.0/3.5.4/x86_64/perl/5.38.0/cygwin-ld/bin/perl5.38.0
$UID/$EUID = 1061331 / 1061331
$GID = 1049089 1049089 578 545 4 66049 11 15 4095 66048 1104222 1150627 1098011 1051245 1113266 1156262 1089123 1139839 1090502 1141767 1081310 1090413 1061909 1058653 1081942 1122108 1125494 1137338 1137546 1088201 1143577 1151869 1090906 1093944 1122107 1051228 1057394 1141985 1159857 1068783 1154883 1137881 1138202 1056539 1057337 1089132 1100278 1051354 1104220 1059243 1089865 1152821 1087957 1105777 1155862 1150082 1135663 1049649 1152548 1125495 1152552 1139179 1069945 1142012 1059531 1090104 1090492 1155459 1068897 1157946 1081637 1095782 1075170 1144155 1139332 1146142 1111057 1164502 1159858 1069144 1164501 1154614 1081620 1141978 70145 70148 70149 1136189 1049147 1083352 266241 401408
$EGID = 1049089 1049089 578 545 4 66049 11 15 4095 66048 1104222 1150627 1098011 1051245 1113266 1156262 1089123 1139839 1090502 1141767 1081310 1090413 1061909 1058653 1081942 1122108 1125494 1137338 1137546 1088201 1143577 1151869 1090906 1093944 1122107 1051228 1057394 1141985 1159857 1068783 1154883 1137881 1138202 1056539 1057337 1089132 1100278 1051354 1104220 1059243 1089865 1152821 1087957 1105777 1155862 1150082 1135663 1049649 1152548 1125495 1152552 1139179 1069945 1142012 1059531 1090104 1090492 1155459 1068897 1157946 1081637 1095782 1075170 1144155 1139332 1146142 1111057 1164502 1159858 1069144 1164501 1154614 1081620 1141978 70145 70148 70149 1136189 1049147 1083352 266241 401408
Perl module toolchain versions installed:
Module Have
------------------- --------
CPAN 2.37
CPAN::Meta 2.150010
Cwd 3.89
ExtUtils::CBuilder 0.280238
ExtUtils::Command 7.70
ExtUtils::Install 2.22
ExtUtils::MakeMaker 7.70
ExtUtils::Manifest 1.73
ExtUtils::ParseXS 3.51
File::Spec 3.88
JSON n/a
JSON::PP 4.16
Module::Build 0.4234
Module::Signature 0.89
Parse::CPAN::Meta 2.150010
Test2 1.302194
Test::Harness 3.44
Test::More 1.302194
YAML 1.31
YAML::Syck n/a
version 0.9929
--
Summary of my perl5 (revision 5 version 38 subversion 0) configuration:
Platform:
osname=cygwin
osvers=3.5.4-1.x86_64
archname=cygwin-ld
uname='cygwin_nt-10.0-19045 rigel 3.5.4-1.x86_64 2024-08-25 16:52 utc x86_64 cygwin '
config_args='-de -Dmksymlinks -Uinc_version_list -Uinstallusrbinperl -Uusethreads -Uusemultiplicity -Duselongdouble -Dlibpth=/usr/lib/gcc/x86_64-pc-cygwin/12 -Dprefix=/opt/perl5/cygwin_nt-10.0/3.5.4/x86_64/perl/5.38.0/cygwin-ld'
hint=recommended
useposix=true
d_sigaction=define
useithreads=undef
usemultiplicity=undef
use64bitint=define
use64bitall=define
uselongdouble=define
usemymalloc=n
default_inc_excludes_dot=define
Compiler:
cc='gcc'
ccflags ='-U__STRICT_ANSI__ -D_GNU_SOURCE -fwrapv -fno-strict-aliasing -pipe -fstack-protector-strong -D_FORTIFY_SOURCE=2'
optimize='-O3'
cppflags='-U__STRICT_ANSI__ -D_GNU_SOURCE -fwrapv -fno-strict-aliasing -pipe -fstack-protector-strong'
ccversion=''
gccversion='12.4.0'
gccosandvers=''
intsize=4
longsize=8
ptrsize=8
doublesize=8
byteorder=12345678
doublekind=3
d_longlong=define
longlongsize=8
d_longdbl=define
longdblsize=16
longdblkind=3
ivtype='long'
ivsize=8
nvtype='long double'
nvsize=16
Off_t='off_t'
lseeksize=8
alignbytes=16
prototype=define
Linker and Libraries:
ld='g++'
ldflags =' -Wl,--enable-auto-import -Wl,--export-all-symbols -Wl,--enable-auto-image-base -fstack-protector-strong -L/usr/local/lib'
libpth=/usr/lib/gcc/x86_64-pc-cygwin/12 /usr/lib /usr/lib/w32api /usr/local/lib /lib
libs=-lpthread -ldl -lcrypt
perllibs=-lpthread -ldl -lcrypt
libc=/usr/lib/libcygwin.a
so=dll
useshrplib=true
libperl=cygperl5_38_0.dll
gnulibc_version=''
Dynamic Linking:
dlsrc=dl_dlopen.xs
dlext=dll
d_dlsymun=undef
ccdlflags=' '
cccdlflags=' '
lddlflags=' --shared -Wl,--enable-auto-import -Wl,--export-all-symbols -Wl,--enable-auto-image-base -L/usr/local/lib -fstack-protector-strong'
Characteristics of this binary (from libperl):
Compile-time options:
HAS_LONG_DOUBLE
HAS_STRTOLD
HAS_TIMES
PERLIO_LAYERS
PERL_COPY_ON_WRITE
PERL_DONT_CREATE_GVSV
PERL_HASH_FUNC_SIPHASH13
PERL_HASH_USE_SBOX32
PERL_OP_PARENT
PERL_PRESERVE_IVUV
PERL_USE_SAFE_PUTENV
USE_64_BIT_ALL
USE_64_BIT_INT
USE_LARGE_FILES
USE_LOCALE
USE_LOCALE_COLLATE
USE_LOCALE_CTYPE
USE_LOCALE_NUMERIC
USE_LOCALE_TIME
USE_LONG_DOUBLE
USE_PERLIO
USE_PERL_ATOF
Built under cygwin
Compiled at Sep 2 2024 07:31:38
%ENV:
PERL5LIB="/opt/perl5/cygwin_nt-10.0/3.5.4/x86_64/cpan/5.38.0/cygwin-ld/buildzAOuSZol/Test-Most-0.38-0/blib/arch:/opt/perl5/cygwin_nt-10.0/3.5.4/x86_64/cpan/5.38.0/cygwin-ld/buildzAOuSZol/Test-Most-0.38-0/blib/lib:/opt/perl5/cygwin_nt-10.0/3.5.4/x86_64/cpan/5.38.0/cygwin-ld/buildzAOuSZol/Test-Exception-0.43-0/blib/arch:/opt/perl5/cygwin_nt-10.0/3.5.4/x86_64/cpan/5.38.0/cygwin-ld/buildzAOuSZol/Test-Exception-0.43-0/blib/lib:/opt/perl5/cygwin_nt-10.0/3.5.4/x86_64/cpan/5.38.0/cygwin-ld/buildzAOuSZol/Test-Differences-0.71-0/blib/arch:/opt/perl5/cygwin_nt-10.0/3.5.4/x86_64/cpan/5.38.0/cygwin-ld/buildzAOuSZol/Test-Differences-0.71-0/blib/lib:/opt/perl5/cygwin_nt-10.0/3.5.4/x86_64/cpan/5.38.0/cygwin-ld/buildzAOuSZol/Text-Diff-1.45-0/blib/arch:/opt/perl5/cygwin_nt-10.0/3.5.4/x86_64/cpan/5.38.0/cygwin-ld/buildzAOuSZol/Text-Diff-1.45-0/blib/lib:/opt/perl5/cygwin_nt-10.0/3.5.4/x86_64/cpan/5.38.0/cygwin-ld/buildzAOuSZol/Algorithm-Diff-1.201-0/blib/arch:/opt/perl5/cygwin_nt-10.0/3.5.4/x86_64/cpan/5.38.0/cygwin-ld/buildzAOuSZol/Algorithm-Diff-1.201-0/blib/lib:/opt/perl5/cygwin_nt-10.0/3.5.4/x86_64/cpan/5.38.0/cygwin-ld/buildzAOuSZol/Test-Deep-1.204-0/blib/arch:/opt/perl5/cygwin_nt-10.0/3.5.4/x86_64/cpan/5.38.0/cygwin-ld/buildzAOuSZol/Test-Deep-1.204-0/blib/lib:/opt/perl5/cygwin_nt-10.0/3.5.4/x86_64/cpan/5.38.0/cygwin-ld/buildzAOuSZol/Exception-Class-1.45-0/blib/arch:/opt/perl5/cygwin_nt-10.0/3.5.4/x86_64/cpan/5.38.0/cygwin-ld/buildzAOuSZol/Exception-Class-1.45-0/blib/lib:/opt/perl5/cygwin_nt-10.0/3.5.4/x86_64/cpan/5.38.0/cygwin-ld/buildzAOuSZol/Devel-StackTrace-2.05-0/blib/arch:/opt/perl5/cygwin_nt-10.0/3.5.4/x86_64/cpan/5.38.0/cygwin-ld/buildzAOuSZol/Devel-StackTrace-2.05-0/blib/lib:/opt/perl5/cygwin_nt-10.0/3.5.4/x86_64/cpan/5.38.0/cygwin-ld/buildzAOuSZol/Class-Data-Inheritable-0.09-0/blib/arch:/opt/perl5/cygwin_nt-10.0/3.5.4/x86_64/cpan/5.38.0/cygwin-ld/buildzAOuSZol/Class-Data-Inheritable-0.09-0/blib/lib:/opt/perl5/cygwin_nt-10.0/3.5.4/x86_64/perl/5.38.0/cygwin-ld/local/lib/perl5:/opt/perl5/cygwin_nt-10.0/3.5.4/x86_64/perl/5.38.0/cygwin-ld/local/lib/site_perl:/opt/perl5/cygwin_nt-10.0/3.5.4/x86_64/perl/5.38.0/cygwin-ld/local/lib"
PERL5OPT=""
PERL5_CPANPLUS_IS_RUNNING="3357"
PERL5_CPAN_IS_RUNNING="3357"
PERL_CANARY_STABILITY_NOPROMPT="1"
PERL_CPAN_REPORTER_CONFIG="/cygdrive/c/home/peter/.cpanreporter/config-cygwin-AR-A01-L0042.ini"
PERL_EXTUTILS_AUTOINSTALL="1"
PERL_MB_OPT="--install_base /opt/perl5/cygwin_nt-10.0/3.5.4/x86_64/perl/5.38.0/cygwin-ld/local"
PERL_MM_OPT="INSTALL_BASE=/opt/perl5/cygwin_nt-10.0/3.5.4/x86_64/perl/5.38.0/cygwin-ld/local"
PERL_MM_USE_DEFAULT="1"
PERL_TEST_CRITIC="1"
PERL_TEST_POD="1"
PERL_USE_UNSAFE_INC=""
@INC:
/opt/perl5/cygwin_nt-10.0/3.5.4/x86_64/cpan/5.38.0/cygwin-ld/buildzAOuSZol/Test-Most-0.38-0/blib/arch
/opt/perl5/cygwin_nt-10.0/3.5.4/x86_64/cpan/5.38.0/cygwin-ld/buildzAOuSZol/Test-Most-0.38-0/blib/lib
/opt/perl5/cygwin_nt-10.0/3.5.4/x86_64/cpan/5.38.0/cygwin-ld/buildzAOuSZol/Test-Exception-0.43-0/blib/arch
/opt/perl5/cygwin_nt-10.0/3.5.4/x86_64/cpan/5.38.0/cygwin-ld/buildzAOuSZol/Test-Exception-0.43-0/blib/lib
/opt/perl5/cygwin_nt-10.0/3.5.4/x86_64/cpan/5.38.0/cygwin-ld/buildzAOuSZol/Test-Differences-0.71-0/blib/arch
/opt/perl5/cygwin_nt-10.0/3.5.4/x86_64/cpan/5.38.0/cygwin-ld/buildzAOuSZol/Test-Differences-0.71-0/blib/lib
/opt/perl5/cygwin_nt-10.0/3.5.4/x86_64/cpan/5.38.0/cygwin-ld/buildzAOuSZol/Text-Diff-1.45-0/blib/arch
/opt/perl5/cygwin_nt-10.0/3.5.4/x86_64/cpan/5.38.0/cygwin-ld/buildzAOuSZol/Text-Diff-1.45-0/blib/lib
/opt/perl5/cygwin_nt-10.0/3.5.4/x86_64/cpan/5.38.0/cygwin-ld/buildzAOuSZol/Algorithm-Diff-1.201-0/blib/arch
/opt/perl5/cygwin_nt-10.0/3.5.4/x86_64/cpan/5.38.0/cygwin-ld/buildzAOuSZol/Algorithm-Diff-1.201-0/blib/lib
/opt/perl5/cygwin_nt-10.0/3.5.4/x86_64/cpan/5.38.0/cygwin-ld/buildzAOuSZol/Test-Deep-1.204-0/blib/arch
/opt/perl5/cygwin_nt-10.0/3.5.4/x86_64/cpan/5.38.0/cygwin-ld/buildzAOuSZol/Test-Deep-1.204-0/blib/lib
/opt/perl5/cygwin_nt-10.0/3.5.4/x86_64/cpan/5.38.0/cygwin-ld/buildzAOuSZol/Exception-Class-1.45-0/blib/arch
/opt/perl5/cygwin_nt-10.0/3.5.4/x86_64/cpan/5.38.0/cygwin-ld/buildzAOuSZol/Exception-Class-1.45-0/blib/lib
/opt/perl5/cygwin_nt-10.0/3.5.4/x86_64/cpan/5.38.0/cygwin-ld/buildzAOuSZol/Devel-StackTrace-2.05-0/blib/arch
/opt/perl5/cygwin_nt-10.0/3.5.4/x86_64/cpan/5.38.0/cygwin-ld/buildzAOuSZol/Devel-StackTrace-2.05-0/blib/lib
/opt/perl5/cygwin_nt-10.0/3.5.4/x86_64/cpan/5.38.0/cygwin-ld/buildzAOuSZol/Class-Data-Inheritable-0.09-0/blib/arch
/opt/perl5/cygwin_nt-10.0/3.5.4/x86_64/cpan/5.38.0/cygwin-ld/buildzAOuSZol/Class-Data-Inheritable-0.09-0/blib/lib
/opt/perl5/cygwin_nt-10.0/3.5.4/x86_64/perl/5.38.0/cygwin-ld/local/lib/perl5/cygwin-ld
/opt/perl5/cygwin_nt-10.0/3.5.4/x86_64/perl/5.38.0/cygwin-ld/local/lib/perl5
/opt/perl5/cygwin_nt-10.0/3.5.4/x86_64/perl/5.38.0/cygwin-ld/local/lib/site_perl
/opt/perl5/cygwin_nt-10.0/3.5.4/x86_64/perl/5.38.0/cygwin-ld/local/lib
/opt/perl5/cygwin_nt-10.0/3.5.4/x86_64/perl/5.38.0/cygwin-ld/lib/site_perl/5.38.0/cygwin-ld
/opt/perl5/cygwin_nt-10.0/3.5.4/x86_64/perl/5.38.0/cygwin-ld/lib/site_perl/5.38.0
/opt/perl5/cygwin_nt-10.0/3.5.4/x86_64/perl/5.38.0/cygwin-ld/lib/5.38.0/cygwin-ld
/opt/perl5/cygwin_nt-10.0/3.5.4/x86_64/perl/5.38.0/cygwin-ld/lib/5.38.0