Report for JSON-Any-1.37

Back
From: metabase:user:314402c4-2aae-11df-837a-5e0a49663a4f
Subject: FAIL JSON-Any-1.37 v5.21.4 GNU/Linux
Date: 2014-09-29T16:35:49Z

This distribution has been tested as part of the CPAN Testers
project, supporting the Perl programming language.  See
http://wiki.cpantesters.org/ for more information or email
questions to cpan-testers-discuss@perl.org


--
Dear Karen Etheridge,

This is a computer-generated report for JSON-Any-1.37
on perl 5.21.4, created by CPAN-Reporter-1.2011.

Thank you for uploading your work to CPAN.  However, there was a problem
testing your distribution.

If you think this report is invalid, please consult the CPAN Testers Wiki
for suggestions on how to avoid getting FAIL reports for missing library
or binary dependencies, unsupported operating systems, and so on:

http://wiki.cpantesters.org/wiki/CPANAuthorNotes

Sections of this report:

    * Tester comments
    * Program output
    * Prerequisites
    * Environment and other context

------------------------------
TESTER COMMENTS
------------------------------

Additional comments from tester:

none provided

------------------------------
PROGRAM OUTPUT
------------------------------

Output from '/usr/bin/make test':

PERL_DL_NONLAZY=1 /bbbike/perl-5.21.4/bin/perl5.21.4 "-MExtUtils::Command::MM" "-MTest::Harness" "-e" "undef *Test::Harness::Switches; test_harness(0, 'blib/lib', 'blib/arch')" t/*.t
# Testing JSON::Any 1.37 Perl 5.021004, /bbbike/perl-5.21.4/bin/perl5.21.4
t/00-load.t ............ ok
# 
# Versions for all modules listed in MYMETA.json (including optional ones):
# 
# === Configure Requires ===
# 
#     Module              Want Have
#     ------------------- ---- ----
#     ExtUtils::MakeMaker  any 6.98
# 
# === Build Requires ===
# 
#     Module              Want Have
#     ------------------- ---- ----
#     ExtUtils::MakeMaker  any 6.98
# 
# === Test Requires ===
# 
#     Module                 Want     Have
#     --------------------- ----- --------
#     Data::Dumper            any    2.154
#     ExtUtils::MakeMaker     any     6.98
#     File::Spec              any     3.50
#     Storable                any     2.51
#     Test::Fatal             any    0.013
#     Test::More              any 1.001006
#     Test::Requires          any     0.08
#     Test::Warnings        0.009    0.016
#     Test::Without::Module   any     0.18
#     utf8                    any     1.14
# 
# === Test Recommends ===
# 
#     Module         Want     Have
#     ---------- -------- --------
#     CPAN::Meta 2.120900 2.142690
# 
# === Runtime Requires ===
# 
#     Module           Want Have
#     ---------------- ---- ----
#     Carp              any 1.34
#     constant          any 1.32
#     namespace::clean  any 0.25
#     strict            any 1.08
#     warnings          any 1.26
# 
# === Other Modules ===
# 
#     Module           Want     Have
#     ---------------- ---- --------
#     Cpanel::JSON::XS  any   3.0104
#     JSON              any     2.90
#     JSON::DWIW        any     0.47
#     JSON::MaybeXS     any 1.002002
#     JSON::PP          any  2.27203
#     JSON::Syck        any     1.27
#     JSON::XS          any     3.01
# 
t/00-report-prereqs.t .. ok
# Testing JSON.pm backend
t/01-JSON.t ............ ok
# Testing JSON::XS backend
t/02-JSON-XS.t ......... ok
# Testing JSON::DWIW backend
t/03-JSON-DWIW.t ....... ok
t/04-ENV.t ............. ok
Found deprecated package JSON::Syck. Please upgrade to Cpanel::JSON::XS, JSON::XS, JSON::PP, JSON or JSON::DWIW at (eval 4) line 1.
t/05-JSON-Syck.t ....... ok
# Testing JSON::PP backend
t/06-JSON-PP.t ......... ok
# Testing Cpanel::JSON::XS backend
t/07-CPanel-JSON-XS.t .. ok
t/10_unicode.t ......... ok
t/11-string-escape.t ... ok

#   Failed test 'true evaluates to true'
#   at t/12-boolean.t line 48.
# An error occurred while using ^:
# ------------------------------------
# Operation "^": no method found,
# 	left argument in overloaded package JSON::DWIW::Boolean,
# 	right argument has no overloaded magic at (eval in cmp_ok) t/12-boolean.t line 48.
# 
# ------------------------------------
#     '1'
#         ^
#     ''

#   Failed test 'JSON::Any->true evaluates to true'
#   at t/12-boolean.t line 56.
# An error occurred while using ^:
# ------------------------------------
# Operation "^": no method found,
# 	left argument in overloaded package JSON::DWIW::Boolean,
# 	right argument has no overloaded magic at (eval in cmp_ok) t/12-boolean.t line 56.
# 
# ------------------------------------
#     '1'
#         ^
#     ''

#   Failed test 'false evaluates to false'
#   at t/12-boolean.t line 48.
# An error occurred while using ^:
# ------------------------------------
# Operation "^": no method found,
# 	left argument in overloaded package JSON::DWIW::Boolean,
# 	right argument has no overloaded magic at (eval in cmp_ok) t/12-boolean.t line 48.
# 
# ------------------------------------
#     '0'
#         ^
#     '1'

#   Failed test 'JSON::Any->false evaluates to false'
#   at t/12-boolean.t line 56.
# An error occurred while using ^:
# ------------------------------------
# Operation "^": no method found,
# 	left argument in overloaded package JSON::DWIW::Boolean,
# 	right argument has no overloaded magic at (eval in cmp_ok) t/12-boolean.t line 56.
# 
# ------------------------------------
#     '0'
#         ^
#     '1'
# Looks like you failed 4 tests of 32.
t/12-boolean.t ......... 
Dubious, test returned 4 (wstat 1024, 0x400)
Failed 4/32 subtests 
t/13-no-backends.t ..... ok
t/14-deprecated.t ...... ok

Test Summary Report
-------------------
t/12-boolean.t       (Wstat: 1024 Tests: 32 Failed: 4)
  Failed tests:  26, 28, 30, 32
  Non-zero exit status: 4
Files=14, Tests=246,  1 wallclock secs ( 0.04 usr  0.08 sys +  0.80 cusr  0.22 csys =  1.14 CPU)
Result: FAIL
Failed 1/14 test programs. 4/246 subtests failed.
make: *** [test_dynamic] Error 255

------------------------------
PREREQUISITES
------------------------------

Prerequisite modules loaded:

requires:

    Module                Need  Have    
    --------------------- ----- --------
    Carp                  0     1.34    
    constant              0     1.32    
    namespace::clean      0     0.25    
    strict                0     1.08    
    warnings              0     1.26    

build_requires:

    Module                Need  Have    
    --------------------- ----- --------
    Data::Dumper          0     2.154   
    ExtUtils::MakeMaker   0     6.98    
    File::Spec            0     3.50    
    Storable              0     2.51    
    Test::Fatal           0     0.013   
    Test::More            0     1.001006
    Test::Requires        0     0.08    
    Test::Warnings        0.009 0.016   
    Test::Without::Module 0     0.18    
    utf8                  0     1.14    

configure_requires:

    Module                Need  Have    
    --------------------- ----- --------
    ExtUtils::MakeMaker   0     6.98    


------------------------------
ENVIRONMENT AND OTHER CONTEXT
------------------------------

Environment variables:

    DBIC_NO_WARN_BAD_PERL = 1
    LANG = C
    PATH = /usr/local/bin:/usr/bin:/bin:/usr/local/sbin:/usr/sbin:/sbin:/home/eserte/bin/linux-gnu:/home/eserte/bin/sh:/home/eserte/bin:/usr/games:/home/eserte/devel:/home/eserte/src/srezic-misc/scripts
    PERL5LIB = 
    PERL5OPT = 
    PERL5_CPANPLUS_IS_RUNNING = 26251
    PERL5_CPAN_IS_RUNNING = 26251
    PERL5_CPAN_IS_RUNNING_IN_RECURSION = 26034,26251
    PERLDOC = -MPod::Perldoc::ToTextOverstrike
    PERL_BATCH = yes
    PERL_CPAN_REPORTER_CONFIG = /var/tmp/cpansmoker-1001/6iiLNjkuv9_config.ini
    PERL_EXTUTILS_AUTOINSTALL = --defaultdeps
    PERL_HTML_DISPLAY_CLASS = HTML::Display::Mozilla
    SHELL = /bin/zsh
    TERM = screen
    TMPDIR = /var/tmp/cpansmoker-1001

Perl special variables (and OS-specific diagnostics, for MSWin32):

    $^X = /bbbike/perl-5.21.4/bin/perl5.21.4
    $UID/$EUID = 1001 / 1001
    $GID = 1001 109 1001
    $EGID = 1001 109 1001

Perl module toolchain versions installed:

    Module              Have    
    ------------------- --------
    CPAN                2.05    
    CPAN::Meta          2.142690
    Cwd                 3.50    
    ExtUtils::CBuilder  0.280219
    ExtUtils::Command   1.18    
    ExtUtils::Install   2.04    
    ExtUtils::MakeMaker 6.98    
    ExtUtils::Manifest  1.68    
    ExtUtils::ParseXS   3.25    
    File::Spec          3.50    
    JSON                2.90    
    JSON::PP            2.27203 
    Module::Build       0.4210  
    Module::Signature   0.73    
    Parse::CPAN::Meta   1.4414  
    Test::Harness       3.33    
    Test::More          1.001006
    YAML                1.12    
    YAML::Syck          1.27    
    version             0.9909  


--

Summary of my perl5 (revision 5 version 21 subversion 4) configuration:
   
  Platform:
    osname=linux, osvers=3.2.0-4-amd64, archname=x86_64-linux
    uname='linux eserte 3.2.0-4-amd64 #1 smp debian 3.2.60-1+deb7u3 x86_64 gnulinux '
    config_args='-ds -e -Dprefix=/opt/perl-5.21.4 -Dusedevel -Dusemallocwrap=no'
    hint=recommended, useposix=true, d_sigaction=define
    useithreads=undef, usemultiplicity=undef
    use64bitint=define, use64bitall=define, uselongdouble=undef
    usemymalloc=n, bincompat5005=undef
  Compiler:
    cc='cc', ccflags ='-fwrapv -fno-strict-aliasing -pipe -fstack-protector -I/usr/local/include -D_LARGEFILE_SOURCE -D_FILE_OFFSET_BITS=64 -D_FORTIFY_SOURCE=2',
    optimize='-O2',
    cppflags='-fwrapv -fno-strict-aliasing -pipe -fstack-protector -I/usr/local/include'
    ccversion='', gccversion='4.7.2', gccosandvers=''
    intsize=4, longsize=8, ptrsize=8, doublesize=8, byteorder=12345678
    d_longlong=define, longlongsize=8, d_longdbl=define, longdblsize=16, longdblkind=3
    ivtype='long', ivsize=8, nvtype='double', nvsize=8, Off_t='off_t', lseeksize=8
    alignbytes=8, prototype=define
  Linker and Libraries:
    ld='cc', ldflags =' -fstack-protector -L/usr/local/lib'
    libpth=/usr/local/lib /usr/lib/gcc/x86_64-linux-gnu/4.7/include-fixed /usr/include/x86_64-linux-gnu /usr/lib /lib/x86_64-linux-gnu /lib/../lib /usr/lib/x86_64-linux-gnu /usr/lib/../lib /lib
    libs=-lnsl -ldb -ldl -lm -lcrypt -lutil -lc
    perllibs=-lnsl -ldl -lm -lcrypt -lutil -lc
    libc=libc-2.13.so, so=so, useshrplib=false, libperl=libperl.a
    gnulibc_version='2.13'
  Dynamic Linking:
    dlsrc=dl_dlopen.xs, dlext=so, d_dlsymun=undef, ccdlflags='-Wl,-E'
    cccdlflags='-fPIC', lddlflags='-shared -O2 -L/usr/local/lib -fstack-protector'


Characteristics of this binary (from libperl): 
  Compile-time options: HAS_TIMES PERLIO_LAYERS PERL_DONT_CREATE_GVSV
                        PERL_HASH_FUNC_ONE_AT_A_TIME_HARD
                        PERL_NEW_COPY_ON_WRITE PERL_PRESERVE_IVUV
                        PERL_USE_DEVEL USE_64_BIT_ALL USE_64_BIT_INT
                        USE_LARGE_FILES USE_LOCALE USE_LOCALE_COLLATE
                        USE_LOCALE_CTYPE USE_LOCALE_NUMERIC USE_LOCALE_TIME
                        USE_PERLIO USE_PERL_ATOF
  Built under linux
  Compiled at Sep 20 2014 15:52:08
  %ENV:
    PERL5LIB=""
    PERL5OPT=""
    PERL5_CPANPLUS_IS_RUNNING="26251"
    PERL5_CPAN_IS_RUNNING="26251"
    PERL5_CPAN_IS_RUNNING_IN_RECURSION="26034,26251"
    PERLDOC="-MPod::Perldoc::ToTextOverstrike"
    PERL_BATCH="yes"
    PERL_CPAN_REPORTER_CONFIG="/var/tmp/cpansmoker-1001/6iiLNjkuv9_config.ini"
    PERL_EXTUTILS_AUTOINSTALL="--defaultdeps"
    PERL_HTML_DISPLAY_CLASS="HTML::Display::Mozilla"
  @INC:
    /opt/perl-5.21.4/lib/site_perl/5.21.4/x86_64-linux
    /opt/perl-5.21.4/lib/site_perl/5.21.4
    /opt/perl-5.21.4/lib/5.21.4/x86_64-linux
    /opt/perl-5.21.4/lib/5.21.4
    .