DBIx-Class-Graph v1.05 Perl 5 v5.27.6 x86_64-linux

Status
Fail
From
Andreas J. König (ANDK)
Dist
DBIx-Class-Graph v1.05
Platform
Perl 5 v5.27.6 x86_64-linux
Date
2017-11-01 13:07:53
ID
abbf436c-bf05-11e7-9334-d08a66f329a6
This distribution has been tested as part of the CPAN Testers
project, supporting the Perl programming language.  See
http://wiki.cpantesters.org/ for more information or email
questions to cpan-testers-discuss@perl.org


--
Dear Moritz Onken,

This is a computer-generated report for DBIx-Class-Graph-1.05
on perl 5.27.6, created by CPAN-Reporter-1.2018.

Thank you for uploading your work to CPAN.  However, there was a problem
testing your distribution.

If you think this report is invalid, please consult the CPAN Testers Wiki
for suggestions on how to avoid getting FAIL reports for missing library
or binary dependencies, unsupported operating systems, and so on:

http://wiki.cpantesters.org/wiki/CPANAuthorNotes

Sections of this report:

    * Tester comments
    * Program output
    * Prerequisites
    * Environment and other context

------------------------------
TESTER COMMENTS
------------------------------

Additional comments from tester:

this report is from an automated smoke testing program
and was not reviewed by a human for accuracy

------------------------------
PROGRAM OUTPUT
------------------------------

Output from './Build test':

Could not generate inline handles for _graph->("" because : Failed to compile source: syntax error at (eval 205) line 21, near """( "


source:
#line 1 "inline delegation in DBIx::Class::ResultSet::Graph for _graph->("" (attribute declared in lib/DBIx/Class/Graph/Role/ResultSet.pm at line 22)"
sub {
    my $self = shift;

    my $proxy = $self->_graph;
    if ( !defined $proxy ) {
        die Module::Runtime::use_module("Moose::Exception::AttributeValueIsNotDefined")->new(method    => $self->meta->find_method_by_name("(\"\""),
instance  => $self,
attribute => $self->meta->find_attribute_by_name("_graph"),
);
    }
    elsif ( ref $proxy && !Scalar::Util::blessed($proxy) ) {
        die Module::Runtime::use_module("Moose::Exception::AttributeValueIsNotAnObject")->new(method      => $self->meta->find_method_by_name("(\"\""),
instance    => $self,
attribute   => $self->meta->find_attribute_by_name("_graph"),
given_value => $proxy,
);
    }
    return $proxy->(""( @_ );
}
 at /home/sand/src/perl/repoperls/installed-perls/host/k93msid/v5.27.5-170-ga385812b68/da1c/lib/site_perl/5.27.6/x86_64-linux/Class/MOP/Method/Generated.pm line 56.
 at /home/sand/src/perl/repoperls/installed-perls/host/k93msid/v5.27.5-170-ga385812b68/da1c/lib/site_perl/5.27.6/x86_64-linux/Moose/Meta/Method/Delegation.pm line 154
	Moose::Meta::Method::Delegation::catch {...} ('Failed to compile source: syntax error at (eval 205) line 21, near """( "^J^J^Jsource:^J#line 1 "inline delegation in DBIx::Class::ResultSet::Graph for _graph->("" (attribute declared in lib/DBIx/Class/Graph/Role/ResultSet.pm at line 22)"^Jsub {^J    my $self = shift;^J^J    my $proxy = $self->_graph;^J    if ( !defined $proxy ) {^J        die Module::Runtime::use_module("Moose::Exception::AttributeValueIsNotDefined")->new(method    => $self->meta->find_method_by_name("(\"\""),^Jinstance  => $self,^Jattribute => $self->meta->find_attribute_by_name("_graph"),^J);^J    }^J    elsif ( ref $proxy && !Scalar::Util::blessed($proxy) ) {^J        die Module::Runtime::use_module("Moose::Exception::AttributeValueIsNotAnObject")->new(method      => $self->meta->find_method_by_name("(\"\""),^Jinstance    => $self,^Jattribute   => $self->meta->find_attribute_by_name("_graph"),^Jgiven_value => $proxy,^J);^J    }^J    return $proxy->(""( @_ );^J}^J at /home/sand/src/perl/repoperls/installed-perls/host/k93msid/v5.27.5-170-ga385812b68/da1c/lib/site_perl/5.27.6/x86_64-linux/Class/MOP/Method/Generated.pm line 56.^J') called at /home/sand/src/perl/repoperls/installed-perls/host/k93msid/v5.27.5-170-ga385812b68/da1c/lib/site_perl/5.27.6/Try/Tiny.pm line 124
	Try::Tiny::try('CODE(0x5560eaff4800)', 'Try::Tiny::Catch=REF(0x5560eafa5b88)') called at /home/sand/src/perl/repoperls/installed-perls/host/k93msid/v5.27.5-170-ga385812b68/da1c/lib/site_perl/5.27.6/x86_64-linux/Moose/Meta/Method/Delegation.pm line 160
	Moose::Meta::Method::Delegation::_generate_inline_method('Moose::Meta::Method::Delegation=HASH(0x5560e98907d0)') called at /home/sand/src/perl/repoperls/installed-perls/host/k93msid/v5.27.5-170-ga385812b68/da1c/lib/site_perl/5.27.6/x86_64-linux/Moose/Meta/Method/Delegation.pm line 82
	Moose::Meta::Method::Delegation::_initialize_body('Moose::Meta::Method::Delegation=HASH(0x5560e98907d0)') called at /home/sand/src/perl/repoperls/installed-perls/host/k93msid/v5.27.5-170-ga385812b68/da1c/lib/site_perl/5.27.6/x86_64-linux/Moose/Meta/Method/Delegation.pm line 54
	Moose::Meta::Method::Delegation::new('Moose::Meta::Method::Delegation', 'name', '(""', 'package_name', 'DBIx::Class::ResultSet::Graph', 'attribute', 'Moose::Meta::Attribute=HASH(0x5560eafa5120)', 'delegate_to_method', '(""', 'curried_arguments', 'ARRAY(0x5560e9b94638)') called at /home/sand/src/perl/repoperls/installed-perls/host/k93msid/v5.27.5-170-ga385812b68/da1c/lib/site_perl/5.27.6/x86_64-linux/Moose/Meta/Attribute.pm line 1301
	Moose::Meta::Attribute::_make_delegation_method('Moose::Meta::Attribute=HASH(0x5560eafa5120)', '(""', '(""') called at /home/sand/src/perl/repoperls/installed-perls/host/k93msid/v5.27.5-170-ga385812b68/da1c/lib/site_perl/5.27.6/x86_64-linux/Moose/Meta/Attribute.pm line 1168
	Moose::Meta::Attribute::install_delegation('Moose::Meta::Attribute=HASH(0x5560eafa5120)') called at /home/sand/src/perl/repoperls/installed-perls/host/k93msid/v5.27.5-170-ga385812b68/da1c/lib/site_perl/5.27.6/x86_64-linux/Moose/Meta/Attribute.pm line 1017
	Moose::Meta::Attribute::install_accessors('Moose::Meta::Attribute=HASH(0x5560eafa5120)') called at /home/sand/src/perl/repoperls/installed-perls/host/k93msid/v5.27.5-170-ga385812b68/da1c/lib/site_perl/5.27.6/x86_64-linux/Class/MOP/Class.pm line 899
	Class::MOP::Class::try {...}  at /home/sand/src/perl/repoperls/installed-perls/host/k93msid/v5.27.5-170-ga385812b68/da1c/lib/site_perl/5.27.6/Try/Tiny.pm line 103
	eval {...} at /home/sand/src/perl/repoperls/installed-perls/host/k93msid/v5.27.5-170-ga385812b68/da1c/lib/site_perl/5.27.6/Try/Tiny.pm line 94
	Try::Tiny::try('CODE(0x5560eaf813d8)', 'Try::Tiny::Catch=REF(0x5560eaf588b8)') called at /home/sand/src/perl/repoperls/installed-perls/host/k93msid/v5.27.5-170-ga385812b68/da1c/lib/site_perl/5.27.6/x86_64-linux/Class/MOP/Class.pm line 904
	Class::MOP::Class::_post_add_attribute('Moose::Meta::Class=HASH(0x5560e9e32ee8)', 'Moose::Meta::Attribute=HASH(0x5560eafa5120)') called at /home/sand/src/perl/repoperls/installed-perls/host/k93msid/v5.27.5-170-ga385812b68/da1c/lib/site_perl/5.27.6/x86_64-linux/Class/MOP/Mixin/HasAttributes.pm line 39
	Class::MOP::Mixin::HasAttributes::add_attribute('Moose::Meta::Class=HASH(0x5560e9e32ee8)', 'Moose::Meta::Attribute=HASH(0x5560eafa5120)') called at /home/sand/src/perl/repoperls/installed-perls/host/k93msid/v5.27.5-170-ga385812b68/da1c/lib/site_perl/5.27.6/x86_64-linux/Moose/Meta/Class.pm line 585
	Moose::Meta::Class::add_attribute('Moose::Meta::Class=HASH(0x5560e9e32ee8)', 'Moose::Meta::Attribute=HASH(0x5560eafa5120)') called at /home/sand/src/perl/repoperls/installed-perls/host/k93msid/v5.27.5-170-ga385812b68/da1c/lib/site_perl/5.27.6/x86_64-linux/Moose/Meta/Role/Application/ToClass.pm line 126
	Moose::Meta::Role::Application::ToClass::apply_attributes('Moose::Meta::Role::Application::ToClass=HASH(0x5560eaebe4a8)', 'Moose::Meta::Role=HASH(0x5560eaf79a90)', 'Moose::Meta::Class=HASH(0x5560e9e32ee8)') called at /home/sand/src/perl/repoperls/installed-perls/host/k93msid/v5.27.5-170-ga385812b68/da1c/lib/site_perl/5.27.6/x86_64-linux/Moose/Meta/Role/Application.pm line 59
	Moose::Meta::Role::Application::apply('Moose::Meta::Role::Application::ToClass=HASH(0x5560eaebe4a8)', 'Moose::Meta::Role=HASH(0x5560eaf79a90)', 'Moose::Meta::Class=HASH(0x5560e9e32ee8)') called at /home/sand/src/perl/repoperls/installed-perls/host/k93msid/v5.27.5-170-ga385812b68/da1c/lib/site_perl/5.27.6/x86_64-linux/Moose/Meta/Role/Application/ToClass.pm line 31
	Moose::Meta::Role::Application::ToClass::apply('Moose::Meta::Role::Application::ToClass=HASH(0x5560eaebe4a8)', 'Moose::Meta::Role=HASH(0x5560eaf79a90)', 'Moose::Meta::Class=HASH(0x5560e9e32ee8)', 'HASH(0x5560e9c1a218)') called at /home/sand/src/perl/repoperls/installed-perls/host/k93msid/v5.27.5-170-ga385812b68/da1c/lib/site_perl/5.27.6/x86_64-linux/Moose/Meta/Role.pm line 472
	Moose::Meta::Role::apply('Moose::Meta::Role=HASH(0x5560eaf79a90)', 'Moose::Meta::Class=HASH(0x5560e9e32ee8)') called at /home/sand/src/perl/repoperls/installed-perls/host/k93msid/v5.27.5-170-ga385812b68/da1c/lib/site_perl/5.27.6/x86_64-linux/Moose/Util.pm line 172
	Moose::Util::_apply_all_roles('Moose::Meta::Class=HASH(0x5560e9e32ee8)', undef, 'DBIx::Class::Graph::Role::ResultSet') called at /home/sand/src/perl/repoperls/installed-perls/host/k93msid/v5.27.5-170-ga385812b68/da1c/lib/site_perl/5.27.6/x86_64-linux/Moose/Util.pm line 114
	Moose::Util::apply_all_roles('Moose::Meta::Class=HASH(0x5560e9e32ee8)', 'DBIx::Class::Graph::Role::ResultSet') called at /home/sand/src/perl/repoperls/installed-perls/host/k93msid/v5.27.5-170-ga385812b68/da1c/lib/site_perl/5.27.6/x86_64-linux/Moose.pm line 57
	Moose::with('Moose::Meta::Class=HASH(0x5560e9e32ee8)', 'DBIx::Class::Graph::Role::ResultSet') called at /home/sand/src/perl/repoperls/installed-perls/host/k93msid/v5.27.5-170-ga385812b68/da1c/lib/site_perl/5.27.6/x86_64-linux/Moose/Exporter.pm line 419
	Moose::with('DBIx::Class::Graph::Role::ResultSet') called at lib/DBIx/Class/ResultSet/Graph.pm line 19
	require DBIx/Class/ResultSet/Graph.pm at -e line 1
Compilation failed in require at -e line 1.

#   Failed test 'DBIx::Class::ResultSet::Graph loaded ok'
#   at t/00-compile.t line 71.
#                   ''
#     doesn't match '(?^s:^\s*DBIx::Class::ResultSet::Graph ok)'
# Looks like you failed 1 test of 5.
t/00-compile.t ................ 
Dubious, test returned 1 (wstat 256, 0x100)
Failed 1/5 subtests 
# 
# 
# perl: v5.27.6 (wanted any version) on linux from /tmp/basesmoker-reloperl-6dPY/bin/perl
# 
# Class::C3                                     => 0.33       (want any version)
# DBIx::Class                                   => 0.082840   (want any version)
# DBIx::Class::ResultSet                        => <undef>    (want any version)
# DBIx::Class::Schema                           => <undef>    (want any version)
# File::Find                                    => 1.34       (want any version)
# File::Temp                                    => 0.2304     (want any version)
# Graph                                         => 0.9704     (want 0.94)   
# List::MoreUtils                               => 0.426      (want any version)
# Module::Build                                 => 0.4224     (want 0.3601) 
# Moose                                         => 2.2006     (want any version)
# Moose::Role                                   => 2.2006     (want any version)
# Scalar::Util                                  => 1.49       (want any version)
# Test::Memory::Cycle                           => 1.06       (want any version)
# Test::More                                    => 1.302106   (want 0.88)   
# base                                          => 2.26       (want any version)
# strict                                        => 1.11       (want any version)
# warnings                                      => 1.37       (want any version)
# 
# Thanks for using my code.  I hope it works for you.
# If not, please try and include this output in the bug report.
# That will help me reproduce the issue and solve you problem.
# 
t/000-report-versions-tiny.t .. ok
{UNKNOWN}: Could not generate inline handles for _graph->("" because : Failed to compile source: syntax error at (eval 764) line 21, near """( "


source:
#line 1 "inline delegation in DBIx::Class::ResultSet::Graph for _graph->("" (attribute declared in /tmp/loop_over_bdir-10905-vacyb9/DBIx-Class-Graph-1.05-0/blib/lib/DBIx/Class/Graph/Role/ResultSet.pm at line 22)"
sub {
    my $self = shift;

    my $proxy = $self->_graph;
    if ( !defined $proxy ) {
        die Module::Runtime::use_module("Moose::Exception::AttributeValueIsNotDefined")->new(method    => $self->meta->find_method_by_name("(\"\""),
instance  => $self,
attribute => $self->meta->find_attribute_by_name("_graph"),
);
    }
    elsif ( ref $proxy && !Scalar::Util::blessed($proxy) ) {
        die Module::Runtime::use_module("Moose::Exception::AttributeValueIsNotAnObject")->new(method      => $self->meta->find_method_by_name("(\"\""),
instance    => $self,
attribute   => $self->meta->find_attribute_by_name("_graph"),
given_value => $proxy,
);
    }
    return $proxy->(""( @_ );
}
 at /home/sand/src/perl/repoperls/installed-perls/host/k93msid/v5.27.5-170-ga385812b68/da1c/lib/site_perl/5.27.6/x86_64-linux/Class/MOP/Method/Generated.pm line 56.
 at /home/sand/src/perl/repoperls/installed-perls/host/k93msid/v5.27.5-170-ga385812b68/da1c/lib/site_perl/5.27.6/x86_64-linux/Moose/Meta/Method/Delegation.pm line 154
	Moose::Meta::Method::Delegation::catch {...} ('Failed to compile source: syntax error at (eval 764) line 21, near """( "^J^J^Jsource:^J#line 1 "inline delegation in DBIx::Class::ResultSet::Graph for _graph->("" (attribute declared in /tmp/loop_over_bdir-10905-vacyb9/DBIx-Class-Graph-1.05-0/blib/lib/DBIx/Class/Graph/Role/ResultSet.pm at line 22)"^Jsub {^J    my $self = shift;^J^J    my $proxy = $self->_graph;^J    if ( !defined $proxy ) {^J        die Module::Runtime::use_module("Moose::Exception::AttributeValueIsNotDefined")->new(method    => $self->meta->find_method_by_name("(\"\""),^Jinstance  => $self,^Jattribute => $self->meta->find_attribute_by_name("_graph"),^J);^J    }^J    elsif ( ref $proxy && !Scalar::Util::blessed($proxy) ) {^J        die Module::Runtime::use_module("Moose::Exception::AttributeValueIsNotAnObject")->new(method      => $self->meta->find_method_by_name("(\"\""),^Jinstance    => $self,^Jattribute   => $self->meta->find_attribute_by_name("_graph"),^Jgiven_value => $proxy,^J);^J    }^J    return $proxy->(""( @_ );^J}^J at /home/sand/src/perl/repoperls/installed-perls/host/k93msid/v5.27.5-170-ga385812b68/da1c/lib/site_perl/5.27.6/x86_64-linux/Class/MOP/Method/Generated.pm line 56.^J') called at /home/sand/src/perl/repoperls/installed-perls/host/k93msid/v5.27.5-170-ga385812b68/da1c/lib/site_perl/5.27.6/Try/Tiny.pm line 124
	Try::Tiny::try('CODE(0x562a68534cb0)', 'Try::Tiny::Catch=REF(0x562a6795b418)') called at /home/sand/src/perl/repoperls/installed-perls/host/k93msid/v5.27.5-170-ga385812b68/da1c/lib/site_perl/5.27.6/x86_64-linux/Moose/Meta/Method/Delegation.pm line 160
	Moose::Meta::Method::Delegation::_generate_inline_method('Moose::Meta::Method::Delegation=HASH(0x562a65c49c28)') called at /home/sand/src/perl/repoperls/installed-perls/host/k93msid/v5.27.5-170-ga385812b68/da1c/lib/site_perl/5.27.6/x86_64-linux/Moose/Meta/Method/Delegation.pm line 82
	Moose::Meta::Method::Delegation::_initialize_body('Moose::Meta::Method::Delegation=HASH(0x562a65c49c28)') called at /home/sand/src/perl/repoperls/installed-perls/host/k93msid/v5.27.5-170-ga385812b68/da1c/lib/site_perl/5.27.6/x86_64-linux/Moose/Meta/Method/Delegation.pm line 54
	Moose::Meta::Method::Delegation::new('Moose::Meta::Method::Delegation', 'name', '(""', 'package_name', 'DBIx::Class::ResultSet::Graph', 'attribute', 'Moose::Meta::Attribute=HASH(0x562a67956888)', 'delegate_to_method', '(""', 'curried_arguments', 'ARRAY(0x562a65f384a0)') called at /home/sand/src/perl/repoperls/installed-perls/host/k93msid/v5.27.5-170-ga385812b68/da1c/lib/site_perl/5.27.6/x86_64-linux/Moose/Meta/Attribute.pm line 1301
	Moose::Meta::Attribute::_make_delegation_method('Moose::Meta::Attribute=HASH(0x562a67956888)', '(""', '(""') called at /home/sand/src/perl/repoperls/installed-perls/host/k93msid/v5.27.5-170-ga385812b68/da1c/lib/site_perl/5.27.6/x86_64-linux/Moose/Meta/Attribute.pm line 1168
	Moose::Meta::Attribute::install_delegation('Moose::Meta::Attribute=HASH(0x562a67956888)') called at /home/sand/src/perl/repoperls/installed-perls/host/k93msid/v5.27.5-170-ga385812b68/da1c/lib/site_perl/5.27.6/x86_64-linux/Moose/Meta/Attribute.pm line 1017
	Moose::Meta::Attribute::install_accessors('Moose::Meta::Attribute=HASH(0x562a67956888)') called at /home/sand/src/perl/repoperls/installed-perls/host/k93msid/v5.27.5-170-ga385812b68/da1c/lib/site_perl/5.27.6/x86_64-linux/Class/MOP/Class.pm line 899
	Class::MOP::Class::try {...}  at /home/sand/src/perl/repoperls/installed-perls/host/k93msid/v5.27.5-170-ga385812b68/da1c/lib/site_perl/5.27.6/Try/Tiny.pm line 103
	eval {...} at /home/sand/src/perl/repoperls/installed-perls/host/k93msid/v5.27.5-170-ga385812b68/da1c/lib/site_perl/5.27.6/Try/Tiny.pm line 94
	Try::Tiny::try('CODE(0x562a67955cb8)', 'Try::Tiny::Catch=REF(0x562a67917338)') called at /home/sand/src/perl/repoperls/installed-perls/host/k93msid/v5.27.5-170-ga385812b68/da1c/lib/site_perl/5.27.6/x86_64-linux/Class/MOP/Class.pm line 904
	Class::MOP::Class::_post_add_attribute('Moose::Meta::Class=HASH(0x562a67788ec0)', 'Moose::Meta::Attribute=HASH(0x562a67956888)') called at /home/sand/src/perl/repoperls/installed-perls/host/k93msid/v5.27.5-170-ga385812b68/da1c/lib/site_perl/5.27.6/x86_64-linux/Class/MOP/Mixin/HasAttributes.pm line 39
	Class::MOP::Mixin::HasAttributes::add_attribute('Moose::Meta::Class=HASH(0x562a67788ec0)', 'Moose::Meta::Attribute=HASH(0x562a67956888)') called at /home/sand/src/perl/repoperls/installed-perls/host/k93msid/v5.27.5-170-ga385812b68/da1c/lib/site_perl/5.27.6/x86_64-linux/Moose/Meta/Class.pm line 585
	Moose::Meta::Class::add_attribute('Moose::Meta::Class=HASH(0x562a67788ec0)', 'Moose::Meta::Attribute=HASH(0x562a67956888)') called at /home/sand/src/perl/repoperls/installed-perls/host/k93msid/v5.27.5-170-ga385812b68/da1c/lib/site_perl/5.27.6/x86_64-linux/Moose/Meta/Role/Application/ToClass.pm line 126
	Moose::Meta::Role::Application::ToClass::apply_attributes('Moose::Meta::Role::Application::ToClass=HASH(0x562a683831b8)', 'Moose::Meta::Role=HASH(0x562a6838b0c0)', 'Moose::Meta::Class=HASH(0x562a67788ec0)') called at /home/sand/src/perl/repoperls/installed-perls/host/k93msid/v5.27.5-170-ga385812b68/da1c/lib/site_perl/5.27.6/x86_64-linux/Moose/Meta/Role/Application.pm line 59
	Moose::Meta::Role::Application::apply('Moose::Meta::Role::Application::ToClass=HASH(0x562a683831b8)', 'Moose::Meta::Role=HASH(0x562a6838b0c0)', 'Moose::Meta::Class=HASH(0x562a67788ec0)') called at /home/sand/src/perl/repoperls/installed-perls/host/k93msid/v5.27.5-170-ga385812b68/da1c/lib/site_perl/5.27.6/x86_64-linux/Moose/Meta/Role/Application/ToClass.pm line 31
	Moose::Meta::Role::Application::ToClass::apply('Moose::Meta::Role::Application::ToClass=HASH(0x562a683831b8)', 'Moose::Meta::Role=HASH(0x562a6838b0c0)', 'Moose::Meta::Class=HASH(0x562a67788ec0)', 'HASH(0x562a6625c210)') called at /home/sand/src/perl/repoperls/installed-perls/host/k93msid/v5.27.5-170-ga385812b68/da1c/lib/site_perl/5.27.6/x86_64-linux/Moose/Meta/Role.pm line 472
	Moose::Meta::Role::apply('Moose::Meta::Role=HASH(0x562a6838b0c0)', 'Moose::Meta::Class=HASH(0x562a67788ec0)') called at /home/sand/src/perl/repoperls/installed-perls/host/k93msid/v5.27.5-170-ga385812b68/da1c/lib/site_perl/5.27.6/x86_64-linux/Moose/Util.pm line 172
	Moose::Util::_apply_all_roles('Moose::Meta::Class=HASH(0x562a67788ec0)', undef, 'DBIx::Class::Graph::Role::ResultSet') called at /home/sand/src/perl/repoperls/installed-perls/host/k93msid/v5.27.5-170-ga385812b68/da1c/lib/site_perl/5.27.6/x86_64-linux/Moose/Util.pm line 114
	Moose::Util::apply_all_roles('Moose::Meta::Class=HASH(0x562a67788ec0)', 'DBIx::Class::Graph::Role::ResultSet') called at /home/sand/src/perl/repoperls/installed-perls/host/k93msid/v5.27.5-170-ga385812b68/da1c/lib/site_perl/5.27.6/x86_64-linux/Moose.pm line 57
	Moose::with('Moose::Meta::Class=HASH(0x562a67788ec0)', 'DBIx::Class::Graph::Role::ResultSet') called at /home/sand/src/perl/repoperls/installed-perls/host/k93msid/v5.27.5-170-ga385812b68/da1c/lib/site_perl/5.27.6/x86_64-linux/Moose/Exporter.pm line 419
	Moose::with('DBIx::Class::Graph::Role::ResultSet') called at /tmp/loop_over_bdir-10905-vacyb9/DBIx-Class-Graph-1.05-0/blib/lib/DBIx/Class/ResultSet/Graph.pm line 19
	require DBIx/Class/ResultSet/Graph.pm at /home/sand/src/perl/repoperls/installed-perls/host/k93msid/v5.27.5-170-ga385812b68/da1c/lib/site_perl/5.27.6/Class/C3/Componentised.pm line 150
	eval {...} at /home/sand/src/perl/repoperls/installed-perls/host/k93msid/v5.27.5-170-ga385812b68/da1c/lib/site_perl/5.27.6/Class/C3/Componentised.pm line 150
	Class::C3::Componentised::ensure_class_loaded('DBIx::Class::ResultSource::Table=HASH(0x562a64b58758)', 'DBIx::Class::ResultSet::Graph') called at /home/sand/src/perl/repoperls/installed-perls/host/k93msid/v5.27.5-170-ga385812b68/da1c/lib/site_perl/5.27.6/DBIx/Class/AccessorGroup.pm line 19
	DBIx::Class::AccessorGroup::get_component_class('DBIx::Class::ResultSource::Table=HASH(0x562a64b58758)', 'resultset_class') called at (eval 196) line 2
	DBIx::Class::ResultSource::resultset_class('DBIx::Class::ResultSource::Table=HASH(0x562a64b58758)') called at /home/sand/src/perl/repoperls/installed-perls/host/k93msid/v5.27.5-170-ga385812b68/da1c/lib/site_perl/5.27.6/DBIx/Class/ResultSource.pm line 1135
	DBIx::Class::ResultSource::resultset('DBIx::Class::ResultSource::Table=HASH(0x562a64b58758)') called at /home/sand/src/perl/repoperls/installed-perls/host/k93msid/v5.27.5-170-ga385812b68/da1c/lib/site_perl/5.27.6/DBIx/Class/Schema.pm line 547
	DBIx::Class::Schema::resultset('TestLib::Schema=HASH(0x562a64b47750)', 'Simple') called at /home/sand/src/perl/repoperls/installed-perls/host/k93msid/v5.27.5-170-ga385812b68/da1c/lib/site_perl/5.27.6/DBIx/Class/Schema.pm line 769
	DBIx::Class::Schema::populate('TestLib::Schema=HASH(0x562a64b47750)', 'Simple', 'ARRAY(0x562a678f17c0)') called at t/lib/TestLib.pm line 20
	TestLib::new('TestLib') called at t/complex.t line 7
Compilation failed in require at /home/sand/src/perl/repoperls/installed-perls/host/k93msid/v5.27.5-170-ga385812b68/da1c/lib/site_perl/5.27.6/Class/C3/Componentised.pm line 150. at /home/sand/src/perl/repoperls/installed-perls/host/k93msid/v5.27.5-170-ga385812b68/da1c/lib/site_perl/5.27.6/Class/C3/Componentised.pm line 155
t/complex.t ................... 
Dubious, test returned 255 (wstat 65280, 0xff00)
No subtests run 
{UNKNOWN}: Could not generate inline handles for _graph->("" because : Failed to compile source: syntax error at (eval 765) line 21, near """( "


source:
#line 1 "inline delegation in DBIx::Class::ResultSet::Graph for _graph->("" (attribute declared in /tmp/loop_over_bdir-10905-vacyb9/DBIx-Class-Graph-1.05-0/blib/lib/DBIx/Class/Graph/Role/ResultSet.pm at line 22)"
sub {
    my $self = shift;

    my $proxy = $self->_graph;
    if ( !defined $proxy ) {
        die Module::Runtime::use_module("Moose::Exception::AttributeValueIsNotDefined")->new(method    => $self->meta->find_method_by_name("(\"\""),
instance  => $self,
attribute => $self->meta->find_attribute_by_name("_graph"),
);
    }
    elsif ( ref $proxy && !Scalar::Util::blessed($proxy) ) {
        die Module::Runtime::use_module("Moose::Exception::AttributeValueIsNotAnObject")->new(method      => $self->meta->find_method_by_name("(\"\""),
instance    => $self,
attribute   => $self->meta->find_attribute_by_name("_graph"),
given_value => $proxy,
);
    }
    return $proxy->(""( @_ );
}
 at /home/sand/src/perl/repoperls/installed-perls/host/k93msid/v5.27.5-170-ga385812b68/da1c/lib/site_perl/5.27.6/x86_64-linux/Class/MOP/Method/Generated.pm line 56.
 at /home/sand/src/perl/repoperls/installed-perls/host/k93msid/v5.27.5-170-ga385812b68/da1c/lib/site_perl/5.27.6/x86_64-linux/Moose/Meta/Method/Delegation.pm line 154
	Moose::Meta::Method::Delegation::catch {...} ('Failed to compile source: syntax error at (eval 765) line 21, near """( "^J^J^Jsource:^J#line 1 "inline delegation in DBIx::Class::ResultSet::Graph for _graph->("" (attribute declared in /tmp/loop_over_bdir-10905-vacyb9/DBIx-Class-Graph-1.05-0/blib/lib/DBIx/Class/Graph/Role/ResultSet.pm at line 22)"^Jsub {^J    my $self = shift;^J^J    my $proxy = $self->_graph;^J    if ( !defined $proxy ) {^J        die Module::Runtime::use_module("Moose::Exception::AttributeValueIsNotDefined")->new(method    => $self->meta->find_method_by_name("(\"\""),^Jinstance  => $self,^Jattribute => $self->meta->find_attribute_by_name("_graph"),^J);^J    }^J    elsif ( ref $proxy && !Scalar::Util::blessed($proxy) ) {^J        die Module::Runtime::use_module("Moose::Exception::AttributeValueIsNotAnObject")->new(method      => $self->meta->find_method_by_name("(\"\""),^Jinstance    => $self,^Jattribute   => $self->meta->find_attribute_by_name("_graph"),^Jgiven_value => $proxy,^J);^J    }^J    return $proxy->(""( @_ );^J}^J at /home/sand/src/perl/repoperls/installed-perls/host/k93msid/v5.27.5-170-ga385812b68/da1c/lib/site_perl/5.27.6/x86_64-linux/Class/MOP/Method/Generated.pm line 56.^J') called at /home/sand/src/perl/repoperls/installed-perls/host/k93msid/v5.27.5-170-ga385812b68/da1c/lib/site_perl/5.27.6/Try/Tiny.pm line 124
	Try::Tiny::try('CODE(0x55e98518ce68)', 'Try::Tiny::Catch=REF(0x55e98459e4d8)') called at /home/sand/src/perl/repoperls/installed-perls/host/k93msid/v5.27.5-170-ga385812b68/da1c/lib/site_perl/5.27.6/x86_64-linux/Moose/Meta/Method/Delegation.pm line 160
	Moose::Meta::Method::Delegation::_generate_inline_method('Moose::Meta::Method::Delegation=HASH(0x55e982899b30)') called at /home/sand/src/perl/repoperls/installed-perls/host/k93msid/v5.27.5-170-ga385812b68/da1c/lib/site_perl/5.27.6/x86_64-linux/Moose/Meta/Method/Delegation.pm line 82
	Moose::Meta::Method::Delegation::_initialize_body('Moose::Meta::Method::Delegation=HASH(0x55e982899b30)') called at /home/sand/src/perl/repoperls/installed-perls/host/k93msid/v5.27.5-170-ga385812b68/da1c/lib/site_perl/5.27.6/x86_64-linux/Moose/Meta/Method/Delegation.pm line 54
	Moose::Meta::Method::Delegation::new('Moose::Meta::Method::Delegation', 'name', '(""', 'package_name', 'DBIx::Class::ResultSet::Graph', 'attribute', 'Moose::Meta::Attribute=HASH(0x55e984e587c8)', 'delegate_to_method', '(""', 'curried_arguments', 'ARRAY(0x55e982b85158)') called at /home/sand/src/perl/repoperls/installed-perls/host/k93msid/v5.27.5-170-ga385812b68/da1c/lib/site_perl/5.27.6/x86_64-linux/Moose/Meta/Attribute.pm line 1301
	Moose::Meta::Attribute::_make_delegation_method('Moose::Meta::Attribute=HASH(0x55e984e587c8)', '(""', '(""') called at /home/sand/src/perl/repoperls/installed-perls/host/k93msid/v5.27.5-170-ga385812b68/da1c/lib/site_perl/5.27.6/x86_64-linux/Moose/Meta/Attribute.pm line 1168
	Moose::Meta::Attribute::install_delegation('Moose::Meta::Attribute=HASH(0x55e984e587c8)') called at /home/sand/src/perl/repoperls/installed-perls/host/k93msid/v5.27.5-170-ga385812b68/da1c/lib/site_perl/5.27.6/x86_64-linux/Moose/Meta/Attribute.pm line 1017
	Moose::Meta::Attribute::install_accessors('Moose::Meta::Attribute=HASH(0x55e984e587c8)') called at /home/sand/src/perl/repoperls/installed-perls/host/k93msid/v5.27.5-170-ga385812b68/da1c/lib/site_perl/5.27.6/x86_64-linux/Class/MOP/Class.pm line 899
	Class::MOP::Class::try {...}  at /home/sand/src/perl/repoperls/installed-perls/host/k93msid/v5.27.5-170-ga385812b68/da1c/lib/site_perl/5.27.6/Try/Tiny.pm line 103
	eval {...} at /home/sand/src/perl/repoperls/installed-perls/host/k93msid/v5.27.5-170-ga385812b68/da1c/lib/site_perl/5.27.6/Try/Tiny.pm line 94
	Try::Tiny::try('CODE(0x55e984e58360)', 'Try::Tiny::Catch=REF(0x55e984e584f8)') called at /home/sand/src/perl/repoperls/installed-perls/host/k93msid/v5.27.5-170-ga385812b68/da1c/lib/site_perl/5.27.6/x86_64-linux/Class/MOP/Class.pm line 904
	Class::MOP::Class::_post_add_attribute('Moose::Meta::Class=HASH(0x55e984553440)', 'Moose::Meta::Attribute=HASH(0x55e984e587c8)') called at /home/sand/src/perl/repoperls/installed-perls/host/k93msid/v5.27.5-170-ga385812b68/da1c/lib/site_perl/5.27.6/x86_64-linux/Class/MOP/Mixin/HasAttributes.pm line 39
	Class::MOP::Mixin::HasAttributes::add_attribute('Moose::Meta::Class=HASH(0x55e984553440)', 'Moose::Meta::Attribute=HASH(0x55e984e587c8)') called at /home/sand/src/perl/repoperls/installed-perls/host/k93msid/v5.27.5-170-ga385812b68/da1c/lib/site_perl/5.27.6/x86_64-linux/Moose/Meta/Class.pm line 585
	Moose::Meta::Class::add_attribute('Moose::Meta::Class=HASH(0x55e984553440)', 'Moose::Meta::Attribute=HASH(0x55e984e587c8)') called at /home/sand/src/perl/repoperls/installed-perls/host/k93msid/v5.27.5-170-ga385812b68/da1c/lib/site_perl/5.27.6/x86_64-linux/Moose/Meta/Role/Application/ToClass.pm line 126
	Moose::Meta::Role::Application::ToClass::apply_attributes('Moose::Meta::Role::Application::ToClass=HASH(0x55e984fd1518)', 'Moose::Meta::Role=HASH(0x55e984fd7210)', 'Moose::Meta::Class=HASH(0x55e984553440)') called at /home/sand/src/perl/repoperls/installed-perls/host/k93msid/v5.27.5-170-ga385812b68/da1c/lib/site_perl/5.27.6/x86_64-linux/Moose/Meta/Role/Application.pm line 59
	Moose::Meta::Role::Application::apply('Moose::Meta::Role::Application::ToClass=HASH(0x55e984fd1518)', 'Moose::Meta::Role=HASH(0x55e984fd7210)', 'Moose::Meta::Class=HASH(0x55e984553440)') called at /home/sand/src/perl/repoperls/installed-perls/host/k93msid/v5.27.5-170-ga385812b68/da1c/lib/site_perl/5.27.6/x86_64-linux/Moose/Meta/Role/Application/ToClass.pm line 31
	Moose::Meta::Role::Application::ToClass::apply('Moose::Meta::Role::Application::ToClass=HASH(0x55e984fd1518)', 'Moose::Meta::Role=HASH(0x55e984fd7210)', 'Moose::Meta::Class=HASH(0x55e984553440)', 'HASH(0x55e982ea78c8)') called at /home/sand/src/perl/repoperls/installed-perls/host/k93msid/v5.27.5-170-ga385812b68/da1c/lib/site_perl/5.27.6/x86_64-linux/Moose/Meta/Role.pm line 472
	Moose::Meta::Role::apply('Moose::Meta::Role=HASH(0x55e984fd7210)', 'Moose::Meta::Class=HASH(0x55e984553440)') called at /home/sand/src/perl/repoperls/installed-perls/host/k93msid/v5.27.5-170-ga385812b68/da1c/lib/site_perl/5.27.6/x86_64-linux/Moose/Util.pm line 172
	Moose::Util::_apply_all_roles('Moose::Meta::Class=HASH(0x55e984553440)', undef, 'DBIx::Class::Graph::Role::ResultSet') called at /home/sand/src/perl/repoperls/installed-perls/host/k93msid/v5.27.5-170-ga385812b68/da1c/lib/site_perl/5.27.6/x86_64-linux/Moose/Util.pm line 114
	Moose::Util::apply_all_roles('Moose::Meta::Class=HASH(0x55e984553440)', 'DBIx::Class::Graph::Role::ResultSet') called at /home/sand/src/perl/repoperls/installed-perls/host/k93msid/v5.27.5-170-ga385812b68/da1c/lib/site_perl/5.27.6/x86_64-linux/Moose.pm line 57
	Moose::with('Moose::Meta::Class=HASH(0x55e984553440)', 'DBIx::Class::Graph::Role::ResultSet') called at /home/sand/src/perl/repoperls/installed-perls/host/k93msid/v5.27.5-170-ga385812b68/da1c/lib/site_perl/5.27.6/x86_64-linux/Moose/Exporter.pm line 419
	Moose::with('DBIx::Class::Graph::Role::ResultSet') called at /tmp/loop_over_bdir-10905-vacyb9/DBIx-Class-Graph-1.05-0/blib/lib/DBIx/Class/ResultSet/Graph.pm line 19
	require DBIx/Class/ResultSet/Graph.pm at /home/sand/src/perl/repoperls/installed-perls/host/k93msid/v5.27.5-170-ga385812b68/da1c/lib/site_perl/5.27.6/Class/C3/Componentised.pm line 150
	eval {...} at /home/sand/src/perl/repoperls/installed-perls/host/k93msid/v5.27.5-170-ga385812b68/da1c/lib/site_perl/5.27.6/Class/C3/Componentised.pm line 150
	Class::C3::Componentised::ensure_class_loaded('DBIx::Class::ResultSource::Table=HASH(0x55e983426ff0)', 'DBIx::Class::ResultSet::Graph') called at /home/sand/src/perl/repoperls/installed-perls/host/k93msid/v5.27.5-170-ga385812b68/da1c/lib/site_perl/5.27.6/DBIx/Class/AccessorGroup.pm line 19
	DBIx::Class::AccessorGroup::get_component_class('DBIx::Class::ResultSource::Table=HASH(0x55e983426ff0)', 'resultset_class') called at (eval 196) line 2
	DBIx::Class::ResultSource::resultset_class('DBIx::Class::ResultSource::Table=HASH(0x55e983426ff0)') called at /home/sand/src/perl/repoperls/installed-perls/host/k93msid/v5.27.5-170-ga385812b68/da1c/lib/site_perl/5.27.6/DBIx/Class/ResultSource.pm line 1135
	DBIx::Class::ResultSource::resultset('DBIx::Class::ResultSource::Table=HASH(0x55e983426ff0)') called at /home/sand/src/perl/repoperls/installed-perls/host/k93msid/v5.27.5-170-ga385812b68/da1c/lib/site_perl/5.27.6/DBIx/Class/Schema.pm line 547
	DBIx::Class::Schema::resultset('TestLib::Schema=HASH(0x55e98175c730)', 'Simple') called at /home/sand/src/perl/repoperls/installed-perls/host/k93msid/v5.27.5-170-ga385812b68/da1c/lib/site_perl/5.27.6/DBIx/Class/Schema.pm line 769
	DBIx::Class::Schema::populate('TestLib::Schema=HASH(0x55e98175c730)', 'Simple', 'ARRAY(0x55e98453f9a0)') called at t/lib/TestLib.pm line 20
	TestLib::new('TestLib') called at t/leak.t line 8
Compilation failed in require at /home/sand/src/perl/repoperls/installed-perls/host/k93msid/v5.27.5-170-ga385812b68/da1c/lib/site_perl/5.27.6/Class/C3/Componentised.pm line 150. at /home/sand/src/perl/repoperls/installed-perls/host/k93msid/v5.27.5-170-ga385812b68/da1c/lib/site_perl/5.27.6/Class/C3/Componentised.pm line 155
t/leak.t ...................... 
Dubious, test returned 255 (wstat 65280, 0xff00)
No subtests run 
t/release-has-version.t ....... skipped: these tests are for release candidate testing
t/release-kwalitee.t .......... skipped: these tests are for release candidate testing
t/release-minimum-version.t ... skipped: these tests are for release candidate testing
t/release-pod-coverage.t ...... skipped: these tests are for release candidate testing
t/release-pod-syntax.t ........ skipped: these tests are for release candidate testing
{UNKNOWN}: Could not generate inline handles for _graph->("" because : Failed to compile source: syntax error at (eval 765) line 21, near """( "


source:
#line 1 "inline delegation in DBIx::Class::ResultSet::Graph for _graph->("" (attribute declared in /tmp/loop_over_bdir-10905-vacyb9/DBIx-Class-Graph-1.05-0/blib/lib/DBIx/Class/Graph/Role/ResultSet.pm at line 22)"
sub {
    my $self = shift;

    my $proxy = $self->_graph;
    if ( !defined $proxy ) {
        die Module::Runtime::use_module("Moose::Exception::AttributeValueIsNotDefined")->new(method    => $self->meta->find_method_by_name("(\"\""),
instance  => $self,
attribute => $self->meta->find_attribute_by_name("_graph"),
);
    }
    elsif ( ref $proxy && !Scalar::Util::blessed($proxy) ) {
        die Module::Runtime::use_module("Moose::Exception::AttributeValueIsNotAnObject")->new(method      => $self->meta->find_method_by_name("(\"\""),
instance    => $self,
attribute   => $self->meta->find_attribute_by_name("_graph"),
given_value => $proxy,
);
    }
    return $proxy->(""( @_ );
}
 at /home/sand/src/perl/repoperls/installed-perls/host/k93msid/v5.27.5-170-ga385812b68/da1c/lib/site_perl/5.27.6/x86_64-linux/Class/MOP/Method/Generated.pm line 56.
 at /home/sand/src/perl/repoperls/installed-perls/host/k93msid/v5.27.5-170-ga385812b68/da1c/lib/site_perl/5.27.6/x86_64-linux/Moose/Meta/Method/Delegation.pm line 154
	Moose::Meta::Method::Delegation::catch {...} ('Failed to compile source: syntax error at (eval 765) line 21, near """( "^J^J^Jsource:^J#line 1 "inline delegation in DBIx::Class::ResultSet::Graph for _graph->("" (attribute declared in /tmp/loop_over_bdir-10905-vacyb9/DBIx-Class-Graph-1.05-0/blib/lib/DBIx/Class/Graph/Role/ResultSet.pm at line 22)"^Jsub {^J    my $self = shift;^J^J    my $proxy = $self->_graph;^J    if ( !defined $proxy ) {^J        die Module::Runtime::use_module("Moose::Exception::AttributeValueIsNotDefined")->new(method    => $self->meta->find_method_by_name("(\"\""),^Jinstance  => $self,^Jattribute => $self->meta->find_attribute_by_name("_graph"),^J);^J    }^J    elsif ( ref $proxy && !Scalar::Util::blessed($proxy) ) {^J        die Module::Runtime::use_module("Moose::Exception::AttributeValueIsNotAnObject")->new(method      => $self->meta->find_method_by_name("(\"\""),^Jinstance    => $self,^Jattribute   => $self->meta->find_attribute_by_name("_graph"),^Jgiven_value => $proxy,^J);^J    }^J    return $proxy->(""( @_ );^J}^J at /home/sand/src/perl/repoperls/installed-perls/host/k93msid/v5.27.5-170-ga385812b68/da1c/lib/site_perl/5.27.6/x86_64-linux/Class/MOP/Method/Generated.pm line 56.^J') called at /home/sand/src/perl/repoperls/installed-perls/host/k93msid/v5.27.5-170-ga385812b68/da1c/lib/site_perl/5.27.6/Try/Tiny.pm line 124
	Try::Tiny::try('CODE(0x56045a516f58)', 'Try::Tiny::Catch=REF(0x56045a4cbfc8)') called at /home/sand/src/perl/repoperls/installed-perls/host/k93msid/v5.27.5-170-ga385812b68/da1c/lib/site_perl/5.27.6/x86_64-linux/Moose/Meta/Method/Delegation.pm line 160
	Moose::Meta::Method::Delegation::_generate_inline_method('Moose::Meta::Method::Delegation=HASH(0x560457c2fb48)') called at /home/sand/src/perl/repoperls/installed-perls/host/k93msid/v5.27.5-170-ga385812b68/da1c/lib/site_perl/5.27.6/x86_64-linux/Moose/Meta/Method/Delegation.pm line 82
	Moose::Meta::Method::Delegation::_initialize_body('Moose::Meta::Method::Delegation=HASH(0x560457c2fb48)') called at /home/sand/src/perl/repoperls/installed-perls/host/k93msid/v5.27.5-170-ga385812b68/da1c/lib/site_perl/5.27.6/x86_64-linux/Moose/Meta/Method/Delegation.pm line 54
	Moose::Meta::Method::Delegation::new('Moose::Meta::Method::Delegation', 'name', '(""', 'package_name', 'DBIx::Class::ResultSet::Graph', 'attribute', 'Moose::Meta::Attribute=HASH(0x560459924bf8)', 'delegate_to_method', '(""', 'curried_arguments', 'ARRAY(0x560457f1e2a0)') called at /home/sand/src/perl/repoperls/installed-perls/host/k93msid/v5.27.5-170-ga385812b68/da1c/lib/site_perl/5.27.6/x86_64-linux/Moose/Meta/Attribute.pm line 1301
	Moose::Meta::Attribute::_make_delegation_method('Moose::Meta::Attribute=HASH(0x560459924bf8)', '(""', '(""') called at /home/sand/src/perl/repoperls/installed-perls/host/k93msid/v5.27.5-170-ga385812b68/da1c/lib/site_perl/5.27.6/x86_64-linux/Moose/Meta/Attribute.pm line 1168
	Moose::Meta::Attribute::install_delegation('Moose::Meta::Attribute=HASH(0x560459924bf8)') called at /home/sand/src/perl/repoperls/installed-perls/host/k93msid/v5.27.5-170-ga385812b68/da1c/lib/site_perl/5.27.6/x86_64-linux/Moose/Meta/Attribute.pm line 1017
	Moose::Meta::Attribute::install_accessors('Moose::Meta::Attribute=HASH(0x560459924bf8)') called at /home/sand/src/perl/repoperls/installed-perls/host/k93msid/v5.27.5-170-ga385812b68/da1c/lib/site_perl/5.27.6/x86_64-linux/Class/MOP/Class.pm line 899
	Class::MOP::Class::try {...}  at /home/sand/src/perl/repoperls/installed-perls/host/k93msid/v5.27.5-170-ga385812b68/da1c/lib/site_perl/5.27.6/Try/Tiny.pm line 103
	eval {...} at /home/sand/src/perl/repoperls/installed-perls/host/k93msid/v5.27.5-170-ga385812b68/da1c/lib/site_perl/5.27.6/Try/Tiny.pm line 94
	Try::Tiny::try('CODE(0x560459924730)', 'Try::Tiny::Catch=REF(0x560459924928)') called at /home/sand/src/perl/repoperls/installed-perls/host/k93msid/v5.27.5-170-ga385812b68/da1c/lib/site_perl/5.27.6/x86_64-linux/Class/MOP/Class.pm line 904
	Class::MOP::Class::_post_add_attribute('Moose::Meta::Class=HASH(0x5604598cb968)', 'Moose::Meta::Attribute=HASH(0x560459924bf8)') called at /home/sand/src/perl/repoperls/installed-perls/host/k93msid/v5.27.5-170-ga385812b68/da1c/lib/site_perl/5.27.6/x86_64-linux/Class/MOP/Mixin/HasAttributes.pm line 39
	Class::MOP::Mixin::HasAttributes::add_attribute('Moose::Meta::Class=HASH(0x5604598cb968)', 'Moose::Meta::Attribute=HASH(0x560459924bf8)') called at /home/sand/src/perl/repoperls/installed-perls/host/k93msid/v5.27.5-170-ga385812b68/da1c/lib/site_perl/5.27.6/x86_64-linux/Moose/Meta/Class.pm line 585
	Moose::Meta::Class::add_attribute('Moose::Meta::Class=HASH(0x5604598cb968)', 'Moose::Meta::Attribute=HASH(0x560459924bf8)') called at /home/sand/src/perl/repoperls/installed-perls/host/k93msid/v5.27.5-170-ga385812b68/da1c/lib/site_perl/5.27.6/x86_64-linux/Moose/Meta/Role/Application/ToClass.pm line 126
	Moose::Meta::Role::Application::ToClass::apply_attributes('Moose::Meta::Role::Application::ToClass=HASH(0x56045a35dde0)', 'Moose::Meta::Role=HASH(0x56045a369a98)', 'Moose::Meta::Class=HASH(0x5604598cb968)') called at /home/sand/src/perl/repoperls/installed-perls/host/k93msid/v5.27.5-170-ga385812b68/da1c/lib/site_perl/5.27.6/x86_64-linux/Moose/Meta/Role/Application.pm line 59
	Moose::Meta::Role::Application::apply('Moose::Meta::Role::Application::ToClass=HASH(0x56045a35dde0)', 'Moose::Meta::Role=HASH(0x56045a369a98)', 'Moose::Meta::Class=HASH(0x5604598cb968)') called at /home/sand/src/perl/repoperls/installed-perls/host/k93msid/v5.27.5-170-ga385812b68/da1c/lib/site_perl/5.27.6/x86_64-linux/Moose/Meta/Role/Application/ToClass.pm line 31
	Moose::Meta::Role::Application::ToClass::apply('Moose::Meta::Role::Application::ToClass=HASH(0x56045a35dde0)', 'Moose::Meta::Role=HASH(0x56045a369a98)', 'Moose::Meta::Class=HASH(0x5604598cb968)', 'HASH(0x5604582421a0)') called at /home/sand/src/perl/repoperls/installed-perls/host/k93msid/v5.27.5-170-ga385812b68/da1c/lib/site_perl/5.27.6/x86_64-linux/Moose/Meta/Role.pm line 472
	Moose::Meta::Role::apply('Moose::Meta::Role=HASH(0x56045a369a98)', 'Moose::Meta::Class=HASH(0x5604598cb968)') called at /home/sand/src/perl/repoperls/installed-perls/host/k93msid/v5.27.5-170-ga385812b68/da1c/lib/site_perl/5.27.6/x86_64-linux/Moose/Util.pm line 172
	Moose::Util::_apply_all_roles('Moose::Meta::Class=HASH(0x5604598cb968)', undef, 'DBIx::Class::Graph::Role::ResultSet') called at /home/sand/src/perl/repoperls/installed-perls/host/k93msid/v5.27.5-170-ga385812b68/da1c/lib/site_perl/5.27.6/x86_64-linux/Moose/Util.pm line 114
	Moose::Util::apply_all_roles('Moose::Meta::Class=HASH(0x5604598cb968)', 'DBIx::Class::Graph::Role::ResultSet') called at /home/sand/src/perl/repoperls/installed-perls/host/k93msid/v5.27.5-170-ga385812b68/da1c/lib/site_perl/5.27.6/x86_64-linux/Moose.pm line 57
	Moose::with('Moose::Meta::Class=HASH(0x5604598cb968)', 'DBIx::Class::Graph::Role::ResultSet') called at /home/sand/src/perl/repoperls/installed-perls/host/k93msid/v5.27.5-170-ga385812b68/da1c/lib/site_perl/5.27.6/x86_64-linux/Moose/Exporter.pm line 419
	Moose::with('DBIx::Class::Graph::Role::ResultSet') called at /tmp/loop_over_bdir-10905-vacyb9/DBIx-Class-Graph-1.05-0/blib/lib/DBIx/Class/ResultSet/Graph.pm line 19
	require DBIx/Class/ResultSet/Graph.pm at /home/sand/src/perl/repoperls/installed-perls/host/k93msid/v5.27.5-170-ga385812b68/da1c/lib/site_perl/5.27.6/Class/C3/Componentised.pm line 150
	eval {...} at /home/sand/src/perl/repoperls/installed-perls/host/k93msid/v5.27.5-170-ga385812b68/da1c/lib/site_perl/5.27.6/Class/C3/Componentised.pm line 150
	Class::C3::Componentised::ensure_class_loaded('DBIx::Class::ResultSource::Table=HASH(0x5604587bb620)', 'DBIx::Class::ResultSet::Graph') called at /home/sand/src/perl/repoperls/installed-perls/host/k93msid/v5.27.5-170-ga385812b68/da1c/lib/site_perl/5.27.6/DBIx/Class/AccessorGroup.pm line 19
	DBIx::Class::AccessorGroup::get_component_class('DBIx::Class::ResultSource::Table=HASH(0x5604587bb620)', 'resultset_class') called at (eval 196) line 2
	DBIx::Class::ResultSource::resultset_class('DBIx::Class::ResultSource::Table=HASH(0x5604587bb620)') called at /home/sand/src/perl/repoperls/installed-perls/host/k93msid/v5.27.5-170-ga385812b68/da1c/lib/site_perl/5.27.6/DBIx/Class/ResultSource.pm line 1135
	DBIx::Class::ResultSource::resultset('DBIx::Class::ResultSource::Table=HASH(0x5604587bb620)') called at /home/sand/src/perl/repoperls/installed-perls/host/k93msid/v5.27.5-170-ga385812b68/da1c/lib/site_perl/5.27.6/DBIx/Class/Schema.pm line 547
	DBIx::Class::Schema::resultset('TestLib::Schema=HASH(0x560456b2d740)', 'Simple') called at /home/sand/src/perl/repoperls/installed-perls/host/k93msid/v5.27.5-170-ga385812b68/da1c/lib/site_perl/5.27.6/DBIx/Class/Schema.pm line 769
	DBIx::Class::Schema::populate('TestLib::Schema=HASH(0x560456b2d740)', 'Simple', 'ARRAY(0x560459542270)') called at t/lib/TestLib.pm line 20
	TestLib::new('TestLib') called at t/result.t line 7
Compilation failed in require at /home/sand/src/perl/repoperls/installed-perls/host/k93msid/v5.27.5-170-ga385812b68/da1c/lib/site_perl/5.27.6/Class/C3/Componentised.pm line 150. at /home/sand/src/perl/repoperls/installed-perls/host/k93msid/v5.27.5-170-ga385812b68/da1c/lib/site_perl/5.27.6/Class/C3/Componentised.pm line 155
t/result.t .................... 
Dubious, test returned 255 (wstat 65280, 0xff00)
No subtests run 
{UNKNOWN}: Could not generate inline handles for _graph->("" because : Failed to compile source: syntax error at (eval 764) line 21, near """( "


source:
#line 1 "inline delegation in DBIx::Class::ResultSet::Graph for _graph->("" (attribute declared in /tmp/loop_over_bdir-10905-vacyb9/DBIx-Class-Graph-1.05-0/blib/lib/DBIx/Class/Graph/Role/ResultSet.pm at line 22)"
sub {
    my $self = shift;

    my $proxy = $self->_graph;
    if ( !defined $proxy ) {
        die Module::Runtime::use_module("Moose::Exception::AttributeValueIsNotDefined")->new(method    => $self->meta->find_method_by_name("(\"\""),
instance  => $self,
attribute => $self->meta->find_attribute_by_name("_graph"),
);
    }
    elsif ( ref $proxy && !Scalar::Util::blessed($proxy) ) {
        die Module::Runtime::use_module("Moose::Exception::AttributeValueIsNotAnObject")->new(method      => $self->meta->find_method_by_name("(\"\""),
instance    => $self,
attribute   => $self->meta->find_attribute_by_name("_graph"),
given_value => $proxy,
);
    }
    return $proxy->(""( @_ );
}
 at /home/sand/src/perl/repoperls/installed-perls/host/k93msid/v5.27.5-170-ga385812b68/da1c/lib/site_perl/5.27.6/x86_64-linux/Class/MOP/Method/Generated.pm line 56.
 at /home/sand/src/perl/repoperls/installed-perls/host/k93msid/v5.27.5-170-ga385812b68/da1c/lib/site_perl/5.27.6/x86_64-linux/Moose/Meta/Method/Delegation.pm line 154
	Moose::Meta::Method::Delegation::catch {...} ('Failed to compile source: syntax error at (eval 764) line 21, near """( "^J^J^Jsource:^J#line 1 "inline delegation in DBIx::Class::ResultSet::Graph for _graph->("" (attribute declared in /tmp/loop_over_bdir-10905-vacyb9/DBIx-Class-Graph-1.05-0/blib/lib/DBIx/Class/Graph/Role/ResultSet.pm at line 22)"^Jsub {^J    my $self = shift;^J^J    my $proxy = $self->_graph;^J    if ( !defined $proxy ) {^J        die Module::Runtime::use_module("Moose::Exception::AttributeValueIsNotDefined")->new(method    => $self->meta->find_method_by_name("(\"\""),^Jinstance  => $self,^Jattribute => $self->meta->find_attribute_by_name("_graph"),^J);^J    }^J    elsif ( ref $proxy && !Scalar::Util::blessed($proxy) ) {^J        die Module::Runtime::use_module("Moose::Exception::AttributeValueIsNotAnObject")->new(method      => $self->meta->find_method_by_name("(\"\""),^Jinstance    => $self,^Jattribute   => $self->meta->find_attribute_by_name("_graph"),^Jgiven_value => $proxy,^J);^J    }^J    return $proxy->(""( @_ );^J}^J at /home/sand/src/perl/repoperls/installed-perls/host/k93msid/v5.27.5-170-ga385812b68/da1c/lib/site_perl/5.27.6/x86_64-linux/Class/MOP/Method/Generated.pm line 56.^J') called at /home/sand/src/perl/repoperls/installed-perls/host/k93msid/v5.27.5-170-ga385812b68/da1c/lib/site_perl/5.27.6/Try/Tiny.pm line 124
	Try::Tiny::try('CODE(0x562df94b2ed0)', 'Try::Tiny::Catch=REF(0x562df912d3a8)') called at /home/sand/src/perl/repoperls/installed-perls/host/k93msid/v5.27.5-170-ga385812b68/da1c/lib/site_perl/5.27.6/x86_64-linux/Moose/Meta/Method/Delegation.pm line 160
	Moose::Meta::Method::Delegation::_generate_inline_method('Moose::Meta::Method::Delegation=HASH(0x562df6bca308)') called at /home/sand/src/perl/repoperls/installed-perls/host/k93msid/v5.27.5-170-ga385812b68/da1c/lib/site_perl/5.27.6/x86_64-linux/Moose/Meta/Method/Delegation.pm line 82
	Moose::Meta::Method::Delegation::_initialize_body('Moose::Meta::Method::Delegation=HASH(0x562df6bca308)') called at /home/sand/src/perl/repoperls/installed-perls/host/k93msid/v5.27.5-170-ga385812b68/da1c/lib/site_perl/5.27.6/x86_64-linux/Moose/Meta/Method/Delegation.pm line 54
	Moose::Meta::Method::Delegation::new('Moose::Meta::Method::Delegation', 'name', '(""', 'package_name', 'DBIx::Class::ResultSet::Graph', 'attribute', 'Moose::Meta::Attribute=HASH(0x562df912c820)', 'delegate_to_method', '(""', 'curried_arguments', 'ARRAY(0x562df6eb8950)') called at /home/sand/src/perl/repoperls/installed-perls/host/k93msid/v5.27.5-170-ga385812b68/da1c/lib/site_perl/5.27.6/x86_64-linux/Moose/Meta/Attribute.pm line 1301
	Moose::Meta::Attribute::_make_delegation_method('Moose::Meta::Attribute=HASH(0x562df912c820)', '(""', '(""') called at /home/sand/src/perl/repoperls/installed-perls/host/k93msid/v5.27.5-170-ga385812b68/da1c/lib/site_perl/5.27.6/x86_64-linux/Moose/Meta/Attribute.pm line 1168
	Moose::Meta::Attribute::install_delegation('Moose::Meta::Attribute=HASH(0x562df912c820)') called at /home/sand/src/perl/repoperls/installed-perls/host/k93msid/v5.27.5-170-ga385812b68/da1c/lib/site_perl/5.27.6/x86_64-linux/Moose/Meta/Attribute.pm line 1017
	Moose::Meta::Attribute::install_accessors('Moose::Meta::Attribute=HASH(0x562df912c820)') called at /home/sand/src/perl/repoperls/installed-perls/host/k93msid/v5.27.5-170-ga385812b68/da1c/lib/site_perl/5.27.6/x86_64-linux/Class/MOP/Class.pm line 899
	Class::MOP::Class::try {...}  at /home/sand/src/perl/repoperls/installed-perls/host/k93msid/v5.27.5-170-ga385812b68/da1c/lib/site_perl/5.27.6/Try/Tiny.pm line 103
	eval {...} at /home/sand/src/perl/repoperls/installed-perls/host/k93msid/v5.27.5-170-ga385812b68/da1c/lib/site_perl/5.27.6/Try/Tiny.pm line 94
	Try::Tiny::try('CODE(0x562df88cf9d0)', 'Try::Tiny::Catch=REF(0x562df878a9b8)') called at /home/sand/src/perl/repoperls/installed-perls/host/k93msid/v5.27.5-170-ga385812b68/da1c/lib/site_perl/5.27.6/x86_64-linux/Class/MOP/Class.pm line 904
	Class::MOP::Class::_post_add_attribute('Moose::Meta::Class=HASH(0x562df88880d8)', 'Moose::Meta::Attribute=HASH(0x562df912c820)') called at /home/sand/src/perl/repoperls/installed-perls/host/k93msid/v5.27.5-170-ga385812b68/da1c/lib/site_perl/5.27.6/x86_64-linux/Class/MOP/Mixin/HasAttributes.pm line 39
	Class::MOP::Mixin::HasAttributes::add_attribute('Moose::Meta::Class=HASH(0x562df88880d8)', 'Moose::Meta::Attribute=HASH(0x562df912c820)') called at /home/sand/src/perl/repoperls/installed-perls/host/k93msid/v5.27.5-170-ga385812b68/da1c/lib/site_perl/5.27.6/x86_64-linux/Moose/Meta/Class.pm line 585
	Moose::Meta::Class::add_attribute('Moose::Meta::Class=HASH(0x562df88880d8)', 'Moose::Meta::Attribute=HASH(0x562df912c820)') called at /home/sand/src/perl/repoperls/installed-perls/host/k93msid/v5.27.5-170-ga385812b68/da1c/lib/site_perl/5.27.6/x86_64-linux/Moose/Meta/Role/Application/ToClass.pm line 126
	Moose::Meta::Role::Application::ToClass::apply_attributes('Moose::Meta::Role::Application::ToClass=HASH(0x562df719d5d0)', 'Moose::Meta::Role=HASH(0x562df93030f0)', 'Moose::Meta::Class=HASH(0x562df88880d8)') called at /home/sand/src/perl/repoperls/installed-perls/host/k93msid/v5.27.5-170-ga385812b68/da1c/lib/site_perl/5.27.6/x86_64-linux/Moose/Meta/Role/Application.pm line 59
	Moose::Meta::Role::Application::apply('Moose::Meta::Role::Application::ToClass=HASH(0x562df719d5d0)', 'Moose::Meta::Role=HASH(0x562df93030f0)', 'Moose::Meta::Class=HASH(0x562df88880d8)') called at /home/sand/src/perl/repoperls/installed-perls/host/k93msid/v5.27.5-170-ga385812b68/da1c/lib/site_perl/5.27.6/x86_64-linux/Moose/Meta/Role/Application/ToClass.pm line 31
	Moose::Meta::Role::Application::ToClass::apply('Moose::Meta::Role::Application::ToClass=HASH(0x562df719d5d0)', 'Moose::Meta::Role=HASH(0x562df93030f0)', 'Moose::Meta::Class=HASH(0x562df88880d8)', 'HASH(0x562df71dc270)') called at /home/sand/src/perl/repoperls/installed-perls/host/k93msid/v5.27.5-170-ga385812b68/da1c/lib/site_perl/5.27.6/x86_64-linux/Moose/Meta/Role.pm line 472
	Moose::Meta::Role::apply('Moose::Meta::Role=HASH(0x562df93030f0)', 'Moose::Meta::Class=HASH(0x562df88880d8)') called at /home/sand/src/perl/repoperls/installed-perls/host/k93msid/v5.27.5-170-ga385812b68/da1c/lib/site_perl/5.27.6/x86_64-linux/Moose/Util.pm line 172
	Moose::Util::_apply_all_roles('Moose::Meta::Class=HASH(0x562df88880d8)', undef, 'DBIx::Class::Graph::Role::ResultSet') called at /home/sand/src/perl/repoperls/installed-perls/host/k93msid/v5.27.5-170-ga385812b68/da1c/lib/site_perl/5.27.6/x86_64-linux/Moose/Util.pm line 114
	Moose::Util::apply_all_roles('Moose::Meta::Class=HASH(0x562df88880d8)', 'DBIx::Class::Graph::Role::ResultSet') called at /home/sand/src/perl/repoperls/installed-perls/host/k93msid/v5.27.5-170-ga385812b68/da1c/lib/site_perl/5.27.6/x86_64-linux/Moose.pm line 57
	Moose::with('Moose::Meta::Class=HASH(0x562df88880d8)', 'DBIx::Class::Graph::Role::ResultSet') called at /home/sand/src/perl/repoperls/installed-perls/host/k93msid/v5.27.5-170-ga385812b68/da1c/lib/site_perl/5.27.6/x86_64-linux/Moose/Exporter.pm line 419
	Moose::with('DBIx::Class::Graph::Role::ResultSet') called at /tmp/loop_over_bdir-10905-vacyb9/DBIx-Class-Graph-1.05-0/blib/lib/DBIx/Class/ResultSet/Graph.pm line 19
	require DBIx/Class/ResultSet/Graph.pm at /home/sand/src/perl/repoperls/installed-perls/host/k93msid/v5.27.5-170-ga385812b68/da1c/lib/site_perl/5.27.6/Class/C3/Componentised.pm line 150
	eval {...} at /home/sand/src/perl/repoperls/installed-perls/host/k93msid/v5.27.5-170-ga385812b68/da1c/lib/site_perl/5.27.6/Class/C3/Componentised.pm line 150
	Class::C3::Componentised::ensure_class_loaded('DBIx::Class::ResultSource::Table=HASH(0x562df7751710)', 'DBIx::Class::ResultSet::Graph') called at /home/sand/src/perl/repoperls/installed-perls/host/k93msid/v5.27.5-170-ga385812b68/da1c/lib/site_perl/5.27.6/DBIx/Class/AccessorGroup.pm line 19
	DBIx::Class::AccessorGroup::get_component_class('DBIx::Class::ResultSource::Table=HASH(0x562df7751710)', 'resultset_class') called at (eval 196) line 2
	DBIx::Class::ResultSource::resultset_class('DBIx::Class::ResultSource::Table=HASH(0x562df7751710)') called at /home/sand/src/perl/repoperls/installed-perls/host/k93msid/v5.27.5-170-ga385812b68/da1c/lib/site_perl/5.27.6/DBIx/Class/ResultSource.pm line 1135
	DBIx::Class::ResultSource::resultset('DBIx::Class::ResultSource::Table=HASH(0x562df7751710)') called at /home/sand/src/perl/repoperls/installed-perls/host/k93msid/v5.27.5-170-ga385812b68/da1c/lib/site_perl/5.27.6/DBIx/Class/Schema.pm line 547
	DBIx::Class::Schema::resultset('TestLib::Schema=HASH(0x562df5ac8760)', 'Simple') called at /home/sand/src/perl/repoperls/installed-perls/host/k93msid/v5.27.5-170-ga385812b68/da1c/lib/site_perl/5.27.6/DBIx/Class/Schema.pm line 769
	DBIx::Class::Schema::populate('TestLib::Schema=HASH(0x562df5ac8760)', 'Simple', 'ARRAY(0x562df8867c68)') called at t/lib/TestLib.pm line 20
	TestLib::new('TestLib') called at t/resultset.t line 7
Compilation failed in require at /home/sand/src/perl/repoperls/installed-perls/host/k93msid/v5.27.5-170-ga385812b68/da1c/lib/site_perl/5.27.6/Class/C3/Componentised.pm line 150. at /home/sand/src/perl/repoperls/installed-perls/host/k93msid/v5.27.5-170-ga385812b68/da1c/lib/site_perl/5.27.6/Class/C3/Componentised.pm line 155
t/resultset.t ................. 
Dubious, test returned 255 (wstat 65280, 0xff00)
No subtests run 
{UNKNOWN}: Could not generate inline handles for _graph->("" because : Failed to compile source: syntax error at (eval 765) line 21, near """( "


source:
#line 1 "inline delegation in DBIx::Class::ResultSet::Graph for _graph->("" (attribute declared in /tmp/loop_over_bdir-10905-vacyb9/DBIx-Class-Graph-1.05-0/blib/lib/DBIx/Class/Graph/Role/ResultSet.pm at line 22)"
sub {
    my $self = shift;

    my $proxy = $self->_graph;
    if ( !defined $proxy ) {
        die Module::Runtime::use_module("Moose::Exception::AttributeValueIsNotDefined")->new(method    => $self->meta->find_method_by_name("(\"\""),
instance  => $self,
attribute => $self->meta->find_attribute_by_name("_graph"),
);
    }
    elsif ( ref $proxy && !Scalar::Util::blessed($proxy) ) {
        die Module::Runtime::use_module("Moose::Exception::AttributeValueIsNotAnObject")->new(method      => $self->meta->find_method_by_name("(\"\""),
instance    => $self,
attribute   => $self->meta->find_attribute_by_name("_graph"),
given_value => $proxy,
);
    }
    return $proxy->(""( @_ );
}
 at /home/sand/src/perl/repoperls/installed-perls/host/k93msid/v5.27.5-170-ga385812b68/da1c/lib/site_perl/5.27.6/x86_64-linux/Class/MOP/Method/Generated.pm line 56.
 at /home/sand/src/perl/repoperls/installed-perls/host/k93msid/v5.27.5-170-ga385812b68/da1c/lib/site_perl/5.27.6/x86_64-linux/Moose/Meta/Method/Delegation.pm line 154
	Moose::Meta::Method::Delegation::catch {...} ('Failed to compile source: syntax error at (eval 765) line 21, near """( "^J^J^Jsource:^J#line 1 "inline delegation in DBIx::Class::ResultSet::Graph for _graph->("" (attribute declared in /tmp/loop_over_bdir-10905-vacyb9/DBIx-Class-Graph-1.05-0/blib/lib/DBIx/Class/Graph/Role/ResultSet.pm at line 22)"^Jsub {^J    my $self = shift;^J^J    my $proxy = $self->_graph;^J    if ( !defined $proxy ) {^J        die Module::Runtime::use_module("Moose::Exception::AttributeValueIsNotDefined")->new(method    => $self->meta->find_method_by_name("(\"\""),^Jinstance  => $self,^Jattribute => $self->meta->find_attribute_by_name("_graph"),^J);^J    }^J    elsif ( ref $proxy && !Scalar::Util::blessed($proxy) ) {^J        die Module::Runtime::use_module("Moose::Exception::AttributeValueIsNotAnObject")->new(method      => $self->meta->find_method_by_name("(\"\""),^Jinstance    => $self,^Jattribute   => $self->meta->find_attribute_by_name("_graph"),^Jgiven_value => $proxy,^J);^J    }^J    return $proxy->(""( @_ );^J}^J at /home/sand/src/perl/repoperls/installed-perls/host/k93msid/v5.27.5-170-ga385812b68/da1c/lib/site_perl/5.27.6/x86_64-linux/Class/MOP/Method/Generated.pm line 56.^J') called at /home/sand/src/perl/repoperls/installed-perls/host/k93msid/v5.27.5-170-ga385812b68/da1c/lib/site_perl/5.27.6/Try/Tiny.pm line 124
	Try::Tiny::try('CODE(0x557d9ac62b40)', 'Try::Tiny::Catch=REF(0x557d9a093c30)') called at /home/sand/src/perl/repoperls/installed-perls/host/k93msid/v5.27.5-170-ga385812b68/da1c/lib/site_perl/5.27.6/x86_64-linux/Moose/Meta/Method/Delegation.pm line 160
	Moose::Meta::Method::Delegation::_generate_inline_method('Moose::Meta::Method::Delegation=HASH(0x557d98373de8)') called at /home/sand/src/perl/repoperls/installed-perls/host/k93msid/v5.27.5-170-ga385812b68/da1c/lib/site_perl/5.27.6/x86_64-linux/Moose/Meta/Method/Delegation.pm line 82
	Moose::Meta::Method::Delegation::_initialize_body('Moose::Meta::Method::Delegation=HASH(0x557d98373de8)') called at /home/sand/src/perl/repoperls/installed-perls/host/k93msid/v5.27.5-170-ga385812b68/da1c/lib/site_perl/5.27.6/x86_64-linux/Moose/Meta/Method/Delegation.pm line 54
	Moose::Meta::Method::Delegation::new('Moose::Meta::Method::Delegation', 'name', '(""', 'package_name', 'DBIx::Class::ResultSet::Graph', 'attribute', 'Moose::Meta::Attribute=HASH(0x557d9a0678a0)', 'delegate_to_method', '(""', 'curried_arguments', 'ARRAY(0x557d98662180)') called at /home/sand/src/perl/repoperls/installed-perls/host/k93msid/v5.27.5-170-ga385812b68/da1c/lib/site_perl/5.27.6/x86_64-linux/Moose/Meta/Attribute.pm line 1301
	Moose::Meta::Attribute::_make_delegation_method('Moose::Meta::Attribute=HASH(0x557d9a0678a0)', '(""', '(""') called at /home/sand/src/perl/repoperls/installed-perls/host/k93msid/v5.27.5-170-ga385812b68/da1c/lib/site_perl/5.27.6/x86_64-linux/Moose/Meta/Attribute.pm line 1168
	Moose::Meta::Attribute::install_delegation('Moose::Meta::Attribute=HASH(0x557d9a0678a0)') called at /home/sand/src/perl/repoperls/installed-perls/host/k93msid/v5.27.5-170-ga385812b68/da1c/lib/site_perl/5.27.6/x86_64-linux/Moose/Meta/Attribute.pm line 1017
	Moose::Meta::Attribute::install_accessors('Moose::Meta::Attribute=HASH(0x557d9a0678a0)') called at /home/sand/src/perl/repoperls/installed-perls/host/k93msid/v5.27.5-170-ga385812b68/da1c/lib/site_perl/5.27.6/x86_64-linux/Class/MOP/Class.pm line 899
	Class::MOP::Class::try {...}  at /home/sand/src/perl/repoperls/installed-perls/host/k93msid/v5.27.5-170-ga385812b68/da1c/lib/site_perl/5.27.6/Try/Tiny.pm line 103
	eval {...} at /home/sand/src/perl/repoperls/installed-perls/host/k93msid/v5.27.5-170-ga385812b68/da1c/lib/site_perl/5.27.6/Try/Tiny.pm line 94
	Try::Tiny::try('CODE(0x557d9a067078)', 'Try::Tiny::Catch=REF(0x557d9a0675d0)') called at /home/sand/src/perl/repoperls/installed-perls/host/k93msid/v5.27.5-170-ga385812b68/da1c/lib/site_perl/5.27.6/x86_64-linux/Class/MOP/Class.pm line 904
	Class::MOP::Class::_post_add_attribute('Moose::Meta::Class=HASH(0x557d99ea7830)', 'Moose::Meta::Attribute=HASH(0x557d9a0678a0)') called at /home/sand/src/perl/repoperls/installed-perls/host/k93msid/v5.27.5-170-ga385812b68/da1c/lib/site_perl/5.27.6/x86_64-linux/Class/MOP/Mixin/HasAttributes.pm line 39
	Class::MOP::Mixin::HasAttributes::add_attribute('Moose::Meta::Class=HASH(0x557d99ea7830)', 'Moose::Meta::Attribute=HASH(0x557d9a0678a0)') called at /home/sand/src/perl/repoperls/installed-perls/host/k93msid/v5.27.5-170-ga385812b68/da1c/lib/site_perl/5.27.6/x86_64-linux/Moose/Meta/Class.pm line 585
	Moose::Meta::Class::add_attribute('Moose::Meta::Class=HASH(0x557d99ea7830)', 'Moose::Meta::Attribute=HASH(0x557d9a0678a0)') called at /home/sand/src/perl/repoperls/installed-perls/host/k93msid/v5.27.5-170-ga385812b68/da1c/lib/site_perl/5.27.6/x86_64-linux/Moose/Meta/Role/Application/ToClass.pm line 126
	Moose::Meta::Role::Application::ToClass::apply_attributes('Moose::Meta::Role::Application::ToClass=HASH(0x557d9aaab100)', 'Moose::Meta::Role=HASH(0x557d9aab07a8)', 'Moose::Meta::Class=HASH(0x557d99ea7830)') called at /home/sand/src/perl/repoperls/installed-perls/host/k93msid/v5.27.5-170-ga385812b68/da1c/lib/site_perl/5.27.6/x86_64-linux/Moose/Meta/Role/Application.pm line 59
	Moose::Meta::Role::Application::apply('Moose::Meta::Role::Application::ToClass=HASH(0x557d9aaab100)', 'Moose::Meta::Role=HASH(0x557d9aab07a8)', 'Moose::Meta::Class=HASH(0x557d99ea7830)') called at /home/sand/src/perl/repoperls/installed-perls/host/k93msid/v5.27.5-170-ga385812b68/da1c/lib/site_perl/5.27.6/x86_64-linux/Moose/Meta/Role/Application/ToClass.pm line 31
	Moose::Meta::Role::Application::ToClass::apply('Moose::Meta::Role::Application::ToClass=HASH(0x557d9aaab100)', 'Moose::Meta::Role=HASH(0x557d9aab07a8)', 'Moose::Meta::Class=HASH(0x557d99ea7830)', 'HASH(0x557d98985ab0)') called at /home/sand/src/perl/repoperls/installed-perls/host/k93msid/v5.27.5-170-ga385812b68/da1c/lib/site_perl/5.27.6/x86_64-linux/Moose/Meta/Role.pm line 472
	Moose::Meta::Role::apply('Moose::Meta::Role=HASH(0x557d9aab07a8)', 'Moose::Meta::Class=HASH(0x557d99ea7830)') called at /home/sand/src/perl/repoperls/installed-perls/host/k93msid/v5.27.5-170-ga385812b68/da1c/lib/site_perl/5.27.6/x86_64-linux/Moose/Util.pm line 172
	Moose::Util::_apply_all_roles('Moose::Meta::Class=HASH(0x557d99ea7830)', undef, 'DBIx::Class::Graph::Role::ResultSet') called at /home/sand/src/perl/repoperls/installed-perls/host/k93msid/v5.27.5-170-ga385812b68/da1c/lib/site_perl/5.27.6/x86_64-linux/Moose/Util.pm line 114
	Moose::Util::apply_all_roles('Moose::Meta::Class=HASH(0x557d99ea7830)', 'DBIx::Class::Graph::Role::ResultSet') called at /home/sand/src/perl/repoperls/installed-perls/host/k93msid/v5.27.5-170-ga385812b68/da1c/lib/site_perl/5.27.6/x86_64-linux/Moose.pm line 57
	Moose::with('Moose::Meta::Class=HASH(0x557d99ea7830)', 'DBIx::Class::Graph::Role::ResultSet') called at /home/sand/src/perl/repoperls/installed-perls/host/k93msid/v5.27.5-170-ga385812b68/da1c/lib/site_perl/5.27.6/x86_64-linux/Moose/Exporter.pm line 419
	Moose::with('DBIx::Class::Graph::Role::ResultSet') called at /tmp/loop_over_bdir-10905-vacyb9/DBIx-Class-Graph-1.05-0/blib/lib/DBIx/Class/ResultSet/Graph.pm line 19
	require DBIx/Class/ResultSet/Graph.pm at /home/sand/src/perl/repoperls/installed-perls/host/k93msid/v5.27.5-170-ga385812b68/da1c/lib/site_perl/5.27.6/Class/C3/Componentised.pm line 150
	eval {...} at /home/sand/src/perl/repoperls/installed-perls/host/k93msid/v5.27.5-170-ga385812b68/da1c/lib/site_perl/5.27.6/Class/C3/Componentised.pm line 150
	Class::C3::Componentised::ensure_class_loaded('DBIx::Class::ResultSource::Table=HASH(0x557d9727a8d8)', 'DBIx::Class::ResultSet::Graph') called at /home/sand/src/perl/repoperls/installed-perls/host/k93msid/v5.27.5-170-ga385812b68/da1c/lib/site_perl/5.27.6/DBIx/Class/AccessorGroup.pm line 19
	DBIx::Class::AccessorGroup::get_component_class('DBIx::Class::ResultSource::Table=HASH(0x557d9727a8d8)', 'resultset_class') called at (eval 196) line 2
	DBIx::Class::ResultSource::resultset_class('DBIx::Class::ResultSource::Table=HASH(0x557d9727a8d8)') called at /home/sand/src/perl/repoperls/installed-perls/host/k93msid/v5.27.5-170-ga385812b68/da1c/lib/site_perl/5.27.6/DBIx/Class/ResultSource.pm line 1135
	DBIx::Class::ResultSource::resultset('DBIx::Class::ResultSource::Table=HASH(0x557d9727a8d8)') called at /home/sand/src/perl/repoperls/installed-perls/host/k93msid/v5.27.5-170-ga385812b68/da1c/lib/site_perl/5.27.6/DBIx/Class/Schema.pm line 547
	DBIx::Class::Schema::resultset('TestLib::Schema=HASH(0x557d97271730)', 'Simple') called at /home/sand/src/perl/repoperls/installed-perls/host/k93msid/v5.27.5-170-ga385812b68/da1c/lib/site_perl/5.27.6/DBIx/Class/Schema.pm line 769
	DBIx::Class::Schema::populate('TestLib::Schema=HASH(0x557d97271730)', 'Simple', 'ARRAY(0x557d9a01d630)') called at t/lib/TestLib.pm line 20
	TestLib::new('TestLib') called at t/simple01.t line 7
Compilation failed in require at /home/sand/src/perl/repoperls/installed-perls/host/k93msid/v5.27.5-170-ga385812b68/da1c/lib/site_perl/5.27.6/Class/C3/Componentised.pm line 150. at /home/sand/src/perl/repoperls/installed-perls/host/k93msid/v5.27.5-170-ga385812b68/da1c/lib/site_perl/5.27.6/Class/C3/Componentised.pm line 155
t/simple01.t .................. 
Dubious, test returned 255 (wstat 65280, 0xff00)
No subtests run 
{UNKNOWN}: Could not generate inline handles for _graph->("" because : Failed to compile source: syntax error at (eval 765) line 21, near """( "


source:
#line 1 "inline delegation in DBIx::Class::ResultSet::Graph for _graph->("" (attribute declared in lib/DBIx/Class/Graph/Role/ResultSet.pm at line 22)"
sub {
    my $self = shift;

    my $proxy = $self->_graph;
    if ( !defined $proxy ) {
        die Module::Runtime::use_module("Moose::Exception::AttributeValueIsNotDefined")->new(method    => $self->meta->find_method_by_name("(\"\""),
instance  => $self,
attribute => $self->meta->find_attribute_by_name("_graph"),
);
    }
    elsif ( ref $proxy && !Scalar::Util::blessed($proxy) ) {
        die Module::Runtime::use_module("Moose::Exception::AttributeValueIsNotAnObject")->new(method      => $self->meta->find_method_by_name("(\"\""),
instance    => $self,
attribute   => $self->meta->find_attribute_by_name("_graph"),
given_value => $proxy,
);
    }
    return $proxy->(""( @_ );
}
 at /home/sand/src/perl/repoperls/installed-perls/host/k93msid/v5.27.5-170-ga385812b68/da1c/lib/site_perl/5.27.6/x86_64-linux/Class/MOP/Method/Generated.pm line 56.
 at /home/sand/src/perl/repoperls/installed-perls/host/k93msid/v5.27.5-170-ga385812b68/da1c/lib/site_perl/5.27.6/x86_64-linux/Moose/Meta/Method/Delegation.pm line 154
	Moose::Meta::Method::Delegation::catch {...} ('Failed to compile source: syntax error at (eval 765) line 21, near """( "^J^J^Jsource:^J#line 1 "inline delegation in DBIx::Class::ResultSet::Graph for _graph->("" (attribute declared in lib/DBIx/Class/Graph/Role/ResultSet.pm at line 22)"^Jsub {^J    my $self = shift;^J^J    my $proxy = $self->_graph;^J    if ( !defined $proxy ) {^J        die Module::Runtime::use_module("Moose::Exception::AttributeValueIsNotDefined")->new(method    => $self->meta->find_method_by_name("(\"\""),^Jinstance  => $self,^Jattribute => $self->meta->find_attribute_by_name("_graph"),^J);^J    }^J    elsif ( ref $proxy && !Scalar::Util::blessed($proxy) ) {^J        die Module::Runtime::use_module("Moose::Exception::AttributeValueIsNotAnObject")->new(method      => $self->meta->find_method_by_name("(\"\""),^Jinstance    => $self,^Jattribute   => $self->meta->find_attribute_by_name("_graph"),^Jgiven_value => $proxy,^J);^J    }^J    return $proxy->(""( @_ );^J}^J at /home/sand/src/perl/repoperls/installed-perls/host/k93msid/v5.27.5-170-ga385812b68/da1c/lib/site_perl/5.27.6/x86_64-linux/Class/MOP/Method/Generated.pm line 56.^J') called at /home/sand/src/perl/repoperls/installed-perls/host/k93msid/v5.27.5-170-ga385812b68/da1c/lib/site_perl/5.27.6/Try/Tiny.pm line 124
	Try::Tiny::try('CODE(0x56276a390b68)', 'Try::Tiny::Catch=REF(0x56276a05c990)') called at /home/sand/src/perl/repoperls/installed-perls/host/k93msid/v5.27.5-170-ga385812b68/da1c/lib/site_perl/5.27.6/x86_64-linux/Moose/Meta/Method/Delegation.pm line 160
	Moose::Meta::Method::Delegation::_generate_inline_method('Moose::Meta::Method::Delegation=HASH(0x562767aa0310)') called at /home/sand/src/perl/repoperls/installed-perls/host/k93msid/v5.27.5-170-ga385812b68/da1c/lib/site_perl/5.27.6/x86_64-linux/Moose/Meta/Method/Delegation.pm line 82
	Moose::Meta::Method::Delegation::_initialize_body('Moose::Meta::Method::Delegation=HASH(0x562767aa0310)') called at /home/sand/src/perl/repoperls/installed-perls/host/k93msid/v5.27.5-170-ga385812b68/da1c/lib/site_perl/5.27.6/x86_64-linux/Moose/Meta/Method/Delegation.pm line 54
	Moose::Meta::Method::Delegation::new('Moose::Meta::Method::Delegation', 'name', '(""', 'package_name', 'DBIx::Class::ResultSet::Graph', 'attribute', 'Moose::Meta::Attribute=HASH(0x5627697ab880)', 'delegate_to_method', '(""', 'curried_arguments', 'ARRAY(0x562767d8ec00)') called at /home/sand/src/perl/repoperls/installed-perls/host/k93msid/v5.27.5-170-ga385812b68/da1c/lib/site_perl/5.27.6/x86_64-linux/Moose/Meta/Attribute.pm line 1301
	Moose::Meta::Attribute::_make_delegation_method('Moose::Meta::Attribute=HASH(0x5627697ab880)', '(""', '(""') called at /home/sand/src/perl/repoperls/installed-perls/host/k93msid/v5.27.5-170-ga385812b68/da1c/lib/site_perl/5.27.6/x86_64-linux/Moose/Meta/Attribute.pm line 1168
	Moose::Meta::Attribute::install_delegation('Moose::Meta::Attribute=HASH(0x5627697ab880)') called at /home/sand/src/perl/repoperls/installed-perls/host/k93msid/v5.27.5-170-ga385812b68/da1c/lib/site_perl/5.27.6/x86_64-linux/Moose/Meta/Attribute.pm line 1017
	Moose::Meta::Attribute::install_accessors('Moose::Meta::Attribute=HASH(0x5627697ab880)') called at /home/sand/src/perl/repoperls/installed-perls/host/k93msid/v5.27.5-170-ga385812b68/da1c/lib/site_perl/5.27.6/x86_64-linux/Class/MOP/Class.pm line 899
	Class::MOP::Class::try {...}  at /home/sand/src/perl/repoperls/installed-perls/host/k93msid/v5.27.5-170-ga385812b68/da1c/lib/site_perl/5.27.6/Try/Tiny.pm line 103
	eval {...} at /home/sand/src/perl/repoperls/installed-perls/host/k93msid/v5.27.5-170-ga385812b68/da1c/lib/site_perl/5.27.6/Try/Tiny.pm line 94
	Try::Tiny::try('CODE(0x5627697ab328)', 'Try::Tiny::Catch=REF(0x5627697ab5b0)') called at /home/sand/src/perl/repoperls/installed-perls/host/k93msid/v5.27.5-170-ga385812b68/da1c/lib/site_perl/5.27.6/x86_64-linux/Class/MOP/Class.pm line 904
	Class::MOP::Class::_post_add_attribute('Moose::Meta::Class=HASH(0x562769765540)', 'Moose::Meta::Attribute=HASH(0x5627697ab880)') called at /home/sand/src/perl/repoperls/installed-perls/host/k93msid/v5.27.5-170-ga385812b68/da1c/lib/site_perl/5.27.6/x86_64-linux/Class/MOP/Mixin/HasAttributes.pm line 39
	Class::MOP::Mixin::HasAttributes::add_attribute('Moose::Meta::Class=HASH(0x562769765540)', 'Moose::Meta::Attribute=HASH(0x5627697ab880)') called at /home/sand/src/perl/repoperls/installed-perls/host/k93msid/v5.27.5-170-ga385812b68/da1c/lib/site_perl/5.27.6/x86_64-linux/Moose/Meta/Class.pm line 585
	Moose::Meta::Class::add_attribute('Moose::Meta::Class=HASH(0x562769765540)', 'Moose::Meta::Attribute=HASH(0x5627697ab880)') called at /home/sand/src/perl/repoperls/installed-perls/host/k93msid/v5.27.5-170-ga385812b68/da1c/lib/site_perl/5.27.6/x86_64-linux/Moose/Meta/Role/Application/ToClass.pm line 126
	Moose::Meta::Role::Application::ToClass::apply_attributes('Moose::Meta::Role::Application::ToClass=HASH(0x562769599ef0)', 'Moose::Meta::Role=HASH(0x56276a1dd8d8)', 'Moose::Meta::Class=HASH(0x562769765540)') called at /home/sand/src/perl/repoperls/installed-perls/host/k93msid/v5.27.5-170-ga385812b68/da1c/lib/site_perl/5.27.6/x86_64-linux/Moose/Meta/Role/Application.pm line 59
	Moose::Meta::Role::Application::apply('Moose::Meta::Role::Application::ToClass=HASH(0x562769599ef0)', 'Moose::Meta::Role=HASH(0x56276a1dd8d8)', 'Moose::Meta::Class=HASH(0x562769765540)') called at /home/sand/src/perl/repoperls/installed-perls/host/k93msid/v5.27.5-170-ga385812b68/da1c/lib/site_perl/5.27.6/x86_64-linux/Moose/Meta/Role/Application/ToClass.pm line 31
	Moose::Meta::Role::Application::ToClass::apply('Moose::Meta::Role::Application::ToClass=HASH(0x562769599ef0)', 'Moose::Meta::Role=HASH(0x56276a1dd8d8)', 'Moose::Meta::Class=HASH(0x562769765540)', 'HASH(0x5627680b4638)') called at /home/sand/src/perl/repoperls/installed-perls/host/k93msid/v5.27.5-170-ga385812b68/da1c/lib/site_perl/5.27.6/x86_64-linux/Moose/Meta/Role.pm line 472
	Moose::Meta::Role::apply('Moose::Meta::Role=HASH(0x56276a1dd8d8)', 'Moose::Meta::Class=HASH(0x562769765540)') called at /home/sand/src/perl/repoperls/installed-perls/host/k93msid/v5.27.5-170-ga385812b68/da1c/lib/site_perl/5.27.6/x86_64-linux/Moose/Util.pm line 172
	Moose::Util::_apply_all_roles('Moose::Meta::Class=HASH(0x562769765540)', undef, 'DBIx::Class::Graph::Role::ResultSet') called at /home/sand/src/perl/repoperls/installed-perls/host/k93msid/v5.27.5-170-ga385812b68/da1c/lib/site_perl/5.27.6/x86_64-linux/Moose/Util.pm line 114
	Moose::Util::apply_all_roles('Moose::Meta::Class=HASH(0x562769765540)', 'DBIx::Class::Graph::Role::ResultSet') called at /home/sand/src/perl/repoperls/installed-perls/host/k93msid/v5.27.5-170-ga385812b68/da1c/lib/site_perl/5.27.6/x86_64-linux/Moose.pm line 57
	Moose::with('Moose::Meta::Class=HASH(0x562769765540)', 'DBIx::Class::Graph::Role::ResultSet') called at /home/sand/src/perl/repoperls/installed-perls/host/k93msid/v5.27.5-170-ga385812b68/da1c/lib/site_perl/5.27.6/x86_64-linux/Moose/Exporter.pm line 419
	Moose::with('DBIx::Class::Graph::Role::ResultSet') called at lib/DBIx/Class/ResultSet/Graph.pm line 19
	require DBIx/Class/ResultSet/Graph.pm at /home/sand/src/perl/repoperls/installed-perls/host/k93msid/v5.27.5-170-ga385812b68/da1c/lib/site_perl/5.27.6/Class/C3/Componentised.pm line 150
	eval {...} at /home/sand/src/perl/repoperls/installed-perls/host/k93msid/v5.27.5-170-ga385812b68/da1c/lib/site_perl/5.27.6/Class/C3/Componentised.pm line 150
	Class::C3::Componentised::ensure_class_loaded('DBIx::Class::ResultSource::Table=HASH(0x5627669a96c8)', 'DBIx::Class::ResultSet::Graph') called at /home/sand/src/perl/repoperls/installed-perls/host/k93msid/v5.27.5-170-ga385812b68/da1c/lib/site_perl/5.27.6/DBIx/Class/AccessorGroup.pm line 19
	DBIx::Class::AccessorGroup::get_component_class('DBIx::Class::ResultSource::Table=HASH(0x5627669a96c8)', 'resultset_class') called at (eval 196) line 2
	DBIx::Class::ResultSource::resultset_class('DBIx::Class::ResultSource::Table=HASH(0x5627669a96c8)') called at /home/sand/src/perl/repoperls/installed-perls/host/k93msid/v5.27.5-170-ga385812b68/da1c/lib/site_perl/5.27.6/DBIx/Class/ResultSource.pm line 1135
	DBIx::Class::ResultSource::resultset('DBIx::Class::ResultSource::Table=HASH(0x5627669a96c8)') called at /home/sand/src/perl/repoperls/installed-perls/host/k93msid/v5.27.5-170-ga385812b68/da1c/lib/site_perl/5.27.6/DBIx/Class/Schema.pm line 547
	DBIx::Class::Schema::resultset('TestLib::Schema=HASH(0x56276699f750)', 'Simple') called at /home/sand/src/perl/repoperls/installed-perls/host/k93msid/v5.27.5-170-ga385812b68/da1c/lib/site_perl/5.27.6/DBIx/Class/Schema.pm line 769
	DBIx::Class::Schema::populate('TestLib::Schema=HASH(0x56276699f750)', 'Simple', 'ARRAY(0x562769665768)') called at t/lib/TestLib.pm line 20
	TestLib::new('TestLib') called at t/simple02.t line 7
Compilation failed in require at /home/sand/src/perl/repoperls/installed-perls/host/k93msid/v5.27.5-170-ga385812b68/da1c/lib/site_perl/5.27.6/Class/C3/Componentised.pm line 150. at /home/sand/src/perl/repoperls/installed-perls/host/k93msid/v5.27.5-170-ga385812b68/da1c/lib/site_perl/5.27.6/Class/C3/Componentised.pm line 155
t/simple02.t .................. 
Dubious, test returned 255 (wstat 65280, 0xff00)
No subtests run 
{UNKNOWN}: Could not generate inline handles for _graph->("" because : Failed to compile source: syntax error at (eval 764) line 21, near """( "


source:
#line 1 "inline delegation in DBIx::Class::ResultSet::Graph for _graph->("" (attribute declared in /tmp/loop_over_bdir-10905-vacyb9/DBIx-Class-Graph-1.05-0/blib/lib/DBIx/Class/Graph/Role/ResultSet.pm at line 22)"
sub {
    my $self = shift;

    my $proxy = $self->_graph;
    if ( !defined $proxy ) {
        die Module::Runtime::use_module("Moose::Exception::AttributeValueIsNotDefined")->new(method    => $self->meta->find_method_by_name("(\"\""),
instance  => $self,
attribute => $self->meta->find_attribute_by_name("_graph"),
);
    }
    elsif ( ref $proxy && !Scalar::Util::blessed($proxy) ) {
        die Module::Runtime::use_module("Moose::Exception::AttributeValueIsNotAnObject")->new(method      => $self->meta->find_method_by_name("(\"\""),
instance    => $self,
attribute   => $self->meta->find_attribute_by_name("_graph"),
given_value => $proxy,
);
    }
    return $proxy->(""( @_ );
}
 at /home/sand/src/perl/repoperls/installed-perls/host/k93msid/v5.27.5-170-ga385812b68/da1c/lib/site_perl/5.27.6/x86_64-linux/Class/MOP/Method/Generated.pm line 56.
 at /home/sand/src/perl/repoperls/installed-perls/host/k93msid/v5.27.5-170-ga385812b68/da1c/lib/site_perl/5.27.6/x86_64-linux/Moose/Meta/Method/Delegation.pm line 154
	Moose::Meta::Method::Delegation::catch {...} ('Failed to compile source: syntax error at (eval 764) line 21, near """( "^J^J^Jsource:^J#line 1 "inline delegation in DBIx::Class::ResultSet::Graph for _graph->("" (attribute declared in /tmp/loop_over_bdir-10905-vacyb9/DBIx-Class-Graph-1.05-0/blib/lib/DBIx/Class/Graph/Role/ResultSet.pm at line 22)"^Jsub {^J    my $self = shift;^J^J    my $proxy = $self->_graph;^J    if ( !defined $proxy ) {^J        die Module::Runtime::use_module("Moose::Exception::AttributeValueIsNotDefined")->new(method    => $self->meta->find_method_by_name("(\"\""),^Jinstance  => $self,^Jattribute => $self->meta->find_attribute_by_name("_graph"),^J);^J    }^J    elsif ( ref $proxy && !Scalar::Util::blessed($proxy) ) {^J        die Module::Runtime::use_module("Moose::Exception::AttributeValueIsNotAnObject")->new(method      => $self->meta->find_method_by_name("(\"\""),^Jinstance    => $self,^Jattribute   => $self->meta->find_attribute_by_name("_graph"),^Jgiven_value => $proxy,^J);^J    }^J    return $proxy->(""( @_ );^J}^J at /home/sand/src/perl/repoperls/installed-perls/host/k93msid/v5.27.5-170-ga385812b68/da1c/lib/site_perl/5.27.6/x86_64-linux/Class/MOP/Method/Generated.pm line 56.^J') called at /home/sand/src/perl/repoperls/installed-perls/host/k93msid/v5.27.5-170-ga385812b68/da1c/lib/site_perl/5.27.6/Try/Tiny.pm line 124
	Try::Tiny::try('CODE(0x560a45afd4c0)', 'Try::Tiny::Catch=REF(0x560a45ab3230)') called at /home/sand/src/perl/repoperls/installed-perls/host/k93msid/v5.27.5-170-ga385812b68/da1c/lib/site_perl/5.27.6/x86_64-linux/Moose/Meta/Method/Delegation.pm line 160
	Moose::Meta::Method::Delegation::_generate_inline_method('Moose::Meta::Method::Delegation=HASH(0x560a43212078)') called at /home/sand/src/perl/repoperls/installed-perls/host/k93msid/v5.27.5-170-ga385812b68/da1c/lib/site_perl/5.27.6/x86_64-linux/Moose/Meta/Method/Delegation.pm line 82
	Moose::Meta::Method::Delegation::_initialize_body('Moose::Meta::Method::Delegation=HASH(0x560a43212078)') called at /home/sand/src/perl/repoperls/installed-perls/host/k93msid/v5.27.5-170-ga385812b68/da1c/lib/site_perl/5.27.6/x86_64-linux/Moose/Meta/Method/Delegation.pm line 54
	Moose::Meta::Method::Delegation::new('Moose::Meta::Method::Delegation', 'name', '(""', 'package_name', 'DBIx::Class::ResultSet::Graph', 'attribute', 'Moose::Meta::Attribute=HASH(0x560a44f160c0)', 'delegate_to_method', '(""', 'curried_arguments', 'ARRAY(0x560a43500490)') called at /home/sand/src/perl/repoperls/installed-perls/host/k93msid/v5.27.5-170-ga385812b68/da1c/lib/site_perl/5.27.6/x86_64-linux/Moose/Meta/Attribute.pm line 1301
	Moose::Meta::Attribute::_make_delegation_method('Moose::Meta::Attribute=HASH(0x560a44f160c0)', '(""', '(""') called at /home/sand/src/perl/repoperls/installed-perls/host/k93msid/v5.27.5-170-ga385812b68/da1c/lib/site_perl/5.27.6/x86_64-linux/Moose/Meta/Attribute.pm line 1168
	Moose::Meta::Attribute::install_delegation('Moose::Meta::Attribute=HASH(0x560a44f160c0)') called at /home/sand/src/perl/repoperls/installed-perls/host/k93msid/v5.27.5-170-ga385812b68/da1c/lib/site_perl/5.27.6/x86_64-linux/Moose/Meta/Attribute.pm line 1017
	Moose::Meta::Attribute::install_accessors('Moose::Meta::Attribute=HASH(0x560a44f160c0)') called at /home/sand/src/perl/repoperls/installed-perls/host/k93msid/v5.27.5-170-ga385812b68/da1c/lib/site_perl/5.27.6/x86_64-linux/Class/MOP/Class.pm line 899
	Class::MOP::Class::try {...}  at /home/sand/src/perl/repoperls/installed-perls/host/k93msid/v5.27.5-170-ga385812b68/da1c/lib/site_perl/5.27.6/Try/Tiny.pm line 103
	eval {...} at /home/sand/src/perl/repoperls/installed-perls/host/k93msid/v5.27.5-170-ga385812b68/da1c/lib/site_perl/5.27.6/Try/Tiny.pm line 94
	Try::Tiny::try('CODE(0x560a459bfcf0)', 'Try::Tiny::Catch=REF(0x560a44efa370)') called at /home/sand/src/perl/repoperls/installed-perls/host/k93msid/v5.27.5-170-ga385812b68/da1c/lib/site_perl/5.27.6/x86_64-linux/Class/MOP/Class.pm line 904
	Class::MOP::Class::_post_add_attribute('Moose::Meta::Class=HASH(0x560a44eb4eb0)', 'Moose::Meta::Attribute=HASH(0x560a44f160c0)') called at /home/sand/src/perl/repoperls/installed-perls/host/k93msid/v5.27.5-170-ga385812b68/da1c/lib/site_perl/5.27.6/x86_64-linux/Class/MOP/Mixin/HasAttributes.pm line 39
	Class::MOP::Mixin::HasAttributes::add_attribute('Moose::Meta::Class=HASH(0x560a44eb4eb0)', 'Moose::Meta::Attribute=HASH(0x560a44f160c0)') called at /home/sand/src/perl/repoperls/installed-perls/host/k93msid/v5.27.5-170-ga385812b68/da1c/lib/site_perl/5.27.6/x86_64-linux/Moose/Meta/Class.pm line 585
	Moose::Meta::Class::add_attribute('Moose::Meta::Class=HASH(0x560a44eb4eb0)', 'Moose::Meta::Attribute=HASH(0x560a44f160c0)') called at /home/sand/src/perl/repoperls/installed-perls/host/k93msid/v5.27.5-170-ga385812b68/da1c/lib/site_perl/5.27.6/x86_64-linux/Moose/Meta/Role/Application/ToClass.pm line 126
	Moose::Meta::Role::Application::ToClass::apply_attributes('Moose::Meta::Role::Application::ToClass=HASH(0x560a4594d0a8)', 'Moose::Meta::Role=HASH(0x560a45952928)', 'Moose::Meta::Class=HASH(0x560a44eb4eb0)') called at /home/sand/src/perl/repoperls/installed-perls/host/k93msid/v5.27.5-170-ga385812b68/da1c/lib/site_perl/5.27.6/x86_64-linux/Moose/Meta/Role/Application.pm line 59
	Moose::Meta::Role::Application::apply('Moose::Meta::Role::Application::ToClass=HASH(0x560a4594d0a8)', 'Moose::Meta::Role=HASH(0x560a45952928)', 'Moose::Meta::Class=HASH(0x560a44eb4eb0)') called at /home/sand/src/perl/repoperls/installed-perls/host/k93msid/v5.27.5-170-ga385812b68/da1c/lib/site_perl/5.27.6/x86_64-linux/Moose/Meta/Role/Application/ToClass.pm line 31
	Moose::Meta::Role::Application::ToClass::apply('Moose::Meta::Role::Application::ToClass=HASH(0x560a4594d0a8)', 'Moose::Meta::Role=HASH(0x560a45952928)', 'Moose::Meta::Class=HASH(0x560a44eb4eb0)', 'HASH(0x560a438245a0)') called at /home/sand/src/perl/repoperls/installed-perls/host/k93msid/v5.27.5-170-ga385812b68/da1c/lib/site_perl/5.27.6/x86_64-linux/Moose/Meta/Role.pm line 472
	Moose::Meta::Role::apply('Moose::Meta::Role=HASH(0x560a45952928)', 'Moose::Meta::Class=HASH(0x560a44eb4eb0)') called at /home/sand/src/perl/repoperls/installed-perls/host/k93msid/v5.27.5-170-ga385812b68/da1c/lib/site_perl/5.27.6/x86_64-linux/Moose/Util.pm line 172
	Moose::Util::_apply_all_roles('Moose::Meta::Class=HASH(0x560a44eb4eb0)', undef, 'DBIx::Class::Graph::Role::ResultSet') called at /home/sand/src/perl/repoperls/installed-perls/host/k93msid/v5.27.5-170-ga385812b68/da1c/lib/site_perl/5.27.6/x86_64-linux/Moose/Util.pm line 114
	Moose::Util::apply_all_roles('Moose::Meta::Class=HASH(0x560a44eb4eb0)', 'DBIx::Class::Graph::Role::ResultSet') called at /home/sand/src/perl/repoperls/installed-perls/host/k93msid/v5.27.5-170-ga385812b68/da1c/lib/site_perl/5.27.6/x86_64-linux/Moose.pm line 57
	Moose::with('Moose::Meta::Class=HASH(0x560a44eb4eb0)', 'DBIx::Class::Graph::Role::ResultSet') called at /home/sand/src/perl/repoperls/installed-perls/host/k93msid/v5.27.5-170-ga385812b68/da1c/lib/site_perl/5.27.6/x86_64-linux/Moose/Exporter.pm line 419
	Moose::with('DBIx::Class::Graph::Role::ResultSet') called at /tmp/loop_over_bdir-10905-vacyb9/DBIx-Class-Graph-1.05-0/blib/lib/DBIx/Class/ResultSet/Graph.pm line 19
	require DBIx/Class/ResultSet/Graph.pm at /home/sand/src/perl/repoperls/installed-perls/host/k93msid/v5.27.5-170-ga385812b68/da1c/lib/site_perl/5.27.6/Class/C3/Componentised.pm line 150
	eval {...} at /home/sand/src/perl/repoperls/installed-perls/host/k93msid/v5.27.5-170-ga385812b68/da1c/lib/site_perl/5.27.6/Class/C3/Componentised.pm line 150
	Class::C3::Componentised::ensure_class_loaded('DBIx::Class::ResultSource::Table=HASH(0x560a42118720)', 'DBIx::Class::ResultSet::Graph') called at /home/sand/src/perl/repoperls/installed-perls/host/k93msid/v5.27.5-170-ga385812b68/da1c/lib/site_perl/5.27.6/DBIx/Class/AccessorGroup.pm line 19
	DBIx::Class::AccessorGroup::get_component_class('DBIx::Class::ResultSource::Table=HASH(0x560a42118720)', 'resultset_class') called at (eval 196) line 2
	DBIx::Class::ResultSource::resultset_class('DBIx::Class::ResultSource::Table=HASH(0x560a42118720)') called at /home/sand/src/perl/repoperls/installed-perls/host/k93msid/v5.27.5-170-ga385812b68/da1c/lib/site_perl/5.27.6/DBIx/Class/ResultSource.pm line 1135
	DBIx::Class::ResultSource::resultset('DBIx::Class::ResultSource::Table=HASH(0x560a42118720)') called at /home/sand/src/perl/repoperls/installed-perls/host/k93msid/v5.27.5-170-ga385812b68/da1c/lib/site_perl/5.27.6/DBIx/Class/Schema.pm line 547
	DBIx::Class::Schema::resultset('TestLib::Schema=HASH(0x560a4210f730)', 'Simple') called at /home/sand/src/perl/repoperls/installed-perls/host/k93msid/v5.27.5-170-ga385812b68/da1c/lib/site_perl/5.27.6/DBIx/Class/Schema.pm line 769
	DBIx::Class::Schema::populate('TestLib::Schema=HASH(0x560a4210f730)', 'Simple', 'ARRAY(0x560a446e1a58)') called at t/lib/TestLib.pm line 20
	TestLib::new('TestLib') called at t/simplesucc.t line 7
Compilation failed in require at /home/sand/src/perl/repoperls/installed-perls/host/k93msid/v5.27.5-170-ga385812b68/da1c/lib/site_perl/5.27.6/Class/C3/Componentised.pm line 150. at /home/sand/src/perl/repoperls/installed-perls/host/k93msid/v5.27.5-170-ga385812b68/da1c/lib/site_perl/5.27.6/Class/C3/Componentised.pm line 155
t/simplesucc.t ................ 
Dubious, test returned 255 (wstat 65280, 0xff00)
No subtests run 
{UNKNOWN}: Could not generate inline handles for _graph->("" because : Failed to compile source: syntax error at (eval 765) line 21, near """( "


source:
#line 1 "inline delegation in DBIx::Class::ResultSet::Graph for _graph->("" (attribute declared in /tmp/loop_over_bdir-10905-vacyb9/DBIx-Class-Graph-1.05-0/blib/lib/DBIx/Class/Graph/Role/ResultSet.pm at line 22)"
sub {
    my $self = shift;

    my $proxy = $self->_graph;
    if ( !defined $proxy ) {
        die Module::Runtime::use_module("Moose::Exception::AttributeValueIsNotDefined")->new(method    => $self->meta->find_method_by_name("(\"\""),
instance  => $self,
attribute => $self->meta->find_attribute_by_name("_graph"),
);
    }
    elsif ( ref $proxy && !Scalar::Util::blessed($proxy) ) {
        die Module::Runtime::use_module("Moose::Exception::AttributeValueIsNotAnObject")->new(method      => $self->meta->find_method_by_name("(\"\""),
instance    => $self,
attribute   => $self->meta->find_attribute_by_name("_graph"),
given_value => $proxy,
);
    }
    return $proxy->(""( @_ );
}
 at /home/sand/src/perl/repoperls/installed-perls/host/k93msid/v5.27.5-170-ga385812b68/da1c/lib/site_perl/5.27.6/x86_64-linux/Class/MOP/Method/Generated.pm line 56.
 at /home/sand/src/perl/repoperls/installed-perls/host/k93msid/v5.27.5-170-ga385812b68/da1c/lib/site_perl/5.27.6/x86_64-linux/Moose/Meta/Method/Delegation.pm line 154
	Moose::Meta::Method::Delegation::catch {...} ('Failed to compile source: syntax error at (eval 765) line 21, near """( "^J^J^Jsource:^J#line 1 "inline delegation in DBIx::Class::ResultSet::Graph for _graph->("" (attribute declared in /tmp/loop_over_bdir-10905-vacyb9/DBIx-Class-Graph-1.05-0/blib/lib/DBIx/Class/Graph/Role/ResultSet.pm at line 22)"^Jsub {^J    my $self = shift;^J^J    my $proxy = $self->_graph;^J    if ( !defined $proxy ) {^J        die Module::Runtime::use_module("Moose::Exception::AttributeValueIsNotDefined")->new(method    => $self->meta->find_method_by_name("(\"\""),^Jinstance  => $self,^Jattribute => $self->meta->find_attribute_by_name("_graph"),^J);^J    }^J    elsif ( ref $proxy && !Scalar::Util::blessed($proxy) ) {^J        die Module::Runtime::use_module("Moose::Exception::AttributeValueIsNotAnObject")->new(method      => $self->meta->find_method_by_name("(\"\""),^Jinstance    => $self,^Jattribute   => $self->meta->find_attribute_by_name("_graph"),^Jgiven_value => $proxy,^J);^J    }^J    return $proxy->(""( @_ );^J}^J at /home/sand/src/perl/repoperls/installed-perls/host/k93msid/v5.27.5-170-ga385812b68/da1c/lib/site_perl/5.27.6/x86_64-linux/Class/MOP/Method/Generated.pm line 56.^J') called at /home/sand/src/perl/repoperls/installed-perls/host/k93msid/v5.27.5-170-ga385812b68/da1c/lib/site_perl/5.27.6/Try/Tiny.pm line 124
	Try::Tiny::try('CODE(0x564879fa8240)', 'Try::Tiny::Catch=REF(0x564879f566a8)') called at /home/sand/src/perl/repoperls/installed-perls/host/k93msid/v5.27.5-170-ga385812b68/da1c/lib/site_perl/5.27.6/x86_64-linux/Moose/Meta/Method/Delegation.pm line 160
	Moose::Meta::Method::Delegation::_generate_inline_method('Moose::Meta::Method::Delegation=HASH(0x5648776b53d8)') called at /home/sand/src/perl/repoperls/installed-perls/host/k93msid/v5.27.5-170-ga385812b68/da1c/lib/site_perl/5.27.6/x86_64-linux/Moose/Meta/Method/Delegation.pm line 82
	Moose::Meta::Method::Delegation::_initialize_body('Moose::Meta::Method::Delegation=HASH(0x5648776b53d8)') called at /home/sand/src/perl/repoperls/installed-perls/host/k93msid/v5.27.5-170-ga385812b68/da1c/lib/site_perl/5.27.6/x86_64-linux/Moose/Meta/Method/Delegation.pm line 54
	Moose::Meta::Method::Delegation::new('Moose::Meta::Method::Delegation', 'name', '(""', 'package_name', 'DBIx::Class::ResultSet::Graph', 'attribute', 'Moose::Meta::Attribute=HASH(0x5648793b3258)', 'delegate_to_method', '(""', 'curried_arguments', 'ARRAY(0x5648779a39f0)') called at /home/sand/src/perl/repoperls/installed-perls/host/k93msid/v5.27.5-170-ga385812b68/da1c/lib/site_perl/5.27.6/x86_64-linux/Moose/Meta/Attribute.pm line 1301
	Moose::Meta::Attribute::_make_delegation_method('Moose::Meta::Attribute=HASH(0x5648793b3258)', '(""', '(""') called at /home/sand/src/perl/repoperls/installed-perls/host/k93msid/v5.27.5-170-ga385812b68/da1c/lib/site_perl/5.27.6/x86_64-linux/Moose/Meta/Attribute.pm line 1168
	Moose::Meta::Attribute::install_delegation('Moose::Meta::Attribute=HASH(0x5648793b3258)') called at /home/sand/src/perl/repoperls/installed-perls/host/k93msid/v5.27.5-170-ga385812b68/da1c/lib/site_perl/5.27.6/x86_64-linux/Moose/Meta/Attribute.pm line 1017
	Moose::Meta::Attribute::install_accessors('Moose::Meta::Attribute=HASH(0x5648793b3258)') called at /home/sand/src/perl/repoperls/installed-perls/host/k93msid/v5.27.5-170-ga385812b68/da1c/lib/site_perl/5.27.6/x86_64-linux/Class/MOP/Class.pm line 899
	Class::MOP::Class::try {...}  at /home/sand/src/perl/repoperls/installed-perls/host/k93msid/v5.27.5-170-ga385812b68/da1c/lib/site_perl/5.27.6/Try/Tiny.pm line 103
	eval {...} at /home/sand/src/perl/repoperls/installed-perls/host/k93msid/v5.27.5-170-ga385812b68/da1c/lib/site_perl/5.27.6/Try/Tiny.pm line 94
	Try::Tiny::try('CODE(0x5648793b2c10)', 'Try::Tiny::Catch=REF(0x5648793b2f88)') called at /home/sand/src/perl/repoperls/installed-perls/host/k93msid/v5.27.5-170-ga385812b68/da1c/lib/site_perl/5.27.6/x86_64-linux/Class/MOP/Class.pm line 904
	Class::MOP::Class::_post_add_attribute('Moose::Meta::Class=HASH(0x564879375f30)', 'Moose::Meta::Attribute=HASH(0x5648793b3258)') called at /home/sand/src/perl/repoperls/installed-perls/host/k93msid/v5.27.5-170-ga385812b68/da1c/lib/site_perl/5.27.6/x86_64-linux/Class/MOP/Mixin/HasAttributes.pm line 39
	Class::MOP::Mixin::HasAttributes::add_attribute('Moose::Meta::Class=HASH(0x564879375f30)', 'Moose::Meta::Attribute=HASH(0x5648793b3258)') called at /home/sand/src/perl/repoperls/installed-perls/host/k93msid/v5.27.5-170-ga385812b68/da1c/lib/site_perl/5.27.6/x86_64-linux/Moose/Meta/Class.pm line 585
	Moose::Meta::Class::add_attribute('Moose::Meta::Class=HASH(0x564879375f30)', 'Moose::Meta::Attribute=HASH(0x5648793b3258)') called at /home/sand/src/perl/repoperls/installed-perls/host/k93msid/v5.27.5-170-ga385812b68/da1c/lib/site_perl/5.27.6/x86_64-linux/Moose/Meta/Role/Application/ToClass.pm line 126
	Moose::Meta::Role::Application::ToClass::apply_attributes('Moose::Meta::Role::Application::ToClass=HASH(0x564879dee2e8)', 'Moose::Meta::Role=HASH(0x564879df6760)', 'Moose::Meta::Class=HASH(0x564879375f30)') called at /home/sand/src/perl/repoperls/installed-perls/host/k93msid/v5.27.5-170-ga385812b68/da1c/lib/site_perl/5.27.6/x86_64-linux/Moose/Meta/Role/Application.pm line 59
	Moose::Meta::Role::Application::apply('Moose::Meta::Role::Application::ToClass=HASH(0x564879dee2e8)', 'Moose::Meta::Role=HASH(0x564879df6760)', 'Moose::Meta::Class=HASH(0x564879375f30)') called at /home/sand/src/perl/repoperls/installed-perls/host/k93msid/v5.27.5-170-ga385812b68/da1c/lib/site_perl/5.27.6/x86_64-linux/Moose/Meta/Role/Application/ToClass.pm line 31
	Moose::Meta::Role::Application::ToClass::apply('Moose::Meta::Role::Application::ToClass=HASH(0x564879dee2e8)', 'Moose::Meta::Role=HASH(0x564879df6760)', 'Moose::Meta::Class=HASH(0x564879375f30)', 'HASH(0x564877cc7850)') called at /home/sand/src/perl/repoperls/installed-perls/host/k93msid/v5.27.5-170-ga385812b68/da1c/lib/site_perl/5.27.6/x86_64-linux/Moose/Meta/Role.pm line 472
	Moose::Meta::Role::apply('Moose::Meta::Role=HASH(0x564879df6760)', 'Moose::Meta::Class=HASH(0x564879375f30)') called at /home/sand/src/perl/repoperls/installed-perls/host/k93msid/v5.27.5-170-ga385812b68/da1c/lib/site_perl/5.27.6/x86_64-linux/Moose/Util.pm line 172
	Moose::Util::_apply_all_roles('Moose::Meta::Class=HASH(0x564879375f30)', undef, 'DBIx::Class::Graph::Role::ResultSet') called at /home/sand/src/perl/repoperls/installed-perls/host/k93msid/v5.27.5-170-ga385812b68/da1c/lib/site_perl/5.27.6/x86_64-linux/Moose/Util.pm line 114
	Moose::Util::apply_all_roles('Moose::Meta::Class=HASH(0x564879375f30)', 'DBIx::Class::Graph::Role::ResultSet') called at /home/sand/src/perl/repoperls/installed-perls/host/k93msid/v5.27.5-170-ga385812b68/da1c/lib/site_perl/5.27.6/x86_64-linux/Moose.pm line 57
	Moose::with('Moose::Meta::Class=HASH(0x564879375f30)', 'DBIx::Class::Graph::Role::ResultSet') called at /home/sand/src/perl/repoperls/installed-perls/host/k93msid/v5.27.5-170-ga385812b68/da1c/lib/site_perl/5.27.6/x86_64-linux/Moose/Exporter.pm line 419
	Moose::with('DBIx::Class::Graph::Role::ResultSet') called at /tmp/loop_over_bdir-10905-vacyb9/DBIx-Class-Graph-1.05-0/blib/lib/DBIx/Class/ResultSet/Graph.pm line 19
	require DBIx/Class/ResultSet/Graph.pm at /home/sand/src/perl/repoperls/installed-perls/host/k93msid/v5.27.5-170-ga385812b68/da1c/lib/site_perl/5.27.6/Class/C3/Componentised.pm line 150
	eval {...} at /home/sand/src/perl/repoperls/installed-perls/host/k93msid/v5.27.5-170-ga385812b68/da1c/lib/site_perl/5.27.6/Class/C3/Componentised.pm line 150
	Class::C3::Componentised::ensure_class_loaded('DBIx::Class::ResultSource::Table=HASH(0x5648765c3630)', 'DBIx::Class::ResultSet::Graph') called at /home/sand/src/perl/repoperls/installed-perls/host/k93msid/v5.27.5-170-ga385812b68/da1c/lib/site_perl/5.27.6/DBIx/Class/AccessorGroup.pm line 19
	DBIx::Class::AccessorGroup::get_component_class('DBIx::Class::ResultSource::Table=HASH(0x5648765c3630)', 'resultset_class') called at (eval 196) line 2
	DBIx::Class::ResultSource::resultset_class('DBIx::Class::ResultSource::Table=HASH(0x5648765c3630)') called at /home/sand/src/perl/repoperls/installed-perls/host/k93msid/v5.27.5-170-ga385812b68/da1c/lib/site_perl/5.27.6/DBIx/Class/ResultSource.pm line 1135
	DBIx::Class::ResultSource::resultset('DBIx::Class::ResultSource::Table=HASH(0x5648765c3630)') called at /home/sand/src/perl/repoperls/installed-perls/host/k93msid/v5.27.5-170-ga385812b68/da1c/lib/site_perl/5.27.6/DBIx/Class/Schema.pm line 547
	DBIx::Class::Schema::resultset('TestLib::Schema=HASH(0x5648765b2760)', 'Simple') called at /home/sand/src/perl/repoperls/installed-perls/host/k93msid/v5.27.5-170-ga385812b68/da1c/lib/site_perl/5.27.6/DBIx/Class/Schema.pm line 769
	DBIx::Class::Schema::populate('TestLib::Schema=HASH(0x5648765b2760)', 'Simple', 'ARRAY(0x564879356358)') called at t/lib/TestLib.pm line 20
	TestLib::new('TestLib') called at t/wrapper.t line 7
Compilation failed in require at /home/sand/src/perl/repoperls/installed-perls/host/k93msid/v5.27.5-170-ga385812b68/da1c/lib/site_perl/5.27.6/Class/C3/Componentised.pm line 150. at /home/sand/src/perl/repoperls/installed-perls/host/k93msid/v5.27.5-170-ga385812b68/da1c/lib/site_perl/5.27.6/Class/C3/Componentised.pm line 155
t/wrapper.t ................... 
Dubious, test returned 255 (wstat 65280, 0xff00)
No subtests run 

Test Summary Report
-------------------
t/00-compile.t              (Wstat: 256 Tests: 5 Failed: 1)
  Failed test:  5
  Non-zero exit status: 1
t/complex.t                 (Wstat: 65280 Tests: 0 Failed: 0)
  Non-zero exit status: 255
  Parse errors: No plan found in TAP output
t/leak.t                    (Wstat: 65280 Tests: 0 Failed: 0)
  Non-zero exit status: 255
  Parse errors: No plan found in TAP output
t/result.t                  (Wstat: 65280 Tests: 0 Failed: 0)
  Non-zero exit status: 255
  Parse errors: No plan found in TAP output
t/resultset.t               (Wstat: 65280 Tests: 0 Failed: 0)
  Non-zero exit status: 255
  Parse errors: No plan found in TAP output
t/simple01.t                (Wstat: 65280 Tests: 0 Failed: 0)
  Non-zero exit status: 255
  Parse errors: No plan found in TAP output
t/simple02.t                (Wstat: 65280 Tests: 0 Failed: 0)
  Non-zero exit status: 255
  Parse errors: No plan found in TAP output
t/simplesucc.t              (Wstat: 65280 Tests: 0 Failed: 0)
  Non-zero exit status: 255
  Parse errors: No plan found in TAP output
t/wrapper.t                 (Wstat: 65280 Tests: 0 Failed: 0)
  Non-zero exit status: 255
  Parse errors: No plan found in TAP output
Files=15, Tests=6,  8 wallclock secs ( 0.05 usr  0.11 sys +  6.30 cusr  0.95 csys =  7.41 CPU)
Result: FAIL
Failed 9/15 test programs. 1/6 subtests failed.

------------------------------
PREREQUISITES
------------------------------

Prerequisite modules loaded:

requires:

    Module                 Need   Have    
    ---------------------- ------ --------
    base                   0      2.26    
    Class::C3              0      0.33    
    DBIx::Class            0      0.082840
    DBIx::Class::ResultSet 0      0       
    Graph                  0.94   0.9704  
    List::MoreUtils        0      0.426   
    Moose                  0      2.2006  
    Moose::Role            0      2.2006  
    Scalar::Util           0      1.49    
    strict                 0      1.11    
    warnings               0      1.37    

build_requires:

    Module                 Need   Have    
    ---------------------- ------ --------
    DBIx::Class::Schema    0      0       
    File::Find             0      1.34    
    File::Temp             0      0.2304  
    Module::Build          0.3601 0.4224  
    Test::Memory::Cycle    0      1.06    
    Test::More             0.88   1.302106

configure_requires:

    Module                 Need   Have    
    ---------------------- ------ --------
    Module::Build          0.3601 0.4224  


------------------------------
ENVIRONMENT AND OTHER CONTEXT
------------------------------

Environment variables:

    AUTOMATED_TESTING = 1
    LANG = en_US.UTF-8
    PATH = /home/sand/bin:/usr/local/bin:/usr/bin:/bin:/usr/games:/usr/local/perl/bin:/usr/X11/bin:/sbin:/usr/sbin
    PERL5LIB = 
    PERL5OPT = 
    PERL5_CPANPLUS_IS_RUNNING = 6365
    PERL5_CPAN_IS_RUNNING = 6365
    PERL_CANARY_STABILITY_NOPROMPT = 1
    PERL_MM_USE_DEFAULT = 1
    PERL_USE_UNSAFE_INC = 1
    SHELL = /usr/bin/zsh
    TERM = screen

Perl special variables (and OS-specific diagnostics, for MSWin32):

    $^X = /tmp/basesmoker-reloperl-6dPY/bin/perl
    $UID/$EUID = 1005 / 1005
    $GID = 1005 1005
    $EGID = 1005 1005

Perl module toolchain versions installed:

    Module              Have    
    ------------------- --------
    CPAN                2.18    
    CPAN::Meta          2.150010
    Cwd                 3.68    
    ExtUtils::CBuilder  0.280228
    ExtUtils::Command   7.30    
    ExtUtils::Install   2.14    
    ExtUtils::MakeMaker 7.30    
    ExtUtils::Manifest  1.70    
    ExtUtils::ParseXS   3.35    
    File::Spec          3.68    
    JSON                2.94    
    JSON::PP            2.94    
    Module::Build       0.4224  
    Module::Signature   0.81    
    Parse::CPAN::Meta   2.150010
    Test::Harness       3.39    
    Test::More          1.302106
    YAML                1.24    
    YAML::Syck          1.30    
    version             0.9918  


--

Summary of my perl5 (revision 5 version 27 subversion 6) configuration:
  Commit id: a385812b685b3164e706880a72ee60c9cc9573e4
  Platform:
    osname=linux
    osvers=4.12.0-2-amd64
    archname=x86_64-linux
    uname='linux k93msid 4.12.0-2-amd64 #1 smp debian 4.12.13-1 (2017-09-19) x86_64 gnulinux '
    config_args='-Dprefix=/home/sand/src/perl/repoperls/installed-perls/host/k93msid/v5.27.5-170-ga385812b68/da1c -Dmyhostname=k93msid -Dinstallusrbinperl=n -Uversiononly -Dusedevel -des -Ui_db -Dlibswanted=cl pthread socket inet nsl gdbm dbm malloc dl ld sun m crypt sec util c cposix posix ucb BSD gdbm_compat -Uuseithreads -Uuselongdouble -DEBUGGING=-g'
    hint=recommended
    useposix=true
    d_sigaction=define
    useithreads=undef
    usemultiplicity=undef
    use64bitint=define
    use64bitall=define
    uselongdouble=undef
    usemymalloc=n
    default_inc_excludes_dot=define
    bincompat5005=undef
  Compiler:
    cc='cc'
    ccflags ='-fwrapv -fno-strict-aliasing -pipe -fstack-protector-strong -I/usr/local/include -D_LARGEFILE_SOURCE -D_FILE_OFFSET_BITS=64 -D_FORTIFY_SOURCE=2'
    optimize='-O2 -g'
    cppflags='-fwrapv -fno-strict-aliasing -pipe -fstack-protector-strong -I/usr/local/include'
    ccversion=''
    gccversion='7.2.0'
    gccosandvers=''
    intsize=4
    longsize=8
    ptrsize=8
    doublesize=8
    byteorder=12345678
    doublekind=3
    d_longlong=define
    longlongsize=8
    d_longdbl=define
    longdblsize=16
    longdblkind=3
    ivtype='long'
    ivsize=8
    nvtype='double'
    nvsize=8
    Off_t='off_t'
    lseeksize=8
    alignbytes=8
    prototype=define
  Linker and Libraries:
    ld='cc'
    ldflags =' -fstack-protector-strong -L/usr/local/lib'
    libpth=/usr/local/lib /usr/lib/gcc/x86_64-linux-gnu/7/include-fixed /usr/include/x86_64-linux-gnu /usr/lib /lib/x86_64-linux-gnu /lib/../lib /usr/lib/x86_64-linux-gnu /usr/lib/../lib /lib
    libs=-lpthread -lnsl -ldl -lm -lcrypt -lutil -lc
    perllibs=-lpthread -lnsl -ldl -lm -lcrypt -lutil -lc
    libc=libc-2.24.so
    so=so
    useshrplib=false
    libperl=libperl.a
    gnulibc_version='2.24'
  Dynamic Linking:
    dlsrc=dl_dlopen.xs
    dlext=so
    d_dlsymun=undef
    ccdlflags='-Wl,-E'
    cccdlflags='-fPIC'
    lddlflags='-shared -O2 -g -L/usr/local/lib -fstack-protector-strong'


Characteristics of this binary (from libperl): 
  Compile-time options:
    HAS_TIMES
    PERLIO_LAYERS
    PERL_COPY_ON_WRITE
    PERL_DONT_CREATE_GVSV
    PERL_MALLOC_WRAP
    PERL_OP_PARENT
    PERL_PRESERVE_IVUV
    PERL_USE_DEVEL
    USE_64_BIT_ALL
    USE_64_BIT_INT
    USE_LARGE_FILES
    USE_LOCALE
    USE_LOCALE_COLLATE
    USE_LOCALE_CTYPE
    USE_LOCALE_NUMERIC
    USE_LOCALE_TIME
    USE_PERLIO
    USE_PERL_ATOF
  Built under linux
  Compiled at Oct 31 2017 23:19:02
  %ENV:
    PERL5LIB=""
    PERL5OPT=""
    PERL5_CPANPLUS_IS_RUNNING="6365"
    PERL5_CPAN_IS_RUNNING="6365"
    PERL_CANARY_STABILITY_NOPROMPT="1"
    PERL_MM_USE_DEFAULT="1"
    PERL_USE_UNSAFE_INC="1"
  @INC:
    /home/sand/src/perl/repoperls/installed-perls/host/k93msid/v5.27.5-170-ga385812b68/da1c/lib/site_perl/5.27.6/x86_64-linux
    /home/sand/src/perl/repoperls/installed-perls/host/k93msid/v5.27.5-170-ga385812b68/da1c/lib/site_perl/5.27.6
    /home/sand/src/perl/repoperls/installed-perls/host/k93msid/v5.27.5-170-ga385812b68/da1c/lib/5.27.6/x86_64-linux
    /home/sand/src/perl/repoperls/installed-perls/host/k93msid/v5.27.5-170-ga385812b68/da1c/lib/5.27.6
    .