Fsdb v3.4 Perl 5 v5.20.1 amd64-freebsd-ld

Status
Fail
From
Slaven Rezić
Dist
Fsdb v3.4
Platform
Perl 5 v5.20.1 amd64-freebsd-ld
Date
2024-01-06 13:08:23
ID
abcd93b2-ac94-11ee-bb17-5bfb6d8775ea
This distribution has been tested as part of the CPAN Testers
project, supporting the Perl programming language.  See
http://wiki.cpantesters.org/ for more information or email
questions to cpan-testers-discuss@perl.org


--
Dear John Heidemann,

This is a computer-generated report for Fsdb-3.4
on perl 5.20.1, created by CPAN-Reporter-1.2018.

Thank you for uploading your work to CPAN.  However, there was a problem
testing your distribution.

If you think this report is invalid, please consult the CPAN Testers Wiki
for suggestions on how to avoid getting FAIL reports for missing library
or binary dependencies, unsupported operating systems, and so on:

http://wiki.cpantesters.org/wiki/CPANAuthorNotes

Sections of this report:

    * Tester comments
    * Program output
    * Prerequisites
    * Environment and other context

------------------------------
TESTER COMMENTS
------------------------------

Additional comments from tester:

none provided

------------------------------
PROGRAM OUTPUT
------------------------------

Output from '/usr/bin/make test':

PERL_DL_NONLAZY=1 "/usr/perl5.20.1Dp/bin/perl" "-MExtUtils::Command::MM" "-MTest::Harness" "-e" "undef *Test::Harness::Switches; test_harness(0, 'blib/lib', 'blib/arch')" t/*.t
# Testing Fsdb 3.4, Perl 5.020001, /usr/perl5.20.1Dp/bin/perl
t/00-load.t ....... ok
t/boilerplate.t ... ok

#   Failed test 'dbfilediff::_find_epsilon on 0.123456, case epsilon'
#   at t/find_epsilon.t line 34.
#          got: '9.99999999999999955e-07'
#     expected: '1e-06'

#   Failed test 'dbfilediff::_find_epsilon on 123.456, case epsilon'
#   at t/find_epsilon.t line 34.
#          got: '0.00100000000000000002'
#     expected: '0.001'

#   Failed test 'dbfilediff::_find_epsilon on 123.000, case epsilon'
#   at t/find_epsilon.t line 34.
#          got: '0.00100000000000000002'
#     expected: '0.001'

#   Failed test 'dbfilediff::_find_epsilon on 123.0, case epsilon'
#   at t/find_epsilon.t line 34.
#          got: '0.100000000000000006'
#     expected: '0.1'

#   Failed test 'dbfilediff::_find_epsilon on 0.9, case epsilon'
#   at t/find_epsilon.t line 34.
#          got: '0.100000000000000006'
#     expected: '0.1'

#   Failed test 'dbfilediff::_find_epsilon on 0.09, case epsilon'
#   at t/find_epsilon.t line 34.
#          got: '0.0100000000000000002'
#     expected: '0.01'
# Looks like you failed 6 tests of 24.
t/find_epsilon.t .. 
Dubious, test returned 6 (wstat 1536, 0x600)
Failed 6/24 subtests 
t/pod-coverage.t .. ok
t/pod.t ........... ok

#   Failed test 'TEST/dbcolstats_stddev_instability.cmd'
#   at t/test_command.t line 210.
#     test TEST/dbfilealter_compress_gzip.cmd skipped (disabled in .cmd)
dbfilediff: internal error, extra arguments.
 at blib/script/dbfilediff line 191.
# #### output of some failed tests
# # TEST/dbcolstats_stddev_instability
# 	#fsdb mean stddev pct_rsd conf_range conf_low conf_high conf_pct sum sum_squared min max n diff
# 	0.9995	0	0	0	0.9995	0.9995	0.95	99.95	99.899	0.999496774037648	0.999496975509876	100	-
# 	0.9995	2.0098e-08	2.0108e-06	3.9881e-09	0.9995	0.9995	0.95	99.95	99.899	0.999496774037648	0.999496975509876	100	+
# Looks like you failed 1 test of 346.
t/test_command.t .. 
Dubious, test returned 1 (wstat 256, 0x100)
Failed 1/346 subtests 

Test Summary Report
-------------------
t/find_epsilon.t (Wstat: 1536 Tests: 24 Failed: 6)
  Failed tests:  1, 4, 7, 10, 19, 22
  Non-zero exit status: 6
t/test_command.t (Wstat: 256 Tests: 346 Failed: 1)
  Failed test:  121
  Non-zero exit status: 1
Files=6, Tests=559, 106 wallclock secs ( 0.05 usr  0.07 sys + 27.32 cusr 27.84 csys = 55.29 CPU)
Result: FAIL
Failed 2/6 test programs. 7/559 subtests failed.
*** Error code 1

Stop.
make: stopped in /home/cpansand/.cpan/build/2024010611/Fsdb-3.4-fYLVB2

------------------------------
PREREQUISITES
------------------------------

Prerequisite modules loaded:

requires:

    Module                        Need Have    
    ----------------------------- ---- --------
    HTML::Parser                  0    3.71    
    IO::Compress::Bzip2           0    2.206   
    IO::Compress::Gzip            0    2.206   
    IO::Compress::Xz              0    2.206   
    IO::Uncompress::AnyUncompress 0    2.206   
    Test::More                    0    1.302183
    Text::CSV_XS                  0    1.15    
    XML::Simple                   0    2.20    
    YAML::XS                      0    0.59    

build_requires:

    Module                        Need Have    
    ----------------------------- ---- --------
    ExtUtils::MakeMaker           0    7.58    
    Test::Pod                     0    1.48    
    Test::Pod::Coverage           0    1.10    

configure_requires:

    Module                        Need Have    
    ----------------------------- ---- --------
    ExtUtils::MakeMaker           0    7.58    


------------------------------
ENVIRONMENT AND OTHER CONTEXT
------------------------------

Environment variables:

    LC_ALL = de_DE.ISO8859-1
    PATH = /usr/local/bin:/usr/bin:/bin:/usr/local/sbin:/usr/sbin:/sbin:/home/cpansand/bin/freebsd10.3:/home/cpansand/bin/sh:/home/cpansand/bin:/usr/games:/home/cpansand/devel:/home/eserte/src/srezic-misc/scripts
    PERL5LIB = /home/cpansand/.cpan/build/2024010611/IO-Compress-Lzma-2.206-cZOYM4/blib/arch:/home/cpansand/.cpan/build/2024010611/IO-Compress-Lzma-2.206-cZOYM4/blib/lib:/home/cpansand/.cpan/build/2024010611/Compress-Raw-Lzma-2.206-E3T5qu/blib/arch:/home/cpansand/.cpan/build/2024010611/Compress-Raw-Lzma-2.206-E3T5qu/blib/lib:/home/cpansand/.cpan/build/2024010611/IO-Compress-2.206-7e0MZQ/blib/arch:/home/cpansand/.cpan/build/2024010611/IO-Compress-2.206-7e0MZQ/blib/lib:/home/cpansand/.cpan/build/2024010611/Compress-Raw-Zlib-2.206-FatgDo/blib/arch:/home/cpansand/.cpan/build/2024010611/Compress-Raw-Zlib-2.206-FatgDo/blib/lib:/home/cpansand/.cpan/build/2024010611/Compress-Raw-Bzip2-2.206-IjUMpO/blib/arch:/home/cpansand/.cpan/build/2024010611/Compress-Raw-Bzip2-2.206-IjUMpO/blib/lib
    PERL5OPT = 
    PERL5_CPANPLUS_IS_RUNNING = 39569
    PERL5_CPAN_IS_RUNNING = 39569
    PERL5_CPAN_IS_RUNNING_IN_RECURSION = 18088,39569
    PERLDOC = -MPod::Perldoc::ToTextOverstrike
    PERL_BATCH = yes
    PERL_CANARY_STABILITY_NOPROMPT = 1
    PERL_CPAN_REPORTER_CONFIG = /var/tmp/cpansmoker-1023/2024010611/cpanreporter_000_config.ini
    PERL_EXTUTILS_AUTOINSTALL = --defaultdeps
    SHELL = /usr/local/bin/zsh
    TERM = screen
    TMPDIR = /var/tmp/cpansmoker-1023/2024010611

Perl special variables (and OS-specific diagnostics, for MSWin32):

    $^X = /usr/perl5.20.1Dp/bin/perl
    $UID/$EUID = 1023 / 1023
    $GID = 1023 1023
    $EGID = 1023 1023

Perl module toolchain versions installed:

    Module              Have    
    ------------------- --------
    CPAN                2.05    
    CPAN::Meta          2.143240
    Cwd                 3.48    
    ExtUtils::CBuilder  0.280217
    ExtUtils::Command   7.58    
    ExtUtils::Install   2.06    
    ExtUtils::MakeMaker 7.58    
    ExtUtils::Manifest  1.70    
    ExtUtils::ParseXS   3.35    
    File::Spec          3.48    
    JSON                2.90    
    JSON::PP            2.27400 
    Module::Build       0.4211  
    Module::Signature   n/a     
    Parse::CPAN::Meta   1.4422  
    Test::Harness       3.30    
    Test::More          1.302183
    YAML                1.14    
    YAML::Syck          1.29    
    version             0.9909  


--

Summary of my perl5 (revision 5 version 20 subversion 1) configuration:
   
  Platform:
    osname=freebsd, osvers=10.1-release, archname=amd64-freebsd-ld
    uname='freebsd cvrsnica-freebsd-101.herceg.de 10.1-release freebsd 10.1-release #0 r274401: tue nov 11 21:02:49 utc 2014 root@releng1.nyi.freebsd.org:usrobjusrsrcsysgeneric amd64 '
    config_args='-ds -e -Dprefix=/usr/perl5.20.1Dp -Duselongdouble'
    hint=recommended, useposix=true, d_sigaction=define
    useithreads=undef, usemultiplicity=undef
    use64bitint=define, use64bitall=define, uselongdouble=define
    usemymalloc=n, bincompat5005=undef
  Compiler:
    cc='cc', ccflags ='-DHAS_FPSETMASK -DHAS_FLOATINGPOINT_H -fno-strict-aliasing -pipe -fstack-protector -I/usr/local/include',
    optimize='-O',
    cppflags='-DHAS_FPSETMASK -DHAS_FLOATINGPOINT_H -fno-strict-aliasing -pipe -fstack-protector -I/usr/local/include'
    ccversion='', gccversion='4.2.1 Compatible FreeBSD Clang 3.4.1 (tags/RELEASE_34/dot1-final 208032)', gccosandvers=''
    intsize=4, longsize=8, ptrsize=8, doublesize=8, byteorder=12345678
    d_longlong=define, longlongsize=8, d_longdbl=define, longdblsize=16
    ivtype='long', ivsize=8, nvtype='long double', nvsize=16, Off_t='off_t', lseeksize=8
    alignbytes=16, prototype=define
  Linker and Libraries:
    ld='cc', ldflags ='-pthread -Wl,-E  -fstack-protector -L/usr/local/lib'
    libpth=/usr/lib /usr/local/lib /usr/include/clang/3.4.1 /usr/lib
    libs=-lgdbm -lm -lcrypt -lutil -lc
    perllibs=-lm -lcrypt -lutil -lc
    libc=, so=so, useshrplib=false, libperl=libperl.a
    gnulibc_version=''
  Dynamic Linking:
    dlsrc=dl_dlopen.xs, dlext=so, d_dlsymun=undef, ccdlflags=' '
    cccdlflags='-DPIC -fPIC', lddlflags='-shared  -L/usr/local/lib -fstack-protector'


Characteristics of this binary (from libperl): 
  Compile-time options: HAS_TIMES PERLIO_LAYERS PERL_DONT_CREATE_GVSV
                        PERL_HASH_FUNC_ONE_AT_A_TIME_HARD PERL_MALLOC_WRAP
                        PERL_NEW_COPY_ON_WRITE PERL_PRESERVE_IVUV
                        USE_64_BIT_ALL USE_64_BIT_INT USE_LARGE_FILES
                        USE_LOCALE USE_LOCALE_COLLATE USE_LOCALE_CTYPE
                        USE_LOCALE_NUMERIC USE_LONG_DOUBLE USE_PERLIO
                        USE_PERL_ATOF
  Built under freebsd
  Compiled at Feb 13 2015 08:17:27
  %ENV:
    PERL5LIB="/home/cpansand/.cpan/build/2024010611/IO-Compress-Lzma-2.206-cZOYM4/blib/arch:/home/cpansand/.cpan/build/2024010611/IO-Compress-Lzma-2.206-cZOYM4/blib/lib:/home/cpansand/.cpan/build/2024010611/Compress-Raw-Lzma-2.206-E3T5qu/blib/arch:/home/cpansand/.cpan/build/2024010611/Compress-Raw-Lzma-2.206-E3T5qu/blib/lib:/home/cpansand/.cpan/build/2024010611/IO-Compress-2.206-7e0MZQ/blib/arch:/home/cpansand/.cpan/build/2024010611/IO-Compress-2.206-7e0MZQ/blib/lib:/home/cpansand/.cpan/build/2024010611/Compress-Raw-Zlib-2.206-FatgDo/blib/arch:/home/cpansand/.cpan/build/2024010611/Compress-Raw-Zlib-2.206-FatgDo/blib/lib:/home/cpansand/.cpan/build/2024010611/Compress-Raw-Bzip2-2.206-IjUMpO/blib/arch:/home/cpansand/.cpan/build/2024010611/Compress-Raw-Bzip2-2.206-IjUMpO/blib/lib"
    PERL5OPT=""
    PERL5_CPANPLUS_IS_RUNNING="39569"
    PERL5_CPAN_IS_RUNNING="39569"
    PERL5_CPAN_IS_RUNNING_IN_RECURSION="18088,39569"
    PERLDOC="-MPod::Perldoc::ToTextOverstrike"
    PERL_BATCH="yes"
    PERL_CANARY_STABILITY_NOPROMPT="1"
    PERL_CPAN_REPORTER_CONFIG="/var/tmp/cpansmoker-1023/2024010611/cpanreporter_000_config.ini"
    PERL_EXTUTILS_AUTOINSTALL="--defaultdeps"
  @INC:
    /home/cpansand/.cpan/build/2024010611/IO-Compress-Lzma-2.206-cZOYM4/blib/arch
    /home/cpansand/.cpan/build/2024010611/IO-Compress-Lzma-2.206-cZOYM4/blib/lib
    /home/cpansand/.cpan/build/2024010611/Compress-Raw-Lzma-2.206-E3T5qu/blib/arch
    /home/cpansand/.cpan/build/2024010611/Compress-Raw-Lzma-2.206-E3T5qu/blib/lib
    /home/cpansand/.cpan/build/2024010611/IO-Compress-2.206-7e0MZQ/blib/arch
    /home/cpansand/.cpan/build/2024010611/IO-Compress-2.206-7e0MZQ/blib/lib
    /home/cpansand/.cpan/build/2024010611/Compress-Raw-Zlib-2.206-FatgDo/blib/arch
    /home/cpansand/.cpan/build/2024010611/Compress-Raw-Zlib-2.206-FatgDo/blib/lib
    /home/cpansand/.cpan/build/2024010611/Compress-Raw-Bzip2-2.206-IjUMpO/blib/arch
    /home/cpansand/.cpan/build/2024010611/Compress-Raw-Bzip2-2.206-IjUMpO/blib/lib
    /usr/perl5.20.1Dp/lib/site_perl/5.20.1/amd64-freebsd-ld
    /usr/perl5.20.1Dp/lib/site_perl/5.20.1
    /usr/perl5.20.1Dp/lib/5.20.1/amd64-freebsd-ld
    /usr/perl5.20.1Dp/lib/5.20.1
    .