Report for MAD-Loader-3.000000_001

Back
From: metabase:user:320bfe00-2aae-11df-837a-5e0a49663a4f
Subject: FAIL MAD-Loader-3.000000_001 v5.18.0 GNU/Linux
Date: 2013-07-26T06:21:56Z

This distribution has been tested as part of the CPAN Testers
project, supporting the Perl programming language.  See
http://wiki.cpantesters.org/ for more information or email
questions to cpan-testers-discuss@perl.org


--
Dear Blabos de Blebe,

This is a computer-generated report for MAD-Loader-3.000000_001
on perl 5.18.0, created by CPAN-Reporter-1.2010.

Thank you for uploading your work to CPAN.  However, there was a problem
testing your distribution.

If you think this report is invalid, please consult the CPAN Testers Wiki
for suggestions on how to avoid getting FAIL reports for missing library
or binary dependencies, unsupported operating systems, and so on:

http://wiki.cpantesters.org/wiki/CPANAuthorNotes

Sections of this report:

    * Tester comments
    * Program output
    * Prerequisites
    * Environment and other context

------------------------------
TESTER COMMENTS
------------------------------

Additional comments from tester:

this report is from an automated smoke testing program
and was not reviewed by a human for accuracy

------------------------------
PROGRAM OUTPUT
------------------------------

Output from '/usr/bin/make test':

PERL_DL_NONLAZY=1 /home/sand/src/perl/repoperls/installed-perls/perl/v5.18.0/a2da/bin/perl "-MExtUtils::Command::MM" "-e" "test_harness(0, 'inc', 'blib/lib', 'blib/arch')" t/*.t t/01-functions/01-fqn/*.t t/01-functions/02-load-module/01-core-modules/*.t t/01-functions/02-load-module/02-non-core-modules/*.t t/01-functions/03-build-object/*.t t/02-methods/01-new/*.t t/02-methods/02-load/*.t t/02-methods/03-build/*.t t/02-methods/04-load-and-build/*.t
t/01-functions/01-fqn/01-fqn.t ......................................... ok
t/01-functions/02-load-module/01-core-modules/01-without-prefix.t ...... ok
t/01-functions/02-load-module/01-core-modules/02-with-prefix.t ......... ok
t/01-functions/02-load-module/02-non-core-modules/01-without-prefix.t .. ok
t/01-functions/02-load-module/02-non-core-modules/02-with-prefix.t ..... ok
t/01-functions/03-build-object/01-build.t .............................. ok
t/01-functions/03-build-object/02-fail.t ............................... ok
t/02-methods/01-new/01-new.t ........................................... ok
t/02-methods/02-load/01-add-inc.t ...................................... ok
t/02-methods/02-load/02-set-inc.t ...................................... ok
t/02-methods/03-build/01-without-args.t ................................ ok
t/02-methods/03-build/02-with-args.t ................................... ok
t/02-methods/04-load-and-build/01-load-and-build.t ..................... ok
t/boilerplate.t ........................................................ ok
t/manifest.t ........................................................... skipped: Author tests not required for installation
Policy "Perl::Critic::Policy::CodeLayout::ProhibitHashBarewords" is not installed.
Policy "Perl::Critic::Policy::CodeLayout::RequireASCII" is not installed.
Policy "Perl::Critic::Policy::Editor::RequireEmacsFileVariables" is not installed.
Policy "Perl::Critic::Policy::ErrorHandling::RequireUseOfExceptions" is not installed.
Policy "Perl::Critic::Policy::Modules::PerlMinimumVersion" is not installed.
Policy "Perl::Critic::Policy::Modules::RequirePerlVersion" is not installed.
Policy "Perl::Critic::Policy::Compatibility::ConstantLeadingUnderscore" is not installed.
Policy "Perl::Critic::Policy::Compatibility::ConstantPragmaHash" is not installed.
Policy "Perl::Critic::Policy::Compatibility::Gtk2Constants" is not installed.
Policy "Perl::Critic::Policy::Lax::ProhibitEmptyQuotes::ExceptAsFallback" is not installed.
Policy "Perl::Critic::Policy::Lax::RequireEndWithTrueConst" is not installed.
Policy "Perl::Critic::Policy::Lax::RequireExplicitPackage::ExceptForPragmata" is not installed.
Policy "Perl::Critic::Policy::Miscellanea::TextDomainPlaceholders" is not installed.
Policy "Perl::Critic::Policy::Miscellanea::TextDomainUnused" is not installed.
Policy "Perl::Critic::Policy::ValuesAndExpressions::RequireNumericVersion" is not installed.
Policy "Perl::Critic::Policy::ValuesAndExpressions::RestrictLongStrings" is not installed.
Policy "Perl::Critic::Policy::CodeLayout::RequireUseUTF8" is not installed.
Policy "Perl::Critic::Policy::Documentation::RequirePODUseEncodingUTF8" is not installed.
Policy "Perl::Critic::Policy::Bangs::ProhibitCommentedOutCode" is not installed.
Policy "Perl::Critic::Policy::Bangs::ProhibitFlagComments" is not installed.
Policy "Perl::Critic::Policy::Bangs::ProhibitNoPlan" is not installed.
Policy "Perl::Critic::Policy::Bangs::ProhibitNumberedNames" is not installed.
Policy "Perl::Critic::Policy::Bangs::ProhibitRefProtoOrProto" is not installed.
Policy "Perl::Critic::Policy::Bangs::ProhibitUselessRegexModifiers" is not installed.
Policy "Perl::Critic::Policy::Bangs::ProhibitVagueNames" is not installed.
Policy "Perl::Critic::Policy::CodeLayout::RequireFinalSemicolon" is not installed.
Policy "Perl::Critic::Policy::CodeLayout::RequireTrailingCommaAtNewline" is not installed.
Policy "Perl::Critic::Policy::Compatibility::PerlMinimumVersionAndWhy" is not installed.
Policy "Perl::Critic::Policy::Compatibility::PodMinimumVersion" is not installed.
Policy "Perl::Critic::Policy::Compatibility::ProhibitUnixDevNull" is not installed.
Policy "Perl::Critic::Policy::Documentation::ProhibitAdjacentLinks" is not installed.
Policy "Perl::Critic::Policy::Documentation::ProhibitBadAproposMarkup" is not installed.
Policy "Perl::Critic::Policy::Documentation::ProhibitDuplicateSeeAlso" is not installed.
Policy "Perl::Critic::Policy::Documentation::ProhibitLinkToSelf" is not installed.
Policy "Perl::Critic::Policy::Documentation::ProhibitParagraphTwoDots" is not installed.
Policy "Perl::Critic::Policy::Documentation::ProhibitUnbalancedParens" is not installed.
Policy "Perl::Critic::Policy::Documentation::ProhibitVerbatimMarkup" is not installed.
Policy "Perl::Critic::Policy::Documentation::RequireEndBeforeLastPod" is not installed.
Policy "Perl::Critic::Policy::Documentation::RequireFinalCut" is not installed.
Policy "Perl::Critic::Policy::Documentation::RequireLinkedURLs" is not installed.
Policy "Perl::Critic::Policy::Lax::ProhibitComplexMappings::LinesNotStatements" is not installed.
Policy "Perl::Critic::Policy::Lax::ProhibitLeadingZeros::ExceptChmod" is not installed.
Policy "Perl::Critic::Policy::Lax::ProhibitStringyEval::ExceptForRequire" is not installed.
Policy "Perl::Critic::Policy::Modules::ProhibitModuleShebang" is not installed.
Policy "Perl::Critic::Policy::Modules::ProhibitPOSIXimport" is not installed.
Policy "Perl::Critic::Policy::Modules::ProhibitUseQuotedVersion" is not installed.
Policy "Perl::Critic::Policy::Modules::RequireExplicitInclusion" is not installed.
Policy "Perl::Critic::Policy::Subroutines::ProhibitCallsToUndeclaredSubs" is not installed.
Policy "Perl::Critic::Policy::Subroutines::ProhibitCallsToUnexportedSubs" is not installed.
Policy "Perl::Critic::Policy::Subroutines::ProhibitExportingUndeclaredSubs" is not installed.
Policy "Perl::Critic::Policy::Subroutines::ProhibitQualifiedSubDeclarations" is not installed.
Policy "Perl::Critic::Policy::Tics::ProhibitLongLines" is not installed.
Policy "Perl::Critic::Policy::Tics::ProhibitManyArrows" is not installed.
Policy "Perl::Critic::Policy::Tics::ProhibitUseBase" is not installed.
Policy "Perl::Critic::Policy::ValuesAndExpressions::ConstantBeforeLt" is not installed.
Policy "Perl::Critic::Policy::ValuesAndExpressions::NotWithCompare" is not installed.
Policy "Perl::Critic::Policy::ValuesAndExpressions::ProhibitAccessOfPrivateData" is not installed.
Policy "Perl::Critic::Policy::ValuesAndExpressions::ProhibitArrayAssignAref" is not installed.
Policy "Perl::Critic::Policy::ValuesAndExpressions::ProhibitBarewordDoubleColon" is not installed.
Policy "Perl::Critic::Policy::ValuesAndExpressions::ProhibitDuplicateHashKeys" is not installed.
Policy "Perl::Critic::Policy::ValuesAndExpressions::ProhibitEmptyCommas" is not installed.
Policy "Perl::Critic::Policy::ValuesAndExpressions::ProhibitFiletest_f" is not installed.
Policy "Perl::Critic::Policy::ValuesAndExpressions::ProhibitNullStatements" is not installed.
Policy "Perl::Critic::Policy::ValuesAndExpressions::ProhibitUnknownBackslash" is not installed.
Policy "Perl::Critic::Policy::ValuesAndExpressions::UnexpandedSpecialLiteral" is not installed.

#   Failed test 'Test::Perl::Critic for "blib/lib/MAD/Loader.pm"'
#   at /home/sand/src/perl/repoperls/installed-perls/perl/v5.18.0/a2da/lib/site_perl/5.18.0/Test/Perl/Critic.pm line 110.
# 
# Perl::Critic found these violations in "blib/lib/MAD/Loader.pm":
# Check the spelling in your POD: namespace prepended fqn ascii ArrayRef args coderef HashRef prepend CodeRef UTF limitate perldoc Github CPAN's AnnoCPAN CPAN ACKNOWLEDGEMENTS Estante Blabos de Blebe at line 1, column 1.  See page 148 of PBP.  (Severity: 1)
# Looks like you failed 1 test of 1.
t/perlcritic.t ......................................................... 
Dubious, test returned 1 (wstat 256, 0x100)
Failed 1/1 subtests 
t/pod-coverage.t ....................................................... ok
t/pod.t ................................................................ ok

Test Summary Report
-------------------
t/boilerplate.t                                                      (Wstat: 0 Tests: 3 Failed: 0)
  TODO passed:   1-3
t/perlcritic.t                                                       (Wstat: 256 Tests: 1 Failed: 1)
  Failed test:  1
  Non-zero exit status: 1
Files=18, Tests=59, 12 wallclock secs ( 0.08 usr  0.01 sys +  2.78 cusr  0.31 csys =  3.18 CPU)
Result: FAIL
Failed 1/18 test programs. 1/59 subtests failed.
make: *** [test_dynamic] Error 255

------------------------------
PREREQUISITES
------------------------------

Prerequisite modules loaded:

requires:

    Module              Need  Have    
    ------------------- ----- --------
    Carp                1.29  1.29    
    Const::Fast         0.014 0.014   
    Moo                 1.003 1.003000
    perl                5.016 5.018000
    Test::Most          0.31  0.31    

build_requires:

    Module              Need  Have    
    ------------------- ----- --------
    ExtUtils::MakeMaker 6.59  6.73_01 
    Module::Install     0     1.06    
    Test::Most          0.31  0.31    

configure_requires:

    Module              Need  Have    
    ------------------- ----- --------
    ExtUtils::MakeMaker 6.59  6.73_01 
    Module::Install     0     1.06    


------------------------------
ENVIRONMENT AND OTHER CONTEXT
------------------------------

Environment variables:

    AUTOMATED_TESTING = 1
    LANG = en_US.UTF-8
    LANGUAGE = en_US:en
    PATH = /usr/lib/ccache:/home/sand/bin:/usr/local/bin:/usr/bin:/bin:/usr/bin/X11:/usr/games:/usr/local/perl/bin:/usr/X11/bin:/sbin:/usr/sbin
    PERL5LIB = 
    PERL5OPT = 
    PERL5_CPANPLUS_IS_RUNNING = 24408
    PERL5_CPAN_IS_RUNNING = 24408
    PERL_MM_USE_DEFAULT = 1
    SHELL = /usr/bin/zsh
    TERM = screen

Perl special variables (and OS-specific diagnostics, for MSWin32):

    $^X = /home/sand/src/perl/repoperls/installed-perls/perl/v5.18.0/a2da/bin/perl
    $UID/$EUID = 1005 / 1005
    $GID = 1005 1005
    $EGID = 1005 1005

Perl module toolchain versions installed:

    Module              Have    
    ------------------- --------
    CPAN                2.00    
    CPAN::Meta          2.120921
    Cwd                 3.40    
    ExtUtils::CBuilder  0.280210
    ExtUtils::Command   1.17    
    ExtUtils::Install   1.59    
    ExtUtils::MakeMaker 6.73_01 
    ExtUtils::Manifest  1.63    
    ExtUtils::ParseXS   3.18    
    File::Spec          3.40    
    JSON                2.59    
    JSON::PP            2.27202 
    Module::Build       0.4007  
    Module::Signature   0.73    
    Parse::CPAN::Meta   1.4405  
    Test::Harness       3.28    
    Test::More          0.98    
    YAML                0.84    
    YAML::Syck          1.27    
    version             0.9902  


--

Summary of my perl5 (revision 5 version 18 subversion 0) configuration:
  Commit id: a9acda3b5f74585852a57b51b724804ac586cb0b
  Platform:
    osname=linux, osvers=3.9-1-amd64, archname=x86_64-linux-thread-multi-ld
    uname='linux k83 3.9-1-amd64 #1 smp debian 3.9.8-1 x86_64 gnulinux '
    config_args='-Dprefix=/home/sand/src/perl/repoperls/installed-perls/perl/v5.18.0/a2da -Dmyhostname=k83 -Dinstallusrbinperl=n -Uversiononly -Dusedevel -des -Ui_db -Duseithreads -Duselongdouble -DDEBUGGING=-g'
    hint=recommended, useposix=true, d_sigaction=define
    useithreads=define, usemultiplicity=define
    useperlio=define, d_sfio=undef, uselargefiles=define, usesocks=undef
    use64bitint=define, use64bitall=define, uselongdouble=define
    usemymalloc=n, bincompat5005=undef
  Compiler:
    cc='cc', ccflags ='-D_REENTRANT -D_GNU_SOURCE -fno-strict-aliasing -pipe -fstack-protector -I/usr/local/include -D_LARGEFILE_SOURCE -D_FILE_OFFSET_BITS=64',
    optimize='-O2 -g',
    cppflags='-D_REENTRANT -D_GNU_SOURCE -fno-strict-aliasing -pipe -fstack-protector -I/usr/local/include'
    ccversion='', gccversion='4.8.1', gccosandvers=''
    intsize=4, longsize=8, ptrsize=8, doublesize=8, byteorder=12345678
    d_longlong=define, longlongsize=8, d_longdbl=define, longdblsize=16
    ivtype='long', ivsize=8, nvtype='long double', nvsize=16, Off_t='off_t', lseeksize=8
    alignbytes=16, prototype=define
  Linker and Libraries:
    ld='cc', ldflags =' -fstack-protector -L/usr/local/lib'
    libpth=/usr/local/lib /lib/x86_64-linux-gnu /lib/../lib /usr/lib/x86_64-linux-gnu /usr/lib/../lib /lib /usr/lib
    libs=-lnsl -lgdbm -ldb -ldl -lm -lcrypt -lutil -lpthread -lc -lgdbm_compat
    perllibs=-lnsl -ldl -lm -lcrypt -lutil -lpthread -lc
    libc=, so=so, useshrplib=false, libperl=libperl.a
    gnulibc_version='2.17'
  Dynamic Linking:
    dlsrc=dl_dlopen.xs, dlext=so, d_dlsymun=undef, ccdlflags='-Wl,-E'
    cccdlflags='-fPIC', lddlflags='-shared -O2 -g -L/usr/local/lib -fstack-protector'


Characteristics of this binary (from libperl): 
  Compile-time options: HAS_TIMES MULTIPLICITY PERLIO_LAYERS
                        PERL_DONT_CREATE_GVSV
                        PERL_HASH_FUNC_ONE_AT_A_TIME_HARD
                        PERL_IMPLICIT_CONTEXT PERL_MALLOC_WRAP
                        PERL_PRESERVE_IVUV PERL_SAWAMPERSAND PERL_USE_DEVEL
                        USE_64_BIT_ALL USE_64_BIT_INT USE_ITHREADS
                        USE_LARGE_FILES USE_LOCALE USE_LOCALE_COLLATE
                        USE_LOCALE_CTYPE USE_LOCALE_NUMERIC USE_LONG_DOUBLE
                        USE_PERLIO USE_PERL_ATOF USE_REENTRANT_API
  Built under linux
  Compiled at Jul  3 2013 00:16:30
  %ENV:
    PERL5LIB=""
    PERL5OPT=""
    PERL5_CPANPLUS_IS_RUNNING="24408"
    PERL5_CPAN_IS_RUNNING="24408"
    PERL_MM_USE_DEFAULT="1"
  @INC:
    /home/sand/src/perl/repoperls/installed-perls/perl/v5.18.0/a2da/lib/site_perl/5.18.0/x86_64-linux-thread-multi-ld
    /home/sand/src/perl/repoperls/installed-perls/perl/v5.18.0/a2da/lib/site_perl/5.18.0
    /home/sand/src/perl/repoperls/installed-perls/perl/v5.18.0/a2da/lib/5.18.0/x86_64-linux-thread-multi-ld
    /home/sand/src/perl/repoperls/installed-perls/perl/v5.18.0/a2da/lib/5.18.0
    .