Report for Mail-Transport-Dbx-0.07

Back
From: metabase:user:314402c4-2aae-11df-837a-5e0a49663a4f
Subject: FAIL Mail-Transport-Dbx-0.07 v5.18.0 GNU/Linux
Date: 2013-07-02T13:02:38Z

This distribution has been tested as part of the CPAN Testers
project, supporting the Perl programming language.  See
http://wiki.cpantesters.org/ for more information or email
questions to cpan-testers-discuss@perl.org


--
Dear Tassilo von Parseval,

This is a computer-generated report for Mail-Transport-Dbx-0.07
on perl 5.18.0, created by CPAN-Reporter-1.2010.

Thank you for uploading your work to CPAN.  However, there was a problem
testing your distribution.

If you think this report is invalid, please consult the CPAN Testers Wiki
for suggestions on how to avoid getting FAIL reports for missing library
or binary dependencies, unsupported operating systems, and so on:

http://wiki.cpantesters.org/wiki/CPANAuthorNotes

Sections of this report:

    * Tester comments
    * Program output
    * Prerequisites
    * Environment and other context

------------------------------
TESTER COMMENTS
------------------------------

Additional comments from tester:

none provided

------------------------------
PROGRAM OUTPUT
------------------------------

Output from '/usr/bin/make test':

make[1]: Ulazim u direktorij `/home/slavenr/.cpan/build/Mail-Transport-Dbx-0.07-k0YsV2/libdbx'
make[1]: Ništa za napraviti za `all'.
make[1]: Izlazim iz direktorija `/home/slavenr/.cpan/build/Mail-Transport-Dbx-0.07-k0YsV2/libdbx'
PERL_DL_NONLAZY=1 /opt/perl-5.18.0/bin/perl5.18.0 "-MExtUtils::Command::MM" "-e" "test_harness(0, 'blib/lib', 'blib/arch')" t/*.t

#   Failed test 'POD test for blib/lib/Mail/Transport/Dbx.pm'
#   at /opt/perl-5.18.0/lib/site_perl/5.18.0/Test/Pod.pm line 186.
# blib/lib/Mail/Transport/Dbx.pm (450): Non-ASCII character seen before =encoding in 'Ordner/Entwürfe'. Assuming ISO8859-1
# Looks like you failed 1 test of 1.
t/0_pod.t ........... 
Dubious, test returned 1 (wstat 256, 0x100)
Failed 1/1 subtests 
t/0_pod_coverage.t .. ok
t/1.t ............... ok
t/2.t ............... ok
t/3.t ............... ok
t/fixed.t ........... ok

Test Summary Report
-------------------
t/0_pod.t         (Wstat: 256 Tests: 1 Failed: 1)
  Failed test:  1
  Non-zero exit status: 1
Files=6, Tests=60,  0 wallclock secs ( 0.02 usr  0.01 sys +  0.16 cusr  0.04 csys =  0.23 CPU)
Result: FAIL
Failed 1/6 test programs. 1/60 subtests failed.
make: *** [test_dynamic] Greška 255

------------------------------
PREREQUISITES
------------------------------

Prerequisite modules loaded:

build_requires:

    Module              Need Have
    ------------------- ---- ----
    ExtUtils::MakeMaker 0    6.68


------------------------------
ENVIRONMENT AND OTHER CONTEXT
------------------------------

Environment variables:

    LANG = hr_HR.utf8
    PATH = /usr/local/netpbm/bin:/usr/local/bin:/usr/bin:/bin:/usr/local/sbin:/usr/sbin:/sbin:/home/slavenr/bin/linux-gnu:/home/slavenr/bin/sh:/home/slavenr/bin:/usr/X11R6/bin:/usr/X11/bin:/usr/games:/home/slavenr/devel:/usr/lib/jvm/java-1.5.0-sun/bin:/usr/java/ant/bin:/services/mobile/framework/bin:/services/mobile/cmlt2/bin:/home/live/bin
    PERL = /opt/perl-5.18.0/bin/perl5.18.0
    PERL5LIB = /home/slavenr/.cpan/build/YAML-LibYAML-0.41-oSc6f8/blib/arch:/home/slavenr/.cpan/build/YAML-LibYAML-0.41-oSc6f8/blib/lib:/home/slavenr/.cpan/build/YAML-Syck-1.27-mkN44L/blib/arch:/home/slavenr/.cpan/build/YAML-Syck-1.27-mkN44L/blib/lib:/home/slavenr/.cpan/build/YAML-0.84-cCJHyb/blib/arch:/home/slavenr/.cpan/build/YAML-0.84-cCJHyb/blib/lib:/home/slavenr/.cpan/build/DateTime-1.03-SRdF22/blib/arch:/home/slavenr/.cpan/build/DateTime-1.03-SRdF22/blib/lib:/home/slavenr/.cpan/build/IO-Socket-SSL-1.94-F2mDms/blib/arch:/home/slavenr/.cpan/build/IO-Socket-SSL-1.94-F2mDms/blib/lib:/home/slavenr/.cpan/build/LWP-Protocol-https-6.04-oDTcVZ/blib/arch:/home/slavenr/.cpan/build/LWP-Protocol-https-6.04-oDTcVZ/blib/lib
    PERL5OPT = 
    PERL5_CPANPLUS_IS_RUNNING = 29304
    PERL5_CPAN_IS_RUNNING = 29304
    PERLDOC = -MPod::Perldoc::ToTextOverstrike
    PERL_HTML_DISPLAY_CLASS = HTML::Display::Mozilla
    SHELL = /bin/zsh
    STDPERL = perl
    TERM = screen

Perl special variables (and OS-specific diagnostics, for MSWin32):

    $^X = /opt/perl-5.18.0/bin/perl5.18.0
    $UID/$EUID = 1000 / 1000
    $GID = 1000 4 24 25 27 29 30 44 46 108 109 115 1000
    $EGID = 1000 4 24 25 27 29 30 44 46 108 109 115 1000

Perl module toolchain versions installed:

    Module              Have    
    ------------------- --------
    CPAN                2.00    
    CPAN::Meta          2.131560
    Cwd                 3.40    
    ExtUtils::CBuilder  0.280210
    ExtUtils::Command   1.17    
    ExtUtils::Install   1.59    
    ExtUtils::MakeMaker 6.68    
    ExtUtils::Manifest  1.63    
    ExtUtils::ParseXS   3.18    
    File::Spec          3.40    
    JSON                2.59    
    JSON::PP            2.27202 
    Module::Build       0.4005  
    Module::Signature   n/a     
    Parse::CPAN::Meta   1.4404  
    Test::Harness       3.26    
    Test::More          0.98    
    YAML                0.84    
    YAML::Syck          1.27    
    version             0.9902  


--

Summary of my perl5 (revision 5 version 18 subversion 0) configuration:
   
  Platform:
    osname=linux, osvers=2.6.32-5-amd64, archname=x86_64-linux
    uname='linux dev08 2.6.32-5-amd64 #1 smp sun sep 23 10:07:46 utc 2012 x86_64 gnulinux '
    config_args='-ds -e -Dprefix=/opt/perl-5.18.0 -Dusedevel'
    hint=previous, useposix=true, d_sigaction=define
    useithreads=undef, usemultiplicity=undef
    useperlio=define, d_sfio=undef, uselargefiles=define, usesocks=undef
    use64bitint=define, use64bitall=define, uselongdouble=undef
    usemymalloc=n, bincompat5005=undef
  Compiler:
    cc='cc', ccflags ='-fno-strict-aliasing -pipe -fstack-protector -I/usr/local/include -D_LARGEFILE_SOURCE -D_FILE_OFFSET_BITS=64',
    optimize='-O2',
    cppflags='-fno-strict-aliasing -pipe -fstack-protector -I/usr/local/include -fno-strict-aliasing -pipe -fstack-protector -I/usr/local/include -D_LARGEFILE_SOURCE -D_FILE_OFFSET_BITS=64'
    ccversion='', gccversion='4.4.5', gccosandvers=''
    intsize=4, longsize=8, ptrsize=8, doublesize=8, byteorder=12345678
    d_longlong=define, longlongsize=8, d_longdbl=define, longdblsize=16
    ivtype='long', ivsize=8, nvtype='double', nvsize=8, Off_t='off_t', lseeksize=8
    alignbytes=8, prototype=define
  Linker and Libraries:
    ld='cc', ldflags =' -fstack-protector -L/usr/local/lib'
    libpth=/usr/local/lib /lib/../lib /usr/lib/../lib /lib /usr/lib /usr/lib/x86_64-linux-gnu /lib64 /usr/lib64
    libs=-lnsl -lgdbm -ldb -ldl -lm -lcrypt -lutil -lc -lgdbm_compat
    perllibs=-lnsl -ldl -lm -lcrypt -lutil -lc
    libc=/lib/libc-2.11.3.so, so=so, useshrplib=false, libperl=libperl.a
    gnulibc_version='2.11.3'
  Dynamic Linking:
    dlsrc=dl_dlopen.xs, dlext=so, d_dlsymun=undef, ccdlflags='-Wl,-E'
    cccdlflags='-fPIC', lddlflags='-shared -O2 -L/usr/local/lib -fstack-protector'


Characteristics of this binary (from libperl): 
  Compile-time options: HAS_TIMES PERLIO_LAYERS PERL_DONT_CREATE_GVSV
                        PERL_HASH_FUNC_ONE_AT_A_TIME_HARD PERL_MALLOC_WRAP
                        PERL_PRESERVE_IVUV PERL_SAWAMPERSAND PERL_USE_DEVEL
                        USE_64_BIT_ALL USE_64_BIT_INT USE_LARGE_FILES
                        USE_LOCALE USE_LOCALE_COLLATE USE_LOCALE_CTYPE
                        USE_LOCALE_NUMERIC USE_PERLIO USE_PERL_ATOF
  Built under linux
  Compiled at Jul  1 2013 18:02:25
  %ENV:
    PERL="/opt/perl-5.18.0/bin/perl5.18.0"
    PERL5LIB="/home/slavenr/.cpan/build/YAML-LibYAML-0.41-oSc6f8/blib/arch:/home/slavenr/.cpan/build/YAML-LibYAML-0.41-oSc6f8/blib/lib:/home/slavenr/.cpan/build/YAML-Syck-1.27-mkN44L/blib/arch:/home/slavenr/.cpan/build/YAML-Syck-1.27-mkN44L/blib/lib:/home/slavenr/.cpan/build/YAML-0.84-cCJHyb/blib/arch:/home/slavenr/.cpan/build/YAML-0.84-cCJHyb/blib/lib:/home/slavenr/.cpan/build/DateTime-1.03-SRdF22/blib/arch:/home/slavenr/.cpan/build/DateTime-1.03-SRdF22/blib/lib:/home/slavenr/.cpan/build/IO-Socket-SSL-1.94-F2mDms/blib/arch:/home/slavenr/.cpan/build/IO-Socket-SSL-1.94-F2mDms/blib/lib:/home/slavenr/.cpan/build/LWP-Protocol-https-6.04-oDTcVZ/blib/arch:/home/slavenr/.cpan/build/LWP-Protocol-https-6.04-oDTcVZ/blib/lib"
    PERL5OPT=""
    PERL5_CPANPLUS_IS_RUNNING="29304"
    PERL5_CPAN_IS_RUNNING="29304"
    PERLDOC="-MPod::Perldoc::ToTextOverstrike"
    PERL_HTML_DISPLAY_CLASS="HTML::Display::Mozilla"
  @INC:
    /home/slavenr/.cpan/build/YAML-LibYAML-0.41-oSc6f8/blib/arch
    /home/slavenr/.cpan/build/YAML-LibYAML-0.41-oSc6f8/blib/lib
    /home/slavenr/.cpan/build/YAML-Syck-1.27-mkN44L/blib/arch
    /home/slavenr/.cpan/build/YAML-Syck-1.27-mkN44L/blib/lib
    /home/slavenr/.cpan/build/YAML-0.84-cCJHyb/blib/arch
    /home/slavenr/.cpan/build/YAML-0.84-cCJHyb/blib/lib
    /home/slavenr/.cpan/build/DateTime-1.03-SRdF22/blib/arch
    /home/slavenr/.cpan/build/DateTime-1.03-SRdF22/blib/lib
    /home/slavenr/.cpan/build/IO-Socket-SSL-1.94-F2mDms/blib/arch
    /home/slavenr/.cpan/build/IO-Socket-SSL-1.94-F2mDms/blib/lib
    /home/slavenr/.cpan/build/LWP-Protocol-https-6.04-oDTcVZ/blib/arch
    /home/slavenr/.cpan/build/LWP-Protocol-https-6.04-oDTcVZ/blib/lib
    /opt/perl-5.18.0/lib/site_perl/5.18.0/x86_64-linux
    /opt/perl-5.18.0/lib/site_perl/5.18.0
    /opt/perl-5.18.0/lib/5.18.0/x86_64-linux
    /opt/perl-5.18.0/lib/5.18.0
    .