Report for Method-Lexical-0.30

Back
From: metabase:user:30ae4450-2aae-11df-837a-5e0a49663a4f
Subject: FAIL Method-Lexical-0.30 v5.25.8 
Date: 2017-01-20T11:19:26Z

This distribution has been tested as part of the CPAN Testers
project, supporting the Perl programming language.  See
http://wiki.cpantesters.org/ for more information or email
questions to cpan-testers-discuss@perl.org


--
Dear chocolateboy,

This is a computer-generated report for Method-Lexical-0.30
on perl 5.25.8, created by CPAN-Reporter-1.2018.

Thank you for uploading your work to CPAN.  However, there was a problem
testing your distribution.

If you think this report is invalid, please consult the CPAN Testers Wiki
for suggestions on how to avoid getting FAIL reports for missing library
or binary dependencies, unsupported operating systems, and so on:

http://wiki.cpantesters.org/wiki/CPANAuthorNotes

Sections of this report:

    * Tester comments
    * Program output
    * Prerequisites
    * Environment and other context

------------------------------
TESTER COMMENTS
------------------------------

Additional comments from tester:

this report is from an automated smoke testing program
and was not reviewed by a human for accuracy

------------------------------
PROGRAM OUTPUT
------------------------------

Output from 'C:\STRAWB~1\c\bin\dmake.exe test':

"C:\Strawberry258\perl\bin\perl.exe" -MExtUtils::Command::MM -e cp_nonempty -- Lexical.bs blib\arch\auto\Method\Lexical\Lexical.bs 644
"C:\Strawberry258\perl\bin\perl.exe" "-MExtUtils::Command::MM" "-MTest::Harness" "-e" "undef *Test::Harness::Switches; test_harness(0, 'blib\lib', 'blib\arch')" t/*.t

#   Failed test 'use Method::Lexical;'
#   at t/01_use.t line 8.
#     Tried to use 'Method::Lexical'.
#     Error:  "on_require" is not exported by the Devel::Pragma module
# Can't continue after import errors at C:\STRAWB~1\cpan\build\Devel-Pragma-1.1.0-0/blib/lib/Devel/Pragma.pm line 108.
# BEGIN failed--compilation aborted at C:\STRAWB~1\cpan\build\Method-Lexical-0.30-0\blib\lib/Method/Lexical.pm line 12.
# Compilation failed in require at t/01_use.t line 8.
# BEGIN failed--compilation aborted at t/01_use.t line 8.
# Looks like you failed 1 test of 1.
t/01_use.t ................ 
Dubious, test returned 1 (wstat 256, 0x100)
Failed 1/1 subtests 
"on_require" is not exported by the Devel::Pragma module
Can't continue after import errors at C:\STRAWB~1\cpan\build\Devel-Pragma-1.1.0-0/blib/lib/Devel/Pragma.pm line 108.
BEGIN failed--compilation aborted at C:\STRAWB~1\cpan\build\Method-Lexical-0.30-0\blib\lib/Method/Lexical.pm line 12.
Compilation failed in require at t/autoload.t line 19.
BEGIN failed--compilation aborted at t/autoload.t line 19.
t/autoload.t .............. 
Dubious, test returned 255 (wstat 65280, 0xff00)
Failed 25/25 subtests 
"on_require" is not exported by the Devel::Pragma module
Can't continue after import errors at C:\STRAWB~1\cpan\build\Devel-Pragma-1.1.0-0/blib/lib/Devel/Pragma.pm line 108.
BEGIN failed--compilation aborted at C:\STRAWB~1\cpan\build\Method-Lexical-0.30-0\blib\lib/Method/Lexical.pm line 12.
Compilation failed in require at t/basic.t line 25.
BEGIN failed--compilation aborted at t/basic.t line 25.
t/basic.t ................. 
Dubious, test returned 255 (wstat 65280, 0xff00)
Failed 30/30 subtests 
"on_require" is not exported by the Devel::Pragma module
Can't continue after import errors at C:\STRAWB~1\cpan\build\Devel-Pragma-1.1.0-0/blib/lib/Devel/Pragma.pm line 108.
BEGIN failed--compilation aborted at C:\STRAWB~1\cpan\build\Method-Lexical-0.30-0\blib\lib/Method/Lexical.pm line 12.
Compilation failed in require at t/cache.t line 26.
BEGIN failed--compilation aborted at t/cache.t line 26.
t/cache.t ................. 
Dubious, test returned 255 (wstat 65280, 0xff00)
Failed 136/136 subtests 
"on_require" is not exported by the Devel::Pragma module
Can't continue after import errors at C:\STRAWB~1\cpan\build\Devel-Pragma-1.1.0-0/blib/lib/Devel/Pragma.pm line 108.
BEGIN failed--compilation aborted at C:\STRAWB~1\cpan\build\Method-Lexical-0.30-0\blib\lib/Method/Lexical.pm line 12.
Compilation failed in require at t/depth.t line 324.
BEGIN failed--compilation aborted at t/depth.t line 324.
t/depth.t ................. 
Dubious, test returned 255 (wstat 65280, 0xff00)
Failed 5/5 subtests 
"on_require" is not exported by the Devel::Pragma module
Can't continue after import errors at C:\STRAWB~1\cpan\build\Devel-Pragma-1.1.0-0/blib/lib/Devel/Pragma.pm line 108.
BEGIN failed--compilation aborted at C:\STRAWB~1\cpan\build\Method-Lexical-0.30-0\blib\lib/Method/Lexical.pm line 12.
Compilation failed in require at t/fail.t line 21.
BEGIN failed--compilation aborted at t/fail.t line 21.
t/fail.t .................. 
Dubious, test returned 255 (wstat 65280, 0xff00)
Failed 33/33 subtests 
"on_require" is not exported by the Devel::Pragma module
Can't continue after import errors at C:\STRAWB~1\cpan\build\Devel-Pragma-1.1.0-0/blib/lib/Devel/Pragma.pm line 108.
BEGIN failed--compilation aborted at C:\STRAWB~1\cpan\build\Method-Lexical-0.30-0\blib\lib/Method/Lexical.pm line 12.
Compilation failed in require at t/fqname.t line 21.
BEGIN failed--compilation aborted at t/fqname.t line 21.
t/fqname.t ................ 
Dubious, test returned 255 (wstat 65280, 0xff00)
Failed 54/54 subtests 
"on_require" is not exported by the Devel::Pragma module
Can't continue after import errors at C:\STRAWB~1\cpan\build\Devel-Pragma-1.1.0-0/blib/lib/Devel/Pragma.pm line 108.
BEGIN failed--compilation aborted at C:\STRAWB~1\cpan\build\Method-Lexical-0.30-0\blib\lib/Method/Lexical.pm line 12.
Compilation failed in require at t/method_name_value.t line 39.
BEGIN failed--compilation aborted at t/method_name_value.t line 39.
t/method_name_value.t ..... 
Dubious, test returned 255 (wstat 65280, 0xff00)
Failed 12/12 subtests 

#   Failed test 'error loading nonexistent package (autoloaded)'
#   at t/module_autoload_fail.t line 9.
#                   '"on_require" is not exported by the Devel::Pragma module
# Can't continue after import errors at C:\STRAWB~1\cpan\build\Devel-Pragma-1.1.0-0/blib/lib/Devel/Pragma.pm line 108.
# BEGIN failed--compilation aborted at C:\STRAWB~1\cpan\build\Method-Lexical-0.30-0\blib\lib/Method/Lexical.pm line 12.
# Compilation failed in require at (eval 6) line 1.
# BEGIN failed--compilation aborted at (eval 6) line 1.
# '
#     doesn't match '(?^:Can't load Method::Lexical::Test::No::Such::Package)'

#   Failed test 'error loading nonexistent package (-autoload => 1)'
#   at t/module_autoload_fail.t line 12.
#                   'Attempt to reload Method/Lexical.pm aborted.
# Compilation failed in require at (eval 9) line 1.
# BEGIN failed--compilation aborted at (eval 9) line 1.
# '
#     doesn't match '(?^:Can't load Method::Lexical::Test::No::Such::Package)'
# Looks like you failed 2 tests of 2.
t/module_autoload_fail.t .. 
Dubious, test returned 2 (wstat 512, 0x200)
Failed 2/2 subtests 
t/pod.t ................... ok

Test Summary Report
-------------------
t/01_use.t              (Wstat: 256 Tests: 1 Failed: 1)
  Failed test:  1
  Non-zero exit status: 1
t/autoload.t            (Wstat: 65280 Tests: 0 Failed: 0)
  Non-zero exit status: 255
  Parse errors: Bad plan.  You planned 25 tests but ran 0.
t/basic.t               (Wstat: 65280 Tests: 0 Failed: 0)
  Non-zero exit status: 255
  Parse errors: Bad plan.  You planned 30 tests but ran 0.
t/cache.t               (Wstat: 65280 Tests: 0 Failed: 0)
  Non-zero exit status: 255
  Parse errors: Bad plan.  You planned 136 tests but ran 0.
t/depth.t               (Wstat: 65280 Tests: 0 Failed: 0)
  Non-zero exit status: 255
  Parse errors: Bad plan.  You planned 5 tests but ran 0.
t/fail.t                (Wstat: 65280 Tests: 0 Failed: 0)
  Non-zero exit status: 255
  Parse errors: Bad plan.  You planned 33 tests but ran 0.
t/fqname.t              (Wstat: 65280 Tests: 0 Failed: 0)
  Non-zero exit status: 255
  Parse errors: Bad plan.  You planned 54 tests but ran 0.
t/method_name_value.t   (Wstat: 65280 Tests: 0 Failed: 0)
  Non-zero exit status: 255
  Parse errors: Bad plan.  You planned 12 tests but ran 0.
t/module_autoload_fail.t (Wstat: 512 Tests: 2 Failed: 2)
  Failed tests:  1-2
  Non-zero exit status: 2
Files=10, Tests=4,  1 wallclock secs ( 0.07 usr +  0.02 sys =  0.09 CPU)
Result: FAIL
Failed 9/10 test programs. 3/4 subtests failed.
dmake.exe:  Error code 255, while making 'test_dynamic'

------------------------------
PREREQUISITES
------------------------------

Prerequisite modules loaded:

requires:

    Module                   Need  Have 
    ------------------------ ----- -----
    B::Hooks::EndOfScope     0.12  0.21 
    B::Hooks::OP::Annotation 0.44  0.44 
    B::Hooks::OP::Check      0.19  0.19 
    Devel::Pragma            0.54  1.1.0

build_requires:

    Module                   Need  Have 
    ------------------------ ----- -----
    ExtUtils::MakeMaker      0     7.24 

configure_requires:

    Module                   Need  Have 
    ------------------------ ----- -----
    B::Hooks::OP::Annotation 0.44  0.44 
    B::Hooks::OP::Check      0.19  0.19 
    ExtUtils::Depends        0.304 0.405
    ExtUtils::MakeMaker      0     7.24 


------------------------------
ENVIRONMENT AND OTHER CONTEXT
------------------------------

Environment variables:

    AUTOMATED_TESTING = 1
    COMSPEC = C:\WINDOWS\system32\cmd.exe
    NUMBER_OF_PROCESSORS = 1
    PATH = C:\WINDOWS\system32;C:\WINDOWS;C:\WINDOWS\System32\Wbem;C:\Git\cmd;C:\Strawberry258\c\bin;C:\Strawberry258\perl\site\bin;C:\Strawberry258\perl\bin
    PERL5LIB = C:\STRAWB~1\cpan\build\Devel-Pragma-1.1.0-0/blib/arch;C:\STRAWB~1\cpan\build\Devel-Pragma-1.1.0-0/blib/lib
    PERL5OPT = 
    PERL5_CPANPLUS_IS_RUNNING = 3080
    PERL5_CPAN_IS_RUNNING = 3080
    PERL5_CPAN_IS_RUNNING_IN_RECURSION = 1748,3080
    PERL_CR_SMOKER_CURRENT = authority-0.005
    PERL_CR_SMOKER_RUNONCE = 1
    PERL_EXTUTILS_AUTOINSTALL = --defaultdeps
    PERL_HASH_SEED = 0x11111111
    PERL_MM_USE_DEFAULT = 1
    PROCESSOR_IDENTIFIER = x86 Family 18 Model 1 Stepping 0, AuthenticAMD
    TEMP = C:\DOCUME~1\a\LOCALS~1\Temp

Perl special variables (and OS-specific diagnostics, for MSWin32):

    $^X = C:\Strawberry258\perl\bin\perl.exe
    $UID/$EUID = 0 / 0
    $GID = 0
    $EGID = 0
    Win32::GetOSName = WinXP/.Net
    Win32::GetOSVersion = Service Pack 3, 5, 1, 2600, 2, 3, 0, 256, 1
    Win32::FsType = NTFS
    Win32::IsAdminUser = 1

Perl module toolchain versions installed:

    Module              Have      
    ------------------- ----------
    CPAN                2.14_01   
    CPAN::Meta          2.150010  
    Cwd                 3.66      
    ExtUtils::CBuilder  0.280225  
    ExtUtils::Command   7.24      
    ExtUtils::Install   2.04      
    ExtUtils::MakeMaker 7.24      
    ExtUtils::Manifest  1.70      
    ExtUtils::ParseXS   3.33      
    File::Spec          3.66      
    JSON                2.90      
    JSON::PP            2.27400_02
    Module::Build       0.4220    
    Module::Signature   0.81      
    Parse::CPAN::Meta   2.150010  
    Test::Harness       3.36_01   
    Test::More          1.302073  
    YAML                1.21      
    YAML::Syck          1.29      
    version             0.9917    


--

Summary of my perl5 (revision 5 version 25 subversion 8) configuration:
   
  Platform:
    osname=MSWin32
    osvers=4.0
    archname=MSWin32-x86-multi-thread
    uname='Win32 strawberry-perl 5.25.8.1-beta1 #1 Thu Dec 29 20:16:24 2016 i386'
    config_args='undef'
    hint=recommended
    useposix=true
    d_sigaction=undef
    useithreads=define
    usemultiplicity=define
    use64bitint=undef
    use64bitall=undef
    uselongdouble=undef
    usemymalloc=n
    bincompat5005=undef
  Compiler:
    cc='gcc'
    ccflags =' -s -O2 -DWIN32  -DPERL_TEXTMODE_SCRIPTS -DPERL_IMPLICIT_CONTEXT -DPERL_IMPLICIT_SYS -fwrapv -fno-strict-aliasing -mms-bitfields'
    optimize='-s -O2'
    cppflags='-DWIN32'
    ccversion=''
    gccversion='4.9.2'
    gccosandvers=''
    intsize=4
    longsize=4
    ptrsize=4
    doublesize=8
    byteorder=1234
    doublekind=3
    d_longlong=define
    longlongsize=8
    d_longdbl=define
    longdblsize=12
    longdblkind=3
    ivtype='long'
    ivsize=4
    nvtype='double'
    nvsize=8
    Off_t='long long'
    lseeksize=8
    alignbytes=8
    prototype=define
  Linker and Libraries:
    ld='g++'
    ldflags ='-s -L"C:\STRAWB~1\perl\lib\CORE" -L"C:\STRAWB~1\c\lib"'
    libpth=C:\STRAWB~1\c\lib C:\STRAWB~1\c\i686-w64-mingw32\lib C:\STRAWB~1\c\lib\gcc\i686-w64-mingw32\4.9.2
    libs=-lmoldname -lkernel32 -luser32 -lgdi32 -lwinspool -lcomdlg32 -ladvapi32 -lshell32 -lole32 -loleaut32 -lnetapi32 -luuid -lws2_32 -lmpr -lwinmm -lversion -lodbc32 -lodbccp32 -lcomctl32
    perllibs=-lmoldname -lkernel32 -luser32 -lgdi32 -lwinspool -lcomdlg32 -ladvapi32 -lshell32 -lole32 -loleaut32 -lnetapi32 -luuid -lws2_32 -lmpr -lwinmm -lversion -lodbc32 -lodbccp32 -lcomctl32
    libc=
    so=dll
    useshrplib=true
    libperl=libperl525.a
    gnulibc_version=''
  Dynamic Linking:
    dlsrc=dl_win32.xs
    dlext=xs.dll
    d_dlsymun=undef
    ccdlflags=' '
    cccdlflags=' '
    lddlflags='-mdll -s -L"C:\STRAWB~1\perl\lib\CORE" -L"C:\STRAWB~1\c\lib"'


Characteristics of this binary (from libperl): 
  Compile-time options:
    HAS_TIMES
    HAVE_INTERP_INTERN
    MULTIPLICITY
    PERLIO_LAYERS
    PERL_COPY_ON_WRITE
    PERL_DONT_CREATE_GVSV
    PERL_HASH_FUNC_ONE_AT_A_TIME_HARD
    PERL_IMPLICIT_CONTEXT
    PERL_IMPLICIT_SYS
    PERL_MALLOC_WRAP
    PERL_OP_PARENT
    PERL_PRESERVE_IVUV
    USE_ITHREADS
    USE_LARGE_FILES
    USE_LOCALE
    USE_LOCALE_COLLATE
    USE_LOCALE_CTYPE
    USE_LOCALE_NUMERIC
    USE_LOCALE_TIME
    USE_PERLIO
    USE_PERL_ATOF
  Built under MSWin32
  Compiled at Dec 29 2016 20:25:17
  %ENV:
    PERL5LIB="C:\STRAWB~1\cpan\build\Devel-Pragma-1.1.0-0/blib/arch;C:\STRAWB~1\cpan\build\Devel-Pragma-1.1.0-0/blib/lib"
    PERL5_CPANPLUS_IS_RUNNING="3080"
    PERL5_CPAN_IS_RUNNING="3080"
    PERL5_CPAN_IS_RUNNING_IN_RECURSION="1748,3080"
    PERL_CR_SMOKER_CURRENT="authority-0.005"
    PERL_CR_SMOKER_RUNONCE="1"
    PERL_EXTUTILS_AUTOINSTALL="--defaultdeps"
    PERL_HASH_SEED="0x11111111"
    PERL_MM_USE_DEFAULT="1"
  @INC:
    C:\STRAWB~1\cpan\build\Devel-Pragma-1.1.0-0/blib/arch
    C:\STRAWB~1\cpan\build\Devel-Pragma-1.1.0-0/blib/lib
    C:/Strawberry258/perl/site/lib
    C:/Strawberry258/perl/vendor/lib
    C:/Strawberry258/perl/lib
    .