ETL-Yertl v0.044 Perl 5 v5.35.6 x86_64-linux-thread-multi-ld
- Status
- Fail
- From
- Andreas J. König (ANDK)
- Dist
-
ETL-Yertl v0.044
- Platform
- Perl 5 v5.35.6 x86_64-linux-thread-multi-ld
- Date
- 2021-10-23 17:50:12
- ID
- ac0c1280-3429-11ec-b95e-c286a91fb567
This distribution has been tested as part of the CPAN Testers
project, supporting the Perl programming language. See
http://wiki.cpantesters.org/ for more information or email
questions to cpan-testers-discuss@perl.org
--
Dear Doug Bell,
This is a computer-generated report for ETL-Yertl-0.044
on perl 5.35.6, created by CPAN-Reporter-1.2018.
Thank you for uploading your work to CPAN. However, there was a problem
testing your distribution.
If you think this report is invalid, please consult the CPAN Testers Wiki
for suggestions on how to avoid getting FAIL reports for missing library
or binary dependencies, unsupported operating systems, and so on:
http://wiki.cpantesters.org/wiki/CPANAuthorNotes
Sections of this report:
* Tester comments
* Program output
* Prerequisites
* Environment and other context
------------------------------
TESTER COMMENTS
------------------------------
Additional comments from tester:
this report is from an automated smoke testing program
and was not reviewed by a human for accuracy
------------------------------
PROGRAM OUTPUT
------------------------------
Output from '/usr/bin/make test':
PERL_DL_NONLAZY=1 "/tmp/basesmoker-reloperl-woWQ/bin/perl" "-MExtUtils::Command::MM" "-MTest::Harness" "-e" "undef *Test::Harness::Switches; test_harness(0, 'blib/lib', 'blib/arch')" t/*.t t/adapter/*.t t/bin/*.t t/command/ygrok/*.t t/command/ygrok/pattern/*.t t/command/yq/*.t t/format/*.t t/integration/*.t
t/00-compile.t ........................... ok
#
# Versions for all modules listed in MYMETA.json (including optional ones):
#
# === Configure Requires ===
#
# Module Want Have
# ------------------- ---- ----
# ExtUtils::MakeMaker any 7.62
#
# === Build Requires ===
#
# Module Want Have
# ------------------- ---- ----
# ExtUtils::MakeMaker any 7.62
#
# === Test Requires ===
#
# Module Want Have
# ------------------- -------- --------
# Capture::Tiny any 0.48
# Dir::Self any 0.11
# ExtUtils::MakeMaker any 7.62
# File::Spec any 3.81
# Future any 0.47
# IO::Handle any 1.48
# IPC::Open3 any 1.22
# JSON::PP any 4.06
# Mock::MonkeyPatch any 1.02
# Test::Deep any 1.130
# Test::Differences any 0.68
# Test::Exception any 0.43
# Test::Lib any 0.002
# Test::More 1.001005 1.302188
#
# === Test Recommends ===
#
# Module Want Have
# ---------- -------- --------
# CPAN::Meta 2.120900 2.150010
#
# === Runtime Requires ===
#
# Module Want Have
# ------------------- ---------- ----------
# File::HomeDir any 1.006
# File::Spec any 3.81
# Getopt::Long 2.36 2.52
# Hash::Merge::Simple any 0.051
# IO::Async 0.77 0.79
# IO::Interactive any 1.023
# Import::Base 0.010 1.004
# JSON::MaybeXS any 1.004003
# List::Util any 1.60
# Module::Runtime any 0.016
# Net::Async::HTTP any 0.48
# Path::Tiny 0.072 0.118
# Pod::Usage::Return any 0.003
# Regexp::Common 2013031301 2017060201
# SQL::Abstract any 2.000001
# Time::Local any 1.30
# Time::Piece any 1.3401
# URI any 5.09
# YAML::Tiny any 1.73
# boolean any 0.46
#
# === Runtime Recommends ===
#
# Module Want Have
# ------------ ---- -----
# DBD::SQLite any 1.70
# DBI any 1.643
# JSON::PP any 4.06
# JSON::XS any 4.03
# Text::CSV any 2.01
# Text::CSV_XS any 1.46
# YAML::Syck any 1.34
# YAML::XS any 0.83
#
t/00-report-prereqs.t .................... ok
t/adapter/graphite.t ..................... ok
t/adapter/influxdb.t ..................... ok
t/bin/yfrom.t ............................ ok
t/bin/ygrok.t ............................ ok
t/bin/yq.t ............................... ok
# Failed test at t/bin/ysql.t line 516.
# Comparing $data as a Bag
# Missing: 1 reference
# Looks like you failed 1 test of 3.
# Failed test '--where'
# at t/bin/ysql.t line 524.
# Looks like you failed 1 test of 5.
# Failed test '--select'
# at t/bin/ysql.t line 575.
# Failed test at t/bin/ysql.t line 600.
# Comparing $data as a Bag
# Missing: 1 reference
# Extra: 1 reference
# Looks like you failed 1 test of 3.
# Failed test '--where'
# at t/bin/ysql.t line 605.
# Looks like you failed 1 test of 4.
# Failed test '--count'
# at t/bin/ysql.t line 606.
# Failed test at t/bin/ysql.t line 667.
# Comparing $data as a Bag
# Extra: 1 reference
# Looks like you failed 1 test of 4.
# Failed test '--where'
# at t/bin/ysql.t line 672.
# Looks like you failed 1 test of 5.
# Failed test '--delete'
# at t/bin/ysql.t line 674.
# Looks like you failed 3 tests of 4.
# Failed test 'sql helper options'
# at t/bin/ysql.t line 675.
# Looks like you failed 1 test of 6.
# Failed test 'query'
# at t/bin/ysql.t line 928.
# Looks like you failed 1 test of 4.
t/bin/ysql.t .............................
Dubious, test returned 1 (wstat 256, 0x100)
Failed 1/4 subtests
t/bin/yto.t .............................. ok
t/bin/yts.t .............................. ok
t/command/ygrok/edit_patterns.t .......... ok
t/command/ygrok/pattern/http_combined.t .. ok
t/command/ygrok/pattern/http_common.t .... ok
t/command/ygrok/pattern/linux_proc.t ..... ok
t/command/ygrok/pattern/ls-l.t ........... ok
t/command/ygrok/pattern/ps-u.t ........... ok
t/command/ygrok/pattern/ps-x.t ........... ok
t/command/ygrok/pattern/ps.t ............. ok
t/command/ygrok/pattern/syslog.t ......... ok
t/command/yq/combinator.t ................ ok
t/command/yq/comparison.t ................ ok
t/command/yq/conditional.t ............... ok
t/command/yq/filter.t .................... ok
t/command/yq/functions.t ................. ok
t/command/yq/regression.t ................ ok
t/command/yq/values.t .................... ok
t/format.t ............................... ok
t/format/csv.t ........................... ok
Prototype mismatch: sub main::decode_json ($) vs none at /home/sand/src/perl/repoperls/installed-perls/host/k93msid/v5.35.5-5-g602f5a1f5b/8854/lib/5.35.6/Exporter.pm line 63.
at (eval 32) line 1.
t/format/json.t .......................... ok
t/format/yaml.t .......................... ok
t/format_stream.t ........................ ok
t/helpers.t .............................. ok
t/input_series.t ......................... ok
t/integration/parse_apache_log.t ......... ok
t/transform.t ............................ ok
Test Summary Report
-------------------
t/bin/ysql.t (Wstat: 256 Tests: 4 Failed: 1)
Failed test: 4
Non-zero exit status: 1
Files=35, Tests=124, 9 wallclock secs ( 0.14 usr 0.12 sys + 7.01 cusr 1.52 csys = 8.79 CPU)
Result: FAIL
Failed 1/35 test programs. 1/124 subtests failed.
make: *** [Makefile:1050: test_dynamic] Error 255
------------------------------
PREREQUISITES
------------------------------
Prerequisite modules loaded:
requires:
Module Need Have
------------------- ---------- ----------
boolean 0 0.46
File::HomeDir 0 1.006
File::Spec 0 3.81
Getopt::Long 2.36 2.52
Hash::Merge::Simple 0 0.051
Import::Base 0.010 1.004
IO::Async 0.77 0.79
IO::Interactive 0 1.023
JSON::MaybeXS 0 1.004003
List::Util 0 1.60
Module::Runtime 0 0.016
Net::Async::HTTP 0 0.48
Path::Tiny 0.072 0.118
perl 5.010 5.035006
Pod::Usage::Return 0 0.003
Regexp::Common 2013031301 2017060201
SQL::Abstract 0 2.000001
Time::Local 0 1.30
Time::Piece 0 1.3401
URI 0 5.09
YAML::Tiny 0 1.73
build_requires:
Module Need Have
------------------- ---------- ----------
Capture::Tiny 0 0.48
Dir::Self 0 0.11
ExtUtils::MakeMaker 0 7.62
File::Spec 0 3.81
Future 0 0.47
IO::Handle 0 1.48
IPC::Open3 0 1.22
JSON::PP 0 4.06
Mock::MonkeyPatch 0 1.02
Test::Deep 0 1.130
Test::Differences 0 0.68
Test::Exception 0 0.43
Test::Lib 0 0.002
Test::More 1.001005 1.302188
configure_requires:
Module Need Have
------------------- ---------- ----------
ExtUtils::MakeMaker 0 7.62
opt_requires:
Module Need Have
------------------- ---------- ----------
DBD::SQLite 0 1.70
DBI 0 1.643
JSON::PP 0 4.06
JSON::XS 0 4.03
Text::CSV 0 2.01
Text::CSV_XS 0 1.46
YAML::Syck 0 1.34
YAML::XS 0 0.83
------------------------------
ENVIRONMENT AND OTHER CONTEXT
------------------------------
Environment variables:
AUTOMATED_TESTING = 1
LANG = en_US.UTF-8
PATH = /home/sand/bin:/usr/local/bin:/usr/bin:/bin:/usr/games:/usr/local/perl/bin:/usr/X11/bin:/sbin:/usr/sbin
PERL5LIB =
PERL5OPT =
PERL5_CPANPLUS_IS_RUNNING = 1232331
PERL5_CPAN_IS_RUNNING = 1232331
PERL_CANARY_STABILITY_NOPROMPT = 1
PERL_MM_USE_DEFAULT = 1
PERL_USE_UNSAFE_INC = 1
SHELL = /usr/bin/zsh
TERM = screen
Perl special variables (and OS-specific diagnostics, for MSWin32):
$^X = /tmp/basesmoker-reloperl-woWQ/bin/perl
$UID/$EUID = 1005 / 1005
$GID = 1005 1005
$EGID = 1005 1005
Perl module toolchain versions installed:
Module Have
------------------- --------
CPAN 2.28
CPAN::Meta 2.150010
Cwd 3.82
ExtUtils::CBuilder 0.280236
ExtUtils::Command 7.62
ExtUtils::Install 2.20
ExtUtils::MakeMaker 7.62
ExtUtils::Manifest 1.73
ExtUtils::ParseXS 3.44
File::Spec 3.81
JSON 4.03
JSON::PP 4.06
Module::Build 0.4231
Module::Signature 0.87
Parse::CPAN::Meta 2.150010
Test::Harness 3.43
Test::More 1.302188
YAML 1.30
YAML::Syck 1.34
version 0.9929
--
Summary of my perl5 (revision 5 version 35 subversion 6) configuration:
Commit id: 602f5a1f5bb12080f2f680f7175312d906f3dcfd
Platform:
osname=linux
osvers=5.14.0-3-amd64
archname=x86_64-linux-thread-multi-ld
uname='linux k93msid 5.14.0-3-amd64 #1 smp debian 5.14.12-1 (2021-10-14) x86_64 gnulinux '
config_args='-Dprefix=/home/sand/src/perl/repoperls/installed-perls/host/k93msid/v5.35.5-5-g602f5a1f5b/8854 -Dmyhostname=k93msid -Dinstallusrbinperl=n -Uversiononly -Dusedevel -des -Ui_db -Dlibswanted=cl pthread socket inet nsl gdbm dbm malloc dl ld sun m crypt sec util c cposix posix ucb BSD gdbm_compat -Duseithreads -Duselongdouble -DEBUGGING=-g'
hint=recommended
useposix=true
d_sigaction=define
useithreads=define
usemultiplicity=define
use64bitint=define
use64bitall=define
uselongdouble=define
usemymalloc=n
default_inc_excludes_dot=define
Compiler:
cc='cc'
ccflags ='-D_REENTRANT -D_GNU_SOURCE -fwrapv -fno-strict-aliasing -pipe -fstack-protector-strong -I/usr/local/include -D_LARGEFILE_SOURCE -D_FILE_OFFSET_BITS=64 -D_FORTIFY_SOURCE=2'
optimize='-O2 -g'
cppflags='-D_REENTRANT -D_GNU_SOURCE -fwrapv -fno-strict-aliasing -pipe -fstack-protector-strong -I/usr/local/include'
ccversion=''
gccversion='11.2.0'
gccosandvers=''
intsize=4
longsize=8
ptrsize=8
doublesize=8
byteorder=12345678
doublekind=3
d_longlong=define
longlongsize=8
d_longdbl=define
longdblsize=16
longdblkind=3
ivtype='long'
ivsize=8
nvtype='long double'
nvsize=16
Off_t='off_t'
lseeksize=8
alignbytes=16
prototype=define
Linker and Libraries:
ld='cc'
ldflags =' -fstack-protector-strong -L/usr/local/lib'
libpth=/usr/local/lib /usr/lib/x86_64-linux-gnu /usr/lib /lib/x86_64-linux-gnu /lib
libs=-lpthread -lnsl -ldl -lm -lcrypt -lutil -lc
perllibs=-lpthread -lnsl -ldl -lm -lcrypt -lutil -lc
libc=libc-2.32.so
so=so
useshrplib=false
libperl=libperl.a
gnulibc_version='2.32'
Dynamic Linking:
dlsrc=dl_dlopen.xs
dlext=so
d_dlsymun=undef
ccdlflags='-Wl,-E'
cccdlflags='-fPIC'
lddlflags='-shared -O2 -g -L/usr/local/lib -fstack-protector-strong'
Characteristics of this binary (from libperl):
Compile-time options:
HAS_TIMES
MULTIPLICITY
PERLIO_LAYERS
PERL_COPY_ON_WRITE
PERL_DONT_CREATE_GVSV
PERL_MALLOC_WRAP
PERL_OP_PARENT
PERL_PRESERVE_IVUV
PERL_USE_DEVEL
USE_64_BIT_ALL
USE_64_BIT_INT
USE_ITHREADS
USE_LARGE_FILES
USE_LOCALE
USE_LOCALE_COLLATE
USE_LOCALE_CTYPE
USE_LOCALE_NUMERIC
USE_LOCALE_TIME
USE_LONG_DOUBLE
USE_PERLIO
USE_PERL_ATOF
USE_REENTRANT_API
USE_THREAD_SAFE_LOCALE
Built under linux
Compiled at Oct 21 2021 21:07:22
%ENV:
PERL5LIB=""
PERL5OPT=""
PERL5_CPANPLUS_IS_RUNNING="1232331"
PERL5_CPAN_IS_RUNNING="1232331"
PERL_CANARY_STABILITY_NOPROMPT="1"
PERL_MM_USE_DEFAULT="1"
PERL_USE_UNSAFE_INC="1"
@INC:
/home/sand/src/perl/repoperls/installed-perls/host/k93msid/v5.35.5-5-g602f5a1f5b/8854/lib/site_perl/5.35.6/x86_64-linux-thread-multi-ld
/home/sand/src/perl/repoperls/installed-perls/host/k93msid/v5.35.5-5-g602f5a1f5b/8854/lib/site_perl/5.35.6
/home/sand/src/perl/repoperls/installed-perls/host/k93msid/v5.35.5-5-g602f5a1f5b/8854/lib/5.35.6/x86_64-linux-thread-multi-ld
/home/sand/src/perl/repoperls/installed-perls/host/k93msid/v5.35.5-5-g602f5a1f5b/8854/lib/5.35.6
.