Back
From: metabase:user:314402c4-2aae-11df-837a-5e0a49663a4f
Subject: FAIL CGI-Application-Plugin-ViewCode-1.02 v5.19.11 GNU/Linux
Date: 2014-05-14T20:16:45Z
This distribution has been tested as part of the CPAN Testers
project, supporting the Perl programming language. See
http://wiki.cpantesters.org/ for more information or email
questions to cpan-testers-discuss@perl.org
--
Dear Michael Peters,
This is a computer-generated report for CGI-Application-Plugin-ViewCode-1.02
on perl 5.19.11, created by CPAN-Reporter-1.2011.
Thank you for uploading your work to CPAN. However, there was a problem
testing your distribution.
If you think this report is invalid, please consult the CPAN Testers Wiki
for suggestions on how to avoid getting FAIL reports for missing library
or binary dependencies, unsupported operating systems, and so on:
http://wiki.cpantesters.org/wiki/CPANAuthorNotes
Sections of this report:
* Tester comments
* Program output
* Prerequisites
* Environment and other context
------------------------------
TESTER COMMENTS
------------------------------
Additional comments from tester:
none provided
------------------------------
PROGRAM OUTPUT
------------------------------
Output from './Build test':
t/00-pod.t ........... ok
# Failed test 'Pod coverage on CGI::Application::Plugin::ViewCode'
# at /opt/perl-5.19.11t/lib/site_perl/5.19.11/Test/Pod/Coverage.pm line 126.
# CGI::Application::Plugin::ViewCode: requiring 'CGI::Application::Plugin::ViewCode' failed
# Looks like you failed 1 test of 1.
t/01-pod-coverage.t ..
Dubious, test returned 1 (wstat 256, 0x100)
Failed 1/1 subtests
syntax error at /tmpfs/.cpan-build/CGI-Application-Plugin-ViewCode-1.02-egd6mT/blib/lib/CGI/Application/Plugin/ViewCode.pm line 179, near "$opt qw(highlight line_no pod)"
Global symbol "$opt" requires explicit package name at /tmpfs/.cpan-build/CGI-Application-Plugin-ViewCode-1.02-egd6mT/blib/lib/CGI/Application/Plugin/ViewCode.pm line 180.
Global symbol "$opt" requires explicit package name at /tmpfs/.cpan-build/CGI-Application-Plugin-ViewCode-1.02-egd6mT/blib/lib/CGI/Application/Plugin/ViewCode.pm line 181.
Global symbol "$query" requires explicit package name at /tmpfs/.cpan-build/CGI-Application-Plugin-ViewCode-1.02-egd6mT/blib/lib/CGI/Application/Plugin/ViewCode.pm line 181.
Global symbol "$opt" requires explicit package name at /tmpfs/.cpan-build/CGI-Application-Plugin-ViewCode-1.02-egd6mT/blib/lib/CGI/Application/Plugin/ViewCode.pm line 181.
Global symbol "%options" requires explicit package name at /tmpfs/.cpan-build/CGI-Application-Plugin-ViewCode-1.02-egd6mT/blib/lib/CGI/Application/Plugin/ViewCode.pm line 183.
Global symbol "$opt" requires explicit package name at /tmpfs/.cpan-build/CGI-Application-Plugin-ViewCode-1.02-egd6mT/blib/lib/CGI/Application/Plugin/ViewCode.pm line 183.
Global symbol "$module" requires explicit package name at /tmpfs/.cpan-build/CGI-Application-Plugin-ViewCode-1.02-egd6mT/blib/lib/CGI/Application/Plugin/ViewCode.pm line 190.
Global symbol "%options" requires explicit package name at /tmpfs/.cpan-build/CGI-Application-Plugin-ViewCode-1.02-egd6mT/blib/lib/CGI/Application/Plugin/ViewCode.pm line 205.
Global symbol "%options" requires explicit package name at /tmpfs/.cpan-build/CGI-Application-Plugin-ViewCode-1.02-egd6mT/blib/lib/CGI/Application/Plugin/ViewCode.pm line 219.
Global symbol "%options" requires explicit package name at /tmpfs/.cpan-build/CGI-Application-Plugin-ViewCode-1.02-egd6mT/blib/lib/CGI/Application/Plugin/ViewCode.pm line 227.
Global symbol "%options" requires explicit package name at /tmpfs/.cpan-build/CGI-Application-Plugin-ViewCode-1.02-egd6mT/blib/lib/CGI/Application/Plugin/ViewCode.pm line 227.
Global symbol "%options" requires explicit package name at /tmpfs/.cpan-build/CGI-Application-Plugin-ViewCode-1.02-egd6mT/blib/lib/CGI/Application/Plugin/ViewCode.pm line 230.
Global symbol "%options" requires explicit package name at /tmpfs/.cpan-build/CGI-Application-Plugin-ViewCode-1.02-egd6mT/blib/lib/CGI/Application/Plugin/ViewCode.pm line 238.
syntax error at /tmpfs/.cpan-build/CGI-Application-Plugin-ViewCode-1.02-egd6mT/blib/lib/CGI/Application/Plugin/ViewCode.pm line 276, near "}"
/tmpfs/.cpan-build/CGI-Application-Plugin-ViewCode-1.02-egd6mT/blib/lib/CGI/Application/Plugin/ViewCode.pm has too many errors.
Compilation failed in require at t/lib/MyBase/MyApp.pm line 4.
BEGIN failed--compilation aborted at t/lib/MyBase/MyApp.pm line 4.
Compilation failed in require at t/02-view_code.t line 4.
BEGIN failed--compilation aborted at t/02-view_code.t line 4.
t/02-view_code.t .....
Dubious, test returned 255 (wstat 65280, 0xff00)
No subtests run
syntax error at /tmpfs/.cpan-build/CGI-Application-Plugin-ViewCode-1.02-egd6mT/blib/lib/CGI/Application/Plugin/ViewCode.pm line 179, near "$opt qw(highlight line_no pod)"
Global symbol "$opt" requires explicit package name at /tmpfs/.cpan-build/CGI-Application-Plugin-ViewCode-1.02-egd6mT/blib/lib/CGI/Application/Plugin/ViewCode.pm line 180.
Global symbol "$opt" requires explicit package name at /tmpfs/.cpan-build/CGI-Application-Plugin-ViewCode-1.02-egd6mT/blib/lib/CGI/Application/Plugin/ViewCode.pm line 181.
Global symbol "$query" requires explicit package name at /tmpfs/.cpan-build/CGI-Application-Plugin-ViewCode-1.02-egd6mT/blib/lib/CGI/Application/Plugin/ViewCode.pm line 181.
Global symbol "$opt" requires explicit package name at /tmpfs/.cpan-build/CGI-Application-Plugin-ViewCode-1.02-egd6mT/blib/lib/CGI/Application/Plugin/ViewCode.pm line 181.
Global symbol "%options" requires explicit package name at /tmpfs/.cpan-build/CGI-Application-Plugin-ViewCode-1.02-egd6mT/blib/lib/CGI/Application/Plugin/ViewCode.pm line 183.
Global symbol "$opt" requires explicit package name at /tmpfs/.cpan-build/CGI-Application-Plugin-ViewCode-1.02-egd6mT/blib/lib/CGI/Application/Plugin/ViewCode.pm line 183.
Global symbol "$module" requires explicit package name at /tmpfs/.cpan-build/CGI-Application-Plugin-ViewCode-1.02-egd6mT/blib/lib/CGI/Application/Plugin/ViewCode.pm line 190.
Global symbol "%options" requires explicit package name at /tmpfs/.cpan-build/CGI-Application-Plugin-ViewCode-1.02-egd6mT/blib/lib/CGI/Application/Plugin/ViewCode.pm line 205.
Global symbol "%options" requires explicit package name at /tmpfs/.cpan-build/CGI-Application-Plugin-ViewCode-1.02-egd6mT/blib/lib/CGI/Application/Plugin/ViewCode.pm line 219.
Global symbol "%options" requires explicit package name at /tmpfs/.cpan-build/CGI-Application-Plugin-ViewCode-1.02-egd6mT/blib/lib/CGI/Application/Plugin/ViewCode.pm line 227.
Global symbol "%options" requires explicit package name at /tmpfs/.cpan-build/CGI-Application-Plugin-ViewCode-1.02-egd6mT/blib/lib/CGI/Application/Plugin/ViewCode.pm line 227.
Global symbol "%options" requires explicit package name at /tmpfs/.cpan-build/CGI-Application-Plugin-ViewCode-1.02-egd6mT/blib/lib/CGI/Application/Plugin/ViewCode.pm line 230.
Global symbol "%options" requires explicit package name at /tmpfs/.cpan-build/CGI-Application-Plugin-ViewCode-1.02-egd6mT/blib/lib/CGI/Application/Plugin/ViewCode.pm line 238.
syntax error at /tmpfs/.cpan-build/CGI-Application-Plugin-ViewCode-1.02-egd6mT/blib/lib/CGI/Application/Plugin/ViewCode.pm line 276, near "}"
/tmpfs/.cpan-build/CGI-Application-Plugin-ViewCode-1.02-egd6mT/blib/lib/CGI/Application/Plugin/ViewCode.pm has too many errors.
Compilation failed in require at t/lib/MyBase/MyApp.pm line 4.
BEGIN failed--compilation aborted at t/lib/MyBase/MyApp.pm line 4.
Compilation failed in require at t/03-view_pod.t line 5.
BEGIN failed--compilation aborted at t/03-view_pod.t line 5.
t/03-view_pod.t ......
Dubious, test returned 255 (wstat 65280, 0xff00)
No subtests run
syntax error at /tmpfs/.cpan-build/CGI-Application-Plugin-ViewCode-1.02-egd6mT/blib/lib/CGI/Application/Plugin/ViewCode.pm line 179, near "$opt qw(highlight line_no pod)"
Global symbol "$opt" requires explicit package name at /tmpfs/.cpan-build/CGI-Application-Plugin-ViewCode-1.02-egd6mT/blib/lib/CGI/Application/Plugin/ViewCode.pm line 180.
Global symbol "$opt" requires explicit package name at /tmpfs/.cpan-build/CGI-Application-Plugin-ViewCode-1.02-egd6mT/blib/lib/CGI/Application/Plugin/ViewCode.pm line 181.
Global symbol "$query" requires explicit package name at /tmpfs/.cpan-build/CGI-Application-Plugin-ViewCode-1.02-egd6mT/blib/lib/CGI/Application/Plugin/ViewCode.pm line 181.
Global symbol "$opt" requires explicit package name at /tmpfs/.cpan-build/CGI-Application-Plugin-ViewCode-1.02-egd6mT/blib/lib/CGI/Application/Plugin/ViewCode.pm line 181.
Global symbol "%options" requires explicit package name at /tmpfs/.cpan-build/CGI-Application-Plugin-ViewCode-1.02-egd6mT/blib/lib/CGI/Application/Plugin/ViewCode.pm line 183.
Global symbol "$opt" requires explicit package name at /tmpfs/.cpan-build/CGI-Application-Plugin-ViewCode-1.02-egd6mT/blib/lib/CGI/Application/Plugin/ViewCode.pm line 183.
Global symbol "$module" requires explicit package name at /tmpfs/.cpan-build/CGI-Application-Plugin-ViewCode-1.02-egd6mT/blib/lib/CGI/Application/Plugin/ViewCode.pm line 190.
Global symbol "%options" requires explicit package name at /tmpfs/.cpan-build/CGI-Application-Plugin-ViewCode-1.02-egd6mT/blib/lib/CGI/Application/Plugin/ViewCode.pm line 205.
Global symbol "%options" requires explicit package name at /tmpfs/.cpan-build/CGI-Application-Plugin-ViewCode-1.02-egd6mT/blib/lib/CGI/Application/Plugin/ViewCode.pm line 219.
Global symbol "%options" requires explicit package name at /tmpfs/.cpan-build/CGI-Application-Plugin-ViewCode-1.02-egd6mT/blib/lib/CGI/Application/Plugin/ViewCode.pm line 227.
Global symbol "%options" requires explicit package name at /tmpfs/.cpan-build/CGI-Application-Plugin-ViewCode-1.02-egd6mT/blib/lib/CGI/Application/Plugin/ViewCode.pm line 227.
Global symbol "%options" requires explicit package name at /tmpfs/.cpan-build/CGI-Application-Plugin-ViewCode-1.02-egd6mT/blib/lib/CGI/Application/Plugin/ViewCode.pm line 230.
Global symbol "%options" requires explicit package name at /tmpfs/.cpan-build/CGI-Application-Plugin-ViewCode-1.02-egd6mT/blib/lib/CGI/Application/Plugin/ViewCode.pm line 238.
syntax error at /tmpfs/.cpan-build/CGI-Application-Plugin-ViewCode-1.02-egd6mT/blib/lib/CGI/Application/Plugin/ViewCode.pm line 276, near "}"
/tmpfs/.cpan-build/CGI-Application-Plugin-ViewCode-1.02-egd6mT/blib/lib/CGI/Application/Plugin/ViewCode.pm has too many errors.
Compilation failed in require at t/lib/MyBase/MyApp.pm line 4.
BEGIN failed--compilation aborted at t/lib/MyBase/MyApp.pm line 4.
Compilation failed in require at t/04-errors.t line 4.
BEGIN failed--compilation aborted at t/04-errors.t line 4.
t/04-errors.t ........
Dubious, test returned 255 (wstat 65280, 0xff00)
No subtests run
Test Summary Report
-------------------
t/01-pod-coverage.t (Wstat: 256 Tests: 1 Failed: 1)
Failed test: 1
Non-zero exit status: 1
t/02-view_code.t (Wstat: 65280 Tests: 0 Failed: 0)
Non-zero exit status: 255
Parse errors: No plan found in TAP output
t/03-view_pod.t (Wstat: 65280 Tests: 0 Failed: 0)
Non-zero exit status: 255
Parse errors: No plan found in TAP output
t/04-errors.t (Wstat: 65280 Tests: 0 Failed: 0)
Non-zero exit status: 255
Parse errors: No plan found in TAP output
Files=5, Tests=2, 0 wallclock secs ( 0.02 usr 0.05 sys + 0.20 cusr 0.04 csys = 0.31 CPU)
Result: FAIL
Failed 4/5 test programs. 1/2 subtests failed.
------------------------------
PREREQUISITES
------------------------------
Prerequisite modules loaded:
requires:
Module Need Have
--------------------------------- ---- --------
CGI::Application 4 4.50
Pod::Xhtml 1 1.61
Syntax::Highlight::Perl::Improved 1 1.01
Test::LongString 0 0.15
Test::More 0 1.001002
------------------------------
ENVIRONMENT AND OTHER CONTEXT
------------------------------
Environment variables:
DBIC_NO_WARN_BAD_PERL = 1
LANG = C
PATH = /usr/local/bin:/usr/bin:/bin:/usr/local/sbin:/usr/sbin:/sbin:/home/eserte/bin/linux-gnu:/home/eserte/bin/sh:/home/eserte/bin:/usr/games:/home/eserte/devel:/home/eserte/src/srezic-misc/scripts
PERL5LIB =
PERL5OPT =
PERL5_CPANPLUS_IS_RUNNING = 25474
PERL5_CPAN_IS_RUNNING = 25474
PERL5_CPAN_IS_RUNNING_IN_RECURSION = 7420,25474
PERLDOC = -MPod::Perldoc::ToTextOverstrike
PERL_BATCH = yes
PERL_CPAN_REPORTER_CONFIG = /var/tmp/cpansmoker-1001/xpMiceWoBn_config.ini
PERL_EXTUTILS_AUTOINSTALL = --defaultdeps
PERL_HTML_DISPLAY_CLASS = HTML::Display::Mozilla
PERL_PARALLEL_SMOKER = yes
SHELL = /bin/zsh
TERM = screen
TMPDIR = /var/tmp/cpansmoker-1001
Perl special variables (and OS-specific diagnostics, for MSWin32):
$^X = /bbbike/perl-5.19.11t/bin/perl5.19.11
$UID/$EUID = 1001 / 1001
$GID = 1001 109 1001
$EGID = 1001 109 1001
Perl module toolchain versions installed:
Module Have
------------------- --------
CPAN 2.05
CPAN::Meta 2.140640
Cwd 3.47
ExtUtils::CBuilder 0.280216
ExtUtils::Command 1.18
ExtUtils::Install 1.67
ExtUtils::MakeMaker 6.94
ExtUtils::Manifest 1.63
ExtUtils::ParseXS 3.24
File::Spec 3.47
JSON 2.90
JSON::PP 2.27203
Module::Build 0.4205
Module::Signature 0.73
Parse::CPAN::Meta 1.4414
Test::Harness 3.30
Test::More 1.001002
YAML 0.90
YAML::Syck 1.27
version 0.9908
--
Summary of my perl5 (revision 5 version 19 subversion 11) configuration:
Platform:
osname=linux, osvers=3.2.0-4-amd64, archname=x86_64-linux-thread-multi
uname='linux eserte 3.2.0-4-amd64 #1 smp debian 3.2.57-3 x86_64 gnulinux '
config_args='-ds -e -Dprefix=/opt/perl-5.19.11t -Dusedevel -Dusemallocwrap=no -Dusethreads'
hint=recommended, useposix=true, d_sigaction=define
useithreads=define, usemultiplicity=define
use64bitint=define, use64bitall=define, uselongdouble=undef
usemymalloc=n, bincompat5005=undef
Compiler:
cc='cc', ccflags ='-D_REENTRANT -D_GNU_SOURCE -fwrapv -fno-strict-aliasing -pipe -fstack-protector -I/usr/local/include -D_LARGEFILE_SOURCE -D_FILE_OFFSET_BITS=64',
optimize='-O2',
cppflags='-D_REENTRANT -D_GNU_SOURCE -fwrapv -fno-strict-aliasing -pipe -fstack-protector -I/usr/local/include'
ccversion='', gccversion='4.7.2', gccosandvers=''
intsize=4, longsize=8, ptrsize=8, doublesize=8, byteorder=12345678
d_longlong=define, longlongsize=8, d_longdbl=define, longdblsize=16
ivtype='long', ivsize=8, nvtype='double', nvsize=8, Off_t='off_t', lseeksize=8
alignbytes=8, prototype=define
Linker and Libraries:
ld='cc', ldflags =' -fstack-protector -L/usr/local/lib'
libpth=/usr/local/lib /usr/lib/gcc/x86_64-linux-gnu/4.7/include-fixed /usr/include/x86_64-linux-gnu /usr/lib /lib/x86_64-linux-gnu /lib/../lib /usr/lib/x86_64-linux-gnu /usr/lib/../lib /lib
libs=-lnsl -ldb -ldl -lm -lcrypt -lutil -lpthread -lc
perllibs=-lnsl -ldl -lm -lcrypt -lutil -lpthread -lc
libc=libc-2.13.so, so=so, useshrplib=false, libperl=libperl.a
gnulibc_version='2.13'
Dynamic Linking:
dlsrc=dl_dlopen.xs, dlext=so, d_dlsymun=undef, ccdlflags='-Wl,-E'
cccdlflags='-fPIC', lddlflags='-shared -O2 -L/usr/local/lib -fstack-protector'
Characteristics of this binary (from libperl):
Compile-time options: HAS_TIMES MULTIPLICITY PERLIO_LAYERS
PERL_DONT_CREATE_GVSV
PERL_HASH_FUNC_ONE_AT_A_TIME_HARD
PERL_IMPLICIT_CONTEXT PERL_NEW_COPY_ON_WRITE
PERL_PRESERVE_IVUV PERL_USE_DEVEL USE_64_BIT_ALL
USE_64_BIT_INT USE_ITHREADS USE_LARGE_FILES
USE_LOCALE USE_LOCALE_COLLATE USE_LOCALE_CTYPE
USE_LOCALE_NUMERIC USE_PERLIO USE_PERL_ATOF
USE_REENTRANT_API
Built under linux
Compiled at May 14 2014 07:15:46
%ENV:
PERL5LIB=""
PERL5OPT=""
PERL5_CPANPLUS_IS_RUNNING="25474"
PERL5_CPAN_IS_RUNNING="25474"
PERL5_CPAN_IS_RUNNING_IN_RECURSION="7420,25474"
PERLDOC="-MPod::Perldoc::ToTextOverstrike"
PERL_BATCH="yes"
PERL_CPAN_REPORTER_CONFIG="/var/tmp/cpansmoker-1001/xpMiceWoBn_config.ini"
PERL_EXTUTILS_AUTOINSTALL="--defaultdeps"
PERL_HTML_DISPLAY_CLASS="HTML::Display::Mozilla"
PERL_PARALLEL_SMOKER="yes"
@INC:
/opt/perl-5.19.11t/lib/site_perl/5.19.11/x86_64-linux-thread-multi
/opt/perl-5.19.11t/lib/site_perl/5.19.11
/opt/perl-5.19.11t/lib/5.19.11/x86_64-linux-thread-multi
/opt/perl-5.19.11t/lib/5.19.11
.