Mojolicious-Plugin-Prometheus v1.2.0 Perl 5 v5.28.0 amd64-freebsd
- Status
- Fail
- From
- Slaven Rezić (SREZIC)
- Dist
-
Mojolicious-Plugin-Prometheus v1.2.0
- Platform
- Perl 5 v5.28.0 amd64-freebsd
- Date
- 2018-09-18 20:23:15
- ID
- ac75a33c-bb80-11e8-a1c2-f8fe9f5a377e
This distribution has been tested as part of the CPAN Testers
project, supporting the Perl programming language. See
http://wiki.cpantesters.org/ for more information or email
questions to cpan-testers-discuss@perl.org
--
Dear Vidar Tyldum,
This is a computer-generated report for Mojolicious-Plugin-Prometheus-1.2.0
on perl 5.28.0, created by CPAN-Reporter-1.2018.
Thank you for uploading your work to CPAN. However, there was a problem
testing your distribution.
If you think this report is invalid, please consult the CPAN Testers Wiki
for suggestions on how to avoid getting FAIL reports for missing library
or binary dependencies, unsupported operating systems, and so on:
http://wiki.cpantesters.org/wiki/CPANAuthorNotes
Sections of this report:
* Tester comments
* Program output
* Prerequisites
* Environment and other context
------------------------------
TESTER COMMENTS
------------------------------
Additional comments from tester:
none provided
------------------------------
PROGRAM OUTPUT
------------------------------
Output from './Build test':
t/00_compile.t ...... ok
Mojo::Reactor::Poll: Timer failed: Can't call method "collect" on an undefined value at /home/cpansand/.cpan/build/2018091902/Net-Prometheus-0.05-0/blib/lib/Net/Prometheus.pm line 279.
# Connect timeout
# Failed test 'GET /'
# at t/basic.t line 20.
# Failed test '200 OK'
# at t/basic.t line 20.
# got: undef
# expected: '200'
# Failed test 'exact match for content'
# at t/basic.t line 20.
# got: ''
# expected: 'Hello Mojo!'
Mojo::Reactor::Poll: Timer failed: Can't call method "collect" on an undefined value at /home/cpansand/.cpan/build/2018091902/Net-Prometheus-0.05-0/blib/lib/Net/Prometheus.pm line 279.
# Connect timeout
# Failed test 'POST /'
# at t/basic.t line 22.
# Failed test '200 OK'
# at t/basic.t line 22.
# got: undef
# expected: '200'
# Failed test 'exact match for content'
# at t/basic.t line 22.
# got: ''
# expected: 'Hello Mojo!'
Mojo::Reactor::Poll: I/O watcher failed: Can't call method "collect" on an undefined value at /home/cpansand/.cpan/build/2018091902/Net-Prometheus-0.05-0/blib/lib/Net/Prometheus.pm line 279.
# Premature connection close
# Failed test 'GET /metrics'
# at t/basic.t line 25.
# Failed test '200 OK'
# at t/basic.t line 25.
# got: undef
# expected: '200'
# Failed test 'Content-Type is similar'
# at t/basic.t line 25.
# undef
# doesn't match '(?^:^text/plain)'
# Failed test 'content is similar'
# at t/basic.t line 25.
# ''
# doesn't match '(?^:http_request_duration_seconds_count\{worker="\d+",method="GET"\} 1)'
# Looks like you failed 10 tests of 10.
t/basic.t ...........
Dubious, test returned 10 (wstat 2560, 0xa00)
Failed 10/10 subtests
Mojo::Reactor::Poll: Timer failed: Can't call method "collect" on an undefined value at /home/cpansand/.cpan/build/2018091902/Net-Prometheus-0.05-0/blib/lib/Net/Prometheus.pm line 279.
# Connect timeout
# Failed test 'GET /metrics'
# at t/custom.t line 21.
# Failed test '200 OK'
# at t/custom.t line 21.
# got: undef
# expected: '200'
# Failed test 'Content-Type is similar'
# at t/custom.t line 21.
# undef
# doesn't match '(?^:^text/plain)'
# Failed test 'content is similar'
# at t/custom.t line 21.
# ''
# doesn't match '(?^:test_counter 5)'
# Looks like you failed 4 tests of 4.
t/custom.t ..........
Dubious, test returned 4 (wstat 1024, 0x400)
Failed 4/4 subtests
Mojo::Reactor::Poll: Timer failed: Can't call method "collect" on an undefined value at /home/cpansand/.cpan/build/2018091902/Net-Prometheus-0.05-0/blib/lib/Net/Prometheus.pm line 279.
# Connect timeout
# Failed test 'GET /'
# at t/custom_buckets.t line 16.
# Failed test '200 OK'
# at t/custom_buckets.t line 16.
# got: undef
# expected: '200'
# Failed test 'content is similar'
# at t/custom_buckets.t line 16.
# ''
# doesn't match '(?^:Hello Mojo!)'
Mojo::Reactor::Poll: Timer failed: Can't call method "collect" on an undefined value at /home/cpansand/.cpan/build/2018091902/Net-Prometheus-0.05-0/blib/lib/Net/Prometheus.pm line 279.
# Connect timeout
# Failed test 'GET /metrics'
# at t/custom_buckets.t line 18.
# Failed test '200 OK'
# at t/custom_buckets.t line 18.
# got: undef
# expected: '200'
# Failed test 'Content-Type is similar'
# at t/custom_buckets.t line 18.
# undef
# doesn't match '(?^:^text/plain)'
# Failed test 'content is similar'
# at t/custom_buckets.t line 18.
# ''
# doesn't match '(?^:http_request_size_bytes_count\{worker="\d+",method="GET"\} 1)'
# Looks like you failed 7 tests of 7.
t/custom_buckets.t ..
Dubious, test returned 7 (wstat 1792, 0x700)
Failed 7/7 subtests
Mojo::Reactor::Poll: Timer failed: Can't call method "collect" on an undefined value at /home/cpansand/.cpan/build/2018091902/Net-Prometheus-0.05-0/blib/lib/Net/Prometheus.pm line 279.
# Connect timeout
# Failed test 'GET /metrics'
# at t/custom_group.t line 11.
# Failed test '200 OK'
# at t/custom_group.t line 11.
# got: undef
# expected: '200'
Mojo::Reactor::Poll: Timer failed: Can't call method "collect" on an undefined value at /home/cpansand/.cpan/build/2018091902/Net-Prometheus-0.05-0/blib/lib/Net/Prometheus.pm line 279.
# Connect timeout
# Failed test 'GET /metrics'
# at t/custom_group.t line 13.
# Failed test '200 OK'
# at t/custom_group.t line 13.
# got: undef
# expected: '200'
# Failed test 'Content-Type is similar'
# at t/custom_group.t line 13.
# undef
# doesn't match '(?^:^text/plain)'
# Failed test 'content is similar'
# at t/custom_group.t line 13.
# ''
# doesn't match '(?^:mojolicious_http_request_duration_seconds)'
# Looks like you failed 6 tests of 6.
t/custom_group.t ....
Dubious, test returned 6 (wstat 1536, 0x600)
Failed 6/6 subtests
Mojo::Reactor::Poll: Timer failed: Can't call method "collect" on an undefined value at /home/cpansand/.cpan/build/2018091902/Net-Prometheus-0.05-0/blib/lib/Net/Prometheus.pm line 279.
# Connect timeout
# Failed test 'GET /vidar'
# at t/custom_path.t line 11.
# Failed test '200 OK'
# at t/custom_path.t line 11.
# got: undef
# expected: '200'
# Failed test 'Content-Type is similar'
# at t/custom_path.t line 11.
# undef
# doesn't match '(?^:^text/plain)'
# Failed test 'content is similar'
# at t/custom_path.t line 11.
# ''
# doesn't match '(?^:http_request_duration_seconds)'
# Looks like you failed 4 tests of 4.
t/custom_path.t .....
Dubious, test returned 4 (wstat 1024, 0x400)
Failed 4/4 subtests
Mojo::Reactor::Poll: Timer failed: Can't call method "collect" on an undefined value at /home/cpansand/.cpan/build/2018091902/Net-Prometheus-0.05-0/blib/lib/Net/Prometheus.pm line 279.
# Connect timeout
# Failed test 'GET /'
# at t/defaults.t line 23.
# Failed test '200 OK'
# at t/defaults.t line 23.
# got: undef
# expected: '200'
# Failed test 'exact match for content'
# at t/defaults.t line 23.
# got: ''
# expected: 'Hello Mojo!'
Mojo::Reactor::Poll: Timer failed: Can't call method "collect" on an undefined value at /home/cpansand/.cpan/build/2018091902/Net-Prometheus-0.05-0/blib/lib/Net/Prometheus.pm line 279.
# Connect timeout
# Failed test 'POST /'
# at t/defaults.t line 24.
# Failed test '200 OK'
# at t/defaults.t line 24.
# got: undef
# expected: '200'
# Failed test 'exact match for content'
# at t/defaults.t line 24.
# got: ''
# expected: 'Hello Mojo!'
Mojo::Reactor::Poll: I/O watcher failed: Can't call method "collect" on an undefined value at /home/cpansand/.cpan/build/2018091902/Net-Prometheus-0.05-0/blib/lib/Net/Prometheus.pm line 279.
# Premature connection close
# Failed test 'GET /'
# at t/defaults.t line 23.
# Failed test '200 OK'
# at t/defaults.t line 23.
# got: undef
# expected: '200'
# Failed test 'exact match for content'
# at t/defaults.t line 23.
# got: ''
# expected: 'Hello Mojo!'
Mojo::Reactor::Poll: I/O watcher failed: Can't call method "collect" on an undefined value at /home/cpansand/.cpan/build/2018091902/Net-Prometheus-0.05-0/blib/lib/Net/Prometheus.pm line 279.
# Premature connection close
# Failed test 'POST /'
# at t/defaults.t line 24.
# Failed test '200 OK'
# at t/defaults.t line 24.
# got: undef
# expected: '200'
# Failed test 'exact match for content'
# at t/defaults.t line 24.
# got: ''
# expected: 'Hello Mojo!'
Mojo::Reactor::Poll: I/O watcher failed: Can't call method "collect" on an undefined value at /home/cpansand/.cpan/build/2018091902/Net-Prometheus-0.05-0/blib/lib/Net/Prometheus.pm line 279.
# Premature connection close
# Failed test 'GET /'
# at t/defaults.t line 23.
# Failed test '200 OK'
# at t/defaults.t line 23.
# got: undef
# expected: '200'
# Failed test 'exact match for content'
# at t/defaults.t line 23.
# got: ''
# expected: 'Hello Mojo!'
Mojo::Reactor::Poll: I/O watcher failed: Can't call method "collect" on an undefined value at /home/cpansand/.cpan/build/2018091902/Net-Prometheus-0.05-0/blib/lib/Net/Prometheus.pm line 279.
# Premature connection close
# Failed test 'POST /'
# at t/defaults.t line 24.
# Failed test '200 OK'
# at t/defaults.t line 24.
# got: undef
# expected: '200'
# Failed test 'exact match for content'
# at t/defaults.t line 24.
# got: ''
# expected: 'Hello Mojo!'
Mojo::Reactor::Poll: I/O watcher failed: Can't call method "collect" on an undefined value at /home/cpansand/.cpan/build/2018091902/Net-Prometheus-0.05-0/blib/lib/Net/Prometheus.pm line 279.
# Premature connection close
# Failed test 'GET /'
# at t/defaults.t line 23.
# Failed test '200 OK'
# at t/defaults.t line 23.
# got: undef
# expected: '200'
# Failed test 'exact match for content'
# at t/defaults.t line 23.
# got: ''
# expected: 'Hello Mojo!'
Mojo::Reactor::Poll: I/O watcher failed: Can't call method "collect" on an undefined value at /home/cpansand/.cpan/build/2018091902/Net-Prometheus-0.05-0/blib/lib/Net/Prometheus.pm line 279.
# Premature connection close
# Failed test 'POST /'
# at t/defaults.t line 24.
# Failed test '200 OK'
# at t/defaults.t line 24.
# got: undef
# expected: '200'
# Failed test 'exact match for content'
# at t/defaults.t line 24.
# got: ''
# expected: 'Hello Mojo!'
Mojo::Reactor::Poll: I/O watcher failed: Can't call method "collect" on an undefined value at /home/cpansand/.cpan/build/2018091902/Net-Prometheus-0.05-0/blib/lib/Net/Prometheus.pm line 279.
# Premature connection close
# Failed test 'GET /'
# at t/defaults.t line 23.
# Failed test '200 OK'
# at t/defaults.t line 23.
# got: undef
# expected: '200'
# Failed test 'exact match for content'
# at t/defaults.t line 23.
# got: ''
# expected: 'Hello Mojo!'
Mojo::Reactor::Poll: I/O watcher failed: Can't call method "collect" on an undefined value at /home/cpansand/.cpan/build/2018091902/Net-Prometheus-0.05-0/blib/lib/Net/Prometheus.pm line 279.
# Premature connection close
# Failed test 'POST /'
# at t/defaults.t line 24.
# Failed test '200 OK'
# at t/defaults.t line 24.
# got: undef
# expected: '200'
# Failed test 'exact match for content'
# at t/defaults.t line 24.
# got: ''
# expected: 'Hello Mojo!'
Mojo::Reactor::Poll: I/O watcher failed: Can't call method "collect" on an undefined value at /home/cpansand/.cpan/build/2018091902/Net-Prometheus-0.05-0/blib/lib/Net/Prometheus.pm line 279.
# Premature connection close
# Failed test 'GET /'
# at t/defaults.t line 23.
# Failed test '200 OK'
# at t/defaults.t line 23.
# got: undef
# expected: '200'
# Failed test 'exact match for content'
# at t/defaults.t line 23.
# got: ''
# expected: 'Hello Mojo!'
Mojo::Reactor::Poll: I/O watcher failed: Can't call method "collect" on an undefined value at /home/cpansand/.cpan/build/2018091902/Net-Prometheus-0.05-0/blib/lib/Net/Prometheus.pm line 279.
# Premature connection close
# Failed test 'POST /'
# at t/defaults.t line 24.
# Failed test '200 OK'
# at t/defaults.t line 24.
# got: undef
# expected: '200'
# Failed test 'exact match for content'
# at t/defaults.t line 24.
# got: ''
# expected: 'Hello Mojo!'
Mojo::Reactor::Poll: I/O watcher failed: Can't call method "collect" on an undefined value at /home/cpansand/.cpan/build/2018091902/Net-Prometheus-0.05-0/blib/lib/Net/Prometheus.pm line 279.
# Premature connection close
# Failed test 'GET /'
# at t/defaults.t line 23.
# Failed test '200 OK'
# at t/defaults.t line 23.
# got: undef
# expected: '200'
# Failed test 'exact match for content'
# at t/defaults.t line 23.
# got: ''
# expected: 'Hello Mojo!'
Mojo::Reactor::Poll: I/O watcher failed: Can't call method "collect" on an undefined value at /home/cpansand/.cpan/build/2018091902/Net-Prometheus-0.05-0/blib/lib/Net/Prometheus.pm line 279.
# Premature connection close
# Failed test 'POST /'
# at t/defaults.t line 24.
# Failed test '200 OK'
# at t/defaults.t line 24.
# got: undef
# expected: '200'
# Failed test 'exact match for content'
# at t/defaults.t line 24.
# got: ''
# expected: 'Hello Mojo!'
Mojo::Reactor::Poll: I/O watcher failed: Can't call method "collect" on an undefined value at /home/cpansand/.cpan/build/2018091902/Net-Prometheus-0.05-0/blib/lib/Net/Prometheus.pm line 279.
# Premature connection close
# Failed test 'GET /'
# at t/defaults.t line 23.
# Failed test '200 OK'
# at t/defaults.t line 23.
# got: undef
# expected: '200'
# Failed test 'exact match for content'
# at t/defaults.t line 23.
# got: ''
# expected: 'Hello Mojo!'
Mojo::Reactor::Poll: I/O watcher failed: Can't call method "collect" on an undefined value at /home/cpansand/.cpan/build/2018091902/Net-Prometheus-0.05-0/blib/lib/Net/Prometheus.pm line 279.
# Premature connection close
# Failed test 'POST /'
# at t/defaults.t line 24.
# Failed test '200 OK'
# at t/defaults.t line 24.
# got: undef
# expected: '200'
# Failed test 'exact match for content'
# at t/defaults.t line 24.
# got: ''
# expected: 'Hello Mojo!'
Mojo::Reactor::Poll: I/O watcher failed: Can't call method "collect" on an undefined value at /home/cpansand/.cpan/build/2018091902/Net-Prometheus-0.05-0/blib/lib/Net/Prometheus.pm line 279.
# Premature connection close
# Failed test 'GET /'
# at t/defaults.t line 23.
# Failed test '200 OK'
# at t/defaults.t line 23.
# got: undef
# expected: '200'
# Failed test 'exact match for content'
# at t/defaults.t line 23.
# got: ''
# expected: 'Hello Mojo!'
Mojo::Reactor::Poll: I/O watcher failed: Can't call method "collect" on an undefined value at /home/cpansand/.cpan/build/2018091902/Net-Prometheus-0.05-0/blib/lib/Net/Prometheus.pm line 279.
# Premature connection close
# Failed test 'POST /'
# at t/defaults.t line 24.
# Failed test '200 OK'
# at t/defaults.t line 24.
# got: undef
# expected: '200'
# Failed test 'exact match for content'
# at t/defaults.t line 24.
# got: ''
# expected: 'Hello Mojo!'
Mojo::Reactor::Poll: I/O watcher failed: Can't call method "collect" on an undefined value at /home/cpansand/.cpan/build/2018091902/Net-Prometheus-0.05-0/blib/lib/Net/Prometheus.pm line 279.
# Premature connection close
# Failed test 'GET /'
# at t/defaults.t line 23.
# Failed test '200 OK'
# at t/defaults.t line 23.
# got: undef
# expected: '200'
# Failed test 'exact match for content'
# at t/defaults.t line 23.
# got: ''
# expected: 'Hello Mojo!'
Mojo::Reactor::Poll: I/O watcher failed: Can't call method "collect" on an undefined value at /home/cpansand/.cpan/build/2018091902/Net-Prometheus-0.05-0/blib/lib/Net/Prometheus.pm line 279.
# Premature connection close
# Failed test 'POST /'
# at t/defaults.t line 24.
# Failed test '200 OK'
# at t/defaults.t line 24.
# got: undef
# expected: '200'
# Failed test 'exact match for content'
# at t/defaults.t line 24.
# got: ''
# expected: 'Hello Mojo!'
Mojo::Reactor::Poll: I/O watcher failed: Can't call method "collect" on an undefined value at /home/cpansand/.cpan/build/2018091902/Net-Prometheus-0.05-0/blib/lib/Net/Prometheus.pm line 279.
# Premature connection close
# Failed test 'GET /'
# at t/defaults.t line 23.
# Failed test '200 OK'
# at t/defaults.t line 23.
# got: undef
# expected: '200'
# Failed test 'exact match for content'
# at t/defaults.t line 23.
# got: ''
# expected: 'Hello Mojo!'
Mojo::Reactor::Poll: I/O watcher failed: Can't call method "collect" on an undefined value at /home/cpansand/.cpan/build/2018091902/Net-Prometheus-0.05-0/blib/lib/Net/Prometheus.pm line 279.
# Premature connection close
# Failed test 'POST /'
# at t/defaults.t line 24.
# Failed test '200 OK'
# at t/defaults.t line 24.
# got: undef
# expected: '200'
# Failed test 'exact match for content'
# at t/defaults.t line 24.
# got: ''
# expected: 'Hello Mojo!'
Mojo::Reactor::Poll: I/O watcher failed: Can't call method "collect" on an undefined value at /home/cpansand/.cpan/build/2018091902/Net-Prometheus-0.05-0/blib/lib/Net/Prometheus.pm line 279.
# Premature connection close
# Failed test 'GET /'
# at t/defaults.t line 23.
# Failed test '200 OK'
# at t/defaults.t line 23.
# got: undef
# expected: '200'
# Failed test 'exact match for content'
# at t/defaults.t line 23.
# got: ''
# expected: 'Hello Mojo!'
Mojo::Reactor::Poll: I/O watcher failed: Can't call method "collect" on an undefined value at /home/cpansand/.cpan/build/2018091902/Net-Prometheus-0.05-0/blib/lib/Net/Prometheus.pm line 279.
# Premature connection close
# Failed test 'POST /'
# at t/defaults.t line 24.
# Failed test '200 OK'
# at t/defaults.t line 24.
# got: undef
# expected: '200'
# Failed test 'exact match for content'
# at t/defaults.t line 24.
# got: ''
# expected: 'Hello Mojo!'
Mojo::Reactor::Poll: I/O watcher failed: Can't call method "collect" on an undefined value at /home/cpansand/.cpan/build/2018091902/Net-Prometheus-0.05-0/blib/lib/Net/Prometheus.pm line 279.
# Premature connection close
# Failed test 'GET /'
# at t/defaults.t line 23.
# Failed test '200 OK'
# at t/defaults.t line 23.
# got: undef
# expected: '200'
# Failed test 'exact match for content'
# at t/defaults.t line 23.
# got: ''
# expected: 'Hello Mojo!'
Mojo::Reactor::Poll: I/O watcher failed: Can't call method "collect" on an undefined value at /home/cpansand/.cpan/build/2018091902/Net-Prometheus-0.05-0/blib/lib/Net/Prometheus.pm line 279.
# Premature connection close
# Failed test 'POST /'
# at t/defaults.t line 24.
# Failed test '200 OK'
# at t/defaults.t line 24.
# got: undef
# expected: '200'
# Failed test 'exact match for content'
# at t/defaults.t line 24.
# got: ''
# expected: 'Hello Mojo!'
Mojo::Reactor::Poll: I/O watcher failed: Can't call method "collect" on an undefined value at /home/cpansand/.cpan/build/2018091902/Net-Prometheus-0.05-0/blib/lib/Net/Prometheus.pm line 279.
# Premature connection close
# Failed test 'GET /'
# at t/defaults.t line 23.
# Failed test '200 OK'
# at t/defaults.t line 23.
# got: undef
# expected: '200'
# Failed test 'exact match for content'
# at t/defaults.t line 23.
# got: ''
# expected: 'Hello Mojo!'
Mojo::Reactor::Poll: I/O watcher failed: Can't call method "collect" on an undefined value at /home/cpansand/.cpan/build/2018091902/Net-Prometheus-0.05-0/blib/lib/Net/Prometheus.pm line 279.
# Premature connection close
# Failed test 'POST /'
# at t/defaults.t line 24.
# Failed test '200 OK'
# at t/defaults.t line 24.
# got: undef
# expected: '200'
# Failed test 'exact match for content'
# at t/defaults.t line 24.
# got: ''
# expected: 'Hello Mojo!'
Mojo::Reactor::Poll: I/O watcher failed: Can't call method "collect" on an undefined value at /home/cpansand/.cpan/build/2018091902/Net-Prometheus-0.05-0/blib/lib/Net/Prometheus.pm line 279.
# Premature connection close
# Failed test 'GET /'
# at t/defaults.t line 23.
# Failed test '200 OK'
# at t/defaults.t line 23.
# got: undef
# expected: '200'
# Failed test 'exact match for content'
# at t/defaults.t line 23.
# got: ''
# expected: 'Hello Mojo!'
Mojo::Reactor::Poll: I/O watcher failed: Can't call method "collect" on an undefined value at /home/cpansand/.cpan/build/2018091902/Net-Prometheus-0.05-0/blib/lib/Net/Prometheus.pm line 279.
# Premature connection close
# Failed test 'POST /'
# at t/defaults.t line 24.
# Failed test '200 OK'
# at t/defaults.t line 24.
# got: undef
# expected: '200'
# Failed test 'exact match for content'
# at t/defaults.t line 24.
# got: ''
# expected: 'Hello Mojo!'
Mojo::Reactor::Poll: I/O watcher failed: Can't call method "collect" on an undefined value at /home/cpansand/.cpan/build/2018091902/Net-Prometheus-0.05-0/blib/lib/Net/Prometheus.pm line 279.
# Premature connection close
# Failed test 'GET /'
# at t/defaults.t line 23.
# Failed test '200 OK'
# at t/defaults.t line 23.
# got: undef
# expected: '200'
# Failed test 'exact match for content'
# at t/defaults.t line 23.
# got: ''
# expected: 'Hello Mojo!'
Mojo::Reactor::Poll: I/O watcher failed: Can't call method "collect" on an undefined value at /home/cpansand/.cpan/build/2018091902/Net-Prometheus-0.05-0/blib/lib/Net/Prometheus.pm line 279.
# Premature connection close
# Failed test 'POST /'
# at t/defaults.t line 24.
# Failed test '200 OK'
# at t/defaults.t line 24.
# got: undef
# expected: '200'
# Failed test 'exact match for content'
# at t/defaults.t line 24.
# got: ''
# expected: 'Hello Mojo!'
Mojo::Reactor::Poll: I/O watcher failed: Can't call method "collect" on an undefined value at /home/cpansand/.cpan/build/2018091902/Net-Prometheus-0.05-0/blib/lib/Net/Prometheus.pm line 279.
# Premature connection close
# Failed test 'GET /'
# at t/defaults.t line 23.
# Failed test '200 OK'
# at t/defaults.t line 23.
# got: undef
# expected: '200'
# Failed test 'exact match for content'
# at t/defaults.t line 23.
# got: ''
# expected: 'Hello Mojo!'
Mojo::Reactor::Poll: I/O watcher failed: Can't call method "collect" on an undefined value at /home/cpansand/.cpan/build/2018091902/Net-Prometheus-0.05-0/blib/lib/Net/Prometheus.pm line 279.
# Premature connection close
# Failed test 'POST /'
# at t/defaults.t line 24.
# Failed test '200 OK'
# at t/defaults.t line 24.
# got: undef
# expected: '200'
# Failed test 'exact match for content'
# at t/defaults.t line 24.
# got: ''
# expected: 'Hello Mojo!'
Mojo::Reactor::Poll: I/O watcher failed: Can't call method "collect" on an undefined value at /home/cpansand/.cpan/build/2018091902/Net-Prometheus-0.05-0/blib/lib/Net/Prometheus.pm line 279.
# Premature connection close
# Failed test 'GET /'
# at t/defaults.t line 23.
# Failed test '200 OK'
# at t/defaults.t line 23.
# got: undef
# expected: '200'
# Failed test 'exact match for content'
# at t/defaults.t line 23.
# got: ''
# expected: 'Hello Mojo!'
Mojo::Reactor::Poll: I/O watcher failed: Can't call method "collect" on an undefined value at /home/cpansand/.cpan/build/2018091902/Net-Prometheus-0.05-0/blib/lib/Net/Prometheus.pm line 279.
# Premature connection close
# Failed test 'POST /'
# at t/defaults.t line 24.
# Failed test '200 OK'
# at t/defaults.t line 24.
# got: undef
# expected: '200'
# Failed test 'exact match for content'
# at t/defaults.t line 24.
# got: ''
# expected: 'Hello Mojo!'
Mojo::Reactor::Poll: I/O watcher failed: Can't call method "collect" on an undefined value at /home/cpansand/.cpan/build/2018091902/Net-Prometheus-0.05-0/blib/lib/Net/Prometheus.pm line 279.
# Premature connection close
# Failed test 'GET /'
# at t/defaults.t line 23.
# Failed test '200 OK'
# at t/defaults.t line 23.
# got: undef
# expected: '200'
# Failed test 'exact match for content'
# at t/defaults.t line 23.
# got: ''
# expected: 'Hello Mojo!'
Mojo::Reactor::Poll: I/O watcher failed: Can't call method "collect" on an undefined value at /home/cpansand/.cpan/build/2018091902/Net-Prometheus-0.05-0/blib/lib/Net/Prometheus.pm line 279.
# Premature connection close
# Failed test 'POST /'
# at t/defaults.t line 24.
# Failed test '200 OK'
# at t/defaults.t line 24.
# got: undef
# expected: '200'
# Failed test 'exact match for content'
# at t/defaults.t line 24.
# got: ''
# expected: 'Hello Mojo!'
Mojo::Reactor::Poll: I/O watcher failed: Can't call method "collect" on an undefined value at /home/cpansand/.cpan/build/2018091902/Net-Prometheus-0.05-0/blib/lib/Net/Prometheus.pm line 279.
# Premature connection close
# Failed test 'GET /'
# at t/defaults.t line 23.
# Failed test '200 OK'
# at t/defaults.t line 23.
# got: undef
# expected: '200'
# Failed test 'exact match for content'
# at t/defaults.t line 23.
# got: ''
# expected: 'Hello Mojo!'
Mojo::Reactor::Poll: I/O watcher failed: Can't call method "collect" on an undefined value at /home/cpansand/.cpan/build/2018091902/Net-Prometheus-0.05-0/blib/lib/Net/Prometheus.pm line 279.
# Premature connection close
# Failed test 'POST /'
# at t/defaults.t line 24.
# Failed test '200 OK'
# at t/defaults.t line 24.
# got: undef
# expected: '200'
# Failed test 'exact match for content'
# at t/defaults.t line 24.
# got: ''
# expected: 'Hello Mojo!'
Mojo::Reactor::Poll: I/O watcher failed: Can't call method "collect" on an undefined value at /home/cpansand/.cpan/build/2018091902/Net-Prometheus-0.05-0/blib/lib/Net/Prometheus.pm line 279.
# Premature connection close
# Failed test 'GET /'
# at t/defaults.t line 23.
# Failed test '200 OK'
# at t/defaults.t line 23.
# got: undef
# expected: '200'
# Failed test 'exact match for content'
# at t/defaults.t line 23.
# got: ''
# expected: 'Hello Mojo!'
Mojo::Reactor::Poll: I/O watcher failed: Can't call method "collect" on an undefined value at /home/cpansand/.cpan/build/2018091902/Net-Prometheus-0.05-0/blib/lib/Net/Prometheus.pm line 279.
# Premature connection close
# Failed test 'POST /'
# at t/defaults.t line 24.
# Failed test '200 OK'
# at t/defaults.t line 24.
# got: undef
# expected: '200'
# Failed test 'exact match for content'
# at t/defaults.t line 24.
# got: ''
# expected: 'Hello Mojo!'
Mojo::Reactor::Poll: I/O watcher failed: Can't call method "collect" on an undefined value at /home/cpansand/.cpan/build/2018091902/Net-Prometheus-0.05-0/blib/lib/Net/Prometheus.pm line 279.
# Premature connection close
# Failed test 'GET /'
# at t/defaults.t line 23.
# Failed test '200 OK'
# at t/defaults.t line 23.
# got: undef
# expected: '200'
# Failed test 'exact match for content'
# at t/defaults.t line 23.
# got: ''
# expected: 'Hello Mojo!'
Mojo::Reactor::Poll: I/O watcher failed: Can't call method "collect" on an undefined value at /home/cpansand/.cpan/build/2018091902/Net-Prometheus-0.05-0/blib/lib/Net/Prometheus.pm line 279.
# Premature connection close
# Failed test 'POST /'
# at t/defaults.t line 24.
# Failed test '200 OK'
# at t/defaults.t line 24.
# got: undef
# expected: '200'
# Failed test 'exact match for content'
# at t/defaults.t line 24.
# got: ''
# expected: 'Hello Mojo!'
Mojo::Reactor::Poll: I/O watcher failed: Can't call method "collect" on an undefined value at /home/cpansand/.cpan/build/2018091902/Net-Prometheus-0.05-0/blib/lib/Net/Prometheus.pm line 279.
# Premature connection close
# Failed test 'GET /'
# at t/defaults.t line 23.
# Failed test '200 OK'
# at t/defaults.t line 23.
# got: undef
# expected: '200'
# Failed test 'exact match for content'
# at t/defaults.t line 23.
# got: ''
# expected: 'Hello Mojo!'
Mojo::Reactor::Poll: I/O watcher failed: Can't call method "collect" on an undefined value at /home/cpansand/.cpan/build/2018091902/Net-Prometheus-0.05-0/blib/lib/Net/Prometheus.pm line 279.
# Premature connection close
# Failed test 'POST /'
# at t/defaults.t line 24.
# Failed test '200 OK'
# at t/defaults.t line 24.
# got: undef
# expected: '200'
# Failed test 'exact match for content'
# at t/defaults.t line 24.
# got: ''
# expected: 'Hello Mojo!'
Mojo::Reactor::Poll: I/O watcher failed: Can't call method "collect" on an undefined value at /home/cpansand/.cpan/build/2018091902/Net-Prometheus-0.05-0/blib/lib/Net/Prometheus.pm line 279.
# Premature connection close
# Failed test 'GET /'
# at t/defaults.t line 23.
# Failed test '200 OK'
# at t/defaults.t line 23.
# got: undef
# expected: '200'
# Failed test 'exact match for content'
# at t/defaults.t line 23.
# got: ''
# expected: 'Hello Mojo!'
Mojo::Reactor::Poll: I/O watcher failed: Can't call method "collect" on an undefined value at /home/cpansand/.cpan/build/2018091902/Net-Prometheus-0.05-0/blib/lib/Net/Prometheus.pm line 279.
# Premature connection close
# Failed test 'POST /'
# at t/defaults.t line 24.
# Failed test '200 OK'
# at t/defaults.t line 24.
# got: undef
# expected: '200'
# Failed test 'exact match for content'
# at t/defaults.t line 24.
# got: ''
# expected: 'Hello Mojo!'
Mojo::Reactor::Poll: I/O watcher failed: Can't call method "collect" on an undefined value at /home/cpansand/.cpan/build/2018091902/Net-Prometheus-0.05-0/blib/lib/Net/Prometheus.pm line 279.
# Premature connection close
# Failed test 'GET /'
# at t/defaults.t line 23.
# Failed test '200 OK'
# at t/defaults.t line 23.
# got: undef
# expected: '200'
# Failed test 'exact match for content'
# at t/defaults.t line 23.
# got: ''
# expected: 'Hello Mojo!'
Mojo::Reactor::Poll: I/O watcher failed: Can't call method "collect" on an undefined value at /home/cpansand/.cpan/build/2018091902/Net-Prometheus-0.05-0/blib/lib/Net/Prometheus.pm line 279.
# Premature connection close
# Failed test 'POST /'
# at t/defaults.t line 24.
# Failed test '200 OK'
# at t/defaults.t line 24.
# got: undef
# expected: '200'
# Failed test 'exact match for content'
# at t/defaults.t line 24.
# got: ''
# expected: 'Hello Mojo!'
Mojo::Reactor::Poll: I/O watcher failed: Can't call method "collect" on an undefined value at /home/cpansand/.cpan/build/2018091902/Net-Prometheus-0.05-0/blib/lib/Net/Prometheus.pm line 279.
# Premature connection close
# Failed test 'GET /'
# at t/defaults.t line 23.
# Failed test '200 OK'
# at t/defaults.t line 23.
# got: undef
# expected: '200'
# Failed test 'exact match for content'
# at t/defaults.t line 23.
# got: ''
# expected: 'Hello Mojo!'
Mojo::Reactor::Poll: I/O watcher failed: Can't call method "collect" on an undefined value at /home/cpansand/.cpan/build/2018091902/Net-Prometheus-0.05-0/blib/lib/Net/Prometheus.pm line 279.
# Premature connection close
# Failed test 'POST /'
# at t/defaults.t line 24.
# Failed test '200 OK'
# at t/defaults.t line 24.
# got: undef
# expected: '200'
# Failed test 'exact match for content'
# at t/defaults.t line 24.
# got: ''
# expected: 'Hello Mojo!'
Mojo::Reactor::Poll: I/O watcher failed: Can't call method "collect" on an undefined value at /home/cpansand/.cpan/build/2018091902/Net-Prometheus-0.05-0/blib/lib/Net/Prometheus.pm line 279.
# Premature connection close
# Failed test 'GET /'
# at t/defaults.t line 23.
# Failed test '200 OK'
# at t/defaults.t line 23.
# got: undef
# expected: '200'
# Failed test 'exact match for content'
# at t/defaults.t line 23.
# got: ''
# expected: 'Hello Mojo!'
Mojo::Reactor::Poll: I/O watcher failed: Can't call method "collect" on an undefined value at /home/cpansand/.cpan/build/2018091902/Net-Prometheus-0.05-0/blib/lib/Net/Prometheus.pm line 279.
# Premature connection close
# Failed test 'POST /'
# at t/defaults.t line 24.
# Failed test '200 OK'
# at t/defaults.t line 24.
# got: undef
# expected: '200'
# Failed test 'exact match for content'
# at t/defaults.t line 24.
# got: ''
# expected: 'Hello Mojo!'
Mojo::Reactor::Poll: I/O watcher failed: Can't call method "collect" on an undefined value at /home/cpansand/.cpan/build/2018091902/Net-Prometheus-0.05-0/blib/lib/Net/Prometheus.pm line 279.
# Premature connection close
# Failed test 'GET /'
# at t/defaults.t line 23.
# Failed test '200 OK'
# at t/defaults.t line 23.
# got: undef
# expected: '200'
# Failed test 'exact match for content'
# at t/defaults.t line 23.
# got: ''
# expected: 'Hello Mojo!'
Mojo::Reactor::Poll: I/O watcher failed: Can't call method "collect" on an undefined value at /home/cpansand/.cpan/build/2018091902/Net-Prometheus-0.05-0/blib/lib/Net/Prometheus.pm line 279.
# Premature connection close
# Failed test 'POST /'
# at t/defaults.t line 24.
# Failed test '200 OK'
# at t/defaults.t line 24.
# got: undef
# expected: '200'
# Failed test 'exact match for content'
# at t/defaults.t line 24.
# got: ''
# expected: 'Hello Mojo!'
Mojo::Reactor::Poll: I/O watcher failed: Can't call method "collect" on an undefined value at /home/cpansand/.cpan/build/2018091902/Net-Prometheus-0.05-0/blib/lib/Net/Prometheus.pm line 279.
# Premature connection close
# Failed test 'GET /'
# at t/defaults.t line 23.
# Failed test '200 OK'
# at t/defaults.t line 23.
# got: undef
# expected: '200'
# Failed test 'exact match for content'
# at t/defaults.t line 23.
# got: ''
# expected: 'Hello Mojo!'
Mojo::Reactor::Poll: I/O watcher failed: Can't call method "collect" on an undefined value at /home/cpansand/.cpan/build/2018091902/Net-Prometheus-0.05-0/blib/lib/Net/Prometheus.pm line 279.
# Premature connection close
# Failed test 'POST /'
# at t/defaults.t line 24.
# Failed test '200 OK'
# at t/defaults.t line 24.
# got: undef
# expected: '200'
# Failed test 'exact match for content'
# at t/defaults.t line 24.
# got: ''
# expected: 'Hello Mojo!'
Mojo::Reactor::Poll: I/O watcher failed: Can't call method "collect" on an undefined value at /home/cpansand/.cpan/build/2018091902/Net-Prometheus-0.05-0/blib/lib/Net/Prometheus.pm line 279.
# Premature connection close
# Failed test 'GET /'
# at t/defaults.t line 23.
# Failed test '200 OK'
# at t/defaults.t line 23.
# got: undef
# expected: '200'
# Failed test 'exact match for content'
# at t/defaults.t line 23.
# got: ''
# expected: 'Hello Mojo!'
Mojo::Reactor::Poll: I/O watcher failed: Can't call method "collect" on an undefined value at /home/cpansand/.cpan/build/2018091902/Net-Prometheus-0.05-0/blib/lib/Net/Prometheus.pm line 279.
# Premature connection close
# Failed test 'POST /'
# at t/defaults.t line 24.
# Failed test '200 OK'
# at t/defaults.t line 24.
# got: undef
# expected: '200'
# Failed test 'exact match for content'
# at t/defaults.t line 24.
# got: ''
# expected: 'Hello Mojo!'
Mojo::Reactor::Poll: I/O watcher failed: Can't call method "collect" on an undefined value at /home/cpansand/.cpan/build/2018091902/Net-Prometheus-0.05-0/blib/lib/Net/Prometheus.pm line 279.
# Premature connection close
# Failed test 'GET /'
# at t/defaults.t line 23.
# Failed test '200 OK'
# at t/defaults.t line 23.
# got: undef
# expected: '200'
# Failed test 'exact match for content'
# at t/defaults.t line 23.
# got: ''
# expected: 'Hello Mojo!'
Mojo::Reactor::Poll: I/O watcher failed: Can't call method "collect" on an undefined value at /home/cpansand/.cpan/build/2018091902/Net-Prometheus-0.05-0/blib/lib/Net/Prometheus.pm line 279.
# Premature connection close
# Failed test 'POST /'
# at t/defaults.t line 24.
# Failed test '200 OK'
# at t/defaults.t line 24.
# got: undef
# expected: '200'
# Failed test 'exact match for content'
# at t/defaults.t line 24.
# got: ''
# expected: 'Hello Mojo!'
Mojo::Reactor::Poll: I/O watcher failed: Can't call method "collect" on an undefined value at /home/cpansand/.cpan/build/2018091902/Net-Prometheus-0.05-0/blib/lib/Net/Prometheus.pm line 279.
# Premature connection close
# Failed test 'GET /'
# at t/defaults.t line 23.
# Failed test '200 OK'
# at t/defaults.t line 23.
# got: undef
# expected: '200'
# Failed test 'exact match for content'
# at t/defaults.t line 23.
# got: ''
# expected: 'Hello Mojo!'
Mojo::Reactor::Poll: I/O watcher failed: Can't call method "collect" on an undefined value at /home/cpansand/.cpan/build/2018091902/Net-Prometheus-0.05-0/blib/lib/Net/Prometheus.pm line 279.
# Premature connection close
# Failed test 'POST /'
# at t/defaults.t line 24.
# Failed test '200 OK'
# at t/defaults.t line 24.
# got: undef
# expected: '200'
# Failed test 'exact match for content'
# at t/defaults.t line 24.
# got: ''
# expected: 'Hello Mojo!'
Mojo::Reactor::Poll: I/O watcher failed: Can't call method "collect" on an undefined value at /home/cpansand/.cpan/build/2018091902/Net-Prometheus-0.05-0/blib/lib/Net/Prometheus.pm line 279.
# Premature connection close
# Failed test 'GET /'
# at t/defaults.t line 23.
# Failed test '200 OK'
# at t/defaults.t line 23.
# got: undef
# expected: '200'
# Failed test 'exact match for content'
# at t/defaults.t line 23.
# got: ''
# expected: 'Hello Mojo!'
Mojo::Reactor::Poll: I/O watcher failed: Can't call method "collect" on an undefined value at /home/cpansand/.cpan/build/2018091902/Net-Prometheus-0.05-0/blib/lib/Net/Prometheus.pm line 279.
# Premature connection close
# Failed test 'POST /'
# at t/defaults.t line 24.
# Failed test '200 OK'
# at t/defaults.t line 24.
# got: undef
# expected: '200'
# Failed test 'exact match for content'
# at t/defaults.t line 24.
# got: ''
# expected: 'Hello Mojo!'
Mojo::Reactor::Poll: I/O watcher failed: Can't call method "collect" on an undefined value at /home/cpansand/.cpan/build/2018091902/Net-Prometheus-0.05-0/blib/lib/Net/Prometheus.pm line 279.
# Premature connection close
# Failed test 'GET /'
# at t/defaults.t line 23.
# Failed test '200 OK'
# at t/defaults.t line 23.
# got: undef
# expected: '200'
# Failed test 'exact match for content'
# at t/defaults.t line 23.
# got: ''
# expected: 'Hello Mojo!'
Mojo::Reactor::Poll: I/O watcher failed: Can't call method "collect" on an undefined value at /home/cpansand/.cpan/build/2018091902/Net-Prometheus-0.05-0/blib/lib/Net/Prometheus.pm line 279.
# Premature connection close
# Failed test 'POST /'
# at t/defaults.t line 24.
# Failed test '200 OK'
# at t/defaults.t line 24.
# got: undef
# expected: '200'
# Failed test 'exact match for content'
# at t/defaults.t line 24.
# got: ''
# expected: 'Hello Mojo!'
Mojo::Reactor::Poll: I/O watcher failed: Can't call method "collect" on an undefined value at /home/cpansand/.cpan/build/2018091902/Net-Prometheus-0.05-0/blib/lib/Net/Prometheus.pm line 279.
# Premature connection close
# Failed test 'GET /'
# at t/defaults.t line 23.
# Failed test '200 OK'
# at t/defaults.t line 23.
# got: undef
# expected: '200'
# Failed test 'exact match for content'
# at t/defaults.t line 23.
# got: ''
# expected: 'Hello Mojo!'
Mojo::Reactor::Poll: I/O watcher failed: Can't call method "collect" on an undefined value at /home/cpansand/.cpan/build/2018091902/Net-Prometheus-0.05-0/blib/lib/Net/Prometheus.pm line 279.
# Premature connection close
# Failed test 'POST /'
# at t/defaults.t line 24.
# Failed test '200 OK'
# at t/defaults.t line 24.
# got: undef
# expected: '200'
# Failed test 'exact match for content'
# at t/defaults.t line 24.
# got: ''
# expected: 'Hello Mojo!'
Mojo::Reactor::Poll: I/O watcher failed: Can't call method "collect" on an undefined value at /home/cpansand/.cpan/build/2018091902/Net-Prometheus-0.05-0/blib/lib/Net/Prometheus.pm line 279.
# Premature connection close
# Failed test 'GET /'
# at t/defaults.t line 23.
# Failed test '200 OK'
# at t/defaults.t line 23.
# got: undef
# expected: '200'
# Failed test 'exact match for content'
# at t/defaults.t line 23.
# got: ''
# expected: 'Hello Mojo!'
Mojo::Reactor::Poll: I/O watcher failed: Can't call method "collect" on an undefined value at /home/cpansand/.cpan/build/2018091902/Net-Prometheus-0.05-0/blib/lib/Net/Prometheus.pm line 279.
# Premature connection close
# Failed test 'POST /'
# at t/defaults.t line 24.
# Failed test '200 OK'
# at t/defaults.t line 24.
# got: undef
# expected: '200'
# Failed test 'exact match for content'
# at t/defaults.t line 24.
# got: ''
# expected: 'Hello Mojo!'
Mojo::Reactor::Poll: I/O watcher failed: Can't call method "collect" on an undefined value at /home/cpansand/.cpan/build/2018091902/Net-Prometheus-0.05-0/blib/lib/Net/Prometheus.pm line 279.
# Premature connection close
# Failed test 'GET /'
# at t/defaults.t line 23.
# Failed test '200 OK'
# at t/defaults.t line 23.
# got: undef
# expected: '200'
# Failed test 'exact match for content'
# at t/defaults.t line 23.
# got: ''
# expected: 'Hello Mojo!'
Mojo::Reactor::Poll: I/O watcher failed: Can't call method "collect" on an undefined value at /home/cpansand/.cpan/build/2018091902/Net-Prometheus-0.05-0/blib/lib/Net/Prometheus.pm line 279.
# Premature connection close
# Failed test 'POST /'
# at t/defaults.t line 24.
# Failed test '200 OK'
# at t/defaults.t line 24.
# got: undef
# expected: '200'
# Failed test 'exact match for content'
# at t/defaults.t line 24.
# got: ''
# expected: 'Hello Mojo!'
Mojo::Reactor::Poll: I/O watcher failed: Can't call method "collect" on an undefined value at /home/cpansand/.cpan/build/2018091902/Net-Prometheus-0.05-0/blib/lib/Net/Prometheus.pm line 279.
# Premature connection close
# Failed test 'GET /'
# at t/defaults.t line 23.
# Failed test '200 OK'
# at t/defaults.t line 23.
# got: undef
# expected: '200'
# Failed test 'exact match for content'
# at t/defaults.t line 23.
# got: ''
# expected: 'Hello Mojo!'
Mojo::Reactor::Poll: I/O watcher failed: Can't call method "collect" on an undefined value at /home/cpansand/.cpan/build/2018091902/Net-Prometheus-0.05-0/blib/lib/Net/Prometheus.pm line 279.
# Premature connection close
# Failed test 'POST /'
# at t/defaults.t line 24.
# Failed test '200 OK'
# at t/defaults.t line 24.
# got: undef
# expected: '200'
# Failed test 'exact match for content'
# at t/defaults.t line 24.
# got: ''
# expected: 'Hello Mojo!'
Mojo::Reactor::Poll: I/O watcher failed: Can't call method "collect" on an undefined value at /home/cpansand/.cpan/build/2018091902/Net-Prometheus-0.05-0/blib/lib/Net/Prometheus.pm line 279.
# Premature connection close
# Failed test 'GET /'
# at t/defaults.t line 23.
# Failed test '200 OK'
# at t/defaults.t line 23.
# got: undef
# expected: '200'
# Failed test 'exact match for content'
# at t/defaults.t line 23.
# got: ''
# expected: 'Hello Mojo!'
Mojo::Reactor::Poll: I/O watcher failed: Can't call method "collect" on an undefined value at /home/cpansand/.cpan/build/2018091902/Net-Prometheus-0.05-0/blib/lib/Net/Prometheus.pm line 279.
# Premature connection close
# Failed test 'POST /'
# at t/defaults.t line 24.
# Failed test '200 OK'
# at t/defaults.t line 24.
# got: undef
# expected: '200'
# Failed test 'exact match for content'
# at t/defaults.t line 24.
# got: ''
# expected: 'Hello Mojo!'
Mojo::Reactor::Poll: I/O watcher failed: Can't call method "collect" on an undefined value at /home/cpansand/.cpan/build/2018091902/Net-Prometheus-0.05-0/blib/lib/Net/Prometheus.pm line 279.
# Premature connection close
# Failed test 'GET /'
# at t/defaults.t line 23.
# Failed test '200 OK'
# at t/defaults.t line 23.
# got: undef
# expected: '200'
# Failed test 'exact match for content'
# at t/defaults.t line 23.
# got: ''
# expected: 'Hello Mojo!'
Mojo::Reactor::Poll: I/O watcher failed: Can't call method "collect" on an undefined value at /home/cpansand/.cpan/build/2018091902/Net-Prometheus-0.05-0/blib/lib/Net/Prometheus.pm line 279.
# Premature connection close
# Failed test 'POST /'
# at t/defaults.t line 24.
# Failed test '200 OK'
# at t/defaults.t line 24.
# got: undef
# expected: '200'
# Failed test 'exact match for content'
# at t/defaults.t line 24.
# got: ''
# expected: 'Hello Mojo!'
Mojo::Reactor::Poll: I/O watcher failed: Can't call method "collect" on an undefined value at /home/cpansand/.cpan/build/2018091902/Net-Prometheus-0.05-0/blib/lib/Net/Prometheus.pm line 279.
# Premature connection close
# Failed test 'GET /'
# at t/defaults.t line 23.
# Failed test '200 OK'
# at t/defaults.t line 23.
# got: undef
# expected: '200'
# Failed test 'exact match for content'
# at t/defaults.t line 23.
# got: ''
# expected: 'Hello Mojo!'
Mojo::Reactor::Poll: I/O watcher failed: Can't call method "collect" on an undefined value at /home/cpansand/.cpan/build/2018091902/Net-Prometheus-0.05-0/blib/lib/Net/Prometheus.pm line 279.
# Premature connection close
# Failed test 'POST /'
# at t/defaults.t line 24.
# Failed test '200 OK'
# at t/defaults.t line 24.
# got: undef
# expected: '200'
# Failed test 'exact match for content'
# at t/defaults.t line 24.
# got: ''
# expected: 'Hello Mojo!'
Mojo::Reactor::Poll: I/O watcher failed: Can't call method "collect" on an undefined value at /home/cpansand/.cpan/build/2018091902/Net-Prometheus-0.05-0/blib/lib/Net/Prometheus.pm line 279.
# Premature connection close
# Failed test 'GET /'
# at t/defaults.t line 23.
# Failed test '200 OK'
# at t/defaults.t line 23.
# got: undef
# expected: '200'
# Failed test 'exact match for content'
# at t/defaults.t line 23.
# got: ''
# expected: 'Hello Mojo!'
Mojo::Reactor::Poll: I/O watcher failed: Can't call method "collect" on an undefined value at /home/cpansand/.cpan/build/2018091902/Net-Prometheus-0.05-0/blib/lib/Net/Prometheus.pm line 279.
# Premature connection close
# Failed test 'POST /'
# at t/defaults.t line 24.
# Failed test '200 OK'
# at t/defaults.t line 24.
# got: undef
# expected: '200'
# Failed test 'exact match for content'
# at t/defaults.t line 24.
# got: ''
# expected: 'Hello Mojo!'
Mojo::Reactor::Poll: I/O watcher failed: Can't call method "collect" on an undefined value at /home/cpansand/.cpan/build/2018091902/Net-Prometheus-0.05-0/blib/lib/Net/Prometheus.pm line 279.
# Premature connection close
# Failed test 'GET /'
# at t/defaults.t line 23.
# Failed test '200 OK'
# at t/defaults.t line 23.
# got: undef
# expected: '200'
# Failed test 'exact match for content'
# at t/defaults.t line 23.
# got: ''
# expected: 'Hello Mojo!'
Mojo::Reactor::Poll: I/O watcher failed: Can't call method "collect" on an undefined value at /home/cpansand/.cpan/build/2018091902/Net-Prometheus-0.05-0/blib/lib/Net/Prometheus.pm line 279.
# Premature connection close
# Failed test 'POST /'
# at t/defaults.t line 24.
# Failed test '200 OK'
# at t/defaults.t line 24.
# got: undef
# expected: '200'
# Failed test 'exact match for content'
# at t/defaults.t line 24.
# got: ''
# expected: 'Hello Mojo!'
Mojo::Reactor::Poll: I/O watcher failed: Can't call method "collect" on an undefined value at /home/cpansand/.cpan/build/2018091902/Net-Prometheus-0.05-0/blib/lib/Net/Prometheus.pm line 279.
# Premature connection close
# Failed test 'GET /'
# at t/defaults.t line 23.
# Failed test '200 OK'
# at t/defaults.t line 23.
# got: undef
# expected: '200'
# Failed test 'exact match for content'
# at t/defaults.t line 23.
# got: ''
# expected: 'Hello Mojo!'
Mojo::Reactor::Poll: I/O watcher failed: Can't call method "collect" on an undefined value at /home/cpansand/.cpan/build/2018091902/Net-Prometheus-0.05-0/blib/lib/Net/Prometheus.pm line 279.
# Premature connection close
# Failed test 'POST /'
# at t/defaults.t line 24.
# Failed test '200 OK'
# at t/defaults.t line 24.
# got: undef
# expected: '200'
# Failed test 'exact match for content'
# at t/defaults.t line 24.
# got: ''
# expected: 'Hello Mojo!'
Mojo::Reactor::Poll: I/O watcher failed: Can't call method "collect" on an undefined value at /home/cpansand/.cpan/build/2018091902/Net-Prometheus-0.05-0/blib/lib/Net/Prometheus.pm line 279.
# Premature connection close
# Failed test 'GET /'
# at t/defaults.t line 23.
# Failed test '200 OK'
# at t/defaults.t line 23.
# got: undef
# expected: '200'
# Failed test 'exact match for content'
# at t/defaults.t line 23.
# got: ''
# expected: 'Hello Mojo!'
Mojo::Reactor::Poll: I/O watcher failed: Can't call method "collect" on an undefined value at /home/cpansand/.cpan/build/2018091902/Net-Prometheus-0.05-0/blib/lib/Net/Prometheus.pm line 279.
# Premature connection close
# Failed test 'POST /'
# at t/defaults.t line 24.
# Failed test '200 OK'
# at t/defaults.t line 24.
# got: undef
# expected: '200'
# Failed test 'exact match for content'
# at t/defaults.t line 24.
# got: ''
# expected: 'Hello Mojo!'
Mojo::Reactor::Poll: I/O watcher failed: Can't call method "collect" on an undefined value at /home/cpansand/.cpan/build/2018091902/Net-Prometheus-0.05-0/blib/lib/Net/Prometheus.pm line 279.
# Premature connection close
# Failed test 'GET /'
# at t/defaults.t line 23.
# Failed test '200 OK'
# at t/defaults.t line 23.
# got: undef
# expected: '200'
# Failed test 'exact match for content'
# at t/defaults.t line 23.
# got: ''
# expected: 'Hello Mojo!'
Mojo::Reactor::Poll: I/O watcher failed: Can't call method "collect" on an undefined value at /home/cpansand/.cpan/build/2018091902/Net-Prometheus-0.05-0/blib/lib/Net/Prometheus.pm line 279.
# Premature connection close
# Failed test 'POST /'
# at t/defaults.t line 24.
# Failed test '200 OK'
# at t/defaults.t line 24.
# got: undef
# expected: '200'
# Failed test 'exact match for content'
# at t/defaults.t line 24.
# got: ''
# expected: 'Hello Mojo!'
Mojo::Reactor::Poll: I/O watcher failed: Can't call method "collect" on an undefined value at /home/cpansand/.cpan/build/2018091902/Net-Prometheus-0.05-0/blib/lib/Net/Prometheus.pm line 279.
# Premature connection close
# Failed test 'GET /'
# at t/defaults.t line 23.
# Failed test '200 OK'
# at t/defaults.t line 23.
# got: undef
# expected: '200'
# Failed test 'exact match for content'
# at t/defaults.t line 23.
# got: ''
# expected: 'Hello Mojo!'
Mojo::Reactor::Poll: I/O watcher failed: Can't call method "collect" on an undefined value at /home/cpansand/.cpan/build/2018091902/Net-Prometheus-0.05-0/blib/lib/Net/Prometheus.pm line 279.
# Premature connection close
# Failed test 'POST /'
# at t/defaults.t line 24.
# Failed test '200 OK'
# at t/defaults.t line 24.
# got: undef
# expected: '200'
# Failed test 'exact match for content'
# at t/defaults.t line 24.
# got: ''
# expected: 'Hello Mojo!'
Mojo::Reactor::Poll: I/O watcher failed: Can't call method "collect" on an undefined value at /home/cpansand/.cpan/build/2018091902/Net-Prometheus-0.05-0/blib/lib/Net/Prometheus.pm line 279.
# Premature connection close
# Failed test 'GET /'
# at t/defaults.t line 23.
# Failed test '200 OK'
# at t/defaults.t line 23.
# got: undef
# expected: '200'
# Failed test 'exact match for content'
# at t/defaults.t line 23.
# got: ''
# expected: 'Hello Mojo!'
Mojo::Reactor::Poll: I/O watcher failed: Can't call method "collect" on an undefined value at /home/cpansand/.cpan/build/2018091902/Net-Prometheus-0.05-0/blib/lib/Net/Prometheus.pm line 279.
# Premature connection close
# Failed test 'POST /'
# at t/defaults.t line 24.
# Failed test '200 OK'
# at t/defaults.t line 24.
# got: undef
# expected: '200'
# Failed test 'exact match for content'
# at t/defaults.t line 24.
# got: ''
# expected: 'Hello Mojo!'
Mojo::Reactor::Poll: I/O watcher failed: Can't call method "collect" on an undefined value at /home/cpansand/.cpan/build/2018091902/Net-Prometheus-0.05-0/blib/lib/Net/Prometheus.pm line 279.
# Premature connection close
# Failed test 'GET /'
# at t/defaults.t line 23.
# Failed test '200 OK'
# at t/defaults.t line 23.
# got: undef
# expected: '200'
# Failed test 'exact match for content'
# at t/defaults.t line 23.
# got: ''
# expected: 'Hello Mojo!'
Mojo::Reactor::Poll: I/O watcher failed: Can't call method "collect" on an undefined value at /home/cpansand/.cpan/build/2018091902/Net-Prometheus-0.05-0/blib/lib/Net/Prometheus.pm line 279.
# Premature connection close
# Failed test 'POST /'
# at t/defaults.t line 24.
# Failed test '200 OK'
# at t/defaults.t line 24.
# got: undef
# expected: '200'
# Failed test 'exact match for content'
# at t/defaults.t line 24.
# got: ''
# expected: 'Hello Mojo!'
Mojo::Reactor::Poll: I/O watcher failed: Can't call method "collect" on an undefined value at /home/cpansand/.cpan/build/2018091902/Net-Prometheus-0.05-0/blib/lib/Net/Prometheus.pm line 279.
# Premature connection close
# Failed test 'GET /'
# at t/defaults.t line 23.
# Failed test '200 OK'
# at t/defaults.t line 23.
# got: undef
# expected: '200'
# Failed test 'exact match for content'
# at t/defaults.t line 23.
# got: ''
# expected: 'Hello Mojo!'
Mojo::Reactor::Poll: I/O watcher failed: Can't call method "collect" on an undefined value at /home/cpansand/.cpan/build/2018091902/Net-Prometheus-0.05-0/blib/lib/Net/Prometheus.pm line 279.
# Premature connection close
# Failed test 'POST /'
# at t/defaults.t line 24.
# Failed test '200 OK'
# at t/defaults.t line 24.
# got: undef
# expected: '200'
# Failed test 'exact match for content'
# at t/defaults.t line 24.
# got: ''
# expected: 'Hello Mojo!'
Mojo::Reactor::Poll: I/O watcher failed: Can't call method "collect" on an undefined value at /home/cpansand/.cpan/build/2018091902/Net-Prometheus-0.05-0/blib/lib/Net/Prometheus.pm line 279.
# Premature connection close
# Failed test 'GET /'
# at t/defaults.t line 23.
# Failed test '200 OK'
# at t/defaults.t line 23.
# got: undef
# expected: '200'
# Failed test 'exact match for content'
# at t/defaults.t line 23.
# got: ''
# expected: 'Hello Mojo!'
Mojo::Reactor::Poll: I/O watcher failed: Can't call method "collect" on an undefined value at /home/cpansand/.cpan/build/2018091902/Net-Prometheus-0.05-0/blib/lib/Net/Prometheus.pm line 279.
# Premature connection close
# Failed test 'POST /'
# at t/defaults.t line 24.
# Failed test '200 OK'
# at t/defaults.t line 24.
# got: undef
# expected: '200'
# Failed test 'exact match for content'
# at t/defaults.t line 24.
# got: ''
# expected: 'Hello Mojo!'
Mojo::Reactor::Poll: I/O watcher failed: Can't call method "collect" on an undefined value at /home/cpansand/.cpan/build/2018091902/Net-Prometheus-0.05-0/blib/lib/Net/Prometheus.pm line 279.
# Premature connection close
# Failed test 'GET /'
# at t/defaults.t line 23.
# Failed test '200 OK'
# at t/defaults.t line 23.
# got: undef
# expected: '200'
# Failed test 'exact match for content'
# at t/defaults.t line 23.
# got: ''
# expected: 'Hello Mojo!'
Mojo::Reactor::Poll: I/O watcher failed: Can't call method "collect" on an undefined value at /home/cpansand/.cpan/build/2018091902/Net-Prometheus-0.05-0/blib/lib/Net/Prometheus.pm line 279.
# Premature connection close
# Failed test 'POST /'
# at t/defaults.t line 24.
# Failed test '200 OK'
# at t/defaults.t line 24.
# got: undef
# expected: '200'
# Failed test 'exact match for content'
# at t/defaults.t line 24.
# got: ''
# expected: 'Hello Mojo!'
Mojo::Reactor::Poll: I/O watcher failed: Can't call method "collect" on an undefined value at /home/cpansand/.cpan/build/2018091902/Net-Prometheus-0.05-0/blib/lib/Net/Prometheus.pm line 279.
# Premature connection close
# Failed test 'GET /'
# at t/defaults.t line 23.
# Failed test '200 OK'
# at t/defaults.t line 23.
# got: undef
# expected: '200'
# Failed test 'exact match for content'
# at t/defaults.t line 23.
# got: ''
# expected: 'Hello Mojo!'
Mojo::Reactor::Poll: I/O watcher failed: Can't call method "collect" on an undefined value at /home/cpansand/.cpan/build/2018091902/Net-Prometheus-0.05-0/blib/lib/Net/Prometheus.pm line 279.
# Premature connection close
# Failed test 'POST /'
# at t/defaults.t line 24.
# Failed test '200 OK'
# at t/defaults.t line 24.
# got: undef
# expected: '200'
# Failed test 'exact match for content'
# at t/defaults.t line 24.
# got: ''
# expected: 'Hello Mojo!'
Mojo::Reactor::Poll: I/O watcher failed: Can't call method "collect" on an undefined value at /home/cpansand/.cpan/build/2018091902/Net-Prometheus-0.05-0/blib/lib/Net/Prometheus.pm line 279.
# Premature connection close
# Failed test 'GET /'
# at t/defaults.t line 23.
# Failed test '200 OK'
# at t/defaults.t line 23.
# got: undef
# expected: '200'
# Failed test 'exact match for content'
# at t/defaults.t line 23.
# got: ''
# expected: 'Hello Mojo!'
Mojo::Reactor::Poll: I/O watcher failed: Can't call method "collect" on an undefined value at /home/cpansand/.cpan/build/2018091902/Net-Prometheus-0.05-0/blib/lib/Net/Prometheus.pm line 279.
# Premature connection close
# Failed test 'POST /'
# at t/defaults.t line 24.
# Failed test '200 OK'
# at t/defaults.t line 24.
# got: undef
# expected: '200'
# Failed test 'exact match for content'
# at t/defaults.t line 24.
# got: ''
# expected: 'Hello Mojo!'
Mojo::Reactor::Poll: I/O watcher failed: Can't call method "collect" on an undefined value at /home/cpansand/.cpan/build/2018091902/Net-Prometheus-0.05-0/blib/lib/Net/Prometheus.pm line 279.
# Premature connection close
# Failed test 'GET /'
# at t/defaults.t line 23.
# Failed test '200 OK'
# at t/defaults.t line 23.
# got: undef
# expected: '200'
# Failed test 'exact match for content'
# at t/defaults.t line 23.
# got: ''
# expected: 'Hello Mojo!'
Mojo::Reactor::Poll: I/O watcher failed: Can't call method "collect" on an undefined value at /home/cpansand/.cpan/build/2018091902/Net-Prometheus-0.05-0/blib/lib/Net/Prometheus.pm line 279.
# Premature connection close
# Failed test 'POST /'
# at t/defaults.t line 24.
# Failed test '200 OK'
# at t/defaults.t line 24.
# got: undef
# expected: '200'
# Failed test 'exact match for content'
# at t/defaults.t line 24.
# got: ''
# expected: 'Hello Mojo!'
Mojo::Reactor::Poll: I/O watcher failed: Can't call method "collect" on an undefined value at /home/cpansand/.cpan/build/2018091902/Net-Prometheus-0.05-0/blib/lib/Net/Prometheus.pm line 279.
# Premature connection close
# Failed test 'GET /'
# at t/defaults.t line 23.
# Failed test '200 OK'
# at t/defaults.t line 23.
# got: undef
# expected: '200'
# Failed test 'exact match for content'
# at t/defaults.t line 23.
# got: ''
# expected: 'Hello Mojo!'
Mojo::Reactor::Poll: I/O watcher failed: Can't call method "collect" on an undefined value at /home/cpansand/.cpan/build/2018091902/Net-Prometheus-0.05-0/blib/lib/Net/Prometheus.pm line 279.
# Premature connection close
# Failed test 'POST /'
# at t/defaults.t line 24.
# Failed test '200 OK'
# at t/defaults.t line 24.
# got: undef
# expected: '200'
# Failed test 'exact match for content'
# at t/defaults.t line 24.
# got: ''
# expected: 'Hello Mojo!'
Mojo::Reactor::Poll: I/O watcher failed: Can't call method "collect" on an undefined value at /home/cpansand/.cpan/build/2018091902/Net-Prometheus-0.05-0/blib/lib/Net/Prometheus.pm line 279.
# Premature connection close
# Failed test 'GET /'
# at t/defaults.t line 23.
# Failed test '200 OK'
# at t/defaults.t line 23.
# got: undef
# expected: '200'
# Failed test 'exact match for content'
# at t/defaults.t line 23.
# got: ''
# expected: 'Hello Mojo!'
Mojo::Reactor::Poll: I/O watcher failed: Can't call method "collect" on an undefined value at /home/cpansand/.cpan/build/2018091902/Net-Prometheus-0.05-0/blib/lib/Net/Prometheus.pm line 279.
# Premature connection close
# Failed test 'POST /'
# at t/defaults.t line 24.
# Failed test '200 OK'
# at t/defaults.t line 24.
# got: undef
# expected: '200'
# Failed test 'exact match for content'
# at t/defaults.t line 24.
# got: ''
# expected: 'Hello Mojo!'
Mojo::Reactor::Poll: I/O watcher failed: Can't call method "collect" on an undefined value at /home/cpansand/.cpan/build/2018091902/Net-Prometheus-0.05-0/blib/lib/Net/Prometheus.pm line 279.
# Premature connection close
# Failed test 'GET /'
# at t/defaults.t line 23.
# Failed test '200 OK'
# at t/defaults.t line 23.
# got: undef
# expected: '200'
# Failed test 'exact match for content'
# at t/defaults.t line 23.
# got: ''
# expected: 'Hello Mojo!'
Mojo::Reactor::Poll: I/O watcher failed: Can't call method "collect" on an undefined value at /home/cpansand/.cpan/build/2018091902/Net-Prometheus-0.05-0/blib/lib/Net/Prometheus.pm line 279.
# Premature connection close
# Failed test 'POST /'
# at t/defaults.t line 24.
# Failed test '200 OK'
# at t/defaults.t line 24.
# got: undef
# expected: '200'
# Failed test 'exact match for content'
# at t/defaults.t line 24.
# got: ''
# expected: 'Hello Mojo!'
Mojo::Reactor::Poll: I/O watcher failed: Can't call method "collect" on an undefined value at /home/cpansand/.cpan/build/2018091902/Net-Prometheus-0.05-0/blib/lib/Net/Prometheus.pm line 279.
# Premature connection close
# Failed test 'GET /'
# at t/defaults.t line 23.
# Failed test '200 OK'
# at t/defaults.t line 23.
# got: undef
# expected: '200'
# Failed test 'exact match for content'
# at t/defaults.t line 23.
# got: ''
# expected: 'Hello Mojo!'
Mojo::Reactor::Poll: I/O watcher failed: Can't call method "collect" on an undefined value at /home/cpansand/.cpan/build/2018091902/Net-Prometheus-0.05-0/blib/lib/Net/Prometheus.pm line 279.
# Premature connection close
# Failed test 'POST /'
# at t/defaults.t line 24.
# Failed test '200 OK'
# at t/defaults.t line 24.
# got: undef
# expected: '200'
# Failed test 'exact match for content'
# at t/defaults.t line 24.
# got: ''
# expected: 'Hello Mojo!'
Mojo::Reactor::Poll: I/O watcher failed: Can't call method "collect" on an undefined value at /home/cpansand/.cpan/build/2018091902/Net-Prometheus-0.05-0/blib/lib/Net/Prometheus.pm line 279.
# Premature connection close
# Failed test 'GET /'
# at t/defaults.t line 23.
# Failed test '200 OK'
# at t/defaults.t line 23.
# got: undef
# expected: '200'
# Failed test 'exact match for content'
# at t/defaults.t line 23.
# got: ''
# expected: 'Hello Mojo!'
Mojo::Reactor::Poll: I/O watcher failed: Can't call method "collect" on an undefined value at /home/cpansand/.cpan/build/2018091902/Net-Prometheus-0.05-0/blib/lib/Net/Prometheus.pm line 279.
# Premature connection close
# Failed test 'POST /'
# at t/defaults.t line 24.
# Failed test '200 OK'
# at t/defaults.t line 24.
# got: undef
# expected: '200'
# Failed test 'exact match for content'
# at t/defaults.t line 24.
# got: ''
# expected: 'Hello Mojo!'
Mojo::Reactor::Poll: I/O watcher failed: Can't call method "collect" on an undefined value at /home/cpansand/.cpan/build/2018091902/Net-Prometheus-0.05-0/blib/lib/Net/Prometheus.pm line 279.
# Premature connection close
# Failed test 'GET /'
# at t/defaults.t line 23.
# Failed test '200 OK'
# at t/defaults.t line 23.
# got: undef
# expected: '200'
# Failed test 'exact match for content'
# at t/defaults.t line 23.
# got: ''
# expected: 'Hello Mojo!'
Mojo::Reactor::Poll: I/O watcher failed: Can't call method "collect" on an undefined value at /home/cpansand/.cpan/build/2018091902/Net-Prometheus-0.05-0/blib/lib/Net/Prometheus.pm line 279.
# Premature connection close
# Failed test 'POST /'
# at t/defaults.t line 24.
# Failed test '200 OK'
# at t/defaults.t line 24.
# got: undef
# expected: '200'
# Failed test 'exact match for content'
# at t/defaults.t line 24.
# got: ''
# expected: 'Hello Mojo!'
Mojo::Reactor::Poll: I/O watcher failed: Can't call method "collect" on an undefined value at /home/cpansand/.cpan/build/2018091902/Net-Prometheus-0.05-0/blib/lib/Net/Prometheus.pm line 279.
# Premature connection close
# Failed test 'GET /'
# at t/defaults.t line 23.
# Failed test '200 OK'
# at t/defaults.t line 23.
# got: undef
# expected: '200'
# Failed test 'exact match for content'
# at t/defaults.t line 23.
# got: ''
# expected: 'Hello Mojo!'
Mojo::Reactor::Poll: I/O watcher failed: Can't call method "collect" on an undefined value at /home/cpansand/.cpan/build/2018091902/Net-Prometheus-0.05-0/blib/lib/Net/Prometheus.pm line 279.
# Premature connection close
# Failed test 'POST /'
# at t/defaults.t line 24.
# Failed test '200 OK'
# at t/defaults.t line 24.
# got: undef
# expected: '200'
# Failed test 'exact match for content'
# at t/defaults.t line 24.
# got: ''
# expected: 'Hello Mojo!'
Mojo::Reactor::Poll: I/O watcher failed: Can't call method "collect" on an undefined value at /home/cpansand/.cpan/build/2018091902/Net-Prometheus-0.05-0/blib/lib/Net/Prometheus.pm line 279.
# Premature connection close
# Failed test 'GET /'
# at t/defaults.t line 23.
# Failed test '200 OK'
# at t/defaults.t line 23.
# got: undef
# expected: '200'
# Failed test 'exact match for content'
# at t/defaults.t line 23.
# got: ''
# expected: 'Hello Mojo!'
Mojo::Reactor::Poll: I/O watcher failed: Can't call method "collect" on an undefined value at /home/cpansand/.cpan/build/2018091902/Net-Prometheus-0.05-0/blib/lib/Net/Prometheus.pm line 279.
# Premature connection close
# Failed test 'POST /'
# at t/defaults.t line 24.
# Failed test '200 OK'
# at t/defaults.t line 24.
# got: undef
# expected: '200'
# Failed test 'exact match for content'
# at t/defaults.t line 24.
# got: ''
# expected: 'Hello Mojo!'
Mojo::Reactor::Poll: I/O watcher failed: Can't call method "collect" on an undefined value at /home/cpansand/.cpan/build/2018091902/Net-Prometheus-0.05-0/blib/lib/Net/Prometheus.pm line 279.
# Premature connection close
# Failed test 'GET /'
# at t/defaults.t line 23.
# Failed test '200 OK'
# at t/defaults.t line 23.
# got: undef
# expected: '200'
# Failed test 'exact match for content'
# at t/defaults.t line 23.
# got: ''
# expected: 'Hello Mojo!'
Mojo::Reactor::Poll: I/O watcher failed: Can't call method "collect" on an undefined value at /home/cpansand/.cpan/build/2018091902/Net-Prometheus-0.05-0/blib/lib/Net/Prometheus.pm line 279.
# Premature connection close
# Failed test 'POST /'
# at t/defaults.t line 24.
# Failed test '200 OK'
# at t/defaults.t line 24.
# got: undef
# expected: '200'
# Failed test 'exact match for content'
# at t/defaults.t line 24.
# got: ''
# expected: 'Hello Mojo!'
Mojo::Reactor::Poll: I/O watcher failed: Can't call method "collect" on an undefined value at /home/cpansand/.cpan/build/2018091902/Net-Prometheus-0.05-0/blib/lib/Net/Prometheus.pm line 279.
# Premature connection close
# Failed test 'GET /'
# at t/defaults.t line 23.
# Failed test '200 OK'
# at t/defaults.t line 23.
# got: undef
# expected: '200'
# Failed test 'exact match for content'
# at t/defaults.t line 23.
# got: ''
# expected: 'Hello Mojo!'
Mojo::Reactor::Poll: I/O watcher failed: Can't call method "collect" on an undefined value at /home/cpansand/.cpan/build/2018091902/Net-Prometheus-0.05-0/blib/lib/Net/Prometheus.pm line 279.
# Premature connection close
# Failed test 'POST /'
# at t/defaults.t line 24.
# Failed test '200 OK'
# at t/defaults.t line 24.
# got: undef
# expected: '200'
# Failed test 'exact match for content'
# at t/defaults.t line 24.
# got: ''
# expected: 'Hello Mojo!'
Mojo::Reactor::Poll: I/O watcher failed: Can't call method "collect" on an undefined value at /home/cpansand/.cpan/build/2018091902/Net-Prometheus-0.05-0/blib/lib/Net/Prometheus.pm line 279.
# Premature connection close
# Failed test 'GET /'
# at t/defaults.t line 23.
# Failed test '200 OK'
# at t/defaults.t line 23.
# got: undef
# expected: '200'
# Failed test 'exact match for content'
# at t/defaults.t line 23.
# got: ''
# expected: 'Hello Mojo!'
Mojo::Reactor::Poll: I/O watcher failed: Can't call method "collect" on an undefined value at /home/cpansand/.cpan/build/2018091902/Net-Prometheus-0.05-0/blib/lib/Net/Prometheus.pm line 279.
# Premature connection close
# Failed test 'POST /'
# at t/defaults.t line 24.
# Failed test '200 OK'
# at t/defaults.t line 24.
# got: undef
# expected: '200'
# Failed test 'exact match for content'
# at t/defaults.t line 24.
# got: ''
# expected: 'Hello Mojo!'
Mojo::Reactor::Poll: I/O watcher failed: Can't call method "collect" on an undefined value at /home/cpansand/.cpan/build/2018091902/Net-Prometheus-0.05-0/blib/lib/Net/Prometheus.pm line 279.
# Premature connection close
# Failed test 'GET /'
# at t/defaults.t line 23.
# Failed test '200 OK'
# at t/defaults.t line 23.
# got: undef
# expected: '200'
# Failed test 'exact match for content'
# at t/defaults.t line 23.
# got: ''
# expected: 'Hello Mojo!'
Mojo::Reactor::Poll: I/O watcher failed: Can't call method "collect" on an undefined value at /home/cpansand/.cpan/build/2018091902/Net-Prometheus-0.05-0/blib/lib/Net/Prometheus.pm line 279.
# Premature connection close
# Failed test 'POST /'
# at t/defaults.t line 24.
# Failed test '200 OK'
# at t/defaults.t line 24.
# got: undef
# expected: '200'
# Failed test 'exact match for content'
# at t/defaults.t line 24.
# got: ''
# expected: 'Hello Mojo!'
Mojo::Reactor::Poll: I/O watcher failed: Can't call method "collect" on an undefined value at /home/cpansand/.cpan/build/2018091902/Net-Prometheus-0.05-0/blib/lib/Net/Prometheus.pm line 279.
# Premature connection close
# Failed test 'GET /'
# at t/defaults.t line 23.
# Failed test '200 OK'
# at t/defaults.t line 23.
# got: undef
# expected: '200'
# Failed test 'exact match for content'
# at t/defaults.t line 23.
# got: ''
# expected: 'Hello Mojo!'
Mojo::Reactor::Poll: I/O watcher failed: Can't call method "collect" on an undefined value at /home/cpansand/.cpan/build/2018091902/Net-Prometheus-0.05-0/blib/lib/Net/Prometheus.pm line 279.
# Premature connection close
# Failed test 'POST /'
# at t/defaults.t line 24.
# Failed test '200 OK'
# at t/defaults.t line 24.
# got: undef
# expected: '200'
# Failed test 'exact match for content'
# at t/defaults.t line 24.
# got: ''
# expected: 'Hello Mojo!'
Mojo::Reactor::Poll: I/O watcher failed: Can't call method "collect" on an undefined value at /home/cpansand/.cpan/build/2018091902/Net-Prometheus-0.05-0/blib/lib/Net/Prometheus.pm line 279.
# Premature connection close
# Failed test 'GET /'
# at t/defaults.t line 23.
# Failed test '200 OK'
# at t/defaults.t line 23.
# got: undef
# expected: '200'
# Failed test 'exact match for content'
# at t/defaults.t line 23.
# got: ''
# expected: 'Hello Mojo!'
Mojo::Reactor::Poll: I/O watcher failed: Can't call method "collect" on an undefined value at /home/cpansand/.cpan/build/2018091902/Net-Prometheus-0.05-0/blib/lib/Net/Prometheus.pm line 279.
# Premature connection close
# Failed test 'POST /'
# at t/defaults.t line 24.
# Failed test '200 OK'
# at t/defaults.t line 24.
# got: undef
# expected: '200'
# Failed test 'exact match for content'
# at t/defaults.t line 24.
# got: ''
# expected: 'Hello Mojo!'
Mojo::Reactor::Poll: I/O watcher failed: Can't call method "collect" on an undefined value at /home/cpansand/.cpan/build/2018091902/Net-Prometheus-0.05-0/blib/lib/Net/Prometheus.pm line 279.
# Premature connection close
# Failed test 'GET /'
# at t/defaults.t line 23.
# Failed test '200 OK'
# at t/defaults.t line 23.
# got: undef
# expected: '200'
# Failed test 'exact match for content'
# at t/defaults.t line 23.
# got: ''
# expected: 'Hello Mojo!'
Mojo::Reactor::Poll: I/O watcher failed: Can't call method "collect" on an undefined value at /home/cpansand/.cpan/build/2018091902/Net-Prometheus-0.05-0/blib/lib/Net/Prometheus.pm line 279.
# Premature connection close
# Failed test 'POST /'
# at t/defaults.t line 24.
# Failed test '200 OK'
# at t/defaults.t line 24.
# got: undef
# expected: '200'
# Failed test 'exact match for content'
# at t/defaults.t line 24.
# got: ''
# expected: 'Hello Mojo!'
Mojo::Reactor::Poll: I/O watcher failed: Can't call method "collect" on an undefined value at /home/cpansand/.cpan/build/2018091902/Net-Prometheus-0.05-0/blib/lib/Net/Prometheus.pm line 279.
# Premature connection close
# Failed test 'GET /'
# at t/defaults.t line 23.
# Failed test '200 OK'
# at t/defaults.t line 23.
# got: undef
# expected: '200'
# Failed test 'exact match for content'
# at t/defaults.t line 23.
# got: ''
# expected: 'Hello Mojo!'
Mojo::Reactor::Poll: I/O watcher failed: Can't call method "collect" on an undefined value at /home/cpansand/.cpan/build/2018091902/Net-Prometheus-0.05-0/blib/lib/Net/Prometheus.pm line 279.
# Premature connection close
# Failed test 'POST /'
# at t/defaults.t line 24.
# Failed test '200 OK'
# at t/defaults.t line 24.
# got: undef
# expected: '200'
# Failed test 'exact match for content'
# at t/defaults.t line 24.
# got: ''
# expected: 'Hello Mojo!'
Mojo::Reactor::Poll: I/O watcher failed: Can't call method "collect" on an undefined value at /home/cpansand/.cpan/build/2018091902/Net-Prometheus-0.05-0/blib/lib/Net/Prometheus.pm line 279.
# Premature connection close
# Failed test 'GET /'
# at t/defaults.t line 23.
# Failed test '200 OK'
# at t/defaults.t line 23.
# got: undef
# expected: '200'
# Failed test 'exact match for content'
# at t/defaults.t line 23.
# got: ''
# expected: 'Hello Mojo!'
Mojo::Reactor::Poll: I/O watcher failed: Can't call method "collect" on an undefined value at /home/cpansand/.cpan/build/2018091902/Net-Prometheus-0.05-0/blib/lib/Net/Prometheus.pm line 279.
# Premature connection close
# Failed test 'POST /'
# at t/defaults.t line 24.
# Failed test '200 OK'
# at t/defaults.t line 24.
# got: undef
# expected: '200'
# Failed test 'exact match for content'
# at t/defaults.t line 24.
# got: ''
# expected: 'Hello Mojo!'
Mojo::Reactor::Poll: I/O watcher failed: Can't call method "collect" on an undefined value at /home/cpansand/.cpan/build/2018091902/Net-Prometheus-0.05-0/blib/lib/Net/Prometheus.pm line 279.
# Premature connection close
# Failed test 'GET /'
# at t/defaults.t line 23.
# Failed test '200 OK'
# at t/defaults.t line 23.
# got: undef
# expected: '200'
# Failed test 'exact match for content'
# at t/defaults.t line 23.
# got: ''
# expected: 'Hello Mojo!'
Mojo::Reactor::Poll: I/O watcher failed: Can't call method "collect" on an undefined value at /home/cpansand/.cpan/build/2018091902/Net-Prometheus-0.05-0/blib/lib/Net/Prometheus.pm line 279.
# Premature connection close
# Failed test 'POST /'
# at t/defaults.t line 24.
# Failed test '200 OK'
# at t/defaults.t line 24.
# got: undef
# expected: '200'
# Failed test 'exact match for content'
# at t/defaults.t line 24.
# got: ''
# expected: 'Hello Mojo!'
Mojo::Reactor::Poll: I/O watcher failed: Can't call method "collect" on an undefined value at /home/cpansand/.cpan/build/2018091902/Net-Prometheus-0.05-0/blib/lib/Net/Prometheus.pm line 279.
# Premature connection close
# Failed test 'GET /'
# at t/defaults.t line 23.
# Failed test '200 OK'
# at t/defaults.t line 23.
# got: undef
# expected: '200'
# Failed test 'exact match for content'
# at t/defaults.t line 23.
# got: ''
# expected: 'Hello Mojo!'
Mojo::Reactor::Poll: I/O watcher failed: Can't call method "collect" on an undefined value at /home/cpansand/.cpan/build/2018091902/Net-Prometheus-0.05-0/blib/lib/Net/Prometheus.pm line 279.
# Premature connection close
# Failed test 'POST /'
# at t/defaults.t line 24.
# Failed test '200 OK'
# at t/defaults.t line 24.
# got: undef
# expected: '200'
# Failed test 'exact match for content'
# at t/defaults.t line 24.
# got: ''
# expected: 'Hello Mojo!'
Mojo::Reactor::Poll: I/O watcher failed: Can't call method "collect" on an undefined value at /home/cpansand/.cpan/build/2018091902/Net-Prometheus-0.05-0/blib/lib/Net/Prometheus.pm line 279.
# Premature connection close
# Failed test 'GET /'
# at t/defaults.t line 23.
# Failed test '200 OK'
# at t/defaults.t line 23.
# got: undef
# expected: '200'
# Failed test 'exact match for content'
# at t/defaults.t line 23.
# got: ''
# expected: 'Hello Mojo!'
Mojo::Reactor::Poll: I/O watcher failed: Can't call method "collect" on an undefined value at /home/cpansand/.cpan/build/2018091902/Net-Prometheus-0.05-0/blib/lib/Net/Prometheus.pm line 279.
# Premature connection close
# Failed test 'POST /'
# at t/defaults.t line 24.
# Failed test '200 OK'
# at t/defaults.t line 24.
# got: undef
# expected: '200'
# Failed test 'exact match for content'
# at t/defaults.t line 24.
# got: ''
# expected: 'Hello Mojo!'
Mojo::Reactor::Poll: I/O watcher failed: Can't call method "collect" on an undefined value at /home/cpansand/.cpan/build/2018091902/Net-Prometheus-0.05-0/blib/lib/Net/Prometheus.pm line 279.
# Premature connection close
# Failed test 'GET /'
# at t/defaults.t line 23.
# Failed test '200 OK'
# at t/defaults.t line 23.
# got: undef
# expected: '200'
# Failed test 'exact match for content'
# at t/defaults.t line 23.
# got: ''
# expected: 'Hello Mojo!'
Mojo::Reactor::Poll: I/O watcher failed: Can't call method "collect" on an undefined value at /home/cpansand/.cpan/build/2018091902/Net-Prometheus-0.05-0/blib/lib/Net/Prometheus.pm line 279.
# Premature connection close
# Failed test 'POST /'
# at t/defaults.t line 24.
# Failed test '200 OK'
# at t/defaults.t line 24.
# got: undef
# expected: '200'
# Failed test 'exact match for content'
# at t/defaults.t line 24.
# got: ''
# expected: 'Hello Mojo!'
Mojo::Reactor::Poll: I/O watcher failed: Can't call method "collect" on an undefined value at /home/cpansand/.cpan/build/2018091902/Net-Prometheus-0.05-0/blib/lib/Net/Prometheus.pm line 279.
# Premature connection close
# Failed test 'GET /'
# at t/defaults.t line 23.
# Failed test '200 OK'
# at t/defaults.t line 23.
# got: undef
# expected: '200'
# Failed test 'exact match for content'
# at t/defaults.t line 23.
# got: ''
# expected: 'Hello Mojo!'
Mojo::Reactor::Poll: I/O watcher failed: Can't call method "collect" on an undefined value at /home/cpansand/.cpan/build/2018091902/Net-Prometheus-0.05-0/blib/lib/Net/Prometheus.pm line 279.
# Premature connection close
# Failed test 'POST /'
# at t/defaults.t line 24.
# Failed test '200 OK'
# at t/defaults.t line 24.
# got: undef
# expected: '200'
# Failed test 'exact match for content'
# at t/defaults.t line 24.
# got: ''
# expected: 'Hello Mojo!'
Mojo::Reactor::Poll: I/O watcher failed: Can't call method "collect" on an undefined value at /home/cpansand/.cpan/build/2018091902/Net-Prometheus-0.05-0/blib/lib/Net/Prometheus.pm line 279.
# Premature connection close
# Failed test 'GET /'
# at t/defaults.t line 23.
# Failed test '200 OK'
# at t/defaults.t line 23.
# got: undef
# expected: '200'
# Failed test 'exact match for content'
# at t/defaults.t line 23.
# got: ''
# expected: 'Hello Mojo!'
Mojo::Reactor::Poll: I/O watcher failed: Can't call method "collect" on an undefined value at /home/cpansand/.cpan/build/2018091902/Net-Prometheus-0.05-0/blib/lib/Net/Prometheus.pm line 279.
# Premature connection close
# Failed test 'POST /'
# at t/defaults.t line 24.
# Failed test '200 OK'
# at t/defaults.t line 24.
# got: undef
# expected: '200'
# Failed test 'exact match for content'
# at t/defaults.t line 24.
# got: ''
# expected: 'Hello Mojo!'
Mojo::Reactor::Poll: I/O watcher failed: Can't call method "collect" on an undefined value at /home/cpansand/.cpan/build/2018091902/Net-Prometheus-0.05-0/blib/lib/Net/Prometheus.pm line 279.
# Premature connection close
# Failed test 'GET /'
# at t/defaults.t line 23.
# Failed test '200 OK'
# at t/defaults.t line 23.
# got: undef
# expected: '200'
# Failed test 'exact match for content'
# at t/defaults.t line 23.
# got: ''
# expected: 'Hello Mojo!'
Mojo::Reactor::Poll: I/O watcher failed: Can't call method "collect" on an undefined value at /home/cpansand/.cpan/build/2018091902/Net-Prometheus-0.05-0/blib/lib/Net/Prometheus.pm line 279.
# Premature connection close
# Failed test 'POST /'
# at t/defaults.t line 24.
# Failed test '200 OK'
# at t/defaults.t line 24.
# got: undef
# expected: '200'
# Failed test 'exact match for content'
# at t/defaults.t line 24.
# got: ''
# expected: 'Hello Mojo!'
Mojo::Reactor::Poll: I/O watcher failed: Can't call method "collect" on an undefined value at /home/cpansand/.cpan/build/2018091902/Net-Prometheus-0.05-0/blib/lib/Net/Prometheus.pm line 279.
# Premature connection close
# Failed test 'GET /'
# at t/defaults.t line 23.
# Failed test '200 OK'
# at t/defaults.t line 23.
# got: undef
# expected: '200'
# Failed test 'exact match for content'
# at t/defaults.t line 23.
# got: ''
# expected: 'Hello Mojo!'
Mojo::Reactor::Poll: I/O watcher failed: Can't call method "collect" on an undefined value at /home/cpansand/.cpan/build/2018091902/Net-Prometheus-0.05-0/blib/lib/Net/Prometheus.pm line 279.
# Premature connection close
# Failed test 'POST /'
# at t/defaults.t line 24.
# Failed test '200 OK'
# at t/defaults.t line 24.
# got: undef
# expected: '200'
# Failed test 'exact match for content'
# at t/defaults.t line 24.
# got: ''
# expected: 'Hello Mojo!'
Mojo::Reactor::Poll: I/O watcher failed: Can't call method "collect" on an undefined value at /home/cpansand/.cpan/build/2018091902/Net-Prometheus-0.05-0/blib/lib/Net/Prometheus.pm line 279.
# Premature connection close
# Failed test 'GET /'
# at t/defaults.t line 23.
# Failed test '200 OK'
# at t/defaults.t line 23.
# got: undef
# expected: '200'
# Failed test 'exact match for content'
# at t/defaults.t line 23.
# got: ''
# expected: 'Hello Mojo!'
Mojo::Reactor::Poll: I/O watcher failed: Can't call method "collect" on an undefined value at /home/cpansand/.cpan/build/2018091902/Net-Prometheus-0.05-0/blib/lib/Net/Prometheus.pm line 279.
# Premature connection close
# Failed test 'POST /'
# at t/defaults.t line 24.
# Failed test '200 OK'
# at t/defaults.t line 24.
# got: undef
# expected: '200'
# Failed test 'exact match for content'
# at t/defaults.t line 24.
# got: ''
# expected: 'Hello Mojo!'
Mojo::Reactor::Poll: I/O watcher failed: Can't call method "collect" on an undefined value at /home/cpansand/.cpan/build/2018091902/Net-Prometheus-0.05-0/blib/lib/Net/Prometheus.pm line 279.
# Premature connection close
# Failed test 'GET /'
# at t/defaults.t line 23.
# Failed test '200 OK'
# at t/defaults.t line 23.
# got: undef
# expected: '200'
# Failed test 'exact match for content'
# at t/defaults.t line 23.
# got: ''
# expected: 'Hello Mojo!'
Mojo::Reactor::Poll: I/O watcher failed: Can't call method "collect" on an undefined value at /home/cpansand/.cpan/build/2018091902/Net-Prometheus-0.05-0/blib/lib/Net/Prometheus.pm line 279.
# Premature connection close
# Failed test 'POST /'
# at t/defaults.t line 24.
# Failed test '200 OK'
# at t/defaults.t line 24.
# got: undef
# expected: '200'
# Failed test 'exact match for content'
# at t/defaults.t line 24.
# got: ''
# expected: 'Hello Mojo!'
Mojo::Reactor::Poll: I/O watcher failed: Can't call method "collect" on an undefined value at /home/cpansand/.cpan/build/2018091902/Net-Prometheus-0.05-0/blib/lib/Net/Prometheus.pm line 279.
# Premature connection close
# Failed test 'GET /'
# at t/defaults.t line 23.
# Failed test '200 OK'
# at t/defaults.t line 23.
# got: undef
# expected: '200'
# Failed test 'exact match for content'
# at t/defaults.t line 23.
# got: ''
# expected: 'Hello Mojo!'
Mojo::Reactor::Poll: I/O watcher failed: Can't call method "collect" on an undefined value at /home/cpansand/.cpan/build/2018091902/Net-Prometheus-0.05-0/blib/lib/Net/Prometheus.pm line 279.
# Premature connection close
# Failed test 'POST /'
# at t/defaults.t line 24.
# Failed test '200 OK'
# at t/defaults.t line 24.
# got: undef
# expected: '200'
# Failed test 'exact match for content'
# at t/defaults.t line 24.
# got: ''
# expected: 'Hello Mojo!'
Mojo::Reactor::Poll: I/O watcher failed: Can't call method "collect" on an undefined value at /home/cpansand/.cpan/build/2018091902/Net-Prometheus-0.05-0/blib/lib/Net/Prometheus.pm line 279.
# Premature connection close
# Failed test 'GET /'
# at t/defaults.t line 23.
# Failed test '200 OK'
# at t/defaults.t line 23.
# got: undef
# expected: '200'
# Failed test 'exact match for content'
# at t/defaults.t line 23.
# got: ''
# expected: 'Hello Mojo!'
Mojo::Reactor::Poll: I/O watcher failed: Can't call method "collect" on an undefined value at /home/cpansand/.cpan/build/2018091902/Net-Prometheus-0.05-0/blib/lib/Net/Prometheus.pm line 279.
# Premature connection close
# Failed test 'POST /'
# at t/defaults.t line 24.
# Failed test '200 OK'
# at t/defaults.t line 24.
# got: undef
# expected: '200'
# Failed test 'exact match for content'
# at t/defaults.t line 24.
# got: ''
# expected: 'Hello Mojo!'
Mojo::Reactor::Poll: I/O watcher failed: Can't call method "collect" on an undefined value at /home/cpansand/.cpan/build/2018091902/Net-Prometheus-0.05-0/blib/lib/Net/Prometheus.pm line 279.
# Premature connection close
# Failed test 'GET /'
# at t/defaults.t line 23.
# Failed test '200 OK'
# at t/defaults.t line 23.
# got: undef
# expected: '200'
# Failed test 'exact match for content'
# at t/defaults.t line 23.
# got: ''
# expected: 'Hello Mojo!'
Mojo::Reactor::Poll: I/O watcher failed: Can't call method "collect" on an undefined value at /home/cpansand/.cpan/build/2018091902/Net-Prometheus-0.05-0/blib/lib/Net/Prometheus.pm line 279.
# Premature connection close
# Failed test 'POST /'
# at t/defaults.t line 24.
# Failed test '200 OK'
# at t/defaults.t line 24.
# got: undef
# expected: '200'
# Failed test 'exact match for content'
# at t/defaults.t line 24.
# got: ''
# expected: 'Hello Mojo!'
Mojo::Reactor::Poll: I/O watcher failed: Can't call method "collect" on an undefined value at /home/cpansand/.cpan/build/2018091902/Net-Prometheus-0.05-0/blib/lib/Net/Prometheus.pm line 279.
# Premature connection close
# Failed test 'GET /'
# at t/defaults.t line 23.
# Failed test '200 OK'
# at t/defaults.t line 23.
# got: undef
# expected: '200'
# Failed test 'exact match for content'
# at t/defaults.t line 23.
# got: ''
# expected: 'Hello Mojo!'
Mojo::Reactor::Poll: I/O watcher failed: Can't call method "collect" on an undefined value at /home/cpansand/.cpan/build/2018091902/Net-Prometheus-0.05-0/blib/lib/Net/Prometheus.pm line 279.
# Premature connection close
# Failed test 'POST /'
# at t/defaults.t line 24.
# Failed test '200 OK'
# at t/defaults.t line 24.
# got: undef
# expected: '200'
# Failed test 'exact match for content'
# at t/defaults.t line 24.
# got: ''
# expected: 'Hello Mojo!'
Mojo::Reactor::Poll: I/O watcher failed: Can't call method "collect" on an undefined value at /home/cpansand/.cpan/build/2018091902/Net-Prometheus-0.05-0/blib/lib/Net/Prometheus.pm line 279.
# Premature connection close
# Failed test 'GET /'
# at t/defaults.t line 23.
# Failed test '200 OK'
# at t/defaults.t line 23.
# got: undef
# expected: '200'
# Failed test 'exact match for content'
# at t/defaults.t line 23.
# got: ''
# expected: 'Hello Mojo!'
Mojo::Reactor::Poll: I/O watcher failed: Can't call method "collect" on an undefined value at /home/cpansand/.cpan/build/2018091902/Net-Prometheus-0.05-0/blib/lib/Net/Prometheus.pm line 279.
# Premature connection close
# Failed test 'POST /'
# at t/defaults.t line 24.
# Failed test '200 OK'
# at t/defaults.t line 24.
# got: undef
# expected: '200'
# Failed test 'exact match for content'
# at t/defaults.t line 24.
# got: ''
# expected: 'Hello Mojo!'
Mojo::Reactor::Poll: I/O watcher failed: Can't call method "collect" on an undefined value at /home/cpansand/.cpan/build/2018091902/Net-Prometheus-0.05-0/blib/lib/Net/Prometheus.pm line 279.
# Premature connection close
# Failed test 'GET /'
# at t/defaults.t line 23.
# Failed test '200 OK'
# at t/defaults.t line 23.
# got: undef
# expected: '200'
# Failed test 'exact match for content'
# at t/defaults.t line 23.
# got: ''
# expected: 'Hello Mojo!'
Mojo::Reactor::Poll: I/O watcher failed: Can't call method "collect" on an undefined value at /home/cpansand/.cpan/build/2018091902/Net-Prometheus-0.05-0/blib/lib/Net/Prometheus.pm line 279.
# Premature connection close
# Failed test 'POST /'
# at t/defaults.t line 24.
# Failed test '200 OK'
# at t/defaults.t line 24.
# got: undef
# expected: '200'
# Failed test 'exact match for content'
# at t/defaults.t line 24.
# got: ''
# expected: 'Hello Mojo!'
Mojo::Reactor::Poll: I/O watcher failed: Can't call method "collect" on an undefined value at /home/cpansand/.cpan/build/2018091902/Net-Prometheus-0.05-0/blib/lib/Net/Prometheus.pm line 279.
# Premature connection close
# Failed test 'GET /'
# at t/defaults.t line 23.
# Failed test '200 OK'
# at t/defaults.t line 23.
# got: undef
# expected: '200'
# Failed test 'exact match for content'
# at t/defaults.t line 23.
# got: ''
# expected: 'Hello Mojo!'
Mojo::Reactor::Poll: I/O watcher failed: Can't call method "collect" on an undefined value at /home/cpansand/.cpan/build/2018091902/Net-Prometheus-0.05-0/blib/lib/Net/Prometheus.pm line 279.
# Premature connection close
# Failed test 'POST /'
# at t/defaults.t line 24.
# Failed test '200 OK'
# at t/defaults.t line 24.
# got: undef
# expected: '200'
# Failed test 'exact match for content'
# at t/defaults.t line 24.
# got: ''
# expected: 'Hello Mojo!'
Mojo::Reactor::Poll: I/O watcher failed: Can't call method "collect" on an undefined value at /home/cpansand/.cpan/build/2018091902/Net-Prometheus-0.05-0/blib/lib/Net/Prometheus.pm line 279.
# Premature connection close
# Failed test 'GET /'
# at t/defaults.t line 23.
# Failed test '200 OK'
# at t/defaults.t line 23.
# got: undef
# expected: '200'
# Failed test 'exact match for content'
# at t/defaults.t line 23.
# got: ''
# expected: 'Hello Mojo!'
Mojo::Reactor::Poll: I/O watcher failed: Can't call method "collect" on an undefined value at /home/cpansand/.cpan/build/2018091902/Net-Prometheus-0.05-0/blib/lib/Net/Prometheus.pm line 279.
# Premature connection close
# Failed test 'POST /'
# at t/defaults.t line 24.
# Failed test '200 OK'
# at t/defaults.t line 24.
# got: undef
# expected: '200'
# Failed test 'exact match for content'
# at t/defaults.t line 24.
# got: ''
# expected: 'Hello Mojo!'
Mojo::Reactor::Poll: I/O watcher failed: Can't call method "collect" on an undefined value at /home/cpansand/.cpan/build/2018091902/Net-Prometheus-0.05-0/blib/lib/Net/Prometheus.pm line 279.
# Premature connection close
# Failed test 'GET /'
# at t/defaults.t line 23.
# Failed test '200 OK'
# at t/defaults.t line 23.
# got: undef
# expected: '200'
# Failed test 'exact match for content'
# at t/defaults.t line 23.
# got: ''
# expected: 'Hello Mojo!'
Mojo::Reactor::Poll: I/O watcher failed: Can't call method "collect" on an undefined value at /home/cpansand/.cpan/build/2018091902/Net-Prometheus-0.05-0/blib/lib/Net/Prometheus.pm line 279.
# Premature connection close
# Failed test 'POST /'
# at t/defaults.t line 24.
# Failed test '200 OK'
# at t/defaults.t line 24.
# got: undef
# expected: '200'
# Failed test 'exact match for content'
# at t/defaults.t line 24.
# got: ''
# expected: 'Hello Mojo!'
Mojo::Reactor::Poll: I/O watcher failed: Can't call method "collect" on an undefined value at /home/cpansand/.cpan/build/2018091902/Net-Prometheus-0.05-0/blib/lib/Net/Prometheus.pm line 279.
# Premature connection close
# Failed test 'GET /'
# at t/defaults.t line 23.
# Failed test '200 OK'
# at t/defaults.t line 23.
# got: undef
# expected: '200'
# Failed test 'exact match for content'
# at t/defaults.t line 23.
# got: ''
# expected: 'Hello Mojo!'
Mojo::Reactor::Poll: I/O watcher failed: Can't call method "collect" on an undefined value at /home/cpansand/.cpan/build/2018091902/Net-Prometheus-0.05-0/blib/lib/Net/Prometheus.pm line 279.
# Premature connection close
# Failed test 'POST /'
# at t/defaults.t line 24.
# Failed test '200 OK'
# at t/defaults.t line 24.
# got: undef
# expected: '200'
# Failed test 'exact match for content'
# at t/defaults.t line 24.
# got: ''
# expected: 'Hello Mojo!'
Mojo::Reactor::Poll: I/O watcher failed: Can't call method "collect" on an undefined value at /home/cpansand/.cpan/build/2018091902/Net-Prometheus-0.05-0/blib/lib/Net/Prometheus.pm line 279.
# Premature connection close
# Failed test 'GET /'
# at t/defaults.t line 23.
# Failed test '200 OK'
# at t/defaults.t line 23.
# got: undef
# expected: '200'
# Failed test 'exact match for content'
# at t/defaults.t line 23.
# got: ''
# expected: 'Hello Mojo!'
Mojo::Reactor::Poll: I/O watcher failed: Can't call method "collect" on an undefined value at /home/cpansand/.cpan/build/2018091902/Net-Prometheus-0.05-0/blib/lib/Net/Prometheus.pm line 279.
# Premature connection close
# Failed test 'POST /'
# at t/defaults.t line 24.
# Failed test '200 OK'
# at t/defaults.t line 24.
# got: undef
# expected: '200'
# Failed test 'exact match for content'
# at t/defaults.t line 24.
# got: ''
# expected: 'Hello Mojo!'
Mojo::Reactor::Poll: I/O watcher failed: Can't call method "collect" on an undefined value at /home/cpansand/.cpan/build/2018091902/Net-Prometheus-0.05-0/blib/lib/Net/Prometheus.pm line 279.
# Premature connection close
# Failed test 'GET /'
# at t/defaults.t line 23.
# Failed test '200 OK'
# at t/defaults.t line 23.
# got: undef
# expected: '200'
# Failed test 'exact match for content'
# at t/defaults.t line 23.
# got: ''
# expected: 'Hello Mojo!'
Mojo::Reactor::Poll: I/O watcher failed: Can't call method "collect" on an undefined value at /home/cpansand/.cpan/build/2018091902/Net-Prometheus-0.05-0/blib/lib/Net/Prometheus.pm line 279.
# Premature connection close
# Failed test 'POST /'
# at t/defaults.t line 24.
# Failed test '200 OK'
# at t/defaults.t line 24.
# got: undef
# expected: '200'
# Failed test 'exact match for content'
# at t/defaults.t line 24.
# got: ''
# expected: 'Hello Mojo!'
Mojo::Reactor::Poll: I/O watcher failed: Can't call method "collect" on an undefined value at /home/cpansand/.cpan/build/2018091902/Net-Prometheus-0.05-0/blib/lib/Net/Prometheus.pm line 279.
# Premature connection close
# Failed test 'GET /'
# at t/defaults.t line 23.
# Failed test '200 OK'
# at t/defaults.t line 23.
# got: undef
# expected: '200'
# Failed test 'exact match for content'
# at t/defaults.t line 23.
# got: ''
# expected: 'Hello Mojo!'
Mojo::Reactor::Poll: I/O watcher failed: Can't call method "collect" on an undefined value at /home/cpansand/.cpan/build/2018091902/Net-Prometheus-0.05-0/blib/lib/Net/Prometheus.pm line 279.
# Premature connection close
# Failed test 'POST /'
# at t/defaults.t line 24.
# Failed test '200 OK'
# at t/defaults.t line 24.
# got: undef
# expected: '200'
# Failed test 'exact match for content'
# at t/defaults.t line 24.
# got: ''
# expected: 'Hello Mojo!'
Mojo::Reactor::Poll: I/O watcher failed: Can't call method "collect" on an undefined value at /home/cpansand/.cpan/build/2018091902/Net-Prometheus-0.05-0/blib/lib/Net/Prometheus.pm line 279.
# Premature connection close
# Failed test 'GET /'
# at t/defaults.t line 23.
# Failed test '200 OK'
# at t/defaults.t line 23.
# got: undef
# expected: '200'
# Failed test 'exact match for content'
# at t/defaults.t line 23.
# got: ''
# expected: 'Hello Mojo!'
Mojo::Reactor::Poll: I/O watcher failed: Can't call method "collect" on an undefined value at /home/cpansand/.cpan/build/2018091902/Net-Prometheus-0.05-0/blib/lib/Net/Prometheus.pm line 279.
# Premature connection close
# Failed test 'POST /'
# at t/defaults.t line 24.
# Failed test '200 OK'
# at t/defaults.t line 24.
# got: undef
# expected: '200'
# Failed test 'exact match for content'
# at t/defaults.t line 24.
# got: ''
# expected: 'Hello Mojo!'
Mojo::Reactor::Poll: I/O watcher failed: Can't call method "collect" on an undefined value at /home/cpansand/.cpan/build/2018091902/Net-Prometheus-0.05-0/blib/lib/Net/Prometheus.pm line 279.
# Premature connection close
# Failed test 'GET /'
# at t/defaults.t line 23.
# Failed test '200 OK'
# at t/defaults.t line 23.
# got: undef
# expected: '200'
# Failed test 'exact match for content'
# at t/defaults.t line 23.
# got: ''
# expected: 'Hello Mojo!'
Mojo::Reactor::Poll: I/O watcher failed: Can't call method "collect" on an undefined value at /home/cpansand/.cpan/build/2018091902/Net-Prometheus-0.05-0/blib/lib/Net/Prometheus.pm line 279.
# Premature connection close
# Failed test 'POST /'
# at t/defaults.t line 24.
# Failed test '200 OK'
# at t/defaults.t line 24.
# got: undef
# expected: '200'
# Failed test 'exact match for content'
# at t/defaults.t line 24.
# got: ''
# expected: 'Hello Mojo!'
Mojo::Reactor::Poll: I/O watcher failed: Can't call method "collect" on an undefined value at /home/cpansand/.cpan/build/2018091902/Net-Prometheus-0.05-0/blib/lib/Net/Prometheus.pm line 279.
# Premature connection close
# Failed test 'GET /'
# at t/defaults.t line 23.
# Failed test '200 OK'
# at t/defaults.t line 23.
# got: undef
# expected: '200'
# Failed test 'exact match for content'
# at t/defaults.t line 23.
# got: ''
# expected: 'Hello Mojo!'
Mojo::Reactor::Poll: I/O watcher failed: Can't call method "collect" on an undefined value at /home/cpansand/.cpan/build/2018091902/Net-Prometheus-0.05-0/blib/lib/Net/Prometheus.pm line 279.
# Premature connection close
# Failed test 'POST /'
# at t/defaults.t line 24.
# Failed test '200 OK'
# at t/defaults.t line 24.
# got: undef
# expected: '200'
# Failed test 'exact match for content'
# at t/defaults.t line 24.
# got: ''
# expected: 'Hello Mojo!'
Mojo::Reactor::Poll: I/O watcher failed: Can't call method "collect" on an undefined value at /home/cpansand/.cpan/build/2018091902/Net-Prometheus-0.05-0/blib/lib/Net/Prometheus.pm line 279.
# Premature connection close
# Failed test 'GET /'
# at t/defaults.t line 23.
# Failed test '200 OK'
# at t/defaults.t line 23.
# got: undef
# expected: '200'
# Failed test 'exact match for content'
# at t/defaults.t line 23.
# got: ''
# expected: 'Hello Mojo!'
Mojo::Reactor::Poll: I/O watcher failed: Can't call method "collect" on an undefined value at /home/cpansand/.cpan/build/2018091902/Net-Prometheus-0.05-0/blib/lib/Net/Prometheus.pm line 279.
# Premature connection close
# Failed test 'POST /'
# at t/defaults.t line 24.
# Failed test '200 OK'
# at t/defaults.t line 24.
# got: undef
# expected: '200'
# Failed test 'exact match for content'
# at t/defaults.t line 24.
# got: ''
# expected: 'Hello Mojo!'
Mojo::Reactor::Poll: I/O watcher failed: Can't call method "collect" on an undefined value at /home/cpansand/.cpan/build/2018091902/Net-Prometheus-0.05-0/blib/lib/Net/Prometheus.pm line 279.
# Premature connection close
# Failed test 'GET /'
# at t/defaults.t line 23.
# Failed test '200 OK'
# at t/defaults.t line 23.
# got: undef
# expected: '200'
# Failed test 'exact match for content'
# at t/defaults.t line 23.
# got: ''
# expected: 'Hello Mojo!'
Mojo::Reactor::Poll: I/O watcher failed: Can't call method "collect" on an undefined value at /home/cpansand/.cpan/build/2018091902/Net-Prometheus-0.05-0/blib/lib/Net/Prometheus.pm line 279.
# Premature connection close
# Failed test 'POST /'
# at t/defaults.t line 24.
# Failed test '200 OK'
# at t/defaults.t line 24.
# got: undef
# expected: '200'
# Failed test 'exact match for content'
# at t/defaults.t line 24.
# got: ''
# expected: 'Hello Mojo!'
Mojo::Reactor::Poll: I/O watcher failed: Can't call method "collect" on an undefined value at /home/cpansand/.cpan/build/2018091902/Net-Prometheus-0.05-0/blib/lib/Net/Prometheus.pm line 279.
# Premature connection close
# Failed test 'GET /metrics'
# at t/defaults.t line 28.
# Failed test '200 OK'
# at t/defaults.t line 28.
# got: undef
# expected: '200'
# Failed test 'Content-Type is similar'
# at t/defaults.t line 28.
# undef
# doesn't match '(?^:^text/plain)'
# Failed test 'content is similar'
# at t/defaults.t line 28.
# ''
# doesn't match '(?^:http_requests_total\{worker="\d+",method="GET",code="200"\} 100)'
Mojo::Reactor::Poll: I/O watcher failed: Can't call method "collect" on an undefined value at /home/cpansand/.cpan/build/2018091902/Net-Prometheus-0.05-0/blib/lib/Net/Prometheus.pm line 279.
# Premature connection close
# Failed test 'GET /metrics'
# at t/defaults.t line 31.
# Failed test '200 OK'
# at t/defaults.t line 31.
# got: undef
# expected: '200'
# Failed test 'Content-Type is similar'
# at t/defaults.t line 31.
# undef
# doesn't match '(?^:^text/plain)'
# Failed test 'content is similar'
# at t/defaults.t line 31.
# ''
# doesn't match '(?^:http_request_duration_seconds_count\{worker="\d+",method="GET"\} 100)'
# Looks like you failed 608 tests of 608.
t/defaults.t ........
Dubious, test returned 254 (wstat 65024, 0xfe00)
Failed 608/608 subtests
t/linux.t ........... skipped: Test irrelevant outside Linux
Test Summary Report
-------------------
t/basic.t (Wstat: 2560 Tests: 10 Failed: 10)
Failed tests: 1-10
Non-zero exit status: 10
t/custom.t (Wstat: 1024 Tests: 4 Failed: 4)
Failed tests: 1-4
Non-zero exit status: 4
t/custom_buckets.t (Wstat: 1792 Tests: 7 Failed: 7)
Failed tests: 1-7
Non-zero exit status: 7
t/custom_group.t (Wstat: 1536 Tests: 6 Failed: 6)
Failed tests: 1-6
Non-zero exit status: 6
t/custom_path.t (Wstat: 1024 Tests: 4 Failed: 4)
Failed tests: 1-4
Non-zero exit status: 4
t/defaults.t (Wstat: 65024 Tests: 608 Failed: 608)
Failed tests: 1-608
Non-zero exit status: 254
Files=8, Tests=640, 3127 wallclock secs ( 0.13 usr 0.06 sys + 5.83 cusr 1.02 csys = 7.04 CPU)
Result: FAIL
------------------------------
PREREQUISITES
------------------------------
Prerequisite modules loaded:
requires:
Module Need Have
------------------- ----- --------
IPC::ShareLite 0 0.17
Mojolicious 0 7.88
Net::Prometheus 0.05 0.05
Time::HiRes 0 1.9759
build_requires:
Module Need Have
------------------- ----- --------
Devel::Cover 0 1.30
Test::More 0.98 1.302138
configure_requires:
Module Need Have
------------------- ----- --------
Module::Build::Tiny 0.035 0.039
------------------------------
ENVIRONMENT AND OTHER CONTEXT
------------------------------
Environment variables:
PATH = /usr/local/bin:/usr/bin:/bin:/usr/local/sbin:/usr/sbin:/sbin:/home/cpansand/bin/sh:/home/cpansand/bin:/usr/games:/home/cpansand/devel:/home/eserte/src/srezic-misc/scripts
PERL5LIB = /home/cpansand/.cpan/build/2018091902/Net-Prometheus-0.05-0/blib/arch:/home/cpansand/.cpan/build/2018091902/Net-Prometheus-0.05-0/blib/lib:/home/cpansand/.cpan/build/2018091902/Devel-Cover-1.30-0/blib/arch:/home/cpansand/.cpan/build/2018091902/Devel-Cover-1.30-0/blib/lib:/home/cpansand/.cpan/build/2018091902/B-Debug-1.26-0/blib/arch:/home/cpansand/.cpan/build/2018091902/B-Debug-1.26-0/blib/lib
PERL5OPT =
PERL5_CPANPLUS_IS_RUNNING = 39545
PERL5_CPAN_IS_RUNNING = 39545
PERL5_CPAN_IS_RUNNING_IN_RECURSION = 39161,39545
PERL_BATCH = yes
PERL_CANARY_STABILITY_NOPROMPT = 1
PERL_CPAN_REPORTER_CONFIG = /var/tmp/cpansmoker-1023/2018091902/cpanreporter_000_config.ini
PERL_EXTUTILS_AUTOINSTALL = --defaultdeps
PERL_USE_UNSAFE_INC = 1
SHELL = /bin/sh
TMPDIR = /var/tmp/cpansmoker-1023/2018091902
Perl special variables (and OS-specific diagnostics, for MSWin32):
$^X = /usr/perl5.28.0p/bin/perl5.28.0
$UID/$EUID = 1023 / 1023
$GID = 1023 1023
$EGID = 1023 1023
Perl module toolchain versions installed:
Module Have
------------------- --------
CPAN 2.20
CPAN::Meta 2.150010
Cwd 3.74
ExtUtils::CBuilder 0.280230
ExtUtils::Command 7.34
ExtUtils::Install 2.14
ExtUtils::MakeMaker 7.34
ExtUtils::Manifest 1.70
ExtUtils::ParseXS 3.39
File::Spec 3.74
JSON 2.97001
JSON::PP 2.97001
Module::Build 0.4224
Module::Signature n/a
Parse::CPAN::Meta 2.150010
Test::Harness 3.42
Test::More 1.302138
YAML 1.26
YAML::Syck 1.30
version 0.9923
--
Summary of my perl5 (revision 5 version 28 subversion 0) configuration:
Platform:
osname=freebsd
osvers=12.0-current
archname=amd64-freebsd
uname='freebsd ali1.bbbike.org 12.0-current freebsd 12.0-current #0 92ff3960172(master): mon may 7 23:24:27 hst 2018 root@ali1.bbbike.org:usrobjhomeprojectsfreebsdamd64.amd64sysgeneric amd64 '
config_args='-ds -e -Dprefix=/usr/perl5.28.0p -Dcf_email=srezic@cpan.org -Doptimize=-O2 -pipe'
hint=recommended
useposix=true
d_sigaction=define
useithreads=undef
usemultiplicity=undef
use64bitint=define
use64bitall=define
uselongdouble=undef
usemymalloc=n
default_inc_excludes_dot=define
bincompat5005=undef
Compiler:
cc='cc'
ccflags ='-DHAS_FPSETMASK -DHAS_FLOATINGPOINT_H -fno-strict-aliasing -pipe -fstack-protector-strong -I/usr/local/include -D_FORTIFY_SOURCE=2'
optimize='-O2 -pipe'
cppflags='-DHAS_FPSETMASK -DHAS_FLOATINGPOINT_H -fno-strict-aliasing -pipe -fstack-protector-strong -I/usr/local/include'
ccversion=''
gccversion='4.2.1 Compatible FreeBSD Clang 6.0.0 (tags/RELEASE_600/final 326565)'
gccosandvers=''
intsize=4
longsize=8
ptrsize=8
doublesize=8
byteorder=12345678
doublekind=3
d_longlong=define
longlongsize=8
d_longdbl=define
longdblsize=16
longdblkind=3
ivtype='long'
ivsize=8
nvtype='double'
nvsize=8
Off_t='off_t'
lseeksize=8
alignbytes=8
prototype=define
Linker and Libraries:
ld='cc'
ldflags ='-pthread -Wl,-E -fstack-protector-strong -L/usr/local/lib'
libpth=/usr/lib /usr/local/lib /usr/lib/clang/6.0.0/lib /usr/lib
libs=-lpthread -lgdbm -ldl -lm -lcrypt -lutil -lc
perllibs=-lpthread -ldl -lm -lcrypt -lutil -lc
libc=
so=so
useshrplib=false
libperl=libperl.a
gnulibc_version=''
Dynamic Linking:
dlsrc=dl_dlopen.xs
dlext=so
d_dlsymun=undef
ccdlflags=' '
cccdlflags='-DPIC -fPIC'
lddlflags='-shared -L/usr/local/lib -fstack-protector-strong'
Characteristics of this binary (from libperl):
Compile-time options:
HAS_TIMES
PERLIO_LAYERS
PERL_COPY_ON_WRITE
PERL_DONT_CREATE_GVSV
PERL_MALLOC_WRAP
PERL_OP_PARENT
PERL_PRESERVE_IVUV
USE_64_BIT_ALL
USE_64_BIT_INT
USE_LARGE_FILES
USE_LOCALE
USE_LOCALE_COLLATE
USE_LOCALE_CTYPE
USE_LOCALE_NUMERIC
USE_LOCALE_TIME
USE_PERLIO
USE_PERL_ATOF
Built under freebsd
Compiled at Jun 25 2018 13:39:35
%ENV:
PERL5LIB="/home/cpansand/.cpan/build/2018091902/Net-Prometheus-0.05-0/blib/arch:/home/cpansand/.cpan/build/2018091902/Net-Prometheus-0.05-0/blib/lib:/home/cpansand/.cpan/build/2018091902/Devel-Cover-1.30-0/blib/arch:/home/cpansand/.cpan/build/2018091902/Devel-Cover-1.30-0/blib/lib:/home/cpansand/.cpan/build/2018091902/B-Debug-1.26-0/blib/arch:/home/cpansand/.cpan/build/2018091902/B-Debug-1.26-0/blib/lib"
PERL5OPT=""
PERL5_CPANPLUS_IS_RUNNING="39545"
PERL5_CPAN_IS_RUNNING="39545"
PERL5_CPAN_IS_RUNNING_IN_RECURSION="39161,39545"
PERL_BATCH="yes"
PERL_CANARY_STABILITY_NOPROMPT="1"
PERL_CPAN_REPORTER_CONFIG="/var/tmp/cpansmoker-1023/2018091902/cpanreporter_000_config.ini"
PERL_EXTUTILS_AUTOINSTALL="--defaultdeps"
PERL_USE_UNSAFE_INC="1"
@INC:
/home/cpansand/.cpan/build/2018091902/Net-Prometheus-0.05-0/blib/arch
/home/cpansand/.cpan/build/2018091902/Net-Prometheus-0.05-0/blib/lib
/home/cpansand/.cpan/build/2018091902/Devel-Cover-1.30-0/blib/arch
/home/cpansand/.cpan/build/2018091902/Devel-Cover-1.30-0/blib/lib
/home/cpansand/.cpan/build/2018091902/B-Debug-1.26-0/blib/arch
/home/cpansand/.cpan/build/2018091902/B-Debug-1.26-0/blib/lib
/usr/perl5.28.0p/lib/site_perl/5.28.0/amd64-freebsd
/usr/perl5.28.0p/lib/site_perl/5.28.0
/usr/perl5.28.0p/lib/5.28.0/amd64-freebsd
/usr/perl5.28.0p/lib/5.28.0
.