Report for HTML-Zoom-Parser-HH5P-0.002

Back
From: metabase:user:320bfe00-2aae-11df-837a-5e0a49663a4f
Subject: FAIL HTML-Zoom-Parser-HH5P-0.002 v5.20.2 RC1 GNU/Linux
Date: 2015-02-01T09:06:57Z

This distribution has been tested as part of the CPAN Testers
project, supporting the Perl programming language.  See
http://wiki.cpantesters.org/ for more information or email
questions to cpan-testers-discuss@perl.org


--
Dear Toby Inkster,

This is a computer-generated report for HTML-Zoom-Parser-HH5P-0.002
on perl 5.20.2, created by CPAN-Reporter-1.2011.

Thank you for uploading your work to CPAN.  However, there was a problem
testing your distribution.

If you think this report is invalid, please consult the CPAN Testers Wiki
for suggestions on how to avoid getting FAIL reports for missing library
or binary dependencies, unsupported operating systems, and so on:

http://wiki.cpantesters.org/wiki/CPANAuthorNotes

Sections of this report:

    * Tester comments
    * Program output
    * Prerequisites
    * Environment and other context

------------------------------
TESTER COMMENTS
------------------------------

Additional comments from tester:

this report is from an automated smoke testing program
and was not reviewed by a human for accuracy

------------------------------
PROGRAM OUTPUT
------------------------------

Output from '/usr/bin/make test':

PERL_DL_NONLAZY=1 "/tmp/basesmoker-reloperl-S6j0/bin/perl" "-MExtUtils::Command::MM" "-MTest::Harness" "-e" "undef *Test::Harness::Switches; test_harness(0, 'inc', 'blib/lib', 'blib/arch')" t/hzphp-00-compile.t t/hzphp-actions.t t/hzphp-apply.t t/hzphp-balance.t t/hzphp-doctype.t t/hzphp-dwim-autoload.t t/hzphp-flush.t t/hzphp-forms.t t/hzphp-parser_weirdness.t t/hzphp-repeat_bugfixes.t t/hzphp-selectors.t t/hzphp-span.t t/hzphp-todo-repeat.t
t/hzphp-00-compile.t ........ ok
t/hzphp-actions.t ........... skipped: TODO
Can't use string ("HTML::HTML5::Parser") as a HASH ref while "strict refs" in use at /home/sand/src/perl/repoperls/installed-perls/perl/v5.20.2-RC1/165a/lib/site_perl/5.20.2/HTML/HTML5/Parser.pm line 389.
# Looks like your test exited with 255 before it could output anything.
t/hzphp-apply.t ............. 
Dubious, test returned 255 (wstat 65280, 0xff00)
No subtests run 
Can't use string ("HTML::HTML5::Parser") as a HASH ref while "strict refs" in use at /home/sand/src/perl/repoperls/installed-perls/perl/v5.20.2-RC1/165a/lib/site_perl/5.20.2/HTML/HTML5/Parser.pm line 389.
t/hzphp-balance.t ........... 
Dubious, test returned 255 (wstat 65280, 0xff00)
No subtests run 
Can't use string ("HTML::HTML5::Parser") as a HASH ref while "strict refs" in use at /home/sand/src/perl/repoperls/installed-perls/perl/v5.20.2-RC1/165a/lib/site_perl/5.20.2/HTML/HTML5/Parser.pm line 389.
# Looks like your test exited with 255 before it could output anything.
t/hzphp-doctype.t ........... 
Dubious, test returned 255 (wstat 65280, 0xff00)
No subtests run 
Can't use string ("HTML::HTML5::Parser") as a HASH ref while "strict refs" in use at /home/sand/src/perl/repoperls/installed-perls/perl/v5.20.2-RC1/165a/lib/site_perl/5.20.2/HTML/HTML5/Parser.pm line 389.
t/hzphp-dwim-autoload.t ..... 
Dubious, test returned 255 (wstat 65280, 0xff00)
No subtests run 
t/hzphp-flush.t ............. ok
t/hzphp-forms.t ............. skipped: TODO
t/hzphp-parser_weirdness.t .. skipped: TODO
Can't use string ("HTML::HTML5::Parser") as a HASH ref while "strict refs" in use at /home/sand/src/perl/repoperls/installed-perls/perl/v5.20.2-RC1/165a/lib/site_perl/5.20.2/HTML/HTML5/Parser.pm line 389.
t/hzphp-repeat_bugfixes.t ... 
Dubious, test returned 255 (wstat 65280, 0xff00)
No subtests run 

#   Failed test 'E[attr] works'
#   at t/hzphp-selectors.t line 48.
#          got: '<div class="waargh"></div>'
#     expected: '<div frew="yo">grg</div><div class="waargh"></div>'

#   Failed test 'E[attr=val] works'
#   at t/hzphp-selectors.t line 75.
#          got: '<div class="waargh"></div>'
#     expected: '<div frew="yo">grg</div><div class="waargh"></div>'

#   Failed test 'E[attr^="val"] works'
#   at t/hzphp-selectors.t line 111.
#          got: '<div class="waargh"></div>'
#     expected: '<div f="foobar">grg</div><div class="waargh"></div>'

#   Failed test 'E[attr*="val"] works'
#   at t/hzphp-selectors.t line 129.
#          got: '<div f="foo bar">grg</div>'
#     expected: '<div f="foo bar">grg</div><div class="waargh"></div>'

#   Failed test 'E[attr|="val"] works'
#   at t/hzphp-selectors.t line 147.
#          got: '<div lang="pl"></div><div lang="english"></div><div lang="en">grg</div><div class="waargh"></div>'
#     expected: '<div lang="pl"></div><div lang="english"></div><div lang="en">grg</div><div lang="en-US">grg</div><div class="waargh"></div>'
# Looks like you failed 5 tests of 20.
t/hzphp-selectors.t ......... 
Dubious, test returned 5 (wstat 1280, 0x500)
Failed 5/20 subtests 
t/hzphp-span.t .............. ok
t/hzphp-todo-repeat.t ....... skipped: Totally doesn't work yet

Test Summary Report
-------------------
t/hzphp-apply.t           (Wstat: 65280 Tests: 0 Failed: 0)
  Non-zero exit status: 255
  Parse errors: No plan found in TAP output
t/hzphp-balance.t         (Wstat: 65280 Tests: 0 Failed: 0)
  Non-zero exit status: 255
  Parse errors: No plan found in TAP output
t/hzphp-doctype.t         (Wstat: 65280 Tests: 0 Failed: 0)
  Non-zero exit status: 255
  Parse errors: No plan found in TAP output
t/hzphp-dwim-autoload.t   (Wstat: 65280 Tests: 0 Failed: 0)
  Non-zero exit status: 255
  Parse errors: No plan found in TAP output
t/hzphp-repeat_bugfixes.t (Wstat: 65280 Tests: 0 Failed: 0)
  Non-zero exit status: 255
  Parse errors: No plan found in TAP output
t/hzphp-selectors.t       (Wstat: 1280 Tests: 20 Failed: 5)
  Failed tests:  4, 7, 11, 13, 15
  Non-zero exit status: 5
Files=13, Tests=24,  2 wallclock secs ( 0.04 usr  0.01 sys +  1.78 cusr  0.12 csys =  1.95 CPU)
Result: FAIL
Failed 6/13 test programs. 5/24 subtests failed.
Makefile:775: recipe for target 'test_dynamic' failed
make: *** [test_dynamic] Error 255

------------------------------
PREREQUISITES
------------------------------

Prerequisite modules loaded:

requires:

    Module                Need     Have    
    --------------------- -------- --------
    ExtUtils::MakeMaker   6.59     7.04    
    HTML::HTML5::Entities 0        0.004   
    HTML::HTML5::Parser   0.206    0.301   
    HTML::Zoom            0.009007 0.009007
    Moo                   1.000000 1.007000
    namespace::clean      0        0.25    
    perl                  5.008    5.020002
    strictures            1        1.005006
    XML::LibXML           2        2.0117  

build_requires:

    Module                Need     Have    
    --------------------- -------- --------
    ExtUtils::MakeMaker   6.59     7.04    
    strictures            1        1.005006

configure_requires:

    Module                Need     Have    
    --------------------- -------- --------
    ExtUtils::MakeMaker   6.59     7.04    


------------------------------
ENVIRONMENT AND OTHER CONTEXT
------------------------------

Environment variables:

    AUTOMATED_TESTING = 1
    LANG = en_US.UTF-8
    LANGUAGE = en_US:en
    PATH = /home/sand/bin:/usr/local/bin:/usr/bin:/bin:/usr/games:/usr/local/perl/bin:/usr/X11/bin:/sbin:/usr/sbin
    PERL5LIB = 
    PERL5OPT = 
    PERL5_CPANPLUS_IS_RUNNING = 20865
    PERL5_CPAN_IS_RUNNING = 20865
    PERL_MM_USE_DEFAULT = 1
    SHELL = /usr/bin/zsh
    TERM = screen

Perl special variables (and OS-specific diagnostics, for MSWin32):

    $^X = /tmp/basesmoker-reloperl-S6j0/bin/perl
    $UID/$EUID = 1005 / 1005
    $GID = 1005 1005
    $EGID = 1005 1005

Perl module toolchain versions installed:

    Module              Have    
    ------------------- --------
    CPAN                2.05    
    CPAN::Meta          2.143240
    Cwd                 3.48_01 
    ExtUtils::CBuilder  0.280220
    ExtUtils::Command   1.18    
    ExtUtils::Install   1.67    
    ExtUtils::MakeMaker 7.04    
    ExtUtils::Manifest  1.70    
    ExtUtils::ParseXS   3.24    
    File::Spec          3.48_01 
    JSON                2.90    
    JSON::PP            2.27203 
    Module::Build       0.4211  
    Module::Signature   0.73    
    Parse::CPAN::Meta   1.4414  
    Test::Harness       3.35    
    Test::More          1.001014
    YAML                1.14    
    YAML::Syck          1.29    
    version             0.9909  


--

Summary of my perl5 (revision 5 version 20 subversion 2) configuration:
  Commit id: a920fedcd88708027dc9204b8d8abac1638789d4
  Platform:
    osname=linux, osvers=3.16.0-4-amd64, archname=x86_64-linux
    uname='linux k83 3.16.0-4-amd64 #1 smp debian 3.16.7-ckt2-1 (2014-12-08) x86_64 gnulinux '
    config_args='-Dprefix=/home/sand/src/perl/repoperls/installed-perls/perl/v5.20.2-RC1/165a -Dmyhostname=k83 -Dinstallusrbinperl=n -Uversiononly -Dusedevel -des -Ui_db -Uuseithreads -Uuselongdouble -DDEBUGGING=-g'
    hint=recommended, useposix=true, d_sigaction=define
    useithreads=undef, usemultiplicity=undef
    use64bitint=define, use64bitall=define, uselongdouble=undef
    usemymalloc=n, bincompat5005=undef
  Compiler:
    cc='cc', ccflags ='-fwrapv -fno-strict-aliasing -pipe -fstack-protector -I/usr/local/include -D_LARGEFILE_SOURCE -D_FILE_OFFSET_BITS=64',
    optimize='-O2 -g',
    cppflags='-fwrapv -fno-strict-aliasing -pipe -fstack-protector -I/usr/local/include'
    ccversion='', gccversion='4.9.2', gccosandvers=''
    intsize=4, longsize=8, ptrsize=8, doublesize=8, byteorder=12345678
    d_longlong=define, longlongsize=8, d_longdbl=define, longdblsize=16
    ivtype='long', ivsize=8, nvtype='double', nvsize=8, Off_t='off_t', lseeksize=8
    alignbytes=8, prototype=define
  Linker and Libraries:
    ld='cc', ldflags =' -fstack-protector -L/usr/local/lib'
    libpth=/usr/local/lib /usr/lib/gcc/x86_64-linux-gnu/4.9/include-fixed /usr/include/x86_64-linux-gnu /usr/lib /lib/x86_64-linux-gnu /lib/../lib /usr/lib/x86_64-linux-gnu /usr/lib/../lib /lib
    libs=-lnsl -lgdbm -ldb -ldl -lm -lcrypt -lutil -lc -lgdbm_compat
    perllibs=-lnsl -ldl -lm -lcrypt -lutil -lc
    libc=libc-2.19.so, so=so, useshrplib=false, libperl=libperl.a
    gnulibc_version='2.19'
  Dynamic Linking:
    dlsrc=dl_dlopen.xs, dlext=so, d_dlsymun=undef, ccdlflags='-Wl,-E'
    cccdlflags='-fPIC', lddlflags='-shared -O2 -g -L/usr/local/lib -fstack-protector'


Characteristics of this binary (from libperl): 
  Compile-time options: HAS_TIMES PERLIO_LAYERS PERL_DONT_CREATE_GVSV
                        PERL_HASH_FUNC_ONE_AT_A_TIME_HARD PERL_MALLOC_WRAP
                        PERL_NEW_COPY_ON_WRITE PERL_PRESERVE_IVUV
                        PERL_USE_DEVEL USE_64_BIT_ALL USE_64_BIT_INT
                        USE_LARGE_FILES USE_LOCALE USE_LOCALE_COLLATE
                        USE_LOCALE_CTYPE USE_LOCALE_NUMERIC USE_PERLIO
                        USE_PERL_ATOF
  Locally applied patches:
	RC1
  Built under linux
  Compiled at Feb  1 2015 06:16:35
  %ENV:
    PERL5LIB=""
    PERL5OPT=""
    PERL5_CPANPLUS_IS_RUNNING="20865"
    PERL5_CPAN_IS_RUNNING="20865"
    PERL_MM_USE_DEFAULT="1"
  @INC:
    /home/sand/src/perl/repoperls/installed-perls/perl/v5.20.2-RC1/165a/lib/site_perl/5.20.2/x86_64-linux
    /home/sand/src/perl/repoperls/installed-perls/perl/v5.20.2-RC1/165a/lib/site_perl/5.20.2
    /home/sand/src/perl/repoperls/installed-perls/perl/v5.20.2-RC1/165a/lib/5.20.2/x86_64-linux
    /home/sand/src/perl/repoperls/installed-perls/perl/v5.20.2-RC1/165a/lib/5.20.2
    .