Back
From: metabase:user:320bfe00-2aae-11df-837a-5e0a49663a4f
Subject: FAIL Bricklayer-Templater-0.9.8 v5.22.1 GNU/Linux
Date: 2016-02-14T01:38:40Z
This distribution has been tested as part of the CPAN Testers
project, supporting the Perl programming language. See
http://wiki.cpantesters.org/ for more information or email
questions to cpan-testers-discuss@perl.org
--
Dear Jeremy Wall,
This is a computer-generated report for Bricklayer-Templater-0.9.8
on perl 5.22.1, created by CPAN-Reporter-1.2015.
Thank you for uploading your work to CPAN. However, there was a problem
testing your distribution.
If you think this report is invalid, please consult the CPAN Testers Wiki
for suggestions on how to avoid getting FAIL reports for missing library
or binary dependencies, unsupported operating systems, and so on:
http://wiki.cpantesters.org/wiki/CPANAuthorNotes
Sections of this report:
* Tester comments
* Program output
* Prerequisites
* Environment and other context
------------------------------
TESTER COMMENTS
------------------------------
Additional comments from tester:
this report is from an automated smoke testing program
and was not reviewed by a human for accuracy
------------------------------
PROGRAM OUTPUT
------------------------------
Output from '/usr/bin/make test':
PERL_DL_NONLAZY=1 "/home/sand/src/perl/repoperls/installed-perls/perl/v5.22.1/8d81/bin/perl" "-MExtUtils::Command::MM" "-MTest::Harness" "-e" "undef *Test::Harness::Switches; test_harness(0, 'inc', 'blib/lib', 'blib/arch')" t/01bricklayer_templater_parser.t t/02bricklayer_templater.t t/03bricklayer_templater_handler.t t/bricklayer_templater_handlers.t t/pod-coverage.t t/pod.t
t/01bricklayer_templater_parser.t ... ok
creating test templtes at t/02bricklayer_templater.t line 31.
Bricklayer::Templater Requires a working directory at t/02bricklayer_templater.t line 48.
Bricklayer::Templater Requires a context at t/02bricklayer_templater.t line 49.
loading /tmp/loop_over_bdir-4812-ReYJPw/Bricklayer-Templater-0.9.8-6xQnk0/templates/test.txml at t/02bricklayer_templater.t line 67.
loading /tmp/loop_over_bdir-4812-ReYJPw/Bricklayer-Templater-0.9.8-6xQnk0/templates/tmpl/test.txml at t/02bricklayer_templater.t line 68.
in the row handler with at /tmp/loop_over_bdir-4812-ReYJPw/Bricklayer-Templater-0.9.8-6xQnk0/blib/lib/Bricklayer/Templater/Sequencer.pm line 107.
loading /tmp/loop_over_bdir-4812-ReYJPw/Bricklayer-Templater-0.9.8-6xQnk0/templates/tmpl/test.txml at t/02bricklayer_templater.t line 81.
in the row handler with at /tmp/loop_over_bdir-4812-ReYJPw/Bricklayer-Templater-0.9.8-6xQnk0/blib/lib/Bricklayer/Templater/Sequencer.pm line 96.
removing test directory at t/02bricklayer_templater.t line 86.
t/02bricklayer_templater.t .......... ok
t/03bricklayer_templater_handler.t .. ok
t/bricklayer_templater_handlers.t ... ok
t/pod-coverage.t .................... ok
# Failed test 'POD test for blib/lib/Bricklayer/Templater/Handler.pm'
# at /home/sand/src/perl/repoperls/installed-perls/perl/v5.22.1/8d81/lib/site_perl/5.22.1/Test/Pod.pm line 187.
# blib/lib/Bricklayer/Templater/Handler.pm (35): Expected text after =item, not a bullet
# Looks like you failed 1 test of 16.
t/pod.t .............................
Dubious, test returned 1 (wstat 256, 0x100)
Failed 1/16 subtests
Test Summary Report
-------------------
t/pod.t (Wstat: 256 Tests: 16 Failed: 1)
Failed test: 3
Non-zero exit status: 1
Files=6, Tests=65, 0 wallclock secs ( 0.03 usr 0.04 sys + 0.33 cusr 0.05 csys = 0.45 CPU)
Result: FAIL
Failed 1/6 test programs. 1/65 subtests failed.
Makefile:830: recipe for target 'test_dynamic' failed
make: *** [test_dynamic] Error 1
------------------------------
PREREQUISITES
------------------------------
Prerequisite modules loaded:
requires:
Module Need Have
------------------- ---- ----------
Carp 0 1.36
Test::MockObject 1.08 1.20150527
Test::More 0.7 1.001014
build_requires:
Module Need Have
------------------- ---- ----------
ExtUtils::MakeMaker 0 7.10
------------------------------
ENVIRONMENT AND OTHER CONTEXT
------------------------------
Environment variables:
AUTOMATED_TESTING = 1
LANG = en_US.UTF-8
LANGUAGE = en_US:en
PATH = /usr/lib/ccache:/home/sand/bin:/usr/local/bin:/usr/bin:/bin:/usr/games:/usr/local/perl/bin:/usr/X11/bin:/sbin:/usr/sbin
PERL5LIB =
PERL5OPT =
PERL5_CPANPLUS_IS_RUNNING = 4819
PERL5_CPAN_IS_RUNNING = 4819
PERL_MM_USE_DEFAULT = 1
SHELL = /usr/bin/zsh
TERM = screen
Perl special variables (and OS-specific diagnostics, for MSWin32):
$^X = /home/sand/src/perl/repoperls/installed-perls/perl/v5.22.1/8d81/bin/perl
$UID/$EUID = 1005 / 1005
$GID = 1005 1005
$EGID = 1005 1005
Perl module toolchain versions installed:
Module Have
------------------- --------
CPAN 2.11
CPAN::Meta 2.150005
Cwd 3.62
ExtUtils::CBuilder 0.280224
ExtUtils::Command 7.10
ExtUtils::Install 2.04
ExtUtils::MakeMaker 7.10
ExtUtils::Manifest 1.70
ExtUtils::ParseXS 3.28
File::Spec 3.62
JSON 2.90
JSON::PP 2.27300
Module::Build 0.4216
Module::Signature 0.79
Parse::CPAN::Meta 1.4417
Test::Harness 3.36
Test::More 1.001014
YAML 1.15
YAML::Syck 1.29
version 0.9909
--
Summary of my perl5 (revision 5 version 22 subversion 1) configuration:
Derived from: 0ab152a1d10861997fe3e1b985cc92f142f4cec7
Platform:
osname=linux, osvers=4.3.0-1-amd64, archname=x86_64-linux-ld
uname='linux k83 4.3.0-1-amd64 #1 smp debian 4.3.3-7 (2016-01-19) x86_64 gnulinux '
config_args='-Dprefix=/home/sand/src/perl/repoperls/installed-perls/perl/v5.22.1/8d81 -Dmyhostname=k83 -Dinstallusrbinperl=n -Uversiononly -Dusedevel -des -Ui_db -Dlibswanted=cl pthread socket inet nsl gdbm dbm malloc dl ld sun m crypt sec util c cposix posix ucb BSD gdbm_compat -Uuseithreads -Duselongdouble'
hint=recommended, useposix=true, d_sigaction=define
useithreads=undef, usemultiplicity=undef
use64bitint=define, use64bitall=define, uselongdouble=define
usemymalloc=n, bincompat5005=undef
Compiler:
cc='cc', ccflags ='-fwrapv -fno-strict-aliasing -pipe -fstack-protector-strong -I/usr/local/include -D_LARGEFILE_SOURCE -D_FILE_OFFSET_BITS=64',
optimize='-O2',
cppflags='-fwrapv -fno-strict-aliasing -pipe -fstack-protector-strong -I/usr/local/include'
ccversion='', gccversion='5.3.1 20160121', gccosandvers=''
intsize=4, longsize=8, ptrsize=8, doublesize=8, byteorder=12345678, doublekind=3
d_longlong=define, longlongsize=8, d_longdbl=define, longdblsize=16, longdblkind=3
ivtype='long', ivsize=8, nvtype='long double', nvsize=16, Off_t='off_t', lseeksize=8
alignbytes=16, prototype=define
Linker and Libraries:
ld='cc', ldflags =' -fstack-protector-strong -L/usr/local/lib'
libpth=/usr/local/lib /usr/lib/gcc/x86_64-linux-gnu/5/include-fixed /usr/include/x86_64-linux-gnu /usr/lib /lib/x86_64-linux-gnu /lib/../lib /usr/lib/x86_64-linux-gnu /usr/lib/../lib /lib
libs=-lpthread -lnsl -lgdbm -ldl -lm -lcrypt -lutil -lc -lgdbm_compat
perllibs=-lpthread -lnsl -ldl -lm -lcrypt -lutil -lc
libc=libc-2.21.so, so=so, useshrplib=false, libperl=libperl.a
gnulibc_version='2.21'
Dynamic Linking:
dlsrc=dl_dlopen.xs, dlext=so, d_dlsymun=undef, ccdlflags='-Wl,-E'
cccdlflags='-fPIC', lddlflags='-shared -O2 -L/usr/local/lib -fstack-protector-strong'
Characteristics of this binary (from libperl):
Compile-time options: HAS_TIMES PERLIO_LAYERS PERL_DONT_CREATE_GVSV
PERL_HASH_FUNC_ONE_AT_A_TIME_HARD PERL_MALLOC_WRAP
PERL_NEW_COPY_ON_WRITE PERL_PRESERVE_IVUV
PERL_USE_DEVEL USE_64_BIT_ALL USE_64_BIT_INT
USE_LARGE_FILES USE_LOCALE USE_LOCALE_COLLATE
USE_LOCALE_CTYPE USE_LOCALE_NUMERIC USE_LOCALE_TIME
USE_LONG_DOUBLE USE_PERLIO USE_PERL_ATOF
Locally applied patches:
uncommitted-changes
Devel::PatchPerl 1.40
Built under linux
Compiled at Feb 1 2016 05:58:55
%ENV:
PERL5LIB=""
PERL5OPT=""
PERL5_CPANPLUS_IS_RUNNING="4819"
PERL5_CPAN_IS_RUNNING="4819"
PERL_MM_USE_DEFAULT="1"
@INC:
/home/sand/src/perl/repoperls/installed-perls/perl/v5.22.1/8d81/lib/site_perl/5.22.1/x86_64-linux-ld
/home/sand/src/perl/repoperls/installed-perls/perl/v5.22.1/8d81/lib/site_perl/5.22.1
/home/sand/src/perl/repoperls/installed-perls/perl/v5.22.1/8d81/lib/5.22.1/x86_64-linux-ld
/home/sand/src/perl/repoperls/installed-perls/perl/v5.22.1/8d81/lib/5.22.1
.