Devel-Chitin v0.22 Perl 5 v5.10.0 amd64-freebsd

Status
Fail
From
Chris Williams (BINGOS)
Dist
Devel-Chitin v0.22
Platform
Perl 5 v5.10.0 amd64-freebsd
Date
2022-12-05 01:46:45
ID
acc9d864-743e-11ed-aba6-9a79f339625c
This distribution has been tested as part of the CPAN Testers
project, supporting the Perl programming language.  See
http://wiki.cpantesters.org/ for more information or email
questions to cpan-testers-discuss@perl.org


--

Dear BRUMMETT,

This is a computer-generated error report created automatically by
CPANPLUS, version 0.9914. Testers personal comments may appear
at the end of this report.


Thank you for uploading your work to CPAN.  However, it appears that
there were some problems testing your distribution.

TEST RESULTS:

Below is the error stack from stage 'make test':

PERL_DL_NONLAZY=1 "/usr/home/cpan/pit/bare/perl-5.10.0/bin/perl" "-MExtUtils::Command::MM" "-MTest::Harness" "-e" "undef *Test::Harness::Switches; test_harness(0, 'blib/lib', 'blib/arch')" t/*.t
t/00-use.t ......................... ok
t/01-attach-detach.t ............... ok
Undefined value assigned to typeglob at /usr/home/cpan/pit/bare/conf/perl-5.10.0/.cpanplus/5.10.0/build/FVn1N9iDo4/Devel-Chitin-0.22/blib/lib/Devel/Chitin.pm line 719.
t/02-step-lvalue.t ................. ok
Undefined value assigned to typeglob at /usr/home/cpan/pit/bare/conf/perl-5.10.0/.cpanplus/5.10.0/build/FVn1N9iDo4/Devel-Chitin-0.22/blib/lib/Devel/Chitin.pm line 719.
t/02-step.t ........................ ok
t/02-stepout-catch-return.t ........ ok
t/02-stepout-lvalue.t .............. ok
t/02-stepout.t ..................... ok
t/02-stepover-exception.t .......... ok
t/02-stepover-goto-label.t ......... ok
t/02-stepover-goto-sub.t ........... ok
t/02-stepover-lvalue-exception.t ... ok
t/02-stepover-lvalue-goto-label.t .. ok
t/02-stepover-lvalue.t ............. ok
t/02-stepover.t .................... ok
t/03-continue-end.t ................ ok
t/03-continue-to.t ................. ok
t/04-breakpoint-once.t ............. ok
t/04-breakpoint.t .................. ok
t/04-change-breakpoint-code.t ...... ok
t/04-conditional-breakpoint.t ...... ok
t/04-delete-breakpoint.t ........... ok
t/05-location-callsite.t ........... ok
t/05-location.t .................... ok
Undefined value assigned to typeglob at /usr/home/cpan/pit/bare/conf/perl-5.10.0/.cpanplus/5.10.0/build/FVn1N9iDo4/Devel-Chitin-0.22/blib/lib/Devel/Chitin.pm line 719.
t/06-action.t ...................... ok
t/07-stack.t ....................... ok
t/08-trace.t ....................... ok
t/09-disable-debugger.t ............ ok
t/10-loaded_files.t ................ ok
t/11-postponed.t ................... ok
t/12-eval.t ........................ ok
t/13-fork.t ........................ ok
untrapped at t/14-step-in-uncaught-exception.t line 9.
t/14-step-in-uncaught-exception.t .. ok
untrapped at t/14-uncaught-exception.t line 11.
t/14-uncaught-exception.t .......... ok
Undefined value assigned to typeglob at /usr/home/cpan/pit/bare/conf/perl-5.10.0/.cpanplus/5.10.0/build/FVn1N9iDo4/Devel-Chitin-0.22/blib/lib/Devel/Chitin.pm line 719.
t/15-subroutine-location.t ......... ok
t/16-user-requested-exit.t ......... ok
t/17-db-event-loop.t ............... ok
t/18-getvar-at-level.t ............. ok
t/19-watch-expr.t .................. ok
t/20-optree-construction.t ......... ok
Statement unlikely to be reached at (eval 277) line 4.
	(Maybe you meant system() when you said exec()?)
t/20-optree-deparse.t .............. ok
t/21-deparse-trace-anon-sub.t ...... ok
t/21-deparse-trace-fib.t ........... ok
panic: attempt to copy freed scalar 801a05f90 to 8019d2f90 at /usr/home/cpan/pit/bare/conf/perl-5.10.0/.cpanplus/5.10.0/build/FVn1N9iDo4/Devel-Chitin-0.22/blib/lib/Devel/Chitin.pm line 387.

# Failed test 'next_statement() 5 for line 1'
# at t/21-deparse-trace-statements.t line 80.
# +--------------------------------+----+------------+
# | GOT                            | OP | CHECK      |
# +--------------------------------+----+------------+
# | Test2::API::test2_set_is_end() | eq | $line = 21 |
# +--------------------------------+----+------------+
# stopped at line 1 callsite 0x80199ace0
# 

# Failed test 'next_fragment() 5 for line 1'
# at t/21-deparse-trace-statements.t line 84.
# +--------------------------------+----+-------+
# | GOT                            | OP | CHECK |
# +--------------------------------+----+-------+
# | Test2::API::test2_set_is_end() | eq | 21    |
# +--------------------------------+----+-------+
# stopped at line 1 callsite 0x80199ace0
# 

# Failed test 'next_fragment() parent 5 for line 1'
# at t/21-deparse-trace-statements.t line 88.
# +------------------------------+----+------------+
# | GOT                          | OP | CHECK      |
# +------------------------------+----+------------+
# | Test2::API::test2_set_is_end | eq | $line = 21 |
# +------------------------------+----+------------+
# stopped at line 1 callsite 0x80199ace0
# 
Undefined value assigned to typeglob at /usr/home/cpan/pit/bare/conf/perl-5.10.0/.cpanplus/5.10.0/build/FVn1N9iDo4/Devel-Chitin-0.22/blib/lib/Devel/Chitin.pm line 719.
Undefined value assigned to typeglob at /usr/home/cpan/pit/bare/conf/perl-5.10.0/.cpanplus/5.10.0/build/FVn1N9iDo4/Devel-Chitin-0.22/blib/lib/Devel/Chitin.pm line 625.
Can't locate object method "_build" via package "Devel::Chitin::OpTree::NULL" at /usr/home/cpan/pit/bare/conf/perl-5.10.0/.cpanplus/5.10.0/build/FVn1N9iDo4/Devel-Chitin-0.22/blib/lib/Devel/Chitin/OpTree.pm line 115.
END failed--call queue aborted at t/21-deparse-trace-statements.t line 387.

# Failed test 'There were 9 tests remaining in the queue'
# at /usr/home/cpan/pit/jail/cSjJxUDXdP/lib/perl5/Test2/Tools/Basic.pm line 18.
# Looks like your test exited with 255 after test #16.
# Did not follow plan: expected 51, ran 16.
# Seeded srand with seed '20221205' from local date.
t/21-deparse-trace-statements.t .... 
Dubious, test returned 255 (wstat 65280, 0xff00)
Failed 39/51 subtests 
t/22-sub-name-bug.t ................ ok

Test Summary Report
-------------------
t/21-deparse-trace-statements.t  (Wstat: 65280 (exited 255) Tests: 16 Failed: 4)
  Failed tests:  13-16
  Non-zero exit status: 255
  Parse errors: Bad plan.  You planned 51 tests but ran 16.
Files=44, Tests=309,  6 wallclock secs ( 0.15 usr  0.12 sys +  3.84 cusr  1.49 csys =  5.59 CPU)
Result: FAIL
Failed 1/44 test programs. 4/309 subtests failed.
*** Error code 255

Stop.
make: stopped in /usr/home/cpan/pit/bare/conf/perl-5.10.0/.cpanplus/5.10.0/build/FVn1N9iDo4/Devel-Chitin-0.22


PREREQUISITES:

Here is a list of prerequisites you specified and versions we
managed to load:

	  Module Name                        Have     Want
	  B                                  1.17        0
	  Carp                               1.08        0
	  Devel::Callsite                   1.0.1        0
	  Digest::MD5                     2.36_01        0
	  Exporter                           5.62        0
	  ExtUtils::MakeMaker                7.64        0
	  Fcntl                              1.06        0
	  File::Basename                     2.76        0
	  IO::File                           1.14        0
	  List::Util                         1.63     1.45
	  POSIX                              1.13        0
	  PadWalker                           2.5        0
	  Scalar::Util                       1.63        0
	  Socket                             1.80        0
	  Sub::Name                          0.26        0
	  Test2::API                     1.302191 1.302136
	  Test2::IPC                     1.302191        0
	  Test2::Require::Fork           0.000145        0
	  Test2::Tools::Basic            0.000145        0
	  Test2::Tools::Subtest          0.000145        0
	  Test2::V0                      0.000145        0
	  Test::Builder                  1.302191        0
	  Test::More                     1.302191        0
	  base                               2.13        0
	  constant                           1.13        0
	  lib                              0.5565        0
	  strict                             1.04        0
	  warnings                           1.06        0

Perl module toolchain versions installed:
	Module Name                        Have
	CPANPLUS                         0.9914
	CPANPLUS::Dist::Build              0.90
	Cwd                                3.75
	ExtUtils::CBuilder             0.280236
	ExtUtils::Command                  7.64
	ExtUtils::Install                  2.20
	ExtUtils::MakeMaker                7.64
	ExtUtils::Manifest                 1.73
	ExtUtils::ParseXS                  3.44
	File::Spec                         3.75
	Module::Build                    0.4231
	Pod::Parser                        1.35
	Pod::Simple                        3.43
	Test2                          1.302191
	Test::Harness                      3.44
	Test::More                     1.302191
	version                          0.9929

******************************** NOTE ********************************
The comments above are created mechanically, possibly without manual
checking by the sender.  As there are many people performing automatic
tests on each upload to CPAN, it is likely that you will receive
identical messages about the same problem.

If you believe that the message is mistaken, please reply to the first
one with correction and/or additional informations, and do not take
it personally.  We appreciate your patience. :)
**********************************************************************

Additional comments:


This report was machine-generated by CPANPLUS::Dist::YACSmoke 1.08.
Powered by minismokebox version 0.68

CPANPLUS is prefering Build.PL

------------------------------
ENVIRONMENT AND OTHER CONTEXT
------------------------------

Environment variables:

    AUTOMATED_TESTING = 1
    LANG = C.UTF-8
    NONINTERACTIVE_TESTING = 1
    PATH = /sbin:/bin:/usr/sbin:/usr/bin:/usr/local/sbin:/usr/local/bin:/home/cpan/bin
    PERL5LIB = /usr/home/cpan/pit/jail/cSjJxUDXdP/lib/perl5:/usr/home/cpan/pit/bare/conf/perl-5.10.0/.cpanplus/5.10.0/build/FVn1N9iDo4/Devel-Chitin-0.22/blib/lib:/usr/home/cpan/pit/bare/conf/perl-5.10.0/.cpanplus/5.10.0/build/FVn1N9iDo4/Devel-Chitin-0.22/blib/arch
    PERL5_CPANPLUS_IS_RUNNING = 43990
    PERL5_CPANPLUS_IS_VERSION = 0.9914
    PERL5_MINISMOKEBOX = 0.68
    PERL5_YACSMOKE_BASE = /usr/home/cpan/pit/bare/conf/perl-5.10.0
    PERL_EXTUTILS_AUTOINSTALL = --defaultdeps
    PERL_LOCAL_LIB_ROOT = /usr/home/cpan/pit/jail/cSjJxUDXdP
    PERL_MB_OPT = --install_base "/usr/home/cpan/pit/jail/cSjJxUDXdP"
    PERL_MM_OPT = INSTALL_BASE=/usr/home/cpan/pit/jail/cSjJxUDXdP
    PERL_MM_USE_DEFAULT = 1
    SHELL = /usr/local/bin/bash
    TERM = screen

Perl special variables (and OS-specific diagnostics, for MSWin32):

    Perl: $^X = /usr/home/cpan/pit/bare/perl-5.10.0/bin/perl
    UID:  $<  = 1002
    EUID: $>  = 1002
    GID:  $(  = 1002 1002
    EGID: $)  = 1002 1002


-------------------------------


--

Summary of my perl5 (revision 5 version 10 subversion 0) configuration:
  Platform:
    osname=freebsd, osvers=13.1-release, archname=amd64-freebsd
    uname='freebsd frantic 13.1-release freebsd 13.1-release releng13.1-n250148-fc952ac2212 generic amd64 '
    config_args='-des -Dprefix=/usr/home/cpan/pit/bare/perl-5.10.0'
    hint=recommended, useposix=true, d_sigaction=define
    useithreads=undef, usemultiplicity=undef
    useperlio=define, d_sfio=undef, uselargefiles=define, usesocks=undef
    use64bitint=define, use64bitall=define, uselongdouble=undef
    usemymalloc=n, bincompat5005=undef
  Compiler:
    cc='cc', ccflags ='-DHAS_FPSETMASK -DHAS_FLOATINGPOINT_H -fno-strict-aliasing -pipe -I/usr/local/include',
    optimize='-O2',
    cppflags='-DHAS_FPSETMASK -DHAS_FLOATINGPOINT_H -fno-strict-aliasing -pipe -I/usr/local/include'
    ccversion='', gccversion='FreeBSD Clang 13.0.0 (git@github.com:llvm/llvm-project.git llvmorg-13.0.0-0-gd7b669b3a303)', gccosandvers=''
    intsize=4, longsize=8, ptrsize=8, doublesize=8, byteorder=12345678
    d_longlong=define, longlongsize=8, d_longdbl=define, longdblsize=16
    ivtype='long', ivsize=8, nvtype='double', nvsize=8, Off_t='off_t', lseeksize=8
    alignbytes=8, prototype=define
  Linker and Libraries:
    ld='cc', ldflags ='-Wl,-E  -L/usr/local/lib'
    libpth=/usr/lib /usr/local/lib
    libs=-lgdbm -ldl -lm -lcrypt -lutil -lc
    perllibs=-ldl -lm -lcrypt -lutil -lc
    libc=, so=so, useshrplib=false, libperl=libperl.a
    gnulibc_version=''
  Dynamic Linking:
    dlsrc=dl_dlopen.xs, dlext=so, d_dlsymun=undef, ccdlflags=' '
    cccdlflags='-DPIC -fPIC', lddlflags='-shared  -L/usr/local/lib'


Characteristics of this binary (from libperl): 
  Compile-time options: PERL_DONT_CREATE_GVSV PERL_MALLOC_WRAP USE_64_BIT_ALL
                        USE_64_BIT_INT USE_LARGE_FILES USE_PERLIO
  Locally applied patches:
	Devel::PatchPerl 2.08
  Built under freebsd
  Compiled at Jul 24 2022 14:54:06
  %ENV:
    PERL5LIB="/usr/home/cpan/pit/jail/cSjJxUDXdP/lib/perl5:/usr/home/cpan/pit/bare/conf/perl-5.10.0/.cpanplus/5.10.0/build/FVn1N9iDo4/Devel-Chitin-0.22/blib/lib:/usr/home/cpan/pit/bare/conf/perl-5.10.0/.cpanplus/5.10.0/build/FVn1N9iDo4/Devel-Chitin-0.22/blib/arch"
    PERL5_CPANPLUS_IS_RUNNING="43990"
    PERL5_CPANPLUS_IS_VERSION="0.9914"
    PERL5_MINISMOKEBOX="0.68"
    PERL5_YACSMOKE_BASE="/usr/home/cpan/pit/bare/conf/perl-5.10.0"
    PERL_EXTUTILS_AUTOINSTALL="--defaultdeps"
    PERL_LOCAL_LIB_ROOT="/usr/home/cpan/pit/jail/cSjJxUDXdP"
    PERL_MB_OPT="--install_base "/usr/home/cpan/pit/jail/cSjJxUDXdP""
    PERL_MM_OPT="INSTALL_BASE=/usr/home/cpan/pit/jail/cSjJxUDXdP"
    PERL_MM_USE_DEFAULT="1"
  @INC:
    /usr/home/cpan/pit/jail/cSjJxUDXdP/lib/perl5/5.10.0/amd64-freebsd
    /usr/home/cpan/pit/jail/cSjJxUDXdP/lib/perl5/5.10.0
    /usr/home/cpan/pit/jail/cSjJxUDXdP/lib/perl5/amd64-freebsd
    /usr/home/cpan/pit/jail/cSjJxUDXdP/lib/perl5
    /usr/home/cpan/pit/bare/conf/perl-5.10.0/.cpanplus/5.10.0/build/FVn1N9iDo4/Devel-Chitin-0.22/blib/lib
    /usr/home/cpan/pit/bare/conf/perl-5.10.0/.cpanplus/5.10.0/build/FVn1N9iDo4/Devel-Chitin-0.22/blib/arch
    /usr/home/cpan/pit/bare/perl-5.10.0/lib/5.10.0/amd64-freebsd
    /usr/home/cpan/pit/bare/perl-5.10.0/lib/5.10.0
    /usr/home/cpan/pit/bare/perl-5.10.0/lib/site_perl/5.10.0/amd64-freebsd
    /usr/home/cpan/pit/bare/perl-5.10.0/lib/site_perl/5.10.0
    .