Report for DBIx-Class-ResultSource-MultipleTableInheritance-0.01

Back
From: metabase:user:fed57a20-ca61-11e0-a8f8-2309af9bf95a
Subject: FAIL DBIx-Class-ResultSource-MultipleTableInheritance-0.01 v5.12.4 GNU/Linux
Date: 2011-12-20T13:15:24Z

This distribution has been tested as part of the CPAN Testers
project, supporting the Perl programming language.  See
http://wiki.cpantesters.org/ for more information or email
questions to cpan-testers-discuss@perl.org


--
Dear Amiri Barksdale,

This is a computer-generated report for DBIx-Class-ResultSource-MultipleTableInheritance-0.01
on perl 5.12.4, created by CPAN-Reporter-1.2003.

Thank you for uploading your work to CPAN.  However, there was a problem
testing your distribution.

If you think this report is invalid, please consult the CPAN Testers Wiki
for suggestions on how to avoid getting FAIL reports for missing library
or binary dependencies, unsupported operating systems, and so on:

http://wiki.cpantesters.org/wiki/CPANAuthorNotes

Sections of this report:

    * Tester comments
    * Program output
    * Prerequisites
    * Environment and other context

------------------------------
TESTER COMMENTS
------------------------------

Additional comments from tester:

this report is from an automated smoke testing program
and was not reviewed by a human for accuracy

------------------------------
PROGRAM OUTPUT
------------------------------

Output from '/usr/bin/make test':

PERL_DL_NONLAZY=1 /home/kmg/perl5/perlbrew/perls/perl-5.12.4/bin/perl5.12.4 "-MExtUtils::Command::MM" "-e" "test_harness(0, 'inc', 'blib/lib', 'blib/arch')" t/00use.t t/01load.t t/02view_def.t t/03insert.t t/04no_sequence_defined.t t/05_namespace.t
t/00use.t .................. ok
t/01load.t ................. ok
You tried to plan twice at t/02view_def.t line 16.
# Looks like your test exited with 255 before it could output anything.
t/02view_def.t ............. 
Dubious, test returned 255 (wstat 65280, 0xff00)
No subtests run 
You tried to plan twice at t/03insert.t line 14.
# Looks like your test exited with 255 before it could output anything.
t/03insert.t ............... 
Dubious, test returned 255 (wstat 65280, 0xff00)
No subtests run 
You tried to plan twice at t/04no_sequence_defined.t line 14.
# Looks like your test exited with 255 before it could output anything.
t/04no_sequence_defined.t .. 
Dubious, test returned 255 (wstat 65280, 0xff00)
No subtests run 
t/05_namespace.t ........... ok

Test Summary Report
-------------------
t/02view_def.t           (Wstat: 65280 Tests: 0 Failed: 0)
  Non-zero exit status: 255
  Parse errors: No plan found in TAP output
t/03insert.t             (Wstat: 65280 Tests: 0 Failed: 0)
  Non-zero exit status: 255
  Parse errors: No plan found in TAP output
t/04no_sequence_defined.t (Wstat: 65280 Tests: 0 Failed: 0)
  Non-zero exit status: 255
  Parse errors: No plan found in TAP output
Files=6, Tests=32,  5 wallclock secs ( 0.10 usr  0.02 sys +  3.77 cusr  0.33 csys =  4.22 CPU)
Result: FAIL
Failed 3/6 test programs. 0/32 subtests failed.
make: *** [test_dynamic] Error 255

------------------------------
PREREQUISITES
------------------------------

Prerequisite modules loaded:

requires:

    Module                     Need    Have   
    -------------------------- ------- -------
    aliased                    0       0.30   
    Carp::Clan                 0       6.04   
    DBIx::Class                0       0.08195
    Method::Signatures::Simple 0       1.02   
    Module::Find               0       0.10   
    namespace::autoclean       0       0.13   
    parent                     0       0.225  
    SQL::Translator            0.11010 0.11010
    String::TT                 0       0.03   

build_requires:

    Module                     Need    Have   
    -------------------------- ------- -------
    DBIx::Class                0.08191 0.08195
    ExtUtils::MakeMaker        6.42    6.62   
    Module::Find               0       0.10   

configure_requires:

    Module                     Need    Have   
    -------------------------- ------- -------
    ExtUtils::MakeMaker        6.42    6.62   


------------------------------
ENVIRONMENT AND OTHER CONTEXT
------------------------------

Environment variables:

    AUTOMATED_TESTING = 1
    LANG = ja_JP.UTF-8
    LC_MESSAGES = C
    MANPATH_WITHOUT_PERLBREW = 
    PATH = /home/kmg/perl5/perlbrew/bin:/home/kmg/perl5/perlbrew/perls/perl-5.12.4/bin:/home/kmg/perl/bin:/usr/local/bin:/usr/bin:/bin:/usr/local/games:/usr/games
    PATH_WITHOUT_PERLBREW = /home/kmg/perl/bin:/usr/local/bin:/usr/bin:/bin:/usr/local/games:/usr/games
    PERL5LIB = /home/kmg/.cpan/build/Method-Signatures-Simple-1.02-qdSAHz/blib/arch:/home/kmg/.cpan/build/Method-Signatures-Simple-1.02-qdSAHz/blib/lib:/home/kmg/.cpan/build/Devel-Declare-0.006008-NwScLe/blib/arch:/home/kmg/.cpan/build/Devel-Declare-0.006008-NwScLe/blib/lib:/home/kmg/.cpan/build/B-Hooks-OP-Check-0.19-dDi5ve/blib/arch:/home/kmg/.cpan/build/B-Hooks-OP-Check-0.19-dDi5ve/blib/lib:/home/kmg/.cpan/build/String-TT-0.03-89OGMK/blib/arch:/home/kmg/.cpan/build/String-TT-0.03-89OGMK/blib/lib:/home/kmg/.cpan/build/Test-TableDriven-0.02-XOtN8E/blib/arch:/home/kmg/.cpan/build/Test-TableDriven-0.02-XOtN8E/blib/lib:/home/kmg/perl/lib/perl5:/home/kmg/perl/lib/site_perl
    PERL5OPT = 
    PERL5_CPANPLUS_IS_RUNNING = 20864
    PERL5_CPAN_IS_RUNNING = 20864
    PERL5_CPAN_IS_RUNNING_IN_RECURSION = 995,20864
    PERLBREW_BASHRC_VERSION = 0.35
    PERLBREW_HOME = /home/kmg/.perlbrew
    PERLBREW_MANPATH = /home/kmg/perl5/perlbrew/perls/perl-5.12.4/man
    PERLBREW_PATH = /home/kmg/perl5/perlbrew/bin:/home/kmg/perl5/perlbrew/perls/perl-5.12.4/bin
    PERLBREW_PERL = perl-5.12.4
    PERLBREW_ROOT = /home/kmg/perl5/perlbrew
    PERLBREW_VERSION = 0.35
    PERL_CR_SMOKER_CURRENT = DBIx-Class-ResultSource-MultipleTableInheritance-0.01
    PERL_EXTUTILS_AUTOINSTALL = --defaultdeps
    PERL_MM_USE_DEFAULT = 1
    SHELL = /bin/bash
    TERM = screen

Perl special variables (and OS-specific diagnostics, for MSWin32):

    $^X = /home/kmg/perl5/perlbrew/perls/perl-5.12.4/bin/perl5.12.4
    $UID/$EUID = 1001 / 1001
    $GID = 1001 1001
    $EGID = 1001 1001

Perl module toolchain versions installed:

    Module              Have    
    ------------------- --------
    CPAN                1.9800  
    CPAN::Meta          2.112621
    Cwd                 3.33    
    ExtUtils::CBuilder  0.280202
    ExtUtils::Command   1.17    
    ExtUtils::Install   1.55    
    ExtUtils::MakeMaker 6.62    
    ExtUtils::Manifest  1.60    
    ExtUtils::ParseXS   3.05    
    File::Spec          3.33    
    JSON                2.53    
    JSON::PP            2.27200 
    Module::Build       0.3800  
    Module::Signature   0.68    
    Parse::CPAN::Meta   1.4401  
    Test::Harness       3.23    
    Test::More          0.98    
    YAML                0.77    
    YAML::Syck          1.19    
    version             0.95    


--

Summary of my perl5 (revision 5 version 12 subversion 4) configuration:
   
  Platform:
    osname=linux, osvers=2.6.32-5-686, archname=i686-linux-thread-multi
    uname='linux natsume 2.6.32-5-686 #1 smp mon oct 3 04:15:24 utc 2011 i686 gnulinux '
    config_args='-de -Dprefix=/home/kmg/perl5/perlbrew/perls/perl-5.12.4 -Duseithreads'
    hint=recommended, useposix=true, d_sigaction=define
    useithreads=define, usemultiplicity=define
    useperlio=define, d_sfio=undef, uselargefiles=define, usesocks=undef
    use64bitint=undef, use64bitall=undef, uselongdouble=undef
    usemymalloc=n, bincompat5005=undef
  Compiler:
    cc='cc', ccflags ='-D_REENTRANT -D_GNU_SOURCE -fno-strict-aliasing -pipe -fstack-protector -I/usr/local/include -D_LARGEFILE_SOURCE -D_FILE_OFFSET_BITS=64',
    optimize='-O2',
    cppflags='-D_REENTRANT -D_GNU_SOURCE -fno-strict-aliasing -pipe -fstack-protector -I/usr/local/include'
    ccversion='', gccversion='4.4.5', gccosandvers=''
    intsize=4, longsize=4, ptrsize=4, doublesize=8, byteorder=1234
    d_longlong=define, longlongsize=8, d_longdbl=define, longdblsize=12
    ivtype='long', ivsize=4, nvtype='double', nvsize=8, Off_t='off_t', lseeksize=8
    alignbytes=4, prototype=define
  Linker and Libraries:
    ld='cc', ldflags =' -fstack-protector -L/usr/local/lib'
    libpth=/usr/local/lib /lib/../lib /usr/lib/../lib /lib /usr/lib
    libs=-lnsl -ldl -lm -lcrypt -lutil -lpthread -lc
    perllibs=-lnsl -ldl -lm -lcrypt -lutil -lpthread -lc
    libc=/lib/libc-2.11.2.so, so=so, useshrplib=false, libperl=libperl.a
    gnulibc_version='2.11.2'
  Dynamic Linking:
    dlsrc=dl_dlopen.xs, dlext=so, d_dlsymun=undef, ccdlflags='-Wl,-E'
    cccdlflags='-fPIC', lddlflags='-shared -O2 -L/usr/local/lib -fstack-protector'


Characteristics of this binary (from libperl): 
  Compile-time options: MULTIPLICITY PERL_DONT_CREATE_GVSV
                        PERL_IMPLICIT_CONTEXT PERL_MALLOC_WRAP USE_ITHREADS
                        USE_LARGE_FILES USE_PERLIO USE_PERL_ATOF
                        USE_REENTRANT_API
  Built under linux
  Compiled at Oct 31 2011 21:16:37
  %ENV:
    PERL5LIB="/home/kmg/.cpan/build/Method-Signatures-Simple-1.02-qdSAHz/blib/arch:/home/kmg/.cpan/build/Method-Signatures-Simple-1.02-qdSAHz/blib/lib:/home/kmg/.cpan/build/Devel-Declare-0.006008-NwScLe/blib/arch:/home/kmg/.cpan/build/Devel-Declare-0.006008-NwScLe/blib/lib:/home/kmg/.cpan/build/B-Hooks-OP-Check-0.19-dDi5ve/blib/arch:/home/kmg/.cpan/build/B-Hooks-OP-Check-0.19-dDi5ve/blib/lib:/home/kmg/.cpan/build/String-TT-0.03-89OGMK/blib/arch:/home/kmg/.cpan/build/String-TT-0.03-89OGMK/blib/lib:/home/kmg/.cpan/build/Test-TableDriven-0.02-XOtN8E/blib/arch:/home/kmg/.cpan/build/Test-TableDriven-0.02-XOtN8E/blib/lib:/home/kmg/perl/lib/perl5:/home/kmg/perl/lib/site_perl"
    PERL5OPT=""
    PERL5_CPANPLUS_IS_RUNNING="20864"
    PERL5_CPAN_IS_RUNNING="20864"
    PERL5_CPAN_IS_RUNNING_IN_RECURSION="995,20864"
    PERLBREW_BASHRC_VERSION="0.35"
    PERLBREW_HOME="/home/kmg/.perlbrew"
    PERLBREW_MANPATH="/home/kmg/perl5/perlbrew/perls/perl-5.12.4/man"
    PERLBREW_PATH="/home/kmg/perl5/perlbrew/bin:/home/kmg/perl5/perlbrew/perls/perl-5.12.4/bin"
    PERLBREW_PERL="perl-5.12.4"
    PERLBREW_ROOT="/home/kmg/perl5/perlbrew"
    PERLBREW_VERSION="0.35"
    PERL_CR_SMOKER_CURRENT="DBIx-Class-ResultSource-MultipleTableInheritance-0.01"
    PERL_EXTUTILS_AUTOINSTALL="--defaultdeps"
    PERL_MM_USE_DEFAULT="1"
  @INC:
    /home/kmg/.cpan/build/Method-Signatures-Simple-1.02-qdSAHz/blib/arch
    /home/kmg/.cpan/build/Method-Signatures-Simple-1.02-qdSAHz/blib/lib
    /home/kmg/.cpan/build/Devel-Declare-0.006008-NwScLe/blib/arch
    /home/kmg/.cpan/build/Devel-Declare-0.006008-NwScLe/blib/lib
    /home/kmg/.cpan/build/B-Hooks-OP-Check-0.19-dDi5ve/blib/arch
    /home/kmg/.cpan/build/B-Hooks-OP-Check-0.19-dDi5ve/blib/lib
    /home/kmg/.cpan/build/String-TT-0.03-89OGMK/blib/arch
    /home/kmg/.cpan/build/String-TT-0.03-89OGMK/blib/lib
    /home/kmg/.cpan/build/Test-TableDriven-0.02-XOtN8E/blib/arch
    /home/kmg/.cpan/build/Test-TableDriven-0.02-XOtN8E/blib/lib
    /home/kmg/perl/lib/perl5/i686-linux-thread-multi
    /home/kmg/perl/lib/perl5
    /home/kmg/perl/lib/site_perl/5.12.4/i686-linux-thread-multi
    /home/kmg/perl/lib/site_perl/5.12.4
    /home/kmg/perl/lib/site_perl
    /home/kmg/perl5/perlbrew/perls/perl-5.12.4/lib/site_perl/5.12.4/i686-linux-thread-multi
    /home/kmg/perl5/perlbrew/perls/perl-5.12.4/lib/site_perl/5.12.4
    /home/kmg/perl5/perlbrew/perls/perl-5.12.4/lib/5.12.4/i686-linux-thread-multi
    /home/kmg/perl5/perlbrew/perls/perl-5.12.4/lib/5.12.4
    .