Back
From: metabase:user:322078bc-2aae-11df-837a-5e0a49663a4f
Subject: NA Text-Placeholder-0.04 v5.8.9 GNU/Linux
Date: 2011-04-30T22:03:27Z
This distribution has been tested as part of the CPAN Testers
project, supporting the Perl programming language. See
http://wiki.cpantesters.org/ for more information or email
questions to cpan-testers-discuss@perl.org
--
Dear WINTRU,
This is a computer-generated error report created automatically by
CPANPLUS, version 0.9104. Testers personal comments may appear
at the end of this report.
Thank you for uploading your work to CPAN. However, it appears that
there were some problems testing your distribution.
TEST RESULTS:
Below is the error stack from stage 'make test':
[MSG] [Sat Apr 30 23:02:42 2011] Checking if your kit is complete...
Looks good
Warning: prerequisite Object::By 0.01 not found.
Writing Makefile for Text::Placeholder
[MSG] [Sat Apr 30 23:02:42 2011] DEFAULT 'filter_prereqs' HANDLER RETURNING 'sub return value'
[MSG] [Sat Apr 30 23:02:42 2011] Checking for previous PASS result for "Text-Placeholder-0.04"
[ERROR] [Sat Apr 30 23:02:42 2011] No such module 'Object::By' found on CPAN
[MSG] [Sat Apr 30 23:02:42 2011] cp lib/Text/Placeholder/Appliance/SQL/Retrieval_n_Display.pm blib/lib/Text/Placeholder/Appliance/SQL/Retrieval_n_Display.pm
cp lib/Text/Placeholder/Group/SQL/Result.pod blib/lib/Text/Placeholder/Group/SQL/Result.pod
cp lib/Text/Placeholder/Group/OS/Unix/File/Properties.pod blib/lib/Text/Placeholder/Group/OS/Unix/File/Properties.pod
cp lib/Text/Placeholder/Appliance/Directory_Listing.pod blib/lib/Text/Placeholder/Appliance/Directory_Listing.pod
cp lib/Text/Placeholder/Group/Perl_Inlined.pod blib/lib/Text/Placeholder/Group/Perl_Inlined.pod
cp lib/Text/Placeholder/Group/SQL/Statement.pm blib/lib/Text/Placeholder/Group/SQL/Statement.pm
cp lib/Text/Placeholder/Group/Counter.pm blib/lib/Text/Placeholder/Group/Counter.pm
cp lib/Text/Placeholder/Group/SQL/Statement.pod blib/lib/Text/Placeholder/Group/SQL/Statement.pod
cp lib/Text/Placeholder/Appliance/SQL/Retrieval_n_Display.pod blib/lib/Text/Placeholder/Appliance/SQL/Retrieval_n_Display.pod
cp lib/Text/Placeholder/Appliance/Directory_Listing.pm blib/lib/Text/Placeholder/Appliance/Directory_Listing.pm
cp lib/Text/Placeholder/Group/Counter.pod blib/lib/Text/Placeholder/Group/Counter.pod
cp lib/Text/Placeholder/Group/Generic.pod blib/lib/Text/Placeholder/Group/Generic.pod
cp lib/Text/Placeholder/Group/SQL/Result.pm blib/lib/Text/Placeholder/Group/SQL/Result.pm
cp lib/Text/Placeholder/Group/OS/Unix/File/Name.pm blib/lib/Text/Placeholder/Group/OS/Unix/File/Name.pm
cp lib/Text/Placeholder/Group/Aggregator.pod blib/lib/Text/Placeholder/Group/Aggregator.pod
cp lib/Text/Placeholder/Group/URI.pod blib/lib/Text/Placeholder/Group/URI.pod
cp lib/Text/Placeholder/Group/URI.pm blib/lib/Text/Placeholder/Group/URI.pm
cp lib/Text/Placeholder.pod blib/lib/Text/Placeholder.pod
cp lib/Text/Placeholder/Group/_.pm blib/lib/Text/Placeholder/Group/_.pm
cp lib/Text/Placeholder.pm blib/lib/Text/Placeholder.pm
cp lib/Text/Placeholder/Group/OS/Unix/File/Name.pod blib/lib/Text/Placeholder/Group/OS/Unix/File/Name.pod
cp lib/Text/Placeholder/Group/Aggregator.pm blib/lib/Text/Placeholder/Group/Aggregator.pm
cp lib/Text/Placeholder/Group/Perl_Inlined.pm blib/lib/Text/Placeholder/Group/Perl_Inlined.pm
cp lib/Text/Placeholder/Group/OS/Unix/File/Properties.pm blib/lib/Text/Placeholder/Group/OS/Unix/File/Properties.pm
cp lib/Text/Placeholder/Group/OS/Unix/File/Name.tst blib/lib/Text/Placeholder/Group/OS/Unix/File/Name.tst
cp lib/Text/Placeholder/Group/Generic.pm blib/lib/Text/Placeholder/Group/Generic.pm
Manifying blib/man3/Text::Placeholder::Group::SQL::Result.3
Manifying blib/man3/Text::Placeholder::Group::Aggregator.3
Manifying blib/man3/Text::Placeholder::Appliance::Directory_Listing.3
Manifying blib/man3/Text::Placeholder::Group::OS::Unix::File::Properties.3
Manifying blib/man3/Text::Placeholder::Group::Perl_Inlined.3
Manifying blib/man3/Text::Placeholder::Group::URI.3
Manifying blib/man3/Text::Placeholder::Appliance::SQL::Retrieval_n_Display.3
Manifying blib/man3/Text::Placeholder::Group::SQL::Statement.3
Manifying blib/man3/Text::Placeholder.3
Manifying blib/man3/Text::Placeholder::Group::Counter.3
Manifying blib/man3/Text::Placeholder::Group::OS::Unix::File::Name.3
Manifying blib/man3/Text::Placeholder::Group::Generic.3
[ERROR] [Sat Apr 30 23:02:43 2011] MAKE TEST failed: PERL_DL_NONLAZY=1 /home/cpan/pit/bare/perl-5.8.9/bin/perl "-MExtUtils::Command::MM" "-e" "test_harness(0, 'blib/lib', 'blib/arch')" t/*.t
Can't locate parent.pm in @INC (@INC contains: /home/cpan/pit/bare/conf/perl-5.8.9/.cpanplus/5.8.9/build/Text-Placeholder-0.04/blib/lib /home/cpan/pit/bare/conf/perl-5.8.9/.cpanplus/5.8.9/build/Text-Placeholder-0.04/blib/arch /home/cpan/pit/bare/perl-5.8.9/lib/5.8.9/x86_64-linux /home/cpan/pit/bare/perl-5.8.9/lib/5.8.9 /home/cpan/pit/bare/perl-5.8.9/lib/site_perl/5.8.9/x86_64-linux /home/cpan/pit/bare/perl-5.8.9/lib/site_perl/5.8.9) at /home/cpan/pit/bare/conf/perl-5.8.9/.cpanplus/5.8.9/build/Text-Placeholder-0.04/blib/lib/Text/Placeholder.pm line 7.
BEGIN failed--compilation aborted at /home/cpan/pit/bare/conf/perl-5.8.9/.cpanplus/5.8.9/build/Text-Placeholder-0.04/blib/lib/Text/Placeholder.pm line 7.
Compilation failed in require at t/01_generic.t line 6.
BEGIN failed--compilation aborted at t/01_generic.t line 6.
# Looks like your test exited with 2 before it could output anything.
t/01_generic.t .....
Dubious, test returned 2 (wstat 512, 0x200)
Failed 1/1 subtests
Can't locate parent.pm in @INC (@INC contains: /home/cpan/pit/bare/conf/perl-5.8.9/.cpanplus/5.8.9/build/Text-Placeholder-0.04/blib/lib /home/cpan/pit/bare/conf/perl-5.8.9/.cpanplus/5.8.9/build/Text-Placeholder-0.04/blib/arch /home/cpan/pit/bare/perl-5.8.9/lib/5.8.9/x86_64-linux /home/cpan/pit/bare/perl-5.8.9/lib/5.8.9 /home/cpan/pit/bare/perl-5.8.9/lib/site_perl/5.8.9/x86_64-linux /home/cpan/pit/bare/perl-5.8.9/lib/site_perl/5.8.9) at /home/cpan/pit/bare/conf/perl-5.8.9/.cpanplus/5.8.9/build/Text-Placeholder-0.04/blib/lib/Text/Placeholder.pm line 7.
BEGIN failed--compilation aborted at /home/cpan/pit/bare/conf/perl-5.8.9/.cpanplus/5.8.9/build/Text-Placeholder-0.04/blib/lib/Text/Placeholder.pm line 7.
Compilation failed in require at t/02_counter.t line 6.
BEGIN failed--compilation aborted at t/02_counter.t line 6.
# Looks like your test exited with 2 before it could output anything.
t/02_counter.t .....
Dubious, test returned 2 (wstat 512, 0x200)
Failed 3/3 subtests
Can't locate parent.pm in @INC (@INC contains: /home/cpan/pit/bare/conf/perl-5.8.9/.cpanplus/5.8.9/build/Text-Placeholder-0.04/blib/lib /home/cpan/pit/bare/conf/perl-5.8.9/.cpanplus/5.8.9/build/Text-Placeholder-0.04/blib/arch /home/cpan/pit/bare/perl-5.8.9/lib/5.8.9/x86_64-linux /home/cpan/pit/bare/perl-5.8.9/lib/5.8.9 /home/cpan/pit/bare/perl-5.8.9/lib/site_perl/5.8.9/x86_64-linux /home/cpan/pit/bare/perl-5.8.9/lib/site_perl/5.8.9) at /home/cpan/pit/bare/conf/perl-5.8.9/.cpanplus/5.8.9/build/Text-Placeholder-0.04/blib/lib/Text/Placeholder.pm line 7.
BEGIN failed--compilation aborted at /home/cpan/pit/bare/conf/perl-5.8.9/.cpanplus/5.8.9/build/Text-Placeholder-0.04/blib/lib/Text/Placeholder.pm line 7.
Compilation failed in require at t/03_parser.t line 6.
BEGIN failed--compilation aborted at t/03_parser.t line 6.
# Looks like your test exited with 2 before it could output anything.
t/03_parser.t ......
Dubious, test returned 2 (wstat 512, 0x200)
Failed 1/1 subtests
Can't locate parent.pm in @INC (@INC contains: /home/cpan/pit/bare/conf/perl-5.8.9/.cpanplus/5.8.9/build/Text-Placeholder-0.04/blib/lib /home/cpan/pit/bare/conf/perl-5.8.9/.cpanplus/5.8.9/build/Text-Placeholder-0.04/blib/arch /home/cpan/pit/bare/perl-5.8.9/lib/5.8.9/x86_64-linux /home/cpan/pit/bare/perl-5.8.9/lib/5.8.9 /home/cpan/pit/bare/perl-5.8.9/lib/site_perl/5.8.9/x86_64-linux /home/cpan/pit/bare/perl-5.8.9/lib/site_perl/5.8.9) at /home/cpan/pit/bare/conf/perl-5.8.9/.cpanplus/5.8.9/build/Text-Placeholder-0.04/blib/lib/Text/Placeholder.pm line 7.
BEGIN failed--compilation aborted at /home/cpan/pit/bare/conf/perl-5.8.9/.cpanplus/5.8.9/build/Text-Placeholder-0.04/blib/lib/Text/Placeholder.pm line 7.
Compilation failed in require at t/04_uri.t line 6.
BEGIN failed--compilation aborted at t/04_uri.t line 6.
# Looks like your test exited with 2 before it could output anything.
t/04_uri.t .........
Dubious, test returned 2 (wstat 512, 0x200)
Failed 1/1 subtests
Can't locate parent.pm in @INC (@INC contains: /home/cpan/pit/bare/conf/perl-5.8.9/.cpanplus/5.8.9/build/Text-Placeholder-0.04/blib/lib /home/cpan/pit/bare/conf/perl-5.8.9/.cpanplus/5.8.9/build/Text-Placeholder-0.04/blib/arch /home/cpan/pit/bare/perl-5.8.9/lib/5.8.9/x86_64-linux /home/cpan/pit/bare/perl-5.8.9/lib/5.8.9 /home/cpan/pit/bare/perl-5.8.9/lib/site_perl/5.8.9/x86_64-linux /home/cpan/pit/bare/perl-5.8.9/lib/site_perl/5.8.9) at /home/cpan/pit/bare/conf/perl-5.8.9/.cpanplus/5.8.9/build/Text-Placeholder-0.04/blib/lib/Text/Placeholder.pm line 7.
BEGIN failed--compilation aborted at /home/cpan/pit/bare/conf/perl-5.8.9/.cpanplus/5.8.9/build/Text-Placeholder-0.04/blib/lib/Text/Placeholder.pm line 7.
Compilation failed in require at t/05_combined.t line 6.
BEGIN failed--compilation aborted at t/05_combined.t line 6.
# Looks like your test exited with 2 before it could output anything.
t/05_combined.t ....
Dubious, test returned 2 (wstat 512, 0x200)
Failed 1/1 subtests
Can't locate parent.pm in @INC (@INC contains: /home/cpan/pit/bare/conf/perl-5.8.9/.cpanplus/5.8.9/build/Text-Placeholder-0.04/blib/lib /home/cpan/pit/bare/conf/perl-5.8.9/.cpanplus/5.8.9/build/Text-Placeholder-0.04/blib/arch /home/cpan/pit/bare/perl-5.8.9/lib/5.8.9/x86_64-linux /home/cpan/pit/bare/perl-5.8.9/lib/5.8.9 /home/cpan/pit/bare/perl-5.8.9/lib/site_perl/5.8.9/x86_64-linux /home/cpan/pit/bare/perl-5.8.9/lib/site_perl/5.8.9) at /home/cpan/pit/bare/conf/perl-5.8.9/.cpanplus/5.8.9/build/Text-Placeholder-0.04/blib/lib/Text/Placeholder.pm line 7.
BEGIN failed--compilation aborted at /home/cpan/pit/bare/conf/perl-5.8.9/.cpanplus/5.8.9/build/Text-Placeholder-0.04/blib/lib/Text/Placeholder.pm line 7.
Compilation failed in require at t/06_aggregated.t line 6.
BEGIN failed--compilation aborted at t/06_aggregated.t line 6.
# Looks like your test exited with 2 before it could output anything.
t/06_aggregated.t ..
Dubious, test returned 2 (wstat 512, 0x200)
Failed 1/1 subtests
Can't locate parent.pm in @INC (@INC contains: /home/cpan/pit/bare/conf/perl-5.8.9/.cpanplus/5.8.9/build/Text-Placeholder-0.04/blib/lib /home/cpan/pit/bare/conf/perl-5.8.9/.cpanplus/5.8.9/build/Text-Placeholder-0.04/blib/arch /home/cpan/pit/bare/perl-5.8.9/lib/5.8.9/x86_64-linux /home/cpan/pit/bare/perl-5.8.9/lib/5.8.9 /home/cpan/pit/bare/perl-5.8.9/lib/site_perl/5.8.9/x86_64-linux /home/cpan/pit/bare/perl-5.8.9/lib/site_perl/5.8.9) at /home/cpan/pit/bare/conf/perl-5.8.9/.cpanplus/5.8.9/build/Text-Placeholder-0.04/blib/lib/Text/Placeholder.pm line 7.
BEGIN failed--compilation aborted at /home/cpan/pit/bare/conf/perl-5.8.9/.cpanplus/5.8.9/build/Text-Placeholder-0.04/blib/lib/Text/Placeholder.pm line 7.
Compilation failed in require at t/07_sql_result.t line 6.
BEGIN failed--compilation aborted at t/07_sql_result.t line 6.
# Looks like your test exited with 2 before it could output anything.
t/07_sql_result.t ..
Dubious, test returned 2 (wstat 512, 0x200)
Failed 2/2 subtests
Test Summary Report
-------------------
t/01_generic.t (Wstat: 512 Tests: 0 Failed: 0)
Non-zero exit status: 2
Parse errors: Bad plan. You planned 1 tests but ran 0.
t/02_counter.t (Wstat: 512 Tests: 0 Failed: 0)
Non-zero exit status: 2
Parse errors: Bad plan. You planned 3 tests but ran 0.
t/03_parser.t (Wstat: 512 Tests: 0 Failed: 0)
Non-zero exit status: 2
Parse errors: Bad plan. You planned 1 tests but ran 0.
t/04_uri.t (Wstat: 512 Tests: 0 Failed: 0)
Non-zero exit status: 2
Parse errors: Bad plan. You planned 1 tests but ran 0.
t/05_combined.t (Wstat: 512 Tests: 0 Failed: 0)
Non-zero exit status: 2
Parse errors: Bad plan. You planned 1 tests but ran 0.
t/06_aggregated.t (Wstat: 512 Tests: 0 Failed: 0)
Non-zero exit status: 2
Parse errors: Bad plan. You planned 1 tests but ran 0.
t/07_sql_result.t (Wstat: 512 Tests: 0 Failed: 0)
Non-zero exit status: 2
Parse errors: Bad plan. You planned 2 tests but ran 0.
Files=7, Tests=0, 1 wallclock secs ( 0.02 usr 0.01 sys + 0.06 cusr 0.01 csys = 0.10 CPU)
Result: FAIL
Failed 7/7 test programs. 0/0 subtests failed.
make: *** [test_dynamic] Error 2
[MSG] [Sat Apr 30 23:02:43 2011] DEFAULT 'proceed_on_test_failure' HANDLER RETURNING 'sub return value'
******************************** NOTE ********************************
The comments above are created mechanically, possibly without manual
checking by the sender. As there are many people performing automatic
tests on each upload to CPAN, it is likely that you will receive
identical messages about the same problem.
If you believe that the message is mistaken, please reply to the first
one with correction and/or additional informations, and do not take
it personally. We appreciate your patience. :)
**********************************************************************
Additional comments:
This report was machine-generated by CPANPLUS::Dist::YACSmoke 0.62.
Powered by minismokebox version 0.44
------------------------------
ENVIRONMENT AND OTHER CONTEXT
------------------------------
Environment variables:
AUTOMATED_TESTING = 1
LANG = en_US
LC_COLLATE = C
PATH = /usr/local/bin:/usr/bin:/bin:/usr/games:/usr/lib64/java/bin:/usr/lib64/qt/bin:/usr/share/texmf/bin:.
PERL5LIB = :/home/cpan/pit/bare/conf/perl-5.8.9/.cpanplus/5.8.9/build/Text-Placeholder-0.04/blib/lib:/home/cpan/pit/bare/conf/perl-5.8.9/.cpanplus/5.8.9/build/Text-Placeholder-0.04/blib/arch
PERL5_CPANPLUS_IS_RUNNING = 18325
PERL5_CPANPLUS_IS_VERSION = 0.9104
PERL5_MINISMOKEBOX = 0.44
PERL5_YACSMOKE_BASE = /home/cpan/pit/bare/conf/perl-5.8.9
PERL_EXTUTILS_AUTOINSTALL = --defaultdeps
PERL_MM_USE_DEFAULT = 1
SHELL = /bin/bash
TERM = screen
Perl special variables (and OS-specific diagnostics, for MSWin32):
Perl: $^X = /home/cpan/pit/bare/perl-5.8.9/bin/perl
UID: $< = 1001
EUID: $> = 1001
GID: $( = 100 100
EGID: $) = 100 100
-------------------------------
--
Summary of my perl5 (revision 5 version 8 subversion 9) configuration:
Platform:
osname=linux, osvers=2.6.33.4, archname=x86_64-linux
uname='linux slack64 2.6.33.4 #3 smp wed may 12 23:13:09 cdt 2010 x86_64 intel(r) xeon(r) cpu e5520 @ 2.27ghz genuineintel gnulinux '
config_args='-des -Dprefix=/home/cpan/pit/bare/perl-5.8.9'
hint=recommended, useposix=true, d_sigaction=define
usethreads=undef use5005threads=undef useithreads=undef usemultiplicity=undef
useperlio=define d_sfio=undef uselargefiles=define usesocks=undef
use64bitint=define use64bitall=define uselongdouble=undef
usemymalloc=n, bincompat5005=undef
Compiler:
cc='cc', ccflags ='-fno-strict-aliasing -pipe -I/usr/local/include -D_LARGEFILE_SOURCE -D_FILE_OFFSET_BITS=64',
optimize='-O2',
cppflags='-fno-strict-aliasing -pipe -I/usr/local/include'
ccversion='', gccversion='4.4.4', gccosandvers=''
intsize=4, longsize=8, ptrsize=8, doublesize=8, byteorder=12345678
d_longlong=define, longlongsize=8, d_longdbl=define, longdblsize=16
ivtype='long', ivsize=8, nvtype='double', nvsize=8, Off_t='off_t', lseeksize=8
alignbytes=8, prototype=define
Linker and Libraries:
ld='cc', ldflags =' -L/usr/local/lib'
libpth=/usr/local/lib /lib /usr/lib /lib64 /usr/lib64 /usr/local/lib64
libs=-lnsl -lgdbm -ldb -ldl -lm -lcrypt -lutil -lc
perllibs=-lnsl -ldl -lm -lcrypt -lutil -lc
libc=, so=so, useshrplib=false, libperl=libperl.a
gnulibc_version='2.11.1'
Dynamic Linking:
dlsrc=dl_dlopen.xs, dlext=so, d_dlsymun=undef, ccdlflags='-Wl,-E'
cccdlflags='-fPIC', lddlflags='-shared -O2 -L/usr/local/lib'
Characteristics of this binary (from libperl):
Compile-time options: PERL_MALLOC_WRAP USE_64_BIT_ALL USE_64_BIT_INT
USE_FAST_STDIO USE_LARGE_FILES USE_PERLIO
Built under linux
Compiled at Feb 15 2011 14:02:07
%ENV:
PERL5LIB=":/home/cpan/pit/bare/conf/perl-5.8.9/.cpanplus/5.8.9/build/Text-Placeholder-0.04/blib/lib:/home/cpan/pit/bare/conf/perl-5.8.9/.cpanplus/5.8.9/build/Text-Placeholder-0.04/blib/arch"
PERL5_CPANPLUS_IS_RUNNING="18325"
PERL5_CPANPLUS_IS_VERSION="0.9104"
PERL5_MINISMOKEBOX="0.44"
PERL5_YACSMOKE_BASE="/home/cpan/pit/bare/conf/perl-5.8.9"
PERL_EXTUTILS_AUTOINSTALL="--defaultdeps"
PERL_MM_USE_DEFAULT="1"
@INC:
/home/cpan/pit/bare/conf/perl-5.8.9/.cpanplus/5.8.9/build/Text-Placeholder-0.04/blib/lib
/home/cpan/pit/bare/conf/perl-5.8.9/.cpanplus/5.8.9/build/Text-Placeholder-0.04/blib/arch
/home/cpan/pit/bare/perl-5.8.9/lib/5.8.9/x86_64-linux
/home/cpan/pit/bare/perl-5.8.9/lib/5.8.9
/home/cpan/pit/bare/perl-5.8.9/lib/site_perl/5.8.9/x86_64-linux
/home/cpan/pit/bare/perl-5.8.9/lib/site_perl/5.8.9
.