Back
From: metabase:user:322078bc-2aae-11df-837a-5e0a49663a4f
Subject: FAIL Algorithm-SAT-Backtracking-0.03 v5.8.9 Debian GNU/kFreeBSD
Date: 2014-12-07T16:18:28Z
This distribution has been tested as part of the CPAN Testers
project, supporting the Perl programming language. See
http://wiki.cpantesters.org/ for more information or email
questions to cpan-testers-discuss@perl.org
--
Dear MUDLER,
This is a computer-generated error report created automatically by
CPANPLUS, version 0.9152. Testers personal comments may appear
at the end of this report.
Thank you for uploading your work to CPAN. However, it appears that
there were some problems testing your distribution.
TEST RESULTS:
Below is the error stack from stage 'make test':
Warning: Use of "shift" without parentheses is ambiguous at /home/cpan/pit/bare/conf/perl-5.8.9/.cpanplus/5.8.9/build/Algorithm-SAT-Backtracking-0.03/blib/lib/Algorithm/SAT/Backtracking.pm line 34.
t/00_compile.t .....
Dubious, test returned 1 (wstat 256, 0x100)
Failed 1/1 subtests
# Failed test 'use Algorithm::SAT::Backtracking;'
# at t/00_compile.t line 4.
# Tried to use 'Algorithm::SAT::Backtracking'.
# Error: syntax error at /home/cpan/pit/bare/conf/perl-5.8.9/.cpanplus/5.8.9/build/Algorithm-SAT-Backtracking-0.03/blib/lib/Algorithm/SAT/Backtracking.pm line 34, near "// {"
# Global symbol "$model" requires explicit package name at /home/cpan/pit/bare/conf/perl-5.8.9/.cpanplus/5.8.9/build/Algorithm-SAT-Backtracking-0.03/blib/lib/Algorithm/SAT/Backtracking.pm line 39.
# Global symbol "$self" requires explicit package name at /home/cpan/pit/bare/conf/perl-5.8.9/.cpanplus/5.8.9/build/Algorithm-SAT-Backtracking-0.03/blib/lib/Algorithm/SAT/Backtracking.pm line 41.
# Global symbol "$model" requires explicit package name at /home/cpan/pit/bare/conf/perl-5.8.9/.cpanplus/5.8.9/build/Algorithm-SAT-Backtracking-0.03/blib/lib/Algorithm/SAT/Backtracking.pm line 41.
# Global symbol "$self" requires explicit package name at /home/cpan/pit/bare/conf/perl-5.8.9/.cpanplus/5.8.9/build/Algorithm-SAT-Backtracking-0.03/blib/lib/Algorithm/SAT/Backtracking.pm line 42.
# Global symbol "$model" requires explicit package name at /home/cpan/pit/bare/conf/perl-5.8.9/.cpanplus/5.8.9/build/Algorithm-SAT-Backtracking-0.03/blib/lib/Algorithm/SAT/Backtracking.pm line 42.
# Global symbol "$clauses" requires explicit package name at /home/cpan/pit/bare/conf/perl-5.8.9/.cpanplus/5.8.9/build/Algorithm-SAT-Backtracking-0.03/blib/lib/Algorithm/SAT/Backtracking.pm line 45.
# Global symbol "$self" requires explicit package name at /home/cpan/pit/bare/conf/perl-5.8.9/.cpanplus/5.8.9/build/Algorithm-SAT-Backtracking-0.03/blib/lib/Algorithm/SAT/Backtracking.pm line 54.
# Global symbol "$model" requires explicit package name at /home/cpan/pit/bare/conf/perl-5.8.9/.cpanplus/5.8.9/build/Algorithm-SAT-Backtracking-0.03/blib/lib/Algorithm/SAT/Backtracking.pm line 54.
# Global symbol "$self" requires explicit package name at /home/cpan/pit/bare/conf/perl-5.8.9/.cpanplus/5.8.9/build/Algorithm-SAT-Backtracking-0.03/blib/lib/Algorithm/SAT/Backtracking.pm line 55.
# Global symbol "$model" requires explicit package name at /home/cpan/pit/bare/conf/perl-5.8.9/.cpanplus/5.8.9/build/Algorithm-SAT-Backtracking-0.03/blib/lib/Algorithm/SAT/Backtracking.pm line 55.
# Global symbol "$clauses" requires explicit package name at /home/cpan/pit/bare/conf/perl-5.8.9/.cpanplus/5.8.9/build/Algorithm-SAT-Backtracking-0.03/blib/lib/Algorithm/SAT/Backtracking.pm line 58.
# Global symbol "$variables" requires explicit package name at /home/cpan/pit/bare/conf/perl-5.8.9/.cpanplus/5.8.9/build/Algorithm-SAT-Backtracking-0.03/blib/lib/Algorithm/SAT/Backtracking.pm line 66.
# Global symbol "$model" requires explicit package name at /home/cpan/pit/bare/conf/perl-5.8.9/.cpanplus/5.8.9/build/Algorithm-SAT-Backtracking-0.03/blib/lib/Algorithm/SAT/Backtracking.pm line 67.
# Global symbol "$self" requires explicit package name at /home/cpan/pit/bare/conf/perl-5.8.9/.cpanplus/5.8.9/build/Algorithm-SAT-Backtracking-0.03/blib/lib/Algorithm/SAT/Backtracking.pm line 76.
# Global symbol "$variables" requires explicit package name at /home/cpan/pit/bare/conf/perl-5.8.9/.cpanplus/5.8.9/build/Algorithm-SAT-Backtracking-0.03/blib/lib/Algorithm/SAT/Backtracking.pm line 76.
# Global symbol "$clauses" requires explicit package name at /home/cpan/pit/bare/conf/perl-5.8.9/.cpanplus/5.8.9/build/Algorithm-SAT-Backtracking-0.03/blib/lib/Algorithm/SAT/Backtracking.pm line 76.
# Global symbol "$self" requires explicit package name at /home/cpan/pit/bare/conf/perl-5.8.9/.cpanplus/5.8.9/build/Algorithm-SAT-Backtracking-0.03/blib/lib/Algorithm/SAT/Backtracking.pm line 77.
# Global symbol "$model" requires explicit package name at /home/cpan/pit/bare/conf/perl-5.8.9/.cpanplus/5.8.9/build/Algorithm-SAT-Backtracking-0.03/blib/lib/Algorithm/SAT/Backtracking.pm line 77.
# Global symbol "$self" requires explicit package name at /home/cpan/pit/bare/conf/perl-5.8.9/.cpanplus/5.8.9/build/Algorithm-SAT-Backtracking-0.03/blib/lib/Algorithm/SAT/Backtracking.pm line 78.
# Global symbol "$variables" requires explicit package name at /home/cpan/pit/bare/conf/perl-5.8.9/.cpanplus/5.8.9/build/Algorithm-SAT-Backtracking-0.03/blib/lib/Algorithm/SAT/Backtracking.pm line 78.
# Global symbol "$clauses" requires explicit package name at /home/cpan/pit/bare/conf/perl-5.8.9/.cpanplus/5.8.9/build/Algorithm-SAT-Backtracking-0.03/blib/lib/Algorithm/SAT/Backtracking.pm line 78.
# Global symbol "$self" requires explicit package name at /home/cpan/pit/bare/conf/perl-5.8.9/.cpanplus/5.8.9/build/Algorithm-SAT-Backtracking-0.03/blib/lib/Algorithm/SAT/Backtracking.pm line 79.
# Global symbol "$model" requires explicit package name at /home/cpan/pit/bare/conf/perl-5.8.9/.cpanplus/5.8.9/build/Algorithm-SAT-Backtracking-0.03/blib/lib/Algorithm/SAT/Backtracking.pm line 79.
# syntax error at /home/cpan/pit/bare/conf/perl-5.8.9/.cpanplus/5.8.9/build/Algorithm-SAT-Backtracking-0.03/blib/lib/Algorithm/SAT/Backtracking.pm line 80, near "}"
# /home/cpan/pit/bare/conf/perl-5.8.9/.cpanplus/5.8.9/build/Algorithm-SAT-Backtracking-0.03/blib/lib/Algorithm/SAT/Backtracking.pm has too many errors.
# Compilation failed in require at t/00_compile.t line 4.
# BEGIN failed--compilation aborted at t/00_compile.t line 4.
# Looks like you failed 1 test of 1.
Warning: Use of "shift" without parentheses is ambiguous at /home/cpan/pit/bare/conf/perl-5.8.9/.cpanplus/5.8.9/build/Algorithm-SAT-Backtracking-0.03/blib/lib/Algorithm/SAT/Backtracking.pm line 34.
t/01_backtrack.t ...
Dubious, test returned 255 (wstat 65280, 0xff00)
Failed 2/2 subtests
# Failed test 'use Algorithm::SAT::Backtracking;'
# at t/01_backtrack.t line 5.
# Tried to use 'Algorithm::SAT::Backtracking'.
# Error: syntax error at /home/cpan/pit/bare/conf/perl-5.8.9/.cpanplus/5.8.9/build/Algorithm-SAT-Backtracking-0.03/blib/lib/Algorithm/SAT/Backtracking.pm line 34, near "// {"
# Global symbol "$model" requires explicit package name at /home/cpan/pit/bare/conf/perl-5.8.9/.cpanplus/5.8.9/build/Algorithm-SAT-Backtracking-0.03/blib/lib/Algorithm/SAT/Backtracking.pm line 39.
# Global symbol "$self" requires explicit package name at /home/cpan/pit/bare/conf/perl-5.8.9/.cpanplus/5.8.9/build/Algorithm-SAT-Backtracking-0.03/blib/lib/Algorithm/SAT/Backtracking.pm line 41.
# Global symbol "$model" requires explicit package name at /home/cpan/pit/bare/conf/perl-5.8.9/.cpanplus/5.8.9/build/Algorithm-SAT-Backtracking-0.03/blib/lib/Algorithm/SAT/Backtracking.pm line 41.
# Global symbol "$self" requires explicit package name at /home/cpan/pit/bare/conf/perl-5.8.9/.cpanplus/5.8.9/build/Algorithm-SAT-Backtracking-0.03/blib/lib/Algorithm/SAT/Backtracking.pm line 42.
# Global symbol "$model" requires explicit package name at /home/cpan/pit/bare/conf/perl-5.8.9/.cpanplus/5.8.9/build/Algorithm-SAT-Backtracking-0.03/blib/lib/Algorithm/SAT/Backtracking.pm line 42.
# Global symbol "$clauses" requires explicit package name at /home/cpan/pit/bare/conf/perl-5.8.9/.cpanplus/5.8.9/build/Algorithm-SAT-Backtracking-0.03/blib/lib/Algorithm/SAT/Backtracking.pm line 45.
# Global symbol "$self" requires explicit package name at /home/cpan/pit/bare/conf/perl-5.8.9/.cpanplus/5.8.9/build/Algorithm-SAT-Backtracking-0.03/blib/lib/Algorithm/SAT/Backtracking.pm line 54.
# Global symbol "$model" requires explicit package name at /home/cpan/pit/bare/conf/perl-5.8.9/.cpanplus/5.8.9/build/Algorithm-SAT-Backtracking-0.03/blib/lib/Algorithm/SAT/Backtracking.pm line 54.
# Global symbol "$self" requires explicit package name at /home/cpan/pit/bare/conf/perl-5.8.9/.cpanplus/5.8.9/build/Algorithm-SAT-Backtracking-0.03/blib/lib/Algorithm/SAT/Backtracking.pm line 55.
# Global symbol "$model" requires explicit package name at /home/cpan/pit/bare/conf/perl-5.8.9/.cpanplus/5.8.9/build/Algorithm-SAT-Backtracking-0.03/blib/lib/Algorithm/SAT/Backtracking.pm line 55.
# Global symbol "$clauses" requires explicit package name at /home/cpan/pit/bare/conf/perl-5.8.9/.cpanplus/5.8.9/build/Algorithm-SAT-Backtracking-0.03/blib/lib/Algorithm/SAT/Backtracking.pm line 58.
# Global symbol "$variables" requires explicit package name at /home/cpan/pit/bare/conf/perl-5.8.9/.cpanplus/5.8.9/build/Algorithm-SAT-Backtracking-0.03/blib/lib/Algorithm/SAT/Backtracking.pm line 66.
# Global symbol "$model" requires explicit package name at /home/cpan/pit/bare/conf/perl-5.8.9/.cpanplus/5.8.9/build/Algorithm-SAT-Backtracking-0.03/blib/lib/Algorithm/SAT/Backtracking.pm line 67.
# Global symbol "$self" requires explicit package name at /home/cpan/pit/bare/conf/perl-5.8.9/.cpanplus/5.8.9/build/Algorithm-SAT-Backtracking-0.03/blib/lib/Algorithm/SAT/Backtracking.pm line 76.
# Global symbol "$variables" requires explicit package name at /home/cpan/pit/bare/conf/perl-5.8.9/.cpanplus/5.8.9/build/Algorithm-SAT-Backtracking-0.03/blib/lib/Algorithm/SAT/Backtracking.pm line 76.
# Global symbol "$clauses" requires explicit package name at /home/cpan/pit/bare/conf/perl-5.8.9/.cpanplus/5.8.9/build/Algorithm-SAT-Backtracking-0.03/blib/lib/Algorithm/SAT/Backtracking.pm line 76.
# Global symbol "$self" requires explicit package name at /home/cpan/pit/bare/conf/perl-5.8.9/.cpanplus/5.8.9/build/Algorithm-SAT-Backtracking-0.03/blib/lib/Algorithm/SAT/Backtracking.pm line 77.
# Global symbol "$model" requires explicit package name at /home/cpan/pit/bare/conf/perl-5.8.9/.cpanplus/5.8.9/build/Algorithm-SAT-Backtracking-0.03/blib/lib/Algorithm/SAT/Backtracking.pm line 77.
# Global symbol "$self" requires explicit package name at /home/cpan/pit/bare/conf/perl-5.8.9/.cpanplus/5.8.9/build/Algorithm-SAT-Backtracking-0.03/blib/lib/Algorithm/SAT/Backtracking.pm line 78.
# Global symbol "$variables" requires explicit package name at /home/cpan/pit/bare/conf/perl-5.8.9/.cpanplus/5.8.9/build/Algorithm-SAT-Backtracking-0.03/blib/lib/Algorithm/SAT/Backtracking.pm line 78.
# Global symbol "$clauses" requires explicit package name at /home/cpan/pit/bare/conf/perl-5.8.9/.cpanplus/5.8.9/build/Algorithm-SAT-Backtracking-0.03/blib/lib/Algorithm/SAT/Backtracking.pm line 78.
# Global symbol "$self" requires explicit package name at /home/cpan/pit/bare/conf/perl-5.8.9/.cpanplus/5.8.9/build/Algorithm-SAT-Backtracking-0.03/blib/lib/Algorithm/SAT/Backtracking.pm line 79.
# Global symbol "$model" requires explicit package name at /home/cpan/pit/bare/conf/perl-5.8.9/.cpanplus/5.8.9/build/Algorithm-SAT-Backtracking-0.03/blib/lib/Algorithm/SAT/Backtracking.pm line 79.
# syntax error at /home/cpan/pit/bare/conf/perl-5.8.9/.cpanplus/5.8.9/build/Algorithm-SAT-Backtracking-0.03/blib/lib/Algorithm/SAT/Backtracking.pm line 80, near "}"
# /home/cpan/pit/bare/conf/perl-5.8.9/.cpanplus/5.8.9/build/Algorithm-SAT-Backtracking-0.03/blib/lib/Algorithm/SAT/Backtracking.pm has too many errors.
# Compilation failed in require at t/01_backtrack.t line 5.
# BEGIN failed--compilation aborted at t/01_backtrack.t line 5.
Can't locate object method "resolve" via package "Algorithm::SAT::Backtracking" at t/01_backtrack.t line 13.
# Child (resolve()) exited without calling finalize()
# Failed test 'resolve()'
# at /home/cpan/pit/bare/perl-5.8.9/lib/5.8.9/Test/Builder.pm line 279.
# Tests were run but no plan was declared and done_testing() was not seen.
# Looks like your test exited with 255 just after 2.
Warning: Use of "shift" without parentheses is ambiguous at /home/cpan/pit/bare/conf/perl-5.8.9/.cpanplus/5.8.9/build/Algorithm-SAT-Backtracking-0.03/blib/lib/Algorithm/SAT/Backtracking.pm line 34.
syntax error at /home/cpan/pit/bare/conf/perl-5.8.9/.cpanplus/5.8.9/build/Algorithm-SAT-Backtracking-0.03/blib/lib/Algorithm/SAT/Backtracking.pm line 34, near "// {"
Global symbol "$model" requires explicit package name at /home/cpan/pit/bare/conf/perl-5.8.9/.cpanplus/5.8.9/build/Algorithm-SAT-Backtracking-0.03/blib/lib/Algorithm/SAT/Backtracking.pm line 39.
Global symbol "$self" requires explicit package name at /home/cpan/pit/bare/conf/perl-5.8.9/.cpanplus/5.8.9/build/Algorithm-SAT-Backtracking-0.03/blib/lib/Algorithm/SAT/Backtracking.pm line 41.
Global symbol "$model" requires explicit package name at /home/cpan/pit/bare/conf/perl-5.8.9/.cpanplus/5.8.9/build/Algorithm-SAT-Backtracking-0.03/blib/lib/Algorithm/SAT/Backtracking.pm line 41.
Global symbol "$self" requires explicit package name at /home/cpan/pit/bare/conf/perl-5.8.9/.cpanplus/5.8.9/build/Algorithm-SAT-Backtracking-0.03/blib/lib/Algorithm/SAT/Backtracking.pm line 42.
Global symbol "$model" requires explicit package name at /home/cpan/pit/bare/conf/perl-5.8.9/.cpanplus/5.8.9/build/Algorithm-SAT-Backtracking-0.03/blib/lib/Algorithm/SAT/Backtracking.pm line 42.
Global symbol "$clauses" requires explicit package name at /home/cpan/pit/bare/conf/perl-5.8.9/.cpanplus/5.8.9/build/Algorithm-SAT-Backtracking-0.03/blib/lib/Algorithm/SAT/Backtracking.pm line 45.
Global symbol "$self" requires explicit package name at /home/cpan/pit/bare/conf/perl-5.8.9/.cpanplus/5.8.9/build/Algorithm-SAT-Backtracking-0.03/blib/lib/Algorithm/SAT/Backtracking.pm line 54.
Global symbol "$model" requires explicit package name at /home/cpan/pit/bare/conf/perl-5.8.9/.cpanplus/5.8.9/build/Algorithm-SAT-Backtracking-0.03/blib/lib/Algorithm/SAT/Backtracking.pm line 54.
Global symbol "$self" requires explicit package name at /home/cpan/pit/bare/conf/perl-5.8.9/.cpanplus/5.8.9/build/Algorithm-SAT-Backtracking-0.03/blib/lib/Algorithm/SAT/Backtracking.pm line 55.
Global symbol "$model" requires explicit package name at /home/cpan/pit/bare/conf/perl-5.8.9/.cpanplus/5.8.9/build/Algorithm-SAT-Backtracking-0.03/blib/lib/Algorithm/SAT/Backtracking.pm line 55.
Global symbol "$clauses" requires explicit package name at /home/cpan/pit/bare/conf/perl-5.8.9/.cpanplus/5.8.9/build/Algorithm-SAT-Backtracking-0.03/blib/lib/Algorithm/SAT/Backtracking.pm line 58.
Global symbol "$variables" requires explicit package name at /home/cpan/pit/bare/conf/perl-5.8.9/.cpanplus/5.8.9/build/Algorithm-SAT-Backtracking-0.03/blib/lib/Algorithm/SAT/Backtracking.pm line 66.
Global symbol "$model" requires explicit package name at /home/cpan/pit/bare/conf/perl-5.8.9/.cpanplus/5.8.9/build/Algorithm-SAT-Backtracking-0.03/blib/lib/Algorithm/SAT/Backtracking.pm line 67.
Global symbol "$self" requires explicit package name at /home/cpan/pit/bare/conf/perl-5.8.9/.cpanplus/5.8.9/build/Algorithm-SAT-Backtracking-0.03/blib/lib/Algorithm/SAT/Backtracking.pm line 76.
Global symbol "$variables" requires explicit package name at /home/cpan/pit/bare/conf/perl-5.8.9/.cpanplus/5.8.9/build/Algorithm-SAT-Backtracking-0.03/blib/lib/Algorithm/SAT/Backtracking.pm line 76.
Global symbol "$clauses" requires explicit package name at /home/cpan/pit/bare/conf/perl-5.8.9/.cpanplus/5.8.9/build/Algorithm-SAT-Backtracking-0.03/blib/lib/Algorithm/SAT/Backtracking.pm line 76.
Global symbol "$self" requires explicit package name at /home/cpan/pit/bare/conf/perl-5.8.9/.cpanplus/5.8.9/build/Algorithm-SAT-Backtracking-0.03/blib/lib/Algorithm/SAT/Backtracking.pm line 77.
Global symbol "$model" requires explicit package name at /home/cpan/pit/bare/conf/perl-5.8.9/.cpanplus/5.8.9/build/Algorithm-SAT-Backtracking-0.03/blib/lib/Algorithm/SAT/Backtracking.pm line 77.
Global symbol "$self" requires explicit package name at /home/cpan/pit/bare/conf/perl-5.8.9/.cpanplus/5.8.9/build/Algorithm-SAT-Backtracking-0.03/blib/lib/Algorithm/SAT/Backtracking.pm line 78.
Global symbol "$variables" requires explicit package name at /home/cpan/pit/bare/conf/perl-5.8.9/.cpanplus/5.8.9/build/Algorithm-SAT-Backtracking-0.03/blib/lib/Algorithm/SAT/Backtracking.pm line 78.
Global symbol "$clat/02_expression.t ..
Dubious, test returned 255 (wstat 65280, 0xff00)
No subtests run
Test Summary Report
-------------------
t/00_compile.t (Wstat: 256 Tests: 1 Failed: 1)
Failed test: 1
Non-zero exit status: 1
t/01_backtrack.t (Wstat: 65280 Tests: 2 Failed: 2)
Failed tests: 1-2
Non-zero exit status: 255
Parse errors: No plan found in TAP output
t/02_expression.t (Wstat: 65280 Tests: 0 Failed: 0)
Non-zero exit status: 255
Parse errors: No plan found in TAP output
Files=3, Tests=3, 0 wallclock secs ( 0.02 usr 0.02 sys + 0.05 cusr 0.00 csys = 0.08 CPU)
Result: FAIL
uses" requires explicit package name at /home/cpan/pit/bare/conf/perl-5.8.9/.cpanplus/5.8.9/build/Algorithm-SAT-Backtracking-0.03/blib/lib/Algorithm/SAT/Backtracking.pm line 78.
Global symbol "$self" requires explicit package name at /home/cpan/pit/bare/conf/perl-5.8.9/.cpanplus/5.8.9/build/Algorithm-SAT-Backtracking-0.03/blib/lib/Algorithm/SAT/Backtracking.pm line 79.
Global symbol "$model" requires explicit package name at /home/cpan/pit/bare/conf/perl-5.8.9/.cpanplus/5.8.9/build/Algorithm-SAT-Backtracking-0.03/blib/lib/Algorithm/SAT/Backtracking.pm line 79.
syntax error at /home/cpan/pit/bare/conf/perl-5.8.9/.cpanplus/5.8.9/build/Algorithm-SAT-Backtracking-0.03/blib/lib/Algorithm/SAT/Backtracking.pm line 80, near "}"
/home/cpan/pit/bare/conf/perl-5.8.9/.cpanplus/5.8.9/build/Algorithm-SAT-Backtracking-0.03/blib/lib/Algorithm/SAT/Backtracking.pm has too many errors.
Compilation failed in require at t/02_expression.t line 3.
BEGIN failed--compilation aborted at t/02_expression.t line 3.
PREREQUISITES:
Here is a list of prerequisites you specified and versions we
managed to load:
Module Name Have Want
Test::More 1.001006 0.98
Perl module toolchain versions installed:
Module Name Have
CPANPLUS 0.9152
CPANPLUS::Dist::Build 0.78
Cwd 3.47
ExtUtils::CBuilder 0.280219
ExtUtils::Command 1.16
ExtUtils::Install 2.04
ExtUtils::MakeMaker 6.98
ExtUtils::Manifest 1.68
ExtUtils::ParseXS 3.24
File::Spec 3.47
Module::Build 0.4210
Pod::Parser 1.35
Pod::Simple 3.28
Test::Harness 3.33
Test::More 1.001006
version 0.9909
******************************** NOTE ********************************
The comments above are created mechanically, possibly without manual
checking by the sender. As there are many people performing automatic
tests on each upload to CPAN, it is likely that you will receive
identical messages about the same problem.
If you believe that the message is mistaken, please reply to the first
one with correction and/or additional informations, and do not take
it personally. We appreciate your patience. :)
**********************************************************************
Additional comments:
This report was machine-generated by CPANPLUS::Dist::YACSmoke 0.90.
Powered by minismokebox version 0.58
------------------------------
ENVIRONMENT AND OTHER CONTEXT
------------------------------
Environment variables:
AUTOMATED_TESTING = 1
LANG = en_GB.UTF-8
LANGUAGE = en_GB:en
NONINTERACTIVE_TESTING = 1
PATH = /usr/local/bin:/usr/bin:/bin:/usr/local/games:/usr/games
PERL5LIB = :/home/cpan/pit/bare/conf/perl-5.8.9/.cpanplus/5.8.9/build/ExtUtils-Config-0.008/blib/lib:/home/cpan/pit/bare/conf/perl-5.8.9/.cpanplus/5.8.9/build/ExtUtils-Config-0.008/blib/arch:/home/cpan/pit/bare/conf/perl-5.8.9/.cpanplus/5.8.9/build/ExtUtils-Helpers-0.022/blib/lib:/home/cpan/pit/bare/conf/perl-5.8.9/.cpanplus/5.8.9/build/ExtUtils-Helpers-0.022/blib/arch:/home/cpan/pit/bare/conf/perl-5.8.9/.cpanplus/5.8.9/build/ExtUtils-InstallPaths-0.010/blib/lib:/home/cpan/pit/bare/conf/perl-5.8.9/.cpanplus/5.8.9/build/ExtUtils-InstallPaths-0.010/blib/arch:/home/cpan/pit/bare/conf/perl-5.8.9/.cpanplus/5.8.9/build/Module-Build-Tiny-0.039/blib/lib:/home/cpan/pit/bare/conf/perl-5.8.9/.cpanplus/5.8.9/build/Module-Build-Tiny-0.039/blib/arch:/home/cpan/pit/bare/conf/perl-5.8.9/.cpanplus/5.8.9/build/Algorithm-SAT-Backtracking-0.03/blib/lib:/home/cpan/pit/bare/conf/perl-5.8.9/.cpanplus/5.8.9/build/Algorithm-SAT-Backtracking-0.03/blib/arch
PERL5_CPANPLUS_IS_RUNNING = 7851
PERL5_CPANPLUS_IS_VERSION = 0.9152
PERL5_MINISMOKEBOX = 0.58
PERL5_YACSMOKE_BASE = /home/cpan/pit/bare/conf/perl-5.8.9
PERL_EXTUTILS_AUTOINSTALL = --defaultdeps
PERL_MM_USE_DEFAULT = 1
SHELL = /bin/bash
TERM = screen
Perl special variables (and OS-specific diagnostics, for MSWin32):
Perl: $^X = /home/cpan/pit/bare/perl-5.8.9/bin/perl
UID: $< = 1001
EUID: $> = 1001
GID: $( = 1001 1001
EGID: $) = 1001 1001
-------------------------------
--
Summary of my perl5 (revision 5 version 8 subversion 9) configuration:
Platform:
osname=gnukfreebsd, osvers=8.1-1-686, archname=i686-gnukfreebsd
uname='gnukfreebsd kaiser 8.1-1-686 #0 wed feb 23 16:08:54 utc 2011 i686 i386 amd athlon(tm) neo x2 dual core processor 6850e gnukfreebsd '
config_args='-des -Dprefix=/home/cpan/pit/bare/perl-5.8.9'
hint=recommended, useposix=true, d_sigaction=define
usethreads=undef use5005threads=undef useithreads=undef usemultiplicity=undef
useperlio=define d_sfio=undef uselargefiles=define usesocks=undef
use64bitint=undef use64bitall=undef uselongdouble=undef
usemymalloc=n, bincompat5005=undef
Compiler:
cc='cc', ccflags ='-fno-strict-aliasing -pipe -I/usr/local/include -D_LARGEFILE_SOURCE -D_FILE_OFFSET_BITS=64',
optimize='-O2',
cppflags='-fno-strict-aliasing -pipe -I/usr/local/include'
ccversion='', gccversion='4.4.5', gccosandvers=''
intsize=4, longsize=4, ptrsize=4, doublesize=8, byteorder=1234
d_longlong=define, longlongsize=8, d_longdbl=define, longdblsize=12
ivtype='long', ivsize=4, nvtype='double', nvsize=8, Off_t='off_t', lseeksize=8
alignbytes=4, prototype=define
Linker and Libraries:
ld='cc', ldflags =' -L/usr/local/lib'
libpth=/usr/local/lib /lib /usr/lib
libs=-lnsl -lgdbm -ldb -ldl -lm -lcrypt -lutil -lc
perllibs=-lnsl -ldl -lm -lcrypt -lutil -lc
libc=, so=so, useshrplib=false, libperl=libperl.a
gnulibc_version='2.11.2'
Dynamic Linking:
dlsrc=dl_dlopen.xs, dlext=so, d_dlsymun=undef, ccdlflags='-Wl,-E'
cccdlflags='-fpic', lddlflags='-shared -L/usr/local/lib'
Characteristics of this binary (from libperl):
Compile-time options: PERL_MALLOC_WRAP USE_FAST_STDIO USE_LARGE_FILES
USE_PERLIO
Built under gnukfreebsd
Compiled at Aug 23 2011 12:02:09
%ENV:
PERL5LIB=":/home/cpan/pit/bare/conf/perl-5.8.9/.cpanplus/5.8.9/build/ExtUtils-Config-0.008/blib/lib:/home/cpan/pit/bare/conf/perl-5.8.9/.cpanplus/5.8.9/build/ExtUtils-Config-0.008/blib/arch:/home/cpan/pit/bare/conf/perl-5.8.9/.cpanplus/5.8.9/build/ExtUtils-Helpers-0.022/blib/lib:/home/cpan/pit/bare/conf/perl-5.8.9/.cpanplus/5.8.9/build/ExtUtils-Helpers-0.022/blib/arch:/home/cpan/pit/bare/conf/perl-5.8.9/.cpanplus/5.8.9/build/ExtUtils-InstallPaths-0.010/blib/lib:/home/cpan/pit/bare/conf/perl-5.8.9/.cpanplus/5.8.9/build/ExtUtils-InstallPaths-0.010/blib/arch:/home/cpan/pit/bare/conf/perl-5.8.9/.cpanplus/5.8.9/build/Module-Build-Tiny-0.039/blib/lib:/home/cpan/pit/bare/conf/perl-5.8.9/.cpanplus/5.8.9/build/Module-Build-Tiny-0.039/blib/arch:/home/cpan/pit/bare/conf/perl-5.8.9/.cpanplus/5.8.9/build/Algorithm-SAT-Backtracking-0.03/blib/lib:/home/cpan/pit/bare/conf/perl-5.8.9/.cpanplus/5.8.9/build/Algorithm-SAT-Backtracking-0.03/blib/arch"
PERL5_CPANPLUS_IS_RUNNING="7851"
PERL5_CPANPLUS_IS_VERSION="0.9152"
PERL5_MINISMOKEBOX="0.58"
PERL5_YACSMOKE_BASE="/home/cpan/pit/bare/conf/perl-5.8.9"
PERL_EXTUTILS_AUTOINSTALL="--defaultdeps"
PERL_MM_USE_DEFAULT="1"
@INC:
/home/cpan/pit/bare/conf/perl-5.8.9/.cpanplus/5.8.9/build/ExtUtils-Config-0.008/blib/lib
/home/cpan/pit/bare/conf/perl-5.8.9/.cpanplus/5.8.9/build/ExtUtils-Config-0.008/blib/arch
/home/cpan/pit/bare/conf/perl-5.8.9/.cpanplus/5.8.9/build/ExtUtils-Helpers-0.022/blib/lib
/home/cpan/pit/bare/conf/perl-5.8.9/.cpanplus/5.8.9/build/ExtUtils-Helpers-0.022/blib/arch
/home/cpan/pit/bare/conf/perl-5.8.9/.cpanplus/5.8.9/build/ExtUtils-InstallPaths-0.010/blib/lib
/home/cpan/pit/bare/conf/perl-5.8.9/.cpanplus/5.8.9/build/ExtUtils-InstallPaths-0.010/blib/arch
/home/cpan/pit/bare/conf/perl-5.8.9/.cpanplus/5.8.9/build/Module-Build-Tiny-0.039/blib/lib
/home/cpan/pit/bare/conf/perl-5.8.9/.cpanplus/5.8.9/build/Module-Build-Tiny-0.039/blib/arch
/home/cpan/pit/bare/conf/perl-5.8.9/.cpanplus/5.8.9/build/Algorithm-SAT-Backtracking-0.03/blib/lib
/home/cpan/pit/bare/conf/perl-5.8.9/.cpanplus/5.8.9/build/Algorithm-SAT-Backtracking-0.03/blib/arch
/home/cpan/pit/bare/perl-5.8.9/lib/5.8.9/i686-gnukfreebsd
/home/cpan/pit/bare/perl-5.8.9/lib/5.8.9
/home/cpan/pit/bare/perl-5.8.9/lib/site_perl/5.8.9/i686-gnukfreebsd
/home/cpan/pit/bare/perl-5.8.9/lib/site_perl/5.8.9
.