Report for Net-Launchpad-2.101

Back
From: metabase:user:320bfe00-2aae-11df-837a-5e0a49663a4f
Subject: FAIL Net-Launchpad-2.101 v5.25.12 GNU/Linux
Date: 2017-06-05T11:39:48Z

This distribution has been tested as part of the CPAN Testers
project, supporting the Perl programming language.  See
http://wiki.cpantesters.org/ for more information or email
questions to cpan-testers-discuss@perl.org


--
Dear Adam Stokes,

This is a computer-generated report for Net-Launchpad-2.101
on perl 5.25.12, created by CPAN-Reporter-1.2018.

Thank you for uploading your work to CPAN.  However, there was a problem
testing your distribution.

If you think this report is invalid, please consult the CPAN Testers Wiki
for suggestions on how to avoid getting FAIL reports for missing library
or binary dependencies, unsupported operating systems, and so on:

http://wiki.cpantesters.org/wiki/CPANAuthorNotes

Sections of this report:

    * Tester comments
    * Program output
    * Prerequisites
    * Environment and other context

------------------------------
TESTER COMMENTS
------------------------------

Additional comments from tester:

this report is from an automated smoke testing program
and was not reviewed by a human for accuracy

------------------------------
PROGRAM OUTPUT
------------------------------

Output from '/usr/bin/make test':

PERL_DL_NONLAZY=1 "/home/sand/src/perl/repoperls/installed-perls/host/k93msid/v5.25.12/0a29/bin/perl" "-MExtUtils::Command::MM" "-MTest::Harness" "-e" "undef *Test::Harness::Switches; test_harness(0, 'blib/lib', 'blib/arch')" t/*.t

#   Failed test 'Net/Launchpad.pm loaded ok'
#   at t/00-compile.t line 75.
#          got: '65280'
#     expected: '0'
In method (anon): I was expecting a parameter list, not "{" at /tmp/loop_over_bdir-3682-3fwPm5/Net-Launchpad-2.101-0/blib/lib/Net/Launchpad.pm line 24.
Compilation failed in require at -e line 1.

#   Failed test 'Net/Launchpad/Client.pm loaded ok'
#   at t/00-compile.t line 75.
#          got: '65280'
#     expected: '0'
In method (anon): I was expecting a parameter list, not "{" at /tmp/loop_over_bdir-3682-3fwPm5/Net-Launchpad-2.101-0/blib/lib/Net/Launchpad/Client.pm line 36.
Compilation failed in require at -e line 1.

#   Failed test 'Net/Launchpad/Model.pm loaded ok'
#   at t/00-compile.t line 75.
#          got: '65280'
#     expected: '0'
Undefined type name Net::Launchpad::Model::Str at /tmp/loop_over_bdir-3682-3fwPm5/Net-Launchpad-2.101-0/blib/lib/Net/Launchpad/Model.pm line 17.
Compilation failed in require at -e line 1.

#   Failed test 'Net/Launchpad/Query.pm loaded ok'
#   at t/00-compile.t line 75.
#          got: '65280'
#     expected: '0'
Undefined type name Net::Launchpad::Query::Str at /tmp/loop_over_bdir-3682-3fwPm5/Net-Launchpad-2.101-0/blib/lib/Net/Launchpad/Query.pm line 18.
Compilation failed in require at -e line 1.

#   Failed test 'Net/Launchpad/Role/Archive.pm loaded ok'
#   at t/00-compile.t line 75.
#          got: '65280'
#     expected: '0'
In method owner: I was expecting a parameter list, not "{" at /tmp/loop_over_bdir-3682-3fwPm5/Net-Launchpad-2.101-0/blib/lib/Net/Launchpad/Role/Common.pm line 26.
Compilation failed in require at /home/sand/src/perl/repoperls/installed-perls/host/k93msid/v5.25.12/0a29/lib/site_perl/5.25.12/Module/Runtime.pm line 317.
Compilation failed in require at -e line 1.

#   Failed test 'Net/Launchpad/Role/Branch.pm loaded ok'
#   at t/00-compile.t line 75.
#          got: '512'
#     expected: '0'
In method dependent_branches: I was expecting a parameter list, not "{" at /tmp/loop_over_bdir-3682-3fwPm5/Net-Launchpad-2.101-0/blib/lib/Net/Launchpad/Role/Branch.pm line 14.
Compilation failed in require at -e line 1.

#   Failed test 'Net/Launchpad/Role/Bug.pm loaded ok'
#   at t/00-compile.t line 75.
#          got: '512'
#     expected: '0'
In method tasks: I was expecting a parameter list, not "{" at /tmp/loop_over_bdir-3682-3fwPm5/Net-Launchpad-2.101-0/blib/lib/Net/Launchpad/Role/Bug.pm line 14.
Compilation failed in require at -e line 1.

#   Failed test 'Net/Launchpad/Role/BugTracker.pm loaded ok'
#   at t/00-compile.t line 75.
#          got: '512'
#     expected: '0'
In method watches: I was expecting a parameter list, not "{" at /tmp/loop_over_bdir-3682-3fwPm5/Net-Launchpad-2.101-0/blib/lib/Net/Launchpad/Role/BugTracker.pm line 14.
Compilation failed in require at -e line 1.

#   Failed test 'Net/Launchpad/Role/Builder.pm loaded ok'
#   at t/00-compile.t line 75.
#          got: '65280'
#     expected: '0'
In method owner: I was expecting a parameter list, not "{" at /tmp/loop_over_bdir-3682-3fwPm5/Net-Launchpad-2.101-0/blib/lib/Net/Launchpad/Role/Common.pm line 26.
Compilation failed in require at /home/sand/src/perl/repoperls/installed-perls/host/k93msid/v5.25.12/0a29/lib/site_perl/5.25.12/Module/Runtime.pm line 317.
Compilation failed in require at -e line 1.

#   Failed test 'Net/Launchpad/Role/CVE.pm loaded ok'
#   at t/00-compile.t line 75.
#          got: '65280'
#     expected: '0'
In method owner: I was expecting a parameter list, not "{" at /tmp/loop_over_bdir-3682-3fwPm5/Net-Launchpad-2.101-0/blib/lib/Net/Launchpad/Role/Common.pm line 26.
Compilation failed in require at /home/sand/src/perl/repoperls/installed-perls/host/k93msid/v5.25.12/0a29/lib/site_perl/5.25.12/Module/Runtime.pm line 317.
Compilation failed in require at -e line 1.

#   Failed test 'Net/Launchpad/Role/Common.pm loaded ok'
#   at t/00-compile.t line 75.
#          got: '512'
#     expected: '0'
In method owner: I was expecting a parameter list, not "{" at /tmp/loop_over_bdir-3682-3fwPm5/Net-Launchpad-2.101-0/blib/lib/Net/Launchpad/Role/Common.pm line 26.
Compilation failed in require at -e line 1.

#   Failed test 'Net/Launchpad/Role/Country.pm loaded ok'
#   at t/00-compile.t line 75.
#          got: '65280'
#     expected: '0'
In method owner: I was expecting a parameter list, not "{" at /tmp/loop_over_bdir-3682-3fwPm5/Net-Launchpad-2.101-0/blib/lib/Net/Launchpad/Role/Common.pm line 26.
Compilation failed in require at /home/sand/src/perl/repoperls/installed-perls/host/k93msid/v5.25.12/0a29/lib/site_perl/5.25.12/Module/Runtime.pm line 317.
Compilation failed in require at -e line 1.

#   Failed test 'Net/Launchpad/Role/Distribution.pm loaded ok'
#   at t/00-compile.t line 75.
#          got: '512'
#     expected: '0'
In method active_milestones: I was expecting a parameter list, not "{" at /tmp/loop_over_bdir-3682-3fwPm5/Net-Launchpad-2.101-0/blib/lib/Net/Launchpad/Role/Distribution.pm line 14.
Compilation failed in require at -e line 1.

#   Failed test 'Net/Launchpad/Role/Language.pm loaded ok'
#   at t/00-compile.t line 75.
#          got: '65280'
#     expected: '0'
In method owner: I was expecting a parameter list, not "{" at /tmp/loop_over_bdir-3682-3fwPm5/Net-Launchpad-2.101-0/blib/lib/Net/Launchpad/Role/Common.pm line 26.
Compilation failed in require at /home/sand/src/perl/repoperls/installed-perls/host/k93msid/v5.25.12/0a29/lib/site_perl/5.25.12/Module/Runtime.pm line 317.
Compilation failed in require at -e line 1.

#   Failed test 'Net/Launchpad/Role/Person.pm loaded ok'
#   at t/00-compile.t line 75.
#          got: '512'
#     expected: '0'
In method gpg_keys: I was expecting a parameter list, not "{" at /tmp/loop_over_bdir-3682-3fwPm5/Net-Launchpad-2.101-0/blib/lib/Net/Launchpad/Role/Person.pm line 13.
Compilation failed in require at -e line 1.

#   Failed test 'Net/Launchpad/Role/Project.pm loaded ok'
#   at t/00-compile.t line 75.
#          got: '65280'
#     expected: '0'
In method owner: I was expecting a parameter list, not "{" at /tmp/loop_over_bdir-3682-3fwPm5/Net-Launchpad-2.101-0/blib/lib/Net/Launchpad/Role/Common.pm line 26.
Compilation failed in require at /home/sand/src/perl/repoperls/installed-perls/host/k93msid/v5.25.12/0a29/lib/site_perl/5.25.12/Module/Runtime.pm line 317.
Compilation failed in require at -e line 1.

#   Failed test 'Net/Launchpad/Role/Query/Branch.pm loaded ok'
#   at t/00-compile.t line 75.
#          got: '65280'
#     expected: '0'
Undefined type name Net::Launchpad::Role::Query::Branch::Str at /tmp/loop_over_bdir-3682-3fwPm5/Net-Launchpad-2.101-0/blib/lib/Net/Launchpad/Role/Query/Branch.pm line 15.
Compilation failed in require at -e line 1.

#   Failed test 'Net/Launchpad/Role/Query/Builder.pm loaded ok'
#   at t/00-compile.t line 75.
#          got: '65280'
#     expected: '0'
In method all: I was expecting a parameter list, not "{" at /tmp/loop_over_bdir-3682-3fwPm5/Net-Launchpad-2.101-0/blib/lib/Net/Launchpad/Role/Query/Builder.pm line 14.
Compilation failed in require at -e line 1.

#   Failed test 'Net/Launchpad/Role/Query/Country.pm loaded ok'
#   at t/00-compile.t line 75.
#          got: '65280'
#     expected: '0'
Undefined type name Net::Launchpad::Role::Query::Country::Str at /tmp/loop_over_bdir-3682-3fwPm5/Net-Launchpad-2.101-0/blib/lib/Net/Launchpad/Role/Query/Country.pm line 15.
Compilation failed in require at -e line 1.

#   Failed test 'Net/Launchpad/Role/Query/Person.pm loaded ok'
#   at t/00-compile.t line 75.
#          got: '65280'
#     expected: '0'
Undefined type name Net::Launchpad::Role::Query::Person::Str at /tmp/loop_over_bdir-3682-3fwPm5/Net-Launchpad-2.101-0/blib/lib/Net/Launchpad/Role/Query/Person.pm line 15.
Compilation failed in require at -e line 1.

#   Failed test 'Net/Launchpad/Role/Query/Project.pm loaded ok'
#   at t/00-compile.t line 75.
#          got: '65280'
#     expected: '0'
Undefined type name Net::Launchpad::Role::Query::Project::Str at /tmp/loop_over_bdir-3682-3fwPm5/Net-Launchpad-2.101-0/blib/lib/Net/Launchpad/Role/Query/Project.pm line 15.
Compilation failed in require at -e line 1.
# Looks like you failed 21 tests of 39.
t/00-compile.t ............... 
Dubious, test returned 21 (wstat 5376, 0x1500)
Failed 21/39 subtests 
# 
# Versions for all modules listed in MYMETA.json (including optional ones):
# 
# === Configure Requires ===
# 
#     Module              Want Have
#     ------------------- ---- ----
#     ExtUtils::MakeMaker  any 7.24
# 
# === Build Requires ===
# 
#     Module              Want Have
#     ------------------- ---- ----
#     ExtUtils::MakeMaker  any 7.24
# 
# === Test Requires ===
# 
#     Module              Want     Have
#     ------------------- ---- --------
#     ExtUtils::MakeMaker  any     7.24
#     File::Spec           any     3.67
#     FindBin              any     1.51
#     IO::Handle           any     1.36
#     IPC::Open3           any     1.20
#     Mojolicious          any     7.32
#     Test::Compile        any   v1.3.0
#     Test::Exception      any     0.43
#     Test::Kwalitee       any     1.26
#     Test::Mojo           any    undef
#     Test::More           any 1.302085
#     Test::NoTabs         any     2.00
#     lib                  any     0.64
#     strict               any     1.11
#     warnings             any     1.37
# 
# === Test Recommends ===
# 
#     Module         Want     Have
#     ---------- -------- --------
#     CPAN::Meta 2.120900 2.150010
# 
# === Runtime Requires ===
# 
#     Module                Want     Have
#     --------------------- ---- --------
#     Data::Dumper::Concise  any    2.022
#     Function::Parameters   any 2.000006
#     Module::Runtime        any    0.014
#     Mojo::JSON             any    undef
#     Mojo::Parameters       any    undef
#     Mojo::URL              any    undef
#     Mojo::UserAgent        any    undef
#     Moose                  any   2.2004
#     Moose::Role            any   2.2004
#     Moose::Util            any   2.2004
#     namespace::autoclean   any     0.28
# 
t/00-report-prereqs.t ........ ok
t/01-distributions.t ......... skipped: must export launchpad credentials to enable these tests
t/02-bugs.t .................. skipped: must export launchpad credentials to enable these tests
t/03-people.t ................ skipped: must export launchpad credentials to enable these tests
t/04-projects.t .............. skipped: must export launchpad credentials to enable these tests
t/05-branches.t .............. skipped: must export launchpad credentials to enable these tests
t/06-country.t ............... skipped: must export launchpad credentials to enable these tests
t/07-builder.t ............... skipped: must export launchpad credentials to enable these tests
t/author-no-tabs.t ........... skipped: these tests are for testing by the author

#   Failed test 'use Net::Launchpad;'
#   at t/basic.t line 6.
#     Tried to use 'Net::Launchpad'.
#     Error:  In method (anon): I was expecting a parameter list, not "{" at /tmp/loop_over_bdir-3682-3fwPm5/Net-Launchpad-2.101-0/blib/lib/Net/Launchpad.pm line 24.
# Compilation failed in require at t/basic.t line 6.
# BEGIN failed--compilation aborted at t/basic.t line 6.
# Looks like you failed 1 test of 1.
t/basic.t .................... 
Dubious, test returned 1 (wstat 256, 0x100)
Failed 1/1 subtests 
t/release-kwalitee.t ......... skipped: these tests are for release candidate testing
t/release-minimum-version.t .. skipped: these tests are for release candidate testing

Test Summary Report
-------------------
t/00-compile.t             (Wstat: 5376 Tests: 39 Failed: 21)
  Failed tests:  1-3, 21-33, 35-39
  Non-zero exit status: 21
t/basic.t                  (Wstat: 256 Tests: 1 Failed: 1)
  Failed test:  1
  Non-zero exit status: 1
Files=13, Tests=41, 31 wallclock secs ( 0.03 usr  0.09 sys + 11.08 cusr  1.81 csys = 13.01 CPU)
Result: FAIL
Failed 2/13 test programs. 22/41 subtests failed.
Makefile:1050: recipe for target 'test_dynamic' failed
make: *** [test_dynamic] Error 255

------------------------------
PREREQUISITES
------------------------------

Prerequisite modules loaded:

requires:

    Module                Need Have    
    --------------------- ---- --------
    Data::Dumper::Concise 0    2.022   
    Function::Parameters  0    2.000006
    Module::Runtime       0    0.014   
    Mojo::JSON            0    0       
    Mojo::Parameters      0    0       
    Mojo::URL             0    0       
    Mojo::UserAgent       0    0       
    Moose                 0    2.2004  
    Moose::Role           0    2.2004  
    Moose::Util           0    2.2004  
    namespace::autoclean  0    0.28    

build_requires:

    Module                Need Have    
    --------------------- ---- --------
    ExtUtils::MakeMaker   0    7.24    
    File::Spec            0    3.67    
    FindBin               0    1.51    
    IO::Handle            0    1.36    
    IPC::Open3            0    1.20    
    lib                   0    0.64    
    Mojolicious           0    7.32    
    strict                0    1.11    
    Test::Compile         0    v1.3.0  
    Test::Exception       0    0.43    
    Test::Kwalitee        0    1.26    
    Test::Mojo            0    0       
    Test::More            0    1.302085
    Test::NoTabs          0    2.00    
    warnings              0    1.37    

configure_requires:

    Module                Need Have    
    --------------------- ---- --------
    ExtUtils::MakeMaker   0    7.24    


------------------------------
ENVIRONMENT AND OTHER CONTEXT
------------------------------

Environment variables:

    AUTOMATED_TESTING = 1
    LANG = en_US.UTF-8
    PATH = /home/sand/bin:/usr/local/bin:/usr/bin:/bin:/usr/games:/usr/local/perl/bin:/usr/X11/bin:/sbin:/usr/sbin
    PERL5LIB = 
    PERL5OPT = 
    PERL5_CPANPLUS_IS_RUNNING = 3689
    PERL5_CPAN_IS_RUNNING = 3689
    PERL_CANARY_STABILITY_NOPROMPT = 1
    PERL_MM_USE_DEFAULT = 1
    PERL_USE_UNSAFE_INC = 1
    SHELL = /usr/bin/zsh
    TERM = screen

Perl special variables (and OS-specific diagnostics, for MSWin32):

    $^X = /home/sand/src/perl/repoperls/installed-perls/host/k93msid/v5.25.12/0a29/bin/perl
    $UID/$EUID = 1005 / 1005
    $GID = 1005 1005
    $EGID = 1005 1005

Perl module toolchain versions installed:

    Module              Have    
    ------------------- --------
    CPAN                2.18    
    CPAN::Meta          2.150010
    Cwd                 3.67    
    ExtUtils::CBuilder  0.280224
    ExtUtils::Command   7.24    
    ExtUtils::Install   2.14    
    ExtUtils::MakeMaker 7.24    
    ExtUtils::Manifest  1.70    
    ExtUtils::ParseXS   3.34    
    File::Spec          3.67    
    JSON                2.94    
    JSON::PP            2.94    
    Module::Build       0.42_23 
    Module::Signature   0.81    
    Parse::CPAN::Meta   2.150010
    Test::Harness       3.39    
    Test::More          1.302085
    YAML                1.23    
    YAML::Syck          1.30    
    version             0.9918  


--

Summary of my perl5 (revision 5 version 25 subversion 12) configuration:
  Commit id: f6a85527c5831d860897ed46b4dcc5a52480aa15
  Platform:
    osname=linux
    osvers=4.9.0-2-amd64
    archname=x86_64-linux-ld
    uname='linux k93msid 4.9.0-2-amd64 #1 smp debian 4.9.18-1 (2017-03-30) x86_64 gnulinux '
    config_args='-Dprefix=/home/sand/src/perl/repoperls/installed-perls/host/k93msid/v5.25.12/0a29 -Dmyhostname=k93msid -Dinstallusrbinperl=n -Uversiononly -Dusedevel -des -Ui_db -Dlibswanted=cl pthread socket inet nsl gdbm dbm malloc dl ld sun m crypt sec util c cposix posix ucb BSD gdbm_compat -Uuseithreads -Duselongdouble -DDEBUGGING=both'
    hint=recommended
    useposix=true
    d_sigaction=define
    useithreads=undef
    usemultiplicity=undef
    use64bitint=define
    use64bitall=define
    uselongdouble=define
    usemymalloc=n
    default_inc_excludes_dot=define
    bincompat5005=undef
  Compiler:
    cc='cc'
    ccflags ='-fwrapv -DDEBUGGING -fno-strict-aliasing -pipe -fstack-protector-strong -I/usr/local/include -D_LARGEFILE_SOURCE -D_FILE_OFFSET_BITS=64'
    optimize='-O2 -g'
    cppflags='-fwrapv -DDEBUGGING -fno-strict-aliasing -pipe -fstack-protector-strong -I/usr/local/include'
    ccversion=''
    gccversion='6.3.0 20170406'
    gccosandvers=''
    intsize=4
    longsize=8
    ptrsize=8
    doublesize=8
    byteorder=12345678
    doublekind=3
    d_longlong=define
    longlongsize=8
    d_longdbl=define
    longdblsize=16
    longdblkind=3
    ivtype='long'
    ivsize=8
    nvtype='long double'
    nvsize=16
    Off_t='off_t'
    lseeksize=8
    alignbytes=16
    prototype=define
  Linker and Libraries:
    ld='cc'
    ldflags =' -fstack-protector-strong -L/usr/local/lib'
    libpth=/usr/local/lib /usr/lib/gcc/x86_64-linux-gnu/6/include-fixed /usr/include/x86_64-linux-gnu /usr/lib /lib/x86_64-linux-gnu /lib/../lib /usr/lib/x86_64-linux-gnu /usr/lib/../lib /lib
    libs=-lpthread -lnsl -ldl -lm -lcrypt -lutil -lc
    perllibs=-lpthread -lnsl -ldl -lm -lcrypt -lutil -lc
    libc=libc-2.24.so
    so=so
    useshrplib=false
    libperl=libperl.a
    gnulibc_version='2.24'
  Dynamic Linking:
    dlsrc=dl_dlopen.xs
    dlext=so
    d_dlsymun=undef
    ccdlflags='-Wl,-E'
    cccdlflags='-fPIC'
    lddlflags='-shared -O2 -g -L/usr/local/lib -fstack-protector-strong'


Characteristics of this binary (from libperl): 
  Compile-time options:
    DEBUGGING
    HAS_TIMES
    PERLIO_LAYERS
    PERL_COPY_ON_WRITE
    PERL_DONT_CREATE_GVSV
    PERL_MALLOC_WRAP
    PERL_OP_PARENT
    PERL_PRESERVE_IVUV
    PERL_USE_DEVEL
    USE_64_BIT_ALL
    USE_64_BIT_INT
    USE_LARGE_FILES
    USE_LOCALE
    USE_LOCALE_COLLATE
    USE_LOCALE_CTYPE
    USE_LOCALE_NUMERIC
    USE_LOCALE_TIME
    USE_LONG_DOUBLE
    USE_PERLIO
    USE_PERL_ATOF
  Built under linux
  Compiled at Apr 21 2017 00:34:03
  %ENV:
    PERL5LIB=""
    PERL5OPT=""
    PERL5_CPANPLUS_IS_RUNNING="3689"
    PERL5_CPAN_IS_RUNNING="3689"
    PERL_CANARY_STABILITY_NOPROMPT="1"
    PERL_MM_USE_DEFAULT="1"
    PERL_USE_UNSAFE_INC="1"
  @INC:
    /home/sand/src/perl/repoperls/installed-perls/host/k93msid/v5.25.12/0a29/lib/site_perl/5.25.12/x86_64-linux-ld
    /home/sand/src/perl/repoperls/installed-perls/host/k93msid/v5.25.12/0a29/lib/site_perl/5.25.12
    /home/sand/src/perl/repoperls/installed-perls/host/k93msid/v5.25.12/0a29/lib/5.25.12/x86_64-linux-ld
    /home/sand/src/perl/repoperls/installed-perls/host/k93msid/v5.25.12/0a29/lib/5.25.12
    .