Back
From: metabase:user:320bfe00-2aae-11df-837a-5e0a49663a4f
Subject: FAIL MooseX-UndefTolerant-0.19 v5.18.4 GNU/Linux
Date: 2014-10-13T14:53:23Z
This distribution has been tested as part of the CPAN Testers
project, supporting the Perl programming language. See
http://wiki.cpantesters.org/ for more information or email
questions to cpan-testers-discuss@perl.org
--
Dear Karen Etheridge,
This is a computer-generated report for MooseX-UndefTolerant-0.19
on perl 5.18.4, created by CPAN-Reporter-1.2011.
Thank you for uploading your work to CPAN. However, there was a problem
testing your distribution.
If you think this report is invalid, please consult the CPAN Testers Wiki
for suggestions on how to avoid getting FAIL reports for missing library
or binary dependencies, unsupported operating systems, and so on:
http://wiki.cpantesters.org/wiki/CPANAuthorNotes
Sections of this report:
* Tester comments
* Program output
* Prerequisites
* Environment and other context
------------------------------
TESTER COMMENTS
------------------------------
Additional comments from tester:
this report is from an automated smoke testing program
and was not reviewed by a human for accuracy
------------------------------
PROGRAM OUTPUT
------------------------------
Output from '/usr/bin/make test':
PERL_DL_NONLAZY=1 "/home/sand/src/perl/repoperls/installed-perls/perl/v5.18.4/127e/bin/perl" "-MExtUtils::Command::MM" "-MTest::Harness" "-e" "undef *Test::Harness::Switches; test_harness(0, 'blib/lib', 'blib/arch')" t/*.t
t/00-check-deps.t ................ ok
t/00-compile.t ................... ok
# Testing MooseX::UndefTolerant 0.19, Perl 5.018004, /home/sand/src/perl/repoperls/installed-perls/perl/v5.18.4/127e/bin/perl
t/00-load.t ...................... ok
t/basic.t ........................ ok
No message set for note! at /home/sand/src/perl/repoperls/installed-perls/perl/v5.18.4/127e/lib/site_perl/5.18.4/Test/Stream/Event/Note.pm line 14.
Test::Stream::Event::Note::init('Test::Stream::Event::Note=ARRAY(0x302b9e0)') called at /home/sand/src/perl/repoperls/installed-perls/perl/v5.18.4/127e/lib/site_perl/5.18.4/Test/Stream/ArrayBase.pm line 65
Test::Stream::ArrayBase::new('Test::Stream::Event::Note', 'Test::Stream::Context=ARRAY(0x3030c68)', 'ARRAY(0x302ba70)', 0, '') called at (eval 65) line 5
Test::Stream::Context::_note('Test::Stream::Context=ARRAY(0x3030a88)', '') called at /home/sand/src/perl/repoperls/installed-perls/perl/v5.18.4/127e/lib/site_perl/5.18.4/Test/Stream/Context.pm line 237
Test::Stream::Context::note('Test::Stream::Context=ARRAY(0x3030a88)', '') called at /home/sand/src/perl/repoperls/installed-perls/perl/v5.18.4/127e/lib/site_perl/5.18.4/Test/More.pm line 331
Test::More::note('') called at t/lib/ConstructorTests.pm line 103
ConstructorTests::do_tests() called at t/constructor.t line 10
main::__ANON__(0) called at /home/sand/src/perl/repoperls/installed-perls/perl/v5.18.4/127e/lib/site_perl/5.18.4/x86_64-linux-ld/Test/Moose.pm line 75
Test::Moose::with_immutable('CODE(0x25018a8)', 'Foo', 'Bar') called at t/constructor.t line 10
# Tests were run but no plan was declared and done_testing() was not seen.
# Looks like your test exited with 255 just after 15.
t/constructor.t ..................
Dubious, test returned 255 (wstat 65280, 0xff00)
All 15 subtests passed
No message set for note! at /home/sand/src/perl/repoperls/installed-perls/perl/v5.18.4/127e/lib/site_perl/5.18.4/Test/Stream/Event/Note.pm line 14.
Test::Stream::Event::Note::init('Test::Stream::Event::Note=ARRAY(0x2727b38)') called at /home/sand/src/perl/repoperls/installed-perls/perl/v5.18.4/127e/lib/site_perl/5.18.4/Test/Stream/ArrayBase.pm line 65
Test::Stream::ArrayBase::new('Test::Stream::Event::Note', 'Test::Stream::Context=ARRAY(0x27273e8)', 'ARRAY(0x2727a90)', 0, '') called at (eval 65) line 5
Test::Stream::Context::_note('Test::Stream::Context=ARRAY(0x27274d8)', '') called at /home/sand/src/perl/repoperls/installed-perls/perl/v5.18.4/127e/lib/site_perl/5.18.4/Test/Stream/Context.pm line 237
Test::Stream::Context::note('Test::Stream::Context=ARRAY(0x27274d8)', '') called at /home/sand/src/perl/repoperls/installed-perls/perl/v5.18.4/127e/lib/site_perl/5.18.4/Test/More.pm line 331
Test::More::note('') called at t/defaults.t line 71
main::do_tests() called at t/defaults.t line 128
main::__ANON__(0) called at /home/sand/src/perl/repoperls/installed-perls/perl/v5.18.4/127e/lib/site_perl/5.18.4/x86_64-linux-ld/Test/Moose.pm line 75
Test::Moose::with_immutable('CODE(0x26cee20)', 'Foo', 'Bar') called at t/defaults.t line 129
# Tests were run but no plan was declared and done_testing() was not seen.
# Looks like your test exited with 2 just after 18.
t/defaults.t .....................
Dubious, test returned 2 (wstat 512, 0x200)
All 18 subtests passed
t/release-changes_has_content.t .. skipped: these tests are for release candidate testing
t/release-cpan-changes.t ......... skipped: these tests are for release candidate testing
t/release-dist-manifest.t ........ skipped: these tests are for release candidate testing
t/release-distmeta.t ............. skipped: these tests are for release candidate testing
t/release-eol.t .................. skipped: these tests are for release candidate testing
t/release-no-tabs.t .............. skipped: these tests are for release candidate testing
t/release-pod-linkcheck.t ........ skipped: these tests are for release candidate testing
t/release-pod-no404s.t ........... skipped: these tests are for release candidate testing
t/release-pod-syntax.t ........... skipped: these tests are for release candidate testing
t/release-test-version.t ......... skipped: these tests are for release candidate testing
t/roles.t ........................ ok
t/undef_init_arg.t ............... ok
Test Summary Report
-------------------
t/constructor.t (Wstat: 65280 Tests: 15 Failed: 0)
Non-zero exit status: 255
Parse errors: No plan found in TAP output
t/defaults.t (Wstat: 512 Tests: 18 Failed: 0)
Non-zero exit status: 2
Parse errors: No plan found in TAP output
Files=18, Tests=93, 11 wallclock secs ( 0.04 usr 0.04 sys + 4.11 cusr 0.41 csys = 4.60 CPU)
Result: FAIL
Failed 2/18 test programs. 0/93 subtests failed.
Makefile:881: recipe for target 'test_dynamic' failed
make: *** [test_dynamic] Error 255
------------------------------
PREREQUISITES
------------------------------
Prerequisite modules loaded:
requires:
Module Need Have
------------------- ----- ------------
Moose 0.89 2.1213
Moose::Exporter 0 2.1213
Moose::Role 0 2.1213
strict 0 1.07
warnings 0 1.18
build_requires:
Module Need Have
------------------- ----- ------------
File::Find 0 1.23
File::Temp 0 0.2304
Test::CheckDeps 0.002 0.010
Test::Fatal 0 0.013
Test::Moose 0 2.1213
Test::More 0.88 1.301001_056
Test::NoWarnings 1.04 1.04
configure_requires:
Module Need Have
------------------- ----- ------------
ExtUtils::MakeMaker 6.30 6.99_17
------------------------------
ENVIRONMENT AND OTHER CONTEXT
------------------------------
Environment variables:
AUTOMATED_TESTING = 1
LANG = en_US.UTF-8
LANGUAGE = en_US:en
PATH = /home/sand/bin:/usr/local/bin:/usr/bin:/bin:/usr/games:/usr/local/perl/bin:/usr/X11/bin:/sbin:/usr/sbin
PERL5LIB =
PERL5OPT =
PERL5_CPANPLUS_IS_RUNNING = 17841
PERL5_CPAN_IS_RUNNING = 17841
PERL_MM_USE_DEFAULT = 1
SHELL = /usr/bin/zsh
TERM = screen
Perl special variables (and OS-specific diagnostics, for MSWin32):
$^X = /home/sand/src/perl/repoperls/installed-perls/perl/v5.18.4/127e/bin/perl
$UID/$EUID = 1005 / 1005
$GID = 1005 1005
$EGID = 1005 1005
Perl module toolchain versions installed:
Module Have
------------------- ------------
CPAN 2.05
CPAN::Meta 2.142690
Cwd 3.47
ExtUtils::CBuilder broken
ExtUtils::Command 1.17
ExtUtils::Install 1.59
ExtUtils::MakeMaker 6.99_17
ExtUtils::Manifest 1.65
ExtUtils::ParseXS 3.24
File::Spec 3.47
JSON 2.90
JSON::PP 2.27300
Module::Build broken
Module::Signature n/a
Parse::CPAN::Meta 1.4414
Test::Harness 3.33
Test::More 1.301001_056
YAML 1.13
YAML::Syck 1.27
version 0.9909
--
Summary of my perl5 (revision 5 version 18 subversion 4) configuration:
Commit id: 51202371ba68f3f52f13124a3ea1bc3c171e0ee2
Platform:
osname=linux, osvers=3.16-1-amd64, archname=x86_64-linux-ld
uname='linux k83 3.16-1-amd64 #1 smp debian 3.16.2-2 (2014-09-08) x86_64 gnulinux '
config_args='-Dprefix=/home/sand/src/perl/repoperls/installed-perls/perl/v5.18.4/127e -Dmyhostname=k83 -Dinstallusrbinperl=n -Uversiononly -Dusedevel -des -Ui_db -Uuseithreads -Duselongdouble -DDEBUGGING=-g'
hint=recommended, useposix=true, d_sigaction=define
useithreads=undef, usemultiplicity=undef
useperlio=define, d_sfio=undef, uselargefiles=define, usesocks=undef
use64bitint=define, use64bitall=define, uselongdouble=define
usemymalloc=n, bincompat5005=undef
Compiler:
cc='cc', ccflags ='-fno-strict-aliasing -pipe -fstack-protector -I/usr/local/include -D_LARGEFILE_SOURCE -D_FILE_OFFSET_BITS=64',
optimize='-O2 -g',
cppflags='-fno-strict-aliasing -pipe -fstack-protector -I/usr/local/include'
ccversion='', gccversion='4.9.1', gccosandvers=''
intsize=4, longsize=8, ptrsize=8, doublesize=8, byteorder=12345678
d_longlong=define, longlongsize=8, d_longdbl=define, longdblsize=16
ivtype='long', ivsize=8, nvtype='long double', nvsize=16, Off_t='off_t', lseeksize=8
alignbytes=16, prototype=define
Linker and Libraries:
ld='cc', ldflags =' -fstack-protector -L/usr/local/lib'
libpth=/usr/local/lib /lib/x86_64-linux-gnu /lib/../lib /usr/lib/x86_64-linux-gnu /usr/lib/../lib /lib /usr/lib
libs=-lnsl -lgdbm -ldb -ldl -lm -lcrypt -lutil -lc -lgdbm_compat
perllibs=-lnsl -ldl -lm -lcrypt -lutil -lc
libc=, so=so, useshrplib=false, libperl=libperl.a
gnulibc_version='2.19'
Dynamic Linking:
dlsrc=dl_dlopen.xs, dlext=so, d_dlsymun=undef, ccdlflags='-Wl,-E'
cccdlflags='-fPIC', lddlflags='-shared -O2 -g -L/usr/local/lib -fstack-protector'
Characteristics of this binary (from libperl):
Compile-time options: HAS_TIMES PERLIO_LAYERS PERL_DONT_CREATE_GVSV
PERL_HASH_FUNC_ONE_AT_A_TIME_HARD PERL_MALLOC_WRAP
PERL_PRESERVE_IVUV PERL_SAWAMPERSAND PERL_USE_DEVEL
USE_64_BIT_ALL USE_64_BIT_INT USE_LARGE_FILES
USE_LOCALE USE_LOCALE_COLLATE USE_LOCALE_CTYPE
USE_LOCALE_NUMERIC USE_LONG_DOUBLE USE_PERLIO
USE_PERL_ATOF
Built under linux
Compiled at Oct 2 2014 07:58:36
%ENV:
PERL5LIB=""
PERL5OPT=""
PERL5_CPANPLUS_IS_RUNNING="17841"
PERL5_CPAN_IS_RUNNING="17841"
PERL_MM_USE_DEFAULT="1"
@INC:
/home/sand/src/perl/repoperls/installed-perls/perl/v5.18.4/127e/lib/site_perl/5.18.4/x86_64-linux-ld
/home/sand/src/perl/repoperls/installed-perls/perl/v5.18.4/127e/lib/site_perl/5.18.4
/home/sand/src/perl/repoperls/installed-perls/perl/v5.18.4/127e/lib/5.18.4/x86_64-linux-ld
/home/sand/src/perl/repoperls/installed-perls/perl/v5.18.4/127e/lib/5.18.4
.