Back
From: metabase:user:314402c4-2aae-11df-837a-5e0a49663a4f
Subject: FAIL Crypt-NSS-X509-0.05 v5.18.2 GNU/Linux
Date: 2014-09-17T17:54:35Z
This distribution has been tested as part of the CPAN Testers
project, supporting the Perl programming language. See
http://wiki.cpantesters.org/ for more information or email
questions to cpan-testers-discuss@perl.org
--
Dear Johanna Amann,
This is a computer-generated report for Crypt-NSS-X509-0.05
on perl 5.18.2, created by CPAN-Reporter-1.2011.
Thank you for uploading your work to CPAN. However, there was a problem
testing your distribution.
If you think this report is invalid, please consult the CPAN Testers Wiki
for suggestions on how to avoid getting FAIL reports for missing library
or binary dependencies, unsupported operating systems, and so on:
http://wiki.cpantesters.org/wiki/CPANAuthorNotes
Sections of this report:
* Tester comments
* Program output
* Prerequisites
* Environment and other context
------------------------------
TESTER COMMENTS
------------------------------
Additional comments from tester:
none provided
------------------------------
PROGRAM OUTPUT
------------------------------
Output from '/usr/bin/make test':
Running Mkbootstrap for Crypt::NSS::X509 ()
chmod 644 X509.bs
PERL_DL_NONLAZY=1 /bbbike/perl-5.18.2t/bin/perl "-MExtUtils::Command::MM" "-MTest::Harness" "-e" "undef *Test::Harness::Switches; test_harness(0, 'inc', 'blib/lib', 'blib/arch')" t/001-load.t t/002-verify-certlist.t t/003-verify-db.t t/004-db.t t/005-name.t t/006-crl.t t/007-signature.t t/author-critic.t t/author-pod-coverage.t t/author-pod.t t/author-spelling.t t/author-version.t
# Failed test 'use Crypt::NSS::X509;'
# at t/001-load.t line 7.
# Tried to use 'Crypt::NSS::X509'.
# Error: Can't load '/tmpfs/.cpan-build/Crypt-NSS-X509-0.05-V2TDyg/blib/arch/auto/Crypt/NSS/X509/X509.so' for module Crypt::NSS::X509: /usr/lib/x86_64-linux-gnu/libnssutil3.so: version `NSSUTIL_3.15' not found (required by /opt/perl-5.18.2t/lib/site_perl/5.18.2/auto/share/dist/Alien-NSS/lib/libssl3.so) at /opt/perl-5.18.2t/lib/5.18.2/x86_64-linux-thread-multi/DynaLoader.pm line 190.
# at /tmpfs/.cpan-build/Crypt-NSS-X509-0.05-V2TDyg/blib/lib/Crypt/NSS/X509.pm line 35.
# Compilation failed in require at t/001-load.t line 7.
# BEGIN failed--compilation aborted at t/001-load.t line 7.
# Selfsigned certificate
Can't locate object method "new" via package "Crypt::NSS::X509::Certificate" at /tmpfs/.cpan-build/Crypt-NSS-X509-0.05-V2TDyg/blib/lib/Crypt/NSS/X509/Certificate.pm line 25.
Can't locate object method "__cleanup" via package "Crypt::NSS::X509" at /tmpfs/.cpan-build/Crypt-NSS-X509-0.05-V2TDyg/blib/lib/Crypt/NSS/X509.pm line 99.
END failed--call queue aborted at t/001-load.t line 25.
# Looks like you planned 56 tests but ran 1.
# Looks like you failed 1 test of 1 run.
# Looks like your test exited with 22 just after 1.
t/001-load.t .............
Dubious, test returned 22 (wstat 5632, 0x1600)
Failed 56/56 subtests
# Failed test 'use Crypt::NSS::X509;'
# at t/002-verify-certlist.t line 10.
# Tried to use 'Crypt::NSS::X509'.
# Error: Can't load '/tmpfs/.cpan-build/Crypt-NSS-X509-0.05-V2TDyg/blib/arch/auto/Crypt/NSS/X509/X509.so' for module Crypt::NSS::X509: /usr/lib/x86_64-linux-gnu/libnssutil3.so: version `NSSUTIL_3.15' not found (required by /opt/perl-5.18.2t/lib/site_perl/5.18.2/auto/share/dist/Alien-NSS/lib/libssl3.so) at /opt/perl-5.18.2t/lib/5.18.2/x86_64-linux-thread-multi/DynaLoader.pm line 190.
# at /tmpfs/.cpan-build/Crypt-NSS-X509-0.05-V2TDyg/blib/lib/Crypt/NSS/X509.pm line 35.
# Compilation failed in require at t/002-verify-certlist.t line 10.
# BEGIN failed--compilation aborted at t/002-verify-certlist.t line 10.
Bareword "Crypt::NSS::X509::certUsageSSLServer" not allowed while "strict subs" in use at t/002-verify-certlist.t line 20.
Bareword "Crypt::NSS::X509::certUsageSSLServer" not allowed while "strict subs" in use at t/002-verify-certlist.t line 30.
Bareword "Crypt::NSS::X509::certUsageSSLServer" not allowed while "strict subs" in use at t/002-verify-certlist.t line 31.
Execution of t/002-verify-certlist.t aborted due to compilation errors.
Can't locate object method "__cleanup" via package "Crypt::NSS::X509" at /tmpfs/.cpan-build/Crypt-NSS-X509-0.05-V2TDyg/blib/lib/Crypt/NSS/X509.pm line 99.
END failed--call queue aborted at t/002-verify-certlist.t line 62.
# Looks like you planned 9 tests but ran 1.
# Looks like you failed 1 test of 1 run.
# Looks like your test exited with 22 just after 1.
t/002-verify-certlist.t ..
Dubious, test returned 22 (wstat 5632, 0x1600)
Failed 9/9 subtests
# Failed test 'use Crypt::NSS::X509;'
# at t/003-verify-db.t line 19.
# Tried to use 'Crypt::NSS::X509'.
# Error: Can't load '/tmpfs/.cpan-build/Crypt-NSS-X509-0.05-V2TDyg/blib/arch/auto/Crypt/NSS/X509/X509.so' for module Crypt::NSS::X509: /usr/lib/x86_64-linux-gnu/libnssutil3.so: version `NSSUTIL_3.15' not found (required by /opt/perl-5.18.2t/lib/site_perl/5.18.2/auto/share/dist/Alien-NSS/lib/libssl3.so) at /opt/perl-5.18.2t/lib/5.18.2/x86_64-linux-thread-multi/DynaLoader.pm line 190.
# at /tmpfs/.cpan-build/Crypt-NSS-X509-0.05-V2TDyg/blib/lib/Crypt/NSS/X509.pm line 35.
# Compilation failed in require at t/003-verify-db.t line 19.
# BEGIN failed--compilation aborted at t/003-verify-db.t line 19.
Bareword "Crypt::NSS::X509::certUsageAnyCA" not allowed while "strict subs" in use at t/003-verify-db.t line 109.
Bareword "Crypt::NSS::X509::certUsageAnyCA" not allowed while "strict subs" in use at t/003-verify-db.t line 110.
Bareword "Crypt::NSS::X509::certUsageAnyCA" not allowed while "strict subs" in use at t/003-verify-db.t line 111.
Bareword "Crypt::NSS::X509::certUsageAnyCA" not allowed while "strict subs" in use at t/003-verify-db.t line 112.
Execution of t/003-verify-db.t aborted due to compilation errors.
Can't locate object method "__cleanup" via package "Crypt::NSS::X509" at /tmpfs/.cpan-build/Crypt-NSS-X509-0.05-V2TDyg/blib/lib/Crypt/NSS/X509.pm line 99.
END failed--call queue aborted at t/003-verify-db.t line 141.
# Looks like you planned 45 tests but ran 1.
# Looks like you failed 1 test of 1 run.
# Looks like your test exited with 22 just after 1.
t/003-verify-db.t ........
Dubious, test returned 22 (wstat 5632, 0x1600)
Failed 45/45 subtests
# Failed test 'use Crypt::NSS::X509;'
# at t/004-db.t line 16.
# Tried to use 'Crypt::NSS::X509'.
# Error: Can't load '/tmpfs/.cpan-build/Crypt-NSS-X509-0.05-V2TDyg/blib/arch/auto/Crypt/NSS/X509/X509.so' for module Crypt::NSS::X509: /usr/lib/x86_64-linux-gnu/libnssutil3.so: version `NSSUTIL_3.15' not found (required by /opt/perl-5.18.2t/lib/site_perl/5.18.2/auto/share/dist/Alien-NSS/lib/libssl3.so) at /opt/perl-5.18.2t/lib/5.18.2/x86_64-linux-thread-multi/DynaLoader.pm line 190.
# at /tmpfs/.cpan-build/Crypt-NSS-X509-0.05-V2TDyg/blib/lib/Crypt/NSS/X509.pm line 35.
# Compilation failed in require at t/004-db.t line 16.
# BEGIN failed--compilation aborted at t/004-db.t line 16.
Can't locate object method "new" via package "Crypt::NSS::X509::Certificate" at /tmpfs/.cpan-build/Crypt-NSS-X509-0.05-V2TDyg/blib/lib/Crypt/NSS/X509/Certificate.pm line 25.
Can't locate object method "__cleanup" via package "Crypt::NSS::X509" at /tmpfs/.cpan-build/Crypt-NSS-X509-0.05-V2TDyg/blib/lib/Crypt/NSS/X509.pm line 99.
END failed--call queue aborted at t/004-db.t line 25.
# Looks like you planned 11 tests but ran 1.
# Looks like you failed 1 test of 1 run.
# Looks like your test exited with 22 just after 1.
t/004-db.t ...............
Dubious, test returned 22 (wstat 5632, 0x1600)
Failed 11/11 subtests
# Failed test 'use Crypt::NSS::X509;'
# at t/005-name.t line 7.
# Tried to use 'Crypt::NSS::X509'.
# Error: Can't load '/tmpfs/.cpan-build/Crypt-NSS-X509-0.05-V2TDyg/blib/arch/auto/Crypt/NSS/X509/X509.so' for module Crypt::NSS::X509: /usr/lib/x86_64-linux-gnu/libnssutil3.so: version `NSSUTIL_3.15' not found (required by /opt/perl-5.18.2t/lib/site_perl/5.18.2/auto/share/dist/Alien-NSS/lib/libssl3.so) at /opt/perl-5.18.2t/lib/5.18.2/x86_64-linux-thread-multi/DynaLoader.pm line 190.
# at /tmpfs/.cpan-build/Crypt-NSS-X509-0.05-V2TDyg/blib/lib/Crypt/NSS/X509.pm line 35.
# Compilation failed in require at t/005-name.t line 7.
# BEGIN failed--compilation aborted at t/005-name.t line 7.
Can't locate object method "new" via package "Crypt::NSS::X509::Certificate" at /tmpfs/.cpan-build/Crypt-NSS-X509-0.05-V2TDyg/blib/lib/Crypt/NSS/X509/Certificate.pm line 25.
Can't locate object method "__cleanup" via package "Crypt::NSS::X509" at /tmpfs/.cpan-build/Crypt-NSS-X509-0.05-V2TDyg/blib/lib/Crypt/NSS/X509.pm line 99.
END failed--call queue aborted at t/005-name.t line 25.
# Looks like you planned 5 tests but ran 1.
# Looks like you failed 1 test of 1 run.
# Looks like your test exited with 22 just after 1.
t/005-name.t .............
Dubious, test returned 22 (wstat 5632, 0x1600)
Failed 5/5 subtests
# Failed test 'use Crypt::NSS::X509;'
# at t/006-crl.t line 15.
# Tried to use 'Crypt::NSS::X509'.
# Error: Can't load '/tmpfs/.cpan-build/Crypt-NSS-X509-0.05-V2TDyg/blib/arch/auto/Crypt/NSS/X509/X509.so' for module Crypt::NSS::X509: /usr/lib/x86_64-linux-gnu/libnssutil3.so: version `NSSUTIL_3.15' not found (required by /opt/perl-5.18.2t/lib/site_perl/5.18.2/auto/share/dist/Alien-NSS/lib/libssl3.so) at /opt/perl-5.18.2t/lib/5.18.2/x86_64-linux-thread-multi/DynaLoader.pm line 190.
# at /tmpfs/.cpan-build/Crypt-NSS-X509-0.05-V2TDyg/blib/lib/Crypt/NSS/X509.pm line 35.
# Compilation failed in require at t/006-crl.t line 15.
# BEGIN failed--compilation aborted at t/006-crl.t line 15.
Can't locate object method "new" via package "Crypt::NSS::X509::Certificate" at t/006-crl.t line 20.
Can't locate object method "__cleanup" via package "Crypt::NSS::X509" at /tmpfs/.cpan-build/Crypt-NSS-X509-0.05-V2TDyg/blib/lib/Crypt/NSS/X509.pm line 99.
END failed--call queue aborted at t/006-crl.t line 20.
# Looks like you planned 18 tests but ran 1.
# Looks like you failed 1 test of 1 run.
# Looks like your test exited with 22 just after 1.
t/006-crl.t ..............
Dubious, test returned 22 (wstat 5632, 0x1600)
Failed 18/18 subtests
t/007-signature.t ........ skipped: Set the environment variable TEST_SIGNATURE to enable this test.
t/author-critic.t ........ skipped: Author testing disabled
t/author-pod-coverage.t .. skipped: Author testing disabled
t/author-pod.t ........... skipped: Author testing disabled
t/author-spelling.t ...... skipped: Author testing disabled
t/author-version.t ....... skipped: Author testing disabled
Test Summary Report
-------------------
t/001-load.t (Wstat: 5632 Tests: 1 Failed: 1)
Failed test: 1
Non-zero exit status: 22
Parse errors: Bad plan. You planned 56 tests but ran 1.
t/002-verify-certlist.t (Wstat: 5632 Tests: 1 Failed: 1)
Failed test: 1
Non-zero exit status: 22
Parse errors: Bad plan. You planned 9 tests but ran 1.
t/003-verify-db.t (Wstat: 5632 Tests: 1 Failed: 1)
Failed test: 1
Non-zero exit status: 22
Parse errors: Bad plan. You planned 45 tests but ran 1.
t/004-db.t (Wstat: 5632 Tests: 1 Failed: 1)
Failed test: 1
Non-zero exit status: 22
Parse errors: Bad plan. You planned 11 tests but ran 1.
t/005-name.t (Wstat: 5632 Tests: 1 Failed: 1)
Failed test: 1
Non-zero exit status: 22
Parse errors: Bad plan. You planned 5 tests but ran 1.
t/006-crl.t (Wstat: 5632 Tests: 1 Failed: 1)
Failed test: 1
Non-zero exit status: 22
Parse errors: Bad plan. You planned 18 tests but ran 1.
Files=12, Tests=6, 1 wallclock secs ( 0.05 usr 0.05 sys + 0.44 cusr 0.18 csys = 0.72 CPU)
Result: FAIL
Failed 6/12 test programs. 6/6 subtests failed.
make: *** [test_dynamic] Error 255
------------------------------
PREREQUISITES
------------------------------
Prerequisite modules loaded:
requires:
Module Need Have
------------------- -------- --------
Alien::NSS 0.05 0.18
autodie 2.1 2.25
Encode 2.4 2.62
Exporter 5.6 5.70
MIME::Base64 3.13 3.14
perl 5.010001 5.018002
Test::More 0.98 1.001006
build_requires:
Module Need Have
------------------- -------- --------
Alien::NSS 0.05 0.18
ExtUtils::MakeMaker 6.59 6.98
Test::More 0.98 1.001006
configure_requires:
Module Need Have
------------------- -------- --------
Alien::NSS 0.05 0.18
ExtUtils::MakeMaker 6.59 6.98
------------------------------
ENVIRONMENT AND OTHER CONTEXT
------------------------------
Environment variables:
DBIC_NO_WARN_BAD_PERL = 1
LANG = C
PATH = /usr/local/bin:/usr/bin:/bin:/usr/local/sbin:/usr/sbin:/sbin:/home/eserte/bin/linux-gnu:/home/eserte/bin/sh:/home/eserte/bin:/usr/games:/home/eserte/devel:/home/eserte/src/srezic-misc/scripts
PERL5LIB = /home/eserte/.cpan/build/WWW-Shopify-Liquid-0.04-ijBpWF/blib/arch:/home/eserte/.cpan/build/WWW-Shopify-Liquid-0.04-ijBpWF/blib/lib
PERL5OPT =
PERL5_CPANPLUS_IS_RUNNING = 12537
PERL5_CPAN_IS_RUNNING = 12537
PERL5_CPAN_IS_RUNNING_IN_RECURSION = 5811,12537
PERLDOC = -MPod::Perldoc::ToTextOverstrike
PERL_BATCH = yes
PERL_CPAN_REPORTER_CONFIG = /var/tmp/cpansmoker-1001/Jzrp8fDwMO_config.ini
PERL_EXTUTILS_AUTOINSTALL = --defaultdeps
PERL_HTML_DISPLAY_CLASS = HTML::Display::Mozilla
SHELL = /bin/zsh
TERM = screen
TMPDIR = /var/tmp/cpansmoker-1001
Perl special variables (and OS-specific diagnostics, for MSWin32):
$^X = /bbbike/perl-5.18.2t/bin/perl
$UID/$EUID = 1001 / 1001
$GID = 1001 109 1001
$EGID = 1001 109 1001
Perl module toolchain versions installed:
Module Have
------------------- --------
CPAN 2.05
CPAN::Meta 2.142060
Cwd 3.47
ExtUtils::CBuilder 0.280217
ExtUtils::Command 1.18
ExtUtils::Install 1.68
ExtUtils::MakeMaker 6.98
ExtUtils::Manifest 1.66
ExtUtils::ParseXS 3.24
File::Spec 3.47
JSON 2.90
JSON::PP 2.27203
Module::Build 0.4210
Module::Signature 0.73
Parse::CPAN::Meta 1.4414
Test::Harness 3.33
Test::More 1.001006
YAML 1.11
YAML::Syck 1.27
version 0.9909
--
Summary of my perl5 (revision 5 version 18 subversion 2) configuration:
Platform:
osname=linux, osvers=3.2.0-4-amd64, archname=x86_64-linux-thread-multi
uname='linux eserte 3.2.0-4-amd64 #1 smp debian 3.2.57-3 x86_64 gnulinux '
config_args='-ds -e -Dprefix=/opt/perl-5.18.2t -Dusethreads'
hint=recommended, useposix=true, d_sigaction=define
useithreads=define, usemultiplicity=define
useperlio=define, d_sfio=undef, uselargefiles=define, usesocks=undef
use64bitint=define, use64bitall=define, uselongdouble=undef
usemymalloc=n, bincompat5005=undef
Compiler:
cc='cc', ccflags ='-D_REENTRANT -D_GNU_SOURCE -fno-strict-aliasing -pipe -fstack-protector -I/usr/local/include -D_LARGEFILE_SOURCE -D_FILE_OFFSET_BITS=64',
optimize='-O2',
cppflags='-D_REENTRANT -D_GNU_SOURCE -fno-strict-aliasing -pipe -fstack-protector -I/usr/local/include'
ccversion='', gccversion='4.7.2', gccosandvers=''
intsize=4, longsize=8, ptrsize=8, doublesize=8, byteorder=12345678
d_longlong=define, longlongsize=8, d_longdbl=define, longdblsize=16
ivtype='long', ivsize=8, nvtype='double', nvsize=8, Off_t='off_t', lseeksize=8
alignbytes=8, prototype=define
Linker and Libraries:
ld='cc', ldflags =' -fstack-protector -L/usr/local/lib'
libpth=/usr/local/lib /lib/x86_64-linux-gnu /lib/../lib /usr/lib/x86_64-linux-gnu /usr/lib/../lib /lib /usr/lib
libs=-lnsl -ldb -ldl -lm -lcrypt -lutil -lpthread -lc
perllibs=-lnsl -ldl -lm -lcrypt -lutil -lpthread -lc
libc=, so=so, useshrplib=false, libperl=libperl.a
gnulibc_version='2.13'
Dynamic Linking:
dlsrc=dl_dlopen.xs, dlext=so, d_dlsymun=undef, ccdlflags='-Wl,-E'
cccdlflags='-fPIC', lddlflags='-shared -O2 -L/usr/local/lib -fstack-protector'
Characteristics of this binary (from libperl):
Compile-time options: HAS_TIMES MULTIPLICITY PERLIO_LAYERS
PERL_DONT_CREATE_GVSV
PERL_HASH_FUNC_ONE_AT_A_TIME_HARD
PERL_IMPLICIT_CONTEXT PERL_MALLOC_WRAP
PERL_PRESERVE_IVUV PERL_SAWAMPERSAND USE_64_BIT_ALL
USE_64_BIT_INT USE_ITHREADS USE_LARGE_FILES
USE_LOCALE USE_LOCALE_COLLATE USE_LOCALE_CTYPE
USE_LOCALE_NUMERIC USE_PERLIO USE_PERL_ATOF
USE_REENTRANT_API
Built under linux
Compiled at May 14 2014 07:16:29
%ENV:
PERL5LIB="/home/eserte/.cpan/build/WWW-Shopify-Liquid-0.04-ijBpWF/blib/arch:/home/eserte/.cpan/build/WWW-Shopify-Liquid-0.04-ijBpWF/blib/lib"
PERL5OPT=""
PERL5_CPANPLUS_IS_RUNNING="12537"
PERL5_CPAN_IS_RUNNING="12537"
PERL5_CPAN_IS_RUNNING_IN_RECURSION="5811,12537"
PERLDOC="-MPod::Perldoc::ToTextOverstrike"
PERL_BATCH="yes"
PERL_CPAN_REPORTER_CONFIG="/var/tmp/cpansmoker-1001/Jzrp8fDwMO_config.ini"
PERL_EXTUTILS_AUTOINSTALL="--defaultdeps"
PERL_HTML_DISPLAY_CLASS="HTML::Display::Mozilla"
@INC:
/home/eserte/.cpan/build/WWW-Shopify-Liquid-0.04-ijBpWF/blib/arch
/home/eserte/.cpan/build/WWW-Shopify-Liquid-0.04-ijBpWF/blib/lib
/opt/perl-5.18.2t/lib/site_perl/5.18.2/x86_64-linux-thread-multi
/opt/perl-5.18.2t/lib/site_perl/5.18.2
/opt/perl-5.18.2t/lib/5.18.2/x86_64-linux-thread-multi
/opt/perl-5.18.2t/lib/5.18.2
.