Report for Data-Rebuilder-0.01

Back
From: metabase:user:30f0bd62-2aae-11df-837a-5e0a49663a4f
Subject: FAIL Data-Rebuilder-0.01 v5.10.1 OpenBSD
Date: 2011-12-06T02:54:59Z

This distribution has been tested as part of the CPAN Testers
project, supporting the Perl programming language.  See
http://wiki.cpantesters.org/ for more information or email
questions to cpan-testers-discuss@perl.org


--
Dear lieutar,

This is a computer-generated report for Data-Rebuilder-0.01
on perl 5.10.1, created by CPAN-Reporter-1.2002.

Thank you for uploading your work to CPAN.  However, there was a problem
testing your distribution.

If you think this report is invalid, please consult the CPAN Testers Wiki
for suggestions on how to avoid getting FAIL reports for missing library
or binary dependencies, unsupported operating systems, and so on:

http://wiki.cpantesters.org/wiki/CPANAuthorNotes

Sections of this report:

    * Tester comments
    * Program output
    * Prerequisites
    * Environment and other context

------------------------------
TESTER COMMENTS
------------------------------

Additional comments from tester:

this report is from an automated smoke testing program
and was not reviewed by a human for accuracy

------------------------------
PROGRAM OUTPUT
------------------------------

Output from '/usr/bin/make test':

/home/sts/cpansmoke/perl-5.10.1/bin/perl "-Iinc" Makefile.PL --config= --installdeps=IO::String,0,Data::Polymorph,0,Sub::Name,0,Lexical::Alias,0,PadWalker,0,Path::Class,0
Cannot determine perl version info from lib/Data/Rebuilder.pm
WARNING: 'All rights reserved' in copyright may invalidate Open Source license.
PERL_DL_NONLAZY=1 /home/sts/cpansmoke/perl-5.10.1/bin/perl "-MExtUtils::Command::MM" "-e" "test_harness(0, 'inc', 'blib/lib', 'blib/arch')" t/00-load.t t/10-simple.t t/20-object.t t/30-cycle.t t/40-weak.t t/50-tied.t
# Testing Data::Rebuilder 0.01, Perl 5.010001, /home/sts/cpansmoke/perl-5.10.1/bin/perl
t/00-load.t .... ok
Misplaced _ in number at (eval 24) line 9.
Misplaced _ in number at (eval 24) line 9.
"my" variable $__ masks earlier declaration in same scope at (eval 24) line 14.
Misplaced _ in number at (eval 24) line 14.
Misplaced _ in number at (eval 24) line 14.
Misplaced _ in number at (eval 24) line 18.
Misplaced _ in number at (eval 24) line 18.
Can't use string ("1") as a subroutine ref while "strict refs" in use at t/10-simple.t line 15.
# Looks like your test exited with 255 before it could output anything.
t/10-simple.t .. 
Dubious, test returned 255 (wstat 65280, 0xff00)
Failed 10/10 subtests 
Misplaced _ in number at (eval 24) line 9.
Misplaced _ in number at (eval 24) line 9.
"my" variable $__ masks earlier declaration in same scope at (eval 24) line 18.
Misplaced _ in number at (eval 24) line 18.
Misplaced _ in number at (eval 24) line 18.
Misplaced _ in number at (eval 24) line 22.
Misplaced _ in number at (eval 24) line 22.
"my" variable $__ masks earlier declaration in same scope at (eval 24) line 28.
Misplaced _ in number at (eval 24) line 28.
Misplaced _ in number at (eval 24) line 28.
Misplaced _ in number at (eval 24) line 32.
Misplaced _ in number at (eval 24) line 32.
"my" variable $__ masks earlier declaration in same scope at (eval 24) line 38.
Misplaced _ in number at (eval 24) line 38.
Misplaced _ in number at (eval 24) line 38.
Misplaced _ in number at (eval 24) line 42.
Misplaced _ in number at (eval 24) line 42.
"my" variable $__ masks earlier declaration in same scope at (eval 24) line 48.
Misplaced _ in number at (eval 24) line 48.
Misplaced _ in number at (eval 24) line 48.
Misplaced _ in number at (eval 24) line 52.
Misplaced _ in number at (eval 24) line 52.
"my" variable $__ masks earlier declaration in same scope at (eval 24) line 58.
Misplaced _ in number at (eval 24) line 58.
Misplaced _ in number at (eval 24) line 58.
Misplaced _ in number at (eval 24) line 62.
Misplaced _ in number at (eval 24) line 62.
"my" variable $__ masks earlier declaration in same scope at (eval 24) line 68.
Misplaced _ in number at (eval 24) line 68.
Misplaced _ in number at (eval 24) line 68.
Misplaced _ in number at (eval 24) line 72.
Misplaced _ in number at (eval 24) line 72.
"my" variable $__ masks earlier declaration in same scope at (eval 24) line 78.
Misplaced _ in number at (eval 24) line 78.
Misplaced _ in number at (eval 24) line 78.
Misplaced _ in number at (eval 24) line 82.
Misplaced _ in number at (eval 24) line 82.
"my" variable $__ masks earlier declaration in same scope at (eval 24) line 88.
Misplaced _ in number at (eval 24) line 88.
Misplaced _ in number at (eval 24) line 88.
Misplaced _ in number at (eval 24) line 92.
Misplaced _ in number at (eval 24) line 92.
Misplaced _ in number at (eval 24) line 98.
Misplaced _ in number at (eval 24) line 98.
Can't call method "length" without a package or object reference at t/20-object.t line 12.
# Looks like your test exited with 255 before it could output anything.
t/20-object.t .. 
Dubious, test returned 255 (wstat 65280, 0xff00)
Failed 2/2 subtests 
Misplaced _ in number at (eval 24) line 8.
Misplaced _ in number at (eval 24) line 8.
"my" variable $__ masks earlier declaration in same scope at (eval 24) line 20.
Misplaced _ in number at (eval 24) line 20.
Misplaced _ in number at (eval 24) line 20.
Misplaced _ in number at (eval 24) line 26.
Misplaced _ in number at (eval 24) line 26.
"my" variable $__ masks earlier declaration in same scope at (eval 24) line 32.
Misplaced _ in number at (eval 24) line 32.
Misplaced _ in number at (eval 24) line 32.
Misplaced _ in number at (eval 24) line 38.
Misplaced _ in number at (eval 24) line 38.
Misplaced _ in number at (eval 24) line 44.
Misplaced _ in number at (eval 24) line 44.
Misplaced _ in number at (eval 24) line 44.
Misplaced _ in number at (eval 24) line 44.
Misplaced _ in number at (eval 24) line 45.
Misplaced _ in number at (eval 24) line 45.
Can't use string ("1") as an ARRAY ref while "strict refs" in use at t/30-cycle.t line 15.
# Looks like your test exited with 255 before it could output anything.
t/30-cycle.t ... 
Dubious, test returned 255 (wstat 65280, 0xff00)
Failed 12/12 subtests 
Misplaced _ in number at (eval 24) line 8.
Misplaced _ in number at (eval 24) line 8.
Misplaced _ in number at (eval 24) line 20.
Misplaced _ in number at (eval 24) line 20.
Misplaced _ in number at (eval 24) line 20.
Misplaced _ in number at (eval 24) line 20.
Misplaced _ in number at (eval 24) line 21.
Misplaced _ in number at (eval 24) line 21.
Misplaced _ in number at (eval 24) line 22.
Misplaced _ in number at (eval 24) line 22.
Can't use string ("1") as an ARRAY ref while "strict refs" in use at t/40-weak.t line 12.
# Looks like your test exited with 255 before it could output anything.
t/40-weak.t .... 
Dubious, test returned 255 (wstat 65280, 0xff00)
Failed 4/4 subtests 
Misplaced _ in number at (eval 25) line 9.
Misplaced _ in number at (eval 25) line 9.
"my" variable $__ masks earlier declaration in same scope at (eval 25) line 17.
Misplaced _ in number at (eval 25) line 17.
Misplaced _ in number at (eval 25) line 17.
Can't use string ("1") as a SCALAR ref while "strict refs" in use at t/50-tied.t line 21.
# Looks like you planned 16 tests but ran 1.
# Looks like your test exited with 255 just after 1.
t/50-tied.t .... 
Dubious, test returned 255 (wstat 65280, 0xff00)
Failed 15/16 subtests 

Test Summary Report
-------------------
t/10-simple.t (Wstat: 65280 Tests: 0 Failed: 0)
  Non-zero exit status: 255
  Parse errors: Bad plan.  You planned 10 tests but ran 0.
t/20-object.t (Wstat: 65280 Tests: 0 Failed: 0)
  Non-zero exit status: 255
  Parse errors: Bad plan.  You planned 2 tests but ran 0.
t/30-cycle.t (Wstat: 65280 Tests: 0 Failed: 0)
  Non-zero exit status: 255
  Parse errors: Bad plan.  You planned 12 tests but ran 0.
t/40-weak.t  (Wstat: 65280 Tests: 0 Failed: 0)
  Non-zero exit status: 255
  Parse errors: Bad plan.  You planned 4 tests but ran 0.
t/50-tied.t  (Wstat: 65280 Tests: 1 Failed: 0)
  Non-zero exit status: 255
  Parse errors: Bad plan.  You planned 16 tests but ran 1.
Files=6, Tests=2,  3 wallclock secs ( 0.12 usr  0.10 sys +  1.69 cusr  0.36 csys =  2.27 CPU)
Result: FAIL
Failed 5/6 test programs. 0/2 subtests failed.
*** Error code 255

Stop in /home/sts/cpansmoke/perl-5.10.1/cpan/build/Data-Rebuilder-0.01-ntrtzo (line 754 of Makefile).

------------------------------
PREREQUISITES
------------------------------

Prerequisite modules loaded:

requires:

    Module              Need    Have   
    ------------------- ------- -------
    B                   0       1.22   
    B::Deparse          0       0.89   
    Carp                0       1.11   
    Data::Polymorph     0       0.01   
    ExtUtils::MakeMaker 6.55_02 6.55_02
    IO::String          0       1.08   
    Lexical::Alias      0       0.04   
    PadWalker           0       1.92   
    Path::Class         0       0.24   
    Scalar::Util        0       1.21   
    Sub::Name           0       0.05   
    Test::More          0       0.92   
    UNIVERSAL           0       1.05   


------------------------------
ENVIRONMENT AND OTHER CONTEXT
------------------------------

Environment variables:

    AUTOMATED_TESTING = 1
    PATH = /home/sts/bin:/bin:/sbin:/usr/bin:/usr/sbin:/usr/X11R6/bin:/usr/local/bin:/usr/local/sbin:/usr/games:.
    PERL5LIB = /home/sts/cpansmoke/perl-5.10.1/cpan/build/Path-Class-0.24-vwkV3j/blib/arch:/home/sts/cpansmoke/perl-5.10.1/cpan/build/Path-Class-0.24-vwkV3j/blib/lib:/home/sts/cpansmoke/perl-5.10.1/cpan/build/Sub-Name-0.05-Qoow0E/blib/arch:/home/sts/cpansmoke/perl-5.10.1/cpan/build/Sub-Name-0.05-Qoow0E/blib/lib:/home/sts/cpansmoke/perl-5.10.1/cpan/build/Data-Polymorph-0.01-P0HhLP/blib/arch:/home/sts/cpansmoke/perl-5.10.1/cpan/build/Data-Polymorph-0.01-P0HhLP/blib/lib:/home/sts/cpansmoke/perl-5.10.1/cpan/build/Lexical-Alias-0.04-7J2UQd/blib/arch:/home/sts/cpansmoke/perl-5.10.1/cpan/build/Lexical-Alias-0.04-7J2UQd/blib/lib:/home/sts/cpansmoke/perl-5.10.1/cpan/build/IO-String-1.08-3BlOkB/blib/arch:/home/sts/cpansmoke/perl-5.10.1/cpan/build/IO-String-1.08-3BlOkB/blib/lib:/home/sts/cpansmoke/perl-5.10.1/cpan/build/PadWalker-1.92-dVKsZQ/blib/arch:/home/sts/cpansmoke/perl-5.10.1/cpan/build/PadWalker-1.92-dVKsZQ/blib/lib
    PERL5OPT = 
    PERL5_CPANPLUS_IS_RUNNING = 24841
    PERL5_CPAN_IS_RUNNING = 24841
    PERL5_CPAN_IS_RUNNING_IN_RECURSION = 1982,24841
    PERL_CR_SMOKER_CURRENT = Data-Rebuilder-0.01
    PERL_EXTUTILS_AUTOINSTALL = --defaultdeps
    PERL_MM_USE_DEFAULT = 1
    SHELL = /usr/local/bin/bash
    TERM = screen
    TMPDIR = /home/sts/cpansmoke/tmp

Perl special variables (and OS-specific diagnostics, for MSWin32):

    $^X = /home/sts/cpansmoke/perl-5.10.1/bin/perl
    $UID/$EUID = 1000 / 1000
    $GID = 10 10 0
    $EGID = 10 10 0

Perl module toolchain versions installed:

    Module              Have    
    ------------------- --------
    CPAN                1.9800  
    CPAN::Meta          2.112621
    Cwd                 3.30    
    ExtUtils::CBuilder  0.280202
    ExtUtils::Command   1.16    
    ExtUtils::Install   1.54    
    ExtUtils::MakeMaker 6.55_02 
    ExtUtils::Manifest  1.56    
    ExtUtils::ParseXS   3.05    
    File::Spec          3.30    
    JSON                n/a     
    JSON::PP            2.27200 
    Module::Build       0.3800  
    Module::Signature   n/a     
    Parse::CPAN::Meta   1.4401  
    Test::Harness       3.17    
    Test::More          0.92    
    YAML                n/a     
    YAML::Syck          n/a     
    version             0.95    


--

Summary of my perl5 (revision 5 version 10 subversion 1) configuration:
   
  Platform:
    osname=openbsd, osvers=4.9, archname=OpenBSD.i386-openbsd-thread-multi
    uname='openbsd cpansmoke5 4.9 generic.mp#794 i386 '
    config_args='-des -Dusethreads -Dprefix=/home/sts/cpansmoke/perl-5.10.1'
    hint=recommended, useposix=true, d_sigaction=define
    useithreads=define, usemultiplicity=define
    useperlio=define, d_sfio=undef, uselargefiles=define, usesocks=undef
    use64bitint=undef, use64bitall=undef, uselongdouble=undef
    usemymalloc=n, bincompat5005=undef
  Compiler:
    cc='cc', ccflags ='-pthread -fno-strict-aliasing -pipe -fstack-protector -I/usr/local/include',
    optimize='-O2',
    cppflags='-pthread -fno-strict-aliasing -pipe -fstack-protector -I/usr/local/include'
    ccversion='', gccversion='4.2.1 20070719 ', gccosandvers='openbsd4.9'
    intsize=4, longsize=4, ptrsize=4, doublesize=8, byteorder=1234
    d_longlong=define, longlongsize=8, d_longdbl=define, longdblsize=12
    ivtype='long', ivsize=4, nvtype='double', nvsize=8, Off_t='off_t', lseeksize=8
    alignbytes=4, prototype=define
  Linker and Libraries:
    ld='cc', ldflags ='-pthread -Wl,-E  -fstack-protector -L/usr/local/lib'
    libpth=/usr/local/lib /usr/lib
    libs=-lgdbm -lm -lutil -lc
    perllibs=-lm -lutil -lc
    libc=/usr/lib/libc.so.58.0, so=so, useshrplib=false, libperl=libperl.a
    gnulibc_version=''
  Dynamic Linking:
    dlsrc=dl_dlopen.xs, dlext=so, d_dlsymun=undef, ccdlflags=' '
    cccdlflags='-DPIC -fPIC ', lddlflags='-shared -fPIC  -L/usr/local/lib -fstack-protector'


Characteristics of this binary (from libperl): 
  Compile-time options: MULTIPLICITY PERL_DONT_CREATE_GVSV
                        PERL_IMPLICIT_CONTEXT PERL_MALLOC_WRAP USE_ITHREADS
                        USE_LARGE_FILES USE_PERLIO USE_REENTRANT_API
  Built under openbsd
  Compiled at Sep 16 2011 12:04:39
  %ENV:
    PERL5LIB="/home/sts/cpansmoke/perl-5.10.1/cpan/build/Path-Class-0.24-vwkV3j/blib/arch:/home/sts/cpansmoke/perl-5.10.1/cpan/build/Path-Class-0.24-vwkV3j/blib/lib:/home/sts/cpansmoke/perl-5.10.1/cpan/build/Sub-Name-0.05-Qoow0E/blib/arch:/home/sts/cpansmoke/perl-5.10.1/cpan/build/Sub-Name-0.05-Qoow0E/blib/lib:/home/sts/cpansmoke/perl-5.10.1/cpan/build/Data-Polymorph-0.01-P0HhLP/blib/arch:/home/sts/cpansmoke/perl-5.10.1/cpan/build/Data-Polymorph-0.01-P0HhLP/blib/lib:/home/sts/cpansmoke/perl-5.10.1/cpan/build/Lexical-Alias-0.04-7J2UQd/blib/arch:/home/sts/cpansmoke/perl-5.10.1/cpan/build/Lexical-Alias-0.04-7J2UQd/blib/lib:/home/sts/cpansmoke/perl-5.10.1/cpan/build/IO-String-1.08-3BlOkB/blib/arch:/home/sts/cpansmoke/perl-5.10.1/cpan/build/IO-String-1.08-3BlOkB/blib/lib:/home/sts/cpansmoke/perl-5.10.1/cpan/build/PadWalker-1.92-dVKsZQ/blib/arch:/home/sts/cpansmoke/perl-5.10.1/cpan/build/PadWalker-1.92-dVKsZQ/blib/lib"
    PERL5OPT=""
    PERL5_CPANPLUS_IS_RUNNING="24841"
    PERL5_CPAN_IS_RUNNING="24841"
    PERL5_CPAN_IS_RUNNING_IN_RECURSION="1982,24841"
    PERL_CR_SMOKER_CURRENT="Data-Rebuilder-0.01"
    PERL_EXTUTILS_AUTOINSTALL="--defaultdeps"
    PERL_MM_USE_DEFAULT="1"
  @INC:
    /home/sts/cpansmoke/perl-5.10.1/cpan/build/Path-Class-0.24-vwkV3j/blib/arch
    /home/sts/cpansmoke/perl-5.10.1/cpan/build/Path-Class-0.24-vwkV3j/blib/lib
    /home/sts/cpansmoke/perl-5.10.1/cpan/build/Sub-Name-0.05-Qoow0E/blib/arch
    /home/sts/cpansmoke/perl-5.10.1/cpan/build/Sub-Name-0.05-Qoow0E/blib/lib
    /home/sts/cpansmoke/perl-5.10.1/cpan/build/Data-Polymorph-0.01-P0HhLP/blib/arch
    /home/sts/cpansmoke/perl-5.10.1/cpan/build/Data-Polymorph-0.01-P0HhLP/blib/lib
    /home/sts/cpansmoke/perl-5.10.1/cpan/build/Lexical-Alias-0.04-7J2UQd/blib/arch
    /home/sts/cpansmoke/perl-5.10.1/cpan/build/Lexical-Alias-0.04-7J2UQd/blib/lib
    /home/sts/cpansmoke/perl-5.10.1/cpan/build/IO-String-1.08-3BlOkB/blib/arch
    /home/sts/cpansmoke/perl-5.10.1/cpan/build/IO-String-1.08-3BlOkB/blib/lib
    /home/sts/cpansmoke/perl-5.10.1/cpan/build/PadWalker-1.92-dVKsZQ/blib/arch
    /home/sts/cpansmoke/perl-5.10.1/cpan/build/PadWalker-1.92-dVKsZQ/blib/lib
    /home/sts/cpansmoke/perl-5.10.1/lib/5.10.1/OpenBSD.i386-openbsd-thread-multi
    /home/sts/cpansmoke/perl-5.10.1/lib/5.10.1
    /home/sts/cpansmoke/perl-5.10.1/lib/site_perl/5.10.1/OpenBSD.i386-openbsd-thread-multi
    /home/sts/cpansmoke/perl-5.10.1/lib/site_perl/5.10.1
    .