Back
From: metabase:user:320bfe00-2aae-11df-837a-5e0a49663a4f
Subject: FAIL Alvis-Pipeline-0.11 v5.12.5 GNU/Linux
Date: 2017-07-04T09:46:42Z
This distribution has been tested as part of the CPAN Testers
project, supporting the Perl programming language. See
http://wiki.cpantesters.org/ for more information or email
questions to cpan-testers-discuss@perl.org
--
Dear Mike Taylor,
This is a computer-generated report for Alvis-Pipeline-0.11
on perl 5.12.5, created by CPAN-Reporter-1.2018.
Thank you for uploading your work to CPAN. However, there was a problem
testing your distribution.
If you think this report is invalid, please consult the CPAN Testers Wiki
for suggestions on how to avoid getting FAIL reports for missing library
or binary dependencies, unsupported operating systems, and so on:
http://wiki.cpantesters.org/wiki/CPANAuthorNotes
Sections of this report:
* Tester comments
* Program output
* Prerequisites
* Environment and other context
------------------------------
TESTER COMMENTS
------------------------------
Additional comments from tester:
this report is from an automated smoke testing program
and was not reviewed by a human for accuracy
------------------------------
PROGRAM OUTPUT
------------------------------
Output from '/usr/bin/make test':
PERL_DL_NONLAZY=1 "/home/sand/src/perl/repoperls/installed-perls/host/k93msid/v5.12.5/89ad/bin/perl" "-MExtUtils::Command::MM" "-MTest::Harness" "-e" "undef *Test::Harness::Switches; test_harness(0, 'blib/lib', 'blib/arch')" t/*.t
t/0-creation.t .. ok
t/1-read.t ...... ok
can't listen on port '31802': Address already in use at /tmp/loop_over_bdir-16835-ii7Xev/Alvis-Pipeline-0.11-0/blib/lib/Alvis/Pipeline/Read.pm line 102.
# Failed test 'read document 1 of 6 (1 bytes, 1 chars) '1''
# at t/2-unicode.t line 50.
# Failed test 'read document 2 of 6 (1 bytes, 1 chars) '4''
# at t/2-unicode.t line 50.
# Failed test 'read document 3 of 6 (1 bytes, 1 chars) '9''
# at t/2-unicode.t line 50.
# Failed test 'read document 4 of 6 (2 bytes, 2 chars) '16''
# at t/2-unicode.t line 50.
# Failed test 'read document 5 of 6 (2 bytes, 2 chars) '25''
# at t/2-unicode.t line 50.
# Failed test 'read document 6 of 6 (24 bytes, 24 chars) 'simple US-ASCII document''
# at t/2-unicode.t line 50.
# Failed test 'document 7 not available'
# at t/2-unicode.t line 55.
# Looks like you failed 7 tests of 9.
t/2-unicode.t ...
Dubious, test returned 7 (wstat 1792, 0x700)
Failed 7/9 subtests
Test Summary Report
-------------------
t/2-unicode.t (Wstat: 1792 Tests: 9 Failed: 7)
Failed tests: 3-9
Non-zero exit status: 7
Files=3, Tests=30, 145 wallclock secs ( 0.01 usr 0.02 sys + 0.16 cusr 0.05 csys = 0.24 CPU)
Result: FAIL
Failed 1/3 test programs. 7/30 subtests failed.
Makefile:883: recipe for target 'test_dynamic' failed
make: *** [test_dynamic] Error 7
------------------------------
PREREQUISITES
------------------------------
Prerequisite modules loaded:
build_requires:
Module Need Have
------------------- ---- -------
ExtUtils::MakeMaker 0 7.31_02
------------------------------
ENVIRONMENT AND OTHER CONTEXT
------------------------------
Environment variables:
AUTOMATED_TESTING = 1
LANG = en_US.UTF-8
PATH = /home/sand/bin:/usr/local/bin:/usr/bin:/bin:/usr/games:/usr/local/perl/bin:/usr/X11/bin:/sbin:/usr/sbin
PERL5LIB =
PERL5OPT =
PERL5_CPANPLUS_IS_RUNNING = 16853
PERL5_CPAN_IS_RUNNING = 16853
PERL_CANARY_STABILITY_NOPROMPT = 1
PERL_MM_USE_DEFAULT = 1
PERL_USE_UNSAFE_INC = 1
SHELL = /usr/bin/zsh
TERM = screen
Perl special variables (and OS-specific diagnostics, for MSWin32):
$^X = /home/sand/src/perl/repoperls/installed-perls/host/k93msid/v5.12.5/89ad/bin/perl
$UID/$EUID = 1005 / 1005
$GID = 1005 1005
$EGID = 1005 1005
Perl module toolchain versions installed:
Module Have
------------------- --------
CPAN 2.18
CPAN::Meta 2.150010
Cwd 3.62
ExtUtils::CBuilder 0.280224
ExtUtils::Command 7.31_02
ExtUtils::Install 2.14
ExtUtils::MakeMaker 7.31_02
ExtUtils::Manifest 1.70
ExtUtils::ParseXS 3.30
File::Spec 3.62
JSON 2.94
JSON::PP 2.94
Module::Build 0.4224
Module::Signature 0.81
Parse::CPAN::Meta 1.4422
Test::Harness 3.39
Test::More 1.302087
YAML 1.23
YAML::Syck 1.30
version 0.9917
--
Summary of my perl5 (revision 5 version 12 subversion 5) configuration:
Derived from: 9a9cbd715960a905dcbc9166349a73a64a007e4e
Platform:
osname=linux, osvers=4.9.0-2-amd64, archname=x86_64-linux
uname='linux k93msid 4.9.0-2-amd64 #1 smp debian 4.9.18-1 (2017-03-30) x86_64 gnulinux '
config_args='-Dprefix=/home/sand/src/perl/repoperls/installed-perls/host/k93msid/v5.12.5/89ad -Dmyhostname=k93msid -Dinstallusrbinperl=n -Uversiononly -Dusedevel -des -Ui_db -Dlibswanted=cl pthread socket inet nsl gdbm dbm malloc dl ld sun m crypt sec util c cposix posix ucb BSD gdbm_compat -Uuseithreads -Uuselongdouble -DDEBUGGING=-g'
hint=recommended, useposix=true, d_sigaction=define
useithreads=undef, usemultiplicity=undef
useperlio=define, d_sfio=undef, uselargefiles=define, usesocks=undef
use64bitint=define, use64bitall=define, uselongdouble=undef
usemymalloc=n, bincompat5005=undef
Compiler:
cc='cc', ccflags ='-fno-strict-aliasing -pipe -fstack-protector -I/usr/local/include -D_LARGEFILE_SOURCE -D_FILE_OFFSET_BITS=64',
optimize='-O2 -g',
cppflags='-fno-strict-aliasing -pipe -fstack-protector -I/usr/local/include'
ccversion='', gccversion='6.3.0 20170406', gccosandvers=''
intsize=4, longsize=8, ptrsize=8, doublesize=8, byteorder=12345678
d_longlong=define, longlongsize=8, d_longdbl=define, longdblsize=16
ivtype='long', ivsize=8, nvtype='double', nvsize=8, Off_t='off_t', lseeksize=8
alignbytes=8, prototype=define
Linker and Libraries:
ld='cc', ldflags =' -fstack-protector -L/usr/local/lib'
libpth=/usr/local/lib /lib/x86_64-linux-gnu /lib/../lib /usr/lib/x86_64-linux-gnu /usr/lib/../lib /lib /usr/lib
libs=-lpthread -lnsl -ldl -lm -lcrypt -lutil -lc
perllibs=-lpthread -lnsl -ldl -lm -lcrypt -lutil -lc
libc=libc-2.24.so, so=so, useshrplib=false, libperl=libperl.a
gnulibc_version='2.24'
Dynamic Linking:
dlsrc=dl_dlopen.xs, dlext=so, d_dlsymun=undef, ccdlflags='-Wl,-E'
cccdlflags='-fPIC', lddlflags='-shared -O2 -g -L/usr/local/lib -fstack-protector'
Characteristics of this binary (from libperl):
Compile-time options: PERL_DONT_CREATE_GVSV PERL_MALLOC_WRAP PERL_USE_DEVEL
USE_64_BIT_ALL USE_64_BIT_INT USE_LARGE_FILES
USE_PERLIO USE_PERL_ATOF
Locally applied patches:
uncommitted-changes
Built under linux
Compiled at Apr 14 2017 07:21:55
%ENV:
PERL5LIB=""
PERL5OPT=""
PERL5_CPANPLUS_IS_RUNNING="16853"
PERL5_CPAN_IS_RUNNING="16853"
PERL_CANARY_STABILITY_NOPROMPT="1"
PERL_MM_USE_DEFAULT="1"
PERL_USE_UNSAFE_INC="1"
@INC:
/home/sand/src/perl/repoperls/installed-perls/host/k93msid/v5.12.5/89ad/lib/site_perl/5.12.5/x86_64-linux
/home/sand/src/perl/repoperls/installed-perls/host/k93msid/v5.12.5/89ad/lib/site_perl/5.12.5
/home/sand/src/perl/repoperls/installed-perls/host/k93msid/v5.12.5/89ad/lib/5.12.5/x86_64-linux
/home/sand/src/perl/repoperls/installed-perls/host/k93msid/v5.12.5/89ad/lib/5.12.5
.