CommitBit v0.02 Perl 5 v5.12.1 i686-linux

Status
Fail
From
Graham Crookham (GRAHAMC)
Dist
CommitBit v0.02
Platform
Perl 5 v5.12.1 i686-linux
Date
2010-07-31 15:09:59
ID
afb74ed0-9cb5-11df-a213-c7e59bcc4cc5
This distribution has been tested as part of the CPAN Testers
project, supporting the Perl programming language.  See
http://wiki.cpantesters.org/ for more information or email
questions to cpan-testers-discuss@perl.org


--
Dear Jesse Vincent,

This is a computer-generated report for CommitBit-0.02
on perl 5.12.1, created by CPAN-Reporter-1.18.

Thank you for uploading your work to CPAN.  However, there was a problem
testing your distribution.

If you think this report is invalid, please consult the CPAN Testers Wiki
for suggestions on how to avoid getting FAIL reports for missing library
or binary dependencies, unsupported operating systems, and so on:

http://wiki.cpantesters.org/wiki/CPANAuthorNotes

Sections of this report:

    * Tester comments
    * Program output
    * Prerequisites
    * Environment and other context

------------------------------
TESTER COMMENTS
------------------------------

Additional comments from tester:

this report is from an automated smoke testing program
and was not reviewed by a human for accuracy

------------------------------
PROGRAM OUTPUT
------------------------------

Output from 'make test':

PERL_DL_NONLAZY=1 /home/graham/perltest/perl5121/perl/bin/perl "-MExtUtils::Command::MM" "-e" "test_harness(0, 'inc', 'blib/lib', 'blib/arch')" t/*.t
defined(%hash) is deprecated at /home/graham/perltest/perl5121/perl/lib/5.12.1/Locale/Maketext.pm line 404.
	(Maybe you should just omit the defined()?)
WARN - String found where operator expected at /home/graham/perltest/perl5121/cpan/build/CommitBit-0.02-xjuU_S/blib/lib/CommitBit/Model/User.pm line 10, near "is 'distinct'"
WARN - 	(Do you need to predeclare is?)
WARN - String found where operator expected at /home/graham/perltest/perl5121/cpan/build/CommitBit-0.02-xjuU_S/blib/lib/CommitBit/Model/User.pm line 10, near "is 'immutable'"
WARN - 	(Do you need to predeclare is?)
WARN - String found where operator expected at /home/graham/perltest/perl5121/cpan/build/CommitBit-0.02-xjuU_S/blib/lib/CommitBit/Model/User.pm line 10, near "is 'mandatory'"
WARN - 	(Do you need to predeclare is?)
syntax error at /home/graham/perltest/perl5121/cpan/build/CommitBit-0.02-xjuU_S/blib/lib/CommitBit/Model/User.pm line 10, near "is 'distinct'"
BEGIN not safe after errors--compilation aborted at /home/graham/perltest/perl5121/cpan/build/CommitBit-0.02-xjuU_S/blib/lib/CommitBit/Model/User.pm line 16.
Compilation failed in require at /home/graham/perltest/perl5121/cpan/build/CommitBit-0.02-xjuU_S/blib/lib/CommitBit/Model/ProjectMember.pm line 8.
BEGIN failed--compilation aborted at /home/graham/perltest/perl5121/cpan/build/CommitBit-0.02-xjuU_S/blib/lib/CommitBit/Model/ProjectMember.pm line 8.
Compilation failed in require at /home/graham/perltest/perl5121/perl/lib/site_perl/5.12.1/Jifty/Util.pm line 277.
BEGIN failed--compilation aborted at t/00-model-Project.t line 11.
t/00-model-Project.t ........ 
Dubious, test returned 255 (wstat 65280, 0xff00)
No subtests run 
defined(%hash) is deprecated at /home/graham/perltest/perl5121/perl/lib/5.12.1/Locale/Maketext.pm line 404.
	(Maybe you should just omit the defined()?)
WARN - String found where operator expected at /home/graham/perltest/perl5121/cpan/build/CommitBit-0.02-xjuU_S/blib/lib/CommitBit/Model/User.pm line 10, near "is 'distinct'"
WARN - 	(Do you need to predeclare is?)
WARN - String found where operator expected at /home/graham/perltest/perl5121/cpan/build/CommitBit-0.02-xjuU_S/blib/lib/CommitBit/Model/User.pm line 10, near "is 'immutable'"
WARN - 	(Do you need to predeclare is?)
WARN - String found where operator expected at /home/graham/perltest/perl5121/cpan/build/CommitBit-0.02-xjuU_S/blib/lib/CommitBit/Model/User.pm line 10, near "is 'mandatory'"
WARN - 	(Do you need to predeclare is?)
syntax error at /home/graham/perltest/perl5121/cpan/build/CommitBit-0.02-xjuU_S/blib/lib/CommitBit/Model/User.pm line 10, near "is 'distinct'"
BEGIN not safe after errors--compilation aborted at /home/graham/perltest/perl5121/cpan/build/CommitBit-0.02-xjuU_S/blib/lib/CommitBit/Model/User.pm line 16.
Compilation failed in require at /home/graham/perltest/perl5121/cpan/build/CommitBit-0.02-xjuU_S/blib/lib/CommitBit/Model/ProjectMember.pm line 8.
BEGIN failed--compilation aborted at /home/graham/perltest/perl5121/cpan/build/CommitBit-0.02-xjuU_S/blib/lib/CommitBit/Model/ProjectMember.pm line 8.
Compilation failed in require at /home/graham/perltest/perl5121/perl/lib/site_perl/5.12.1/Jifty/Util.pm line 277.
BEGIN failed--compilation aborted at t/00-model-ProjectMember.t line 11.
t/00-model-ProjectMember.t .. 
Dubious, test returned 255 (wstat 65280, 0xff00)
No subtests run 
defined(%hash) is deprecated at /home/graham/perltest/perl5121/perl/lib/5.12.1/Locale/Maketext.pm line 404.
	(Maybe you should just omit the defined()?)
WARN - String found where operator expected at /home/graham/perltest/perl5121/cpan/build/CommitBit-0.02-xjuU_S/blib/lib/CommitBit/Model/User.pm line 10, near "is 'distinct'"
WARN - 	(Do you need to predeclare is?)
WARN - String found where operator expected at /home/graham/perltest/perl5121/cpan/build/CommitBit-0.02-xjuU_S/blib/lib/CommitBit/Model/User.pm line 10, near "is 'immutable'"
WARN - 	(Do you need to predeclare is?)
WARN - String found where operator expected at /home/graham/perltest/perl5121/cpan/build/CommitBit-0.02-xjuU_S/blib/lib/CommitBit/Model/User.pm line 10, near "is 'mandatory'"
WARN - 	(Do you need to predeclare is?)
syntax error at /home/graham/perltest/perl5121/cpan/build/CommitBit-0.02-xjuU_S/blib/lib/CommitBit/Model/User.pm line 10, near "is 'distinct'"
BEGIN not safe after errors--compilation aborted at /home/graham/perltest/perl5121/cpan/build/CommitBit-0.02-xjuU_S/blib/lib/CommitBit/Model/User.pm line 16.
Compilation failed in require at /home/graham/perltest/perl5121/cpan/build/CommitBit-0.02-xjuU_S/blib/lib/CommitBit/Model/ProjectMember.pm line 8.
BEGIN failed--compilation aborted at /home/graham/perltest/perl5121/cpan/build/CommitBit-0.02-xjuU_S/blib/lib/CommitBit/Model/ProjectMember.pm line 8.
Compilation failed in require at /home/graham/perltest/perl5121/perl/lib/site_perl/5.12.1/Jifty/Util.pm line 277.
BEGIN failed--compilation aborted at t/00-model-Repository.t line 11.
t/00-model-Repository.t ..... 
Dubious, test returned 255 (wstat 65280, 0xff00)
No subtests run 
defined(%hash) is deprecated at /home/graham/perltest/perl5121/perl/lib/5.12.1/Locale/Maketext.pm line 404.
	(Maybe you should just omit the defined()?)
WARN - String found where operator expected at /home/graham/perltest/perl5121/cpan/build/CommitBit-0.02-xjuU_S/blib/lib/CommitBit/Model/User.pm line 10, near "is 'distinct'"
WARN - 	(Do you need to predeclare is?)
WARN - String found where operator expected at /home/graham/perltest/perl5121/cpan/build/CommitBit-0.02-xjuU_S/blib/lib/CommitBit/Model/User.pm line 10, near "is 'immutable'"
WARN - 	(Do you need to predeclare is?)
WARN - String found where operator expected at /home/graham/perltest/perl5121/cpan/build/CommitBit-0.02-xjuU_S/blib/lib/CommitBit/Model/User.pm line 10, near "is 'mandatory'"
WARN - 	(Do you need to predeclare is?)
syntax error at /home/graham/perltest/perl5121/cpan/build/CommitBit-0.02-xjuU_S/blib/lib/CommitBit/Model/User.pm line 10, near "is 'distinct'"
BEGIN not safe after errors--compilation aborted at /home/graham/perltest/perl5121/cpan/build/CommitBit-0.02-xjuU_S/blib/lib/CommitBit/Model/User.pm line 16.
Compilation failed in require at /home/graham/perltest/perl5121/cpan/build/CommitBit-0.02-xjuU_S/blib/lib/CommitBit/Model/ProjectMember.pm line 8.
BEGIN failed--compilation aborted at /home/graham/perltest/perl5121/cpan/build/CommitBit-0.02-xjuU_S/blib/lib/CommitBit/Model/ProjectMember.pm line 8.
Compilation failed in require at /home/graham/perltest/perl5121/perl/lib/site_perl/5.12.1/Jifty/Util.pm line 277.
BEGIN failed--compilation aborted at t/00-model-User.t line 11.
# Looks like your test exited with 255 before it could output anything.
t/00-model-User.t ........... 
Dubious, test returned 255 (wstat 65280, 0xff00)
Failed 11/11 subtests 

#   Failed test 'Required module Module::CoreList is already in core'
#   at t/01-dependencies.t line 69.
# Looks like you failed 1 test of 4.
t/01-dependencies.t ......... 
Dubious, test returned 1 (wstat 256, 0x100)
Failed 1/4 subtests 
defined(%hash) is deprecated at /home/graham/perltest/perl5121/perl/lib/5.12.1/Locale/Maketext.pm line 404.
	(Maybe you should just omit the defined()?)
WARN - String found where operator expected at /home/graham/perltest/perl5121/cpan/build/CommitBit-0.02-xjuU_S/blib/lib/CommitBit/Model/User.pm line 10, near "is 'distinct'"
WARN - 	(Do you need to predeclare is?)
WARN - String found where operator expected at /home/graham/perltest/perl5121/cpan/build/CommitBit-0.02-xjuU_S/blib/lib/CommitBit/Model/User.pm line 10, near "is 'immutable'"
WARN - 	(Do you need to predeclare is?)
WARN - String found where operator expected at /home/graham/perltest/perl5121/cpan/build/CommitBit-0.02-xjuU_S/blib/lib/CommitBit/Model/User.pm line 10, near "is 'mandatory'"
WARN - 	(Do you need to predeclare is?)
syntax error at /home/graham/perltest/perl5121/cpan/build/CommitBit-0.02-xjuU_S/blib/lib/CommitBit/Model/User.pm line 10, near "is 'distinct'"
BEGIN not safe after errors--compilation aborted at /home/graham/perltest/perl5121/cpan/build/CommitBit-0.02-xjuU_S/blib/lib/CommitBit/Model/User.pm line 16.
Compilation failed in require at /home/graham/perltest/perl5121/cpan/build/CommitBit-0.02-xjuU_S/blib/lib/CommitBit/Model/ProjectMember.pm line 8.
BEGIN failed--compilation aborted at /home/graham/perltest/perl5121/cpan/build/CommitBit-0.02-xjuU_S/blib/lib/CommitBit/Model/ProjectMember.pm line 8.
Compilation failed in require at /home/graham/perltest/perl5121/perl/lib/site_perl/5.12.1/Jifty/Util.pm line 277.
BEGIN failed--compilation aborted at t/authz.t line 4.
t/authz.t ................... 
Dubious, test returned 255 (wstat 65280, 0xff00)
No subtests run 

Test Summary Report
-------------------
t/00-model-Project.t      (Wstat: 65280 Tests: 0 Failed: 0)
  Non-zero exit status: 255
  Parse errors: No plan found in TAP output
t/00-model-ProjectMember.t (Wstat: 65280 Tests: 0 Failed: 0)
  Non-zero exit status: 255
  Parse errors: No plan found in TAP output
t/00-model-Repository.t   (Wstat: 65280 Tests: 0 Failed: 0)
  Non-zero exit status: 255
  Parse errors: No plan found in TAP output
t/00-model-User.t         (Wstat: 65280 Tests: 0 Failed: 0)
  Non-zero exit status: 255
  Parse errors: Bad plan.  You planned 11 tests but ran 0.
t/01-dependencies.t       (Wstat: 256 Tests: 4 Failed: 1)
  Failed test:  4
  Non-zero exit status: 1
t/authz.t                 (Wstat: 65280 Tests: 0 Failed: 0)
  Non-zero exit status: 255
  Parse errors: No plan found in TAP output
Files=6, Tests=4,  8 wallclock secs ( 0.06 usr  0.03 sys +  7.55 cusr  0.63 csys =  8.27 CPU)
Result: FAIL
Failed 6/6 test programs. 1/4 subtests failed.
make: *** [test_dynamic] Error 255

------------------------------
PREREQUISITES
------------------------------

Prerequisite modules loaded:

requires:

    Module                        Need    Have   
    ----------------------------- ------- -------
    Jifty                         0.60728 0.91117
    Module::CoreList              0       2.36   
    Text::Password::Pronounceable 0       0.28   
    UNIVERSAL::require            0       0.13   


------------------------------
ENVIRONMENT AND OTHER CONTEXT
------------------------------

Environment variables:

    AUTOMATED_TESTING = 1
    LANG = C
    PATH = /home/graham/perltest/perl5121/perl/bin:/bin:/usr/bin:/sbin:/usr/sbin:/opt/java/bin:/opt/java/jre/bin:/opt/kde/bin:/usr/bin/perlbin/site:/usr/bin/perlbin/vendor:/usr/bin/perlbin/core:/opt/qt/bin
    PERL5LIB = 
    PERL5OPT = 
    PERL5_CPANPLUS_IS_RUNNING = 28699
    PERL5_CPAN_IS_RUNNING = 28699
    PERL5_CPAN_IS_RUNNING_IN_RECURSION = 3737,28699
    PERL_CR_SMOKER_CURRENT = Acme-Mom-Yours-0.02
    PERL_EXTUTILS_AUTOINSTALL = --defaultdeps
    PERL_MM_USE_DEFAULT = 1
    SHELL = /bin/bash
    TERM = xterm

Perl special variables (and OS-specific diagnostics, for MSWin32):

    $^X = /home/graham/perltest/perl5121/perl/bin/perl
    $UID/$EUID = 1000 / 1000
    $GID = 1000 7 10 91 92 93 95 98 100 108 1000 1001
    $EGID = 1000 7 10 91 92 93 95 98 100 108 1000 1001

Perl module toolchain versions installed:

    Module              Have   
    ------------------- -------
    CPAN                1.9402 
    Cwd                 3.31   
    ExtUtils::CBuilder  0.27_05
    ExtUtils::Command   1.16   
    ExtUtils::Install   1.54   
    ExtUtils::MakeMaker 6.56   
    ExtUtils::Manifest  1.58   
    ExtUtils::ParseXS   2.2206 
    File::Spec          3.31   
    Module::Build       0.36_13
    Module::Signature   0.64   
    Test::Harness       3.21   
    Test::More          0.94   
    YAML                0.71   
    YAML::Syck          1.10_07
    version             0.82   


--

Summary of my perl5 (revision 5 version 12 subversion 1) configuration:
   
  Platform:
    osname=linux, osvers=2.6.33-arch, archname=i686-linux
    uname='linux lorant 2.6.33-arch #1 smp preempt thu may 13 12:06:25 cest 2010 i686 intel(r) pentium(r) 4 cpu 2.80ghz genuineintel gnulinux '
    config_args=''
    hint=recommended, useposix=true, d_sigaction=define
    useithreads=undef, usemultiplicity=undef
    useperlio=define, d_sfio=undef, uselargefiles=define, usesocks=undef
    use64bitint=undef, use64bitall=undef, uselongdouble=undef
    usemymalloc=n, bincompat5005=undef
  Compiler:
    cc='cc', ccflags ='-fno-strict-aliasing -pipe -fstack-protector -I/usr/local/include -D_LARGEFILE_SOURCE -D_FILE_OFFSET_BITS=64',
    optimize='-O2',
    cppflags='-fno-strict-aliasing -pipe -fstack-protector -I/usr/local/include'
    ccversion='', gccversion='4.5.0 20100520 (prerelease)', gccosandvers=''
    intsize=4, longsize=4, ptrsize=4, doublesize=8, byteorder=1234
    d_longlong=define, longlongsize=8, d_longdbl=define, longdblsize=12
    ivtype='long', ivsize=4, nvtype='double', nvsize=8, Off_t='off_t', lseeksize=8
    alignbytes=4, prototype=define
  Linker and Libraries:
    ld='cc', ldflags =' -fstack-protector -L/usr/local/lib'
    libpth=/usr/local/lib /lib /usr/lib
    libs=-lnsl -lgdbm -ldb -ldl -lm -lcrypt -lutil -lc -lgdbm_compat
    perllibs=-lnsl -ldl -lm -lcrypt -lutil -lc
    libc=/lib/libc-2.12.so, so=so, useshrplib=true, libperl=libperl.so
    gnulibc_version='2.12'
  Dynamic Linking:
    dlsrc=dl_dlopen.xs, dlext=so, d_dlsymun=undef, ccdlflags='-Wl,-E -Wl,-rpath,/home/graham/perltest/perl5121/perl/lib/5.12.1/i686-linux/CORE'
    cccdlflags='-fPIC', lddlflags='-shared -O2 -L/usr/local/lib -fstack-protector'


Characteristics of this binary (from libperl): 
  Compile-time options: PERL_DONT_CREATE_GVSV PERL_MALLOC_WRAP
                        USE_LARGE_FILES USE_PERLIO USE_PERL_ATOF
  Built under linux
  Compiled at Jul 20 2010 13:38:07
  %ENV:
    PERL5LIB=""
    PERL5OPT=""
    PERL5_CPANPLUS_IS_RUNNING="28699"
    PERL5_CPAN_IS_RUNNING="28699"
    PERL5_CPAN_IS_RUNNING_IN_RECURSION="3737,28699"
    PERL_CR_SMOKER_CURRENT="Acme-Mom-Yours-0.02"
    PERL_EXTUTILS_AUTOINSTALL="--defaultdeps"
    PERL_MM_USE_DEFAULT="1"
  @INC:
    /home/graham/perltest/perl5121/perl/lib/site_perl/5.12.1/i686-linux
    /home/graham/perltest/perl5121/perl/lib/site_perl/5.12.1
    /home/graham/perltest/perl5121/perl/lib/5.12.1/i686-linux
    /home/graham/perltest/perl5121/perl/lib/5.12.1
    .