Report for Test-HTML-Content-0.08

Back
From: metabase:user:d2c9f356-b46f-11df-9a90-20a83c0b7757
Subject: FAIL Test-HTML-Content-0.08 v5.15.4 SunOS/Solaris
Date: 2011-11-06T17:56:43Z

This distribution has been tested as part of the CPAN Testers
project, supporting the Perl programming language.  See
http://wiki.cpantesters.org/ for more information or email
questions to cpan-testers-discuss@perl.org


--
Dear Max Maischein,

This is a computer-generated report for Test-HTML-Content-0.08
on perl 5.15.4, created by CPAN-Reporter-1.2002.

Thank you for uploading your work to CPAN.  However, there was a problem
testing your distribution.

If you think this report is invalid, please consult the CPAN Testers Wiki
for suggestions on how to avoid getting FAIL reports for missing library
or binary dependencies, unsupported operating systems, and so on:

http://wiki.cpantesters.org/wiki/CPANAuthorNotes

Sections of this report:

    * Tester comments
    * Program output
    * Prerequisites
    * Environment and other context

------------------------------
TESTER COMMENTS
------------------------------

Additional comments from tester:

this report is from an automated smoke testing program
and was not reviewed by a human for accuracy

------------------------------
PROGRAM OUTPUT
------------------------------

Output from '/usr/local/bin/make test':

PERL_DL_NONLAZY=1 /export/home/cpant4/perl5/bin/perl5.15.4 "-MExtUtils::Command::MM" "-e" "test_harness(0, 'blib/lib', 'blib/arch')" t/*.t
t/00-prerequisites.t ............................ ok
t/01-fallback-libxml.t .......................... ok
t/01-fallback-pureperl.t ........................ ok
t/01-fallback-xpath.t ........................... ok
t/01-internal-api.t ............................. ok
t/01-xpath-query-builder.t ...................... ok
HTML parser error : Unexpected end tag : a
<html><!-- <A href="http://www.perl.com"> -->Title</A></html>
                                                      ^
HTML parser error : Unexpected end tag : a
<html><!-- <A href="http://www.perl.com"> -->Title</A></html>
                                                      ^
HTML parser error : Unexpected end tag : a
<html><!-- <A href="http://www.perl.com"> -->Title</A></html>
                                                      ^
HTML parser error : Unexpected end tag : a
<html><!-- <A href="http://www.perl.com"> -->Title</A></html>
                                                      ^
t/02-tags.t ..................................... ok
t/03-links.t .................................... ok
t/04-comments.t ................................. ok
t/05-doctype.t .................................. ok
t/06-text.t ..................................... ok

#   Failed test 'Finding a link where one should be returns all other links'
#   at t/07-errors.link.t line 67.
# STDERR is:
# #   Failed test 'Link failure (two links shouldn't exist do)'
# #   at t/07-errors.link.t line 65.
# # Expected to find no <a> tag(s) matching
# #   href = (?^:.)
# # Got
# #   <a href="http://www.foo.com">foo</a>
# #   <a href="index.html">Home</a>
# 
# not:
# /#\s+Failed\ test.*?\n?.*?at\ t\/07\-errors\.link\.t line 65.*\n?/
# 
# # Expected to find no <a> tag(s) matching
# 
# #   href = (?-xism:.)
# 
# # Got
# 
# #   <a href="http://www.foo.com">foo</a>
# 
# #   <a href="index.html">Home</a>
# 
# as expected

#   Failed test 'Diagnosing too few links works'
#   at t/07-errors.link.t line 85.
# STDERR is:
# #   Failed test 'Link failure (too few links)'
# #   at t/07-errors.link.t line 84.
# # Expected to find exactly 3 <a> tag(s) matching
# #   href = (?^:.)
# # Got
# #   <a href="http://www.foo.com">foo</a>
# #   <a href="index.html">Home</a>
# 
# not:
# /#\s+Failed\ test.*?\n?.*?at\ t\/07\-errors\.link\.t line 84.*\n?/
# 
# # Expected to find exactly 3 <a> tag(s) matching
# 
# #   href = (?-xism:.)
# 
# # Got
# 
# #   <a href="http://www.foo.com">foo</a>
# 
# #   <a href="index.html">Home</a>
# 
# as expected

#   Failed test 'Diagnosing too many links works'
#   at t/07-errors.link.t line 107.
# STDERR is:
# #   Failed test 'Link failure (too many links)'
# #   at t/07-errors.link.t line 106.
# # Expected to find exactly 3 <a> tag(s) matching
# #   href = (?^:.)
# # Got
# #   <a href="http://www.bar.com">bar</a>
# #   <a href="http://www.dot.com">.</a>
# #   <a href="http://www.foo.com">foo</a>
# #   <a href="index.html">Home</a>
# 
# not:
# /#\s+Failed\ test.*?\n?.*?at\ t\/07\-errors\.link\.t line 106.*\n?/
# 
# # Expected to find exactly 3 <a> tag(s) matching
# 
# #   href = (?-xism:.)
# 
# # Got
# 
# #   <a href="http://www.bar.com">bar</a>
# 
# #   <a href="http://www.dot.com">.</a>
# 
# #   <a href="http://www.foo.com">foo</a>
# 
# #   <a href="index.html">Home</a>
# 
# as expected

#   Failed test 'Finding a link where one should be returns all other links'
#   at t/07-errors.link.t line 67.
# STDERR is:
# #   Failed test 'Link failure (two links shouldn't exist do)'
# #   at t/07-errors.link.t line 65.
# # Expected to find no <a> tag(s) matching
# #   href = (?^:.)
# # Got
# #   <a href='http://www.foo.com'>
# #   <a href='index.html'>
# 
# not:
# /#\s+Failed\ test.*?\n?.*?at\ t\/07\-errors\.link\.t line 65.*\n?/
# 
# # Expected to find no <a> tag(s) matching
# 
# #   href = (?-xism:.)
# 
# # Got
# 
# #   <a href='http://www.foo.com'>
# 
# #   <a href='index.html'>
# 
# as expected

#   Failed test 'Diagnosing too few links works'
#   at t/07-errors.link.t line 85.
# STDERR is:
# #   Failed test 'Link failure (too few links)'
# #   at t/07-errors.link.t line 84.
# # Expected to find exactly 3 <a> tag(s) matching
# #   href = (?^:.)
# # Got
# #   <a href='http://www.foo.com'>
# #   <a href='index.html'>
# 
# not:
# /#\s+Failed\ test.*?\n?.*?at\ t\/07\-errors\.link\.t line 84.*\n?/
# 
# # Expected to find exactly 3 <a> tag(s) matching
# 
# #   href = (?-xism:.)
# 
# # Got
# 
# #   <a href='http://www.foo.com'>
# 
# #   <a href='index.html'>
# 
# as expected

#   Failed test 'Diagnosing too many links works'
#   at t/07-errors.link.t line 107.
# STDERR is:
# #   Failed test 'Link failure (too many links)'
# #   at t/07-errors.link.t line 106.
# # Expected to find exactly 3 <a> tag(s) matching
# #   href = (?^:.)
# # Got
# #   <a href='http://www.bar.com'>
# #   <a href='http://www.dot.com'>
# #   <a href='http://www.foo.com'>
# #   <a href='index.html'>
# 
# not:
# /#\s+Failed\ test.*?\n?.*?at\ t\/07\-errors\.link\.t line 106.*\n?/
# 
# # Expected to find exactly 3 <a> tag(s) matching
# 
# #   href = (?-xism:.)
# 
# # Got
# 
# #   <a href='http://www.bar.com'>
# 
# #   <a href='http://www.dot.com'>
# 
# #   <a href='http://www.foo.com'>
# 
# #   <a href='index.html'>
# 
# as expected

#   Failed test 'Finding a link where one should be returns all other links'
#   at t/07-errors.link.t line 67.
# STDERR is:
# #   Failed test 'Link failure (two links shouldn't exist do)'
# #   at t/07-errors.link.t line 65.
# # Expected to find no <a> tag(s) matching
# #   href = (?^:.)
# # Got
# #   <a href='http://www.foo.com'>
# #   <a href='index.html'>
# 
# not:
# /#\s+Failed\ test.*?\n?.*?at\ t\/07\-errors\.link\.t line 65.*\n?/
# 
# # Expected to find no <a> tag(s) matching
# 
# #   href = (?-xism:.)
# 
# # Got
# 
# #   <a href='http://www.foo.com'>
# 
# #   <a href='index.html'>
# 
# as expected

#   Failed test 'Diagnosing too few links works'
#   at t/07-errors.link.t line 85.
# STDERR is:
# #   Failed test 'Link failure (too few links)'
# #   at t/07-errors.link.t line 84.
# # Expected to find exactly 3 <a> tag(s) matching
# #   href = (?^:.)
# # Got
# #   <a href='http://www.foo.com'>
# #   <a href='index.html'>
# 
# not:
# /#\s+Failed\ test.*?\n?.*?at\ t\/07\-errors\.link\.t line 84.*\n?/
# 
# # Expected to find exactly 3 <a> tag(s) matching
# 
# #   href = (?-xism:.)
# 
# # Got
# 
# #   <a href='http://www.foo.com'>
# 
# #   <a href='index.html'>
# 
# as expected

#   Failed test 'Diagnosing too many links works'
#   at t/07-errors.link.t line 107.
# STDERR is:
# #   Failed test 'Link failure (too many links)'
# #   at t/07-errors.link.t line 106.
# # Expected to find exactly 3 <a> tag(s) matching
# #   href = (?^:.)
# # Got
# #   <a href='http://www.bar.com'>
# #   <a href='http://www.dot.com'>
# #   <a href='http://www.foo.com'>
# #   <a href='index.html'>
# 
# not:
# /#\s+Failed\ test.*?\n?.*?at\ t\/07\-errors\.link\.t line 106.*\n?/
# 
# # Expected to find exactly 3 <a> tag(s) matching
# 
# #   href = (?-xism:.)
# 
# # Got
# 
# #   <a href='http://www.bar.com'>
# 
# #   <a href='http://www.dot.com'>
# 
# #   <a href='http://www.foo.com'>
# 
# #   <a href='index.html'>
# 
# as expected
t/07-errors.link.t .............................. 
Failed 9/16 subtests 

#   Failed test 'Finding a comment where none should be returns all comments'
#   at t/08-errors.comment.t line 55.
# STDERR is:
# #   Failed test 'Comment failure (two comments that shouldn't exist do)'
# #   at t/08-errors.comment.t line 53.
# # Saw '<!-- hidden massage -->'
# # Saw '<!-- hidden massage -->'
# # Expected no comment like '(?^:hidden m.ssage)'
# 
# not:
# /#\s+Failed\ test.*?\n?.*?at\ t\/08\-errors\.comment\.t line 53.*\n?/
# 
# # Saw '<!-- hidden massage -->'
# 
# # Saw '<!-- hidden massage -->'
# 
# # Expected no comment like '(?-xism:hidden m.ssage)'
# 
# as expected

#   Failed test 'Diagnosing too few comments works'
#   at t/08-errors.comment.t line 68.
# STDERR is:
# #   Failed test 'Comment failure (too few comments)'
# #   at t/08-errors.comment.t line 66.
# # Saw '<!-- hidden massage -->'
# # Saw '<!-- hidden massage -->'
# # Expected exactly 3 comments like '(?^:hidden m.ssage)'
# 
# not:
# /#\s+Failed\ test.*?\n?.*?at\ t\/08\-errors\.comment\.t line 66.*\n?/
# 
# # Saw '<!-- hidden massage -->'
# 
# # Saw '<!-- hidden massage -->'
# 
# # Expected exactly 3 comments like '(?-xism:hidden m.ssage)'
# 
# as expected

#   Failed test 'Diagnosing too many comments works'
#   at t/08-errors.comment.t line 81.
# STDERR is:
# #   Failed test 'Comment failure (too few comments)'
# #   at t/08-errors.comment.t line 79.
# # Saw '<!-- hidden massage -->'
# # Saw '<!-- hidden massage -->'
# # Expected exactly 1 comments like '(?^:hidden m.ssage)'
# 
# not:
# /#\s+Failed\ test.*?\n?.*?at\ t\/08\-errors\.comment\.t line 79.*\n?/
# 
# # Saw '<!-- hidden massage -->'
# 
# # Saw '<!-- hidden massage -->'
# 
# # Expected exactly 1 comments like '(?-xism:hidden m.ssage)'
# 
# as expected

#   Failed test 'Finding a comment where none should be returns all comments'
#   at t/08-errors.comment.t line 55.
# STDERR is:
# #   Failed test 'Comment failure (two comments that shouldn't exist do)'
# #   at t/08-errors.comment.t line 53.
# # Saw '<!-- hidden massage -->'
# # Saw '<!-- hidden massage -->'
# # Expected no comment like '(?^:hidden m.ssage)'
# 
# not:
# /#\s+Failed\ test.*?\n?.*?at\ t\/08\-errors\.comment\.t line 53.*\n?/
# 
# # Saw '<!-- hidden massage -->'
# 
# # Saw '<!-- hidden massage -->'
# 
# # Expected no comment like '(?-xism:hidden m.ssage)'
# 
# as expected

#   Failed test 'Diagnosing too few comments works'
#   at t/08-errors.comment.t line 68.
# STDERR is:
# #   Failed test 'Comment failure (too few comments)'
# #   at t/08-errors.comment.t line 66.
# # Saw '<!-- hidden massage -->'
# # Saw '<!-- hidden massage -->'
# # Expected exactly 3 comments like '(?^:hidden m.ssage)'
# 
# not:
# /#\s+Failed\ test.*?\n?.*?at\ t\/08\-errors\.comment\.t line 66.*\n?/
# 
# # Saw '<!-- hidden massage -->'
# 
# # Saw '<!-- hidden massage -->'
# 
# # Expected exactly 3 comments like '(?-xism:hidden m.ssage)'
# 
# as expected

#   Failed test 'Diagnosing too many comments works'
#   at t/08-errors.comment.t line 81.
# STDERR is:
# #   Failed test 'Comment failure (too few comments)'
# #   at t/08-errors.comment.t line 79.
# # Saw '<!-- hidden massage -->'
# # Saw '<!-- hidden massage -->'
# # Expected exactly 1 comments like '(?^:hidden m.ssage)'
# 
# not:
# /#\s+Failed\ test.*?\n?.*?at\ t\/08\-errors\.comment\.t line 79.*\n?/
# 
# # Saw '<!-- hidden massage -->'
# 
# # Saw '<!-- hidden massage -->'
# 
# # Expected exactly 1 comments like '(?-xism:hidden m.ssage)'
# 
# as expected

#   Failed test 'Finding a comment where none should be returns all comments'
#   at t/08-errors.comment.t line 55.
# STDERR is:
# #   Failed test 'Comment failure (two comments that shouldn't exist do)'
# #   at t/08-errors.comment.t line 53.
# # Saw '<!-- hidden massage -->'
# # Saw '<!-- hidden massage -->'
# # Expected no comment like '(?^:hidden m.ssage)'
# 
# not:
# /#\s+Failed\ test.*?\n?.*?at\ t\/08\-errors\.comment\.t line 53.*\n?/
# 
# # Saw '<!-- hidden massage -->'
# 
# # Saw '<!-- hidden massage -->'
# 
# # Expected no comment like '(?-xism:hidden m.ssage)'
# 
# as expected

#   Failed test 'Diagnosing too few comments works'
#   at t/08-errors.comment.t line 68.
# STDERR is:
# #   Failed test 'Comment failure (too few comments)'
# #   at t/08-errors.comment.t line 66.
# # Saw '<!-- hidden massage -->'
# # Saw '<!-- hidden massage -->'
# # Expected exactly 3 comments like '(?^:hidden m.ssage)'
# 
# not:
# /#\s+Failed\ test.*?\n?.*?at\ t\/08\-errors\.comment\.t line 66.*\n?/
# 
# # Saw '<!-- hidden massage -->'
# 
# # Saw '<!-- hidden massage -->'
# 
# # Expected exactly 3 comments like '(?-xism:hidden m.ssage)'
# 
# as expected

#   Failed test 'Diagnosing too many comments works'
#   at t/08-errors.comment.t line 81.
# STDERR is:
# #   Failed test 'Comment failure (too few comments)'
# #   at t/08-errors.comment.t line 79.
# # Saw '<!-- hidden massage -->'
# # Saw '<!-- hidden massage -->'
# # Expected exactly 1 comments like '(?^:hidden m.ssage)'
# 
# not:
# /#\s+Failed\ test.*?\n?.*?at\ t\/08\-errors\.comment\.t line 79.*\n?/
# 
# # Saw '<!-- hidden massage -->'
# 
# # Saw '<!-- hidden massage -->'
# 
# # Expected exactly 1 comments like '(?-xism:hidden m.ssage)'
# 
# as expected
t/08-errors.comment.t ........................... 
Failed 9/16 subtests 
t/09-errors.declaration.t ....................... ok
t/09-errors.xpath.t ............................. ok
t/10-errors.text.t .............................. ok
t/12-title-fallback.t ........................... ok
t/12-title.t .................................... ok
t/13-xpath-gracefull-errors.t ................... ok
t/99-manifest.t ................................. ok
t/99-Pod.t ...................................... ok
t/99-todo.t ..................................... ok
t/99-unix-text.t ................................ ok
t/embedded-Test-HTML-Content-NoXPath.t .......... ok
t/embedded-Test-HTML-Content-XPathExtensions.t .. ok
t/embedded-Test-HTML-Content.t .................. ok

Test Summary Report
-------------------
t/07-errors.link.t                            (Wstat: 0 Tests: 16 Failed: 9)
  Failed tests:  4-6, 9-11, 14-16
t/08-errors.comment.t                         (Wstat: 0 Tests: 16 Failed: 9)
  Failed tests:  4-6, 9-11, 14-16
Files=26, Tests=632,  3 wallclock secs ( 0.20 usr  0.05 sys +  2.50 cusr  0.33 csys =  3.08 CPU)
Result: FAIL
Failed 2/26 test programs. 18/632 subtests failed.
make: *** [test_dynamic] Error 255

------------------------------
PREREQUISITES
------------------------------

Prerequisite modules loaded:

requires:

    Module              Need Have
    ------------------- ---- ----
    HTML::TokeParser    0    3.69
    Test::Builder       0    0.98
    Test::More          0    0.98

build_requires:

    Module              Need Have
    ------------------- ---- ----
    ExtUtils::MakeMaker 0    6.62


------------------------------
ENVIRONMENT AND OTHER CONTEXT
------------------------------

Environment variables:

    AUTOMATED_TESTING = 1
    LANG = C
    LD_LIBRARY_PATH = /usr/local/lib:
    PATH = /export/home/cpant4/perl5/bin:/usr/local/bin:/usr/bin
    PERL5LIB = /export/home/cpant4/.cpan/build/Test-MockObject-1.20110612-6RX2vb/blib/arch:/export/home/cpant4/.cpan/build/Test-MockObject-1.20110612-6RX2vb/blib/lib:/export/home/cpant4/.cpan/build/UNIVERSAL-can-1.20110617-GQZxbj/blib/arch:/export/home/cpant4/.cpan/build/UNIVERSAL-can-1.20110617-GQZxbj/blib/lib:/export/home/cpant4/.cpan/build/UNIVERSAL-isa-1.20110614-Xjc5U9/blib/arch:/export/home/cpant4/.cpan/build/UNIVERSAL-isa-1.20110614-Xjc5U9/blib/lib:/export/home/cpant4/.cpan/build/Image-EXIF-DateTime-Parser-1.2-q99B7S/blib/arch:/export/home/cpant4/.cpan/build/Image-EXIF-DateTime-Parser-1.2-q99B7S/blib/lib:/export/home/cpant4/.cpan/build/gettext-1.05-juyBlC/blib/arch:/export/home/cpant4/.cpan/build/gettext-1.05-juyBlC/blib/lib:/export/home/cpant4/.cpan/build/Image-Info-1.31-BhXWoW/blib/arch:/export/home/cpant4/.cpan/build/Image-Info-1.31-BhXWoW/blib/lib
    PERL5OPT = 
    PERL5_CPANPLUS_IS_RUNNING = 3888
    PERL5_CPAN_IS_RUNNING = 3888
    PERL5_CPAN_IS_RUNNING_IN_RECURSION = 8306,3888
    PERL_CR_SMOKER_CURRENT = App-MaMGal-1.4
    PERL_EXTUTILS_AUTOINSTALL = --defaultdeps
    PERL_MM_USE_DEFAULT = 1
    SHELL = /bin/bash
    TERM = xterm

Perl special variables (and OS-specific diagnostics, for MSWin32):

    $^X = /export/home/cpant4/perl5/bin/perl5.15.4
    $UID/$EUID = 104 / 104
    $GID = 1 1
    $EGID = 1 1

Perl module toolchain versions installed:

    Module              Have    
    ------------------- --------
    CPAN                1.9800  
    CPAN::Meta          2.112621
    Cwd                 3.37    
    ExtUtils::CBuilder  0.280204
    ExtUtils::Command   1.17    
    ExtUtils::Install   1.57    
    ExtUtils::MakeMaker 6.62    
    ExtUtils::Manifest  1.60    
    ExtUtils::ParseXS   3.05    
    File::Spec          3.34    
    JSON                2.53    
    JSON::PP            2.27200 
    Module::Build       0.39_01 
    Module::Signature   n/a     
    Parse::CPAN::Meta   1.4401  
    Test::Harness       3.23    
    Test::More          0.98    
    YAML                0.77    
    YAML::Syck          n/a     
    version             0.94    


--

Summary of my perl5 (revision 5 version 15 subversion 4) configuration:
   
  Platform:
    osname=solaris, osvers=2.10, archname=i86pc-solaris-64int
    uname='sunos vmrz0046 5.10 generic_141445-09 i86pc i386 i86pc solaris '
    config_args='-Dcc=gcc -Dprefix=~/perl5 -Duse64bitint -Dusedevel -d'
    hint=recommended, useposix=true, d_sigaction=define
    useithreads=undef, usemultiplicity=undef
    useperlio=define, d_sfio=undef, uselargefiles=define, usesocks=undef
    use64bitint=define, use64bitall=undef, uselongdouble=undef
    usemymalloc=n, bincompat5005=undef
  Compiler:
    cc='gcc', ccflags ='-DPTR_IS_LONG -fno-strict-aliasing -pipe -I/usr/local/include -D_LARGEFILE_SOURCE -D_FILE_OFFSET_BITS=64 -DPERL_USE_SAFE_PUTENV',
    optimize='-O',
    cppflags='-DPTR_IS_LONG -fno-strict-aliasing -pipe -I/usr/local/include'
    ccversion='', gccversion='3.4.6', gccosandvers='solaris2.10'
    intsize=4, longsize=4, ptrsize=4, doublesize=8, byteorder=12345678
    d_longlong=define, longlongsize=8, d_longdbl=define, longdblsize=12
    ivtype='long long', ivsize=8, nvtype='double', nvsize=8, Off_t='off_t', lseeksize=8
    alignbytes=4, prototype=define
  Linker and Libraries:
    ld='gcc', ldflags =' -L/usr/local/lib '
    libpth=/usr/local/lib /usr/lib /usr/ccs/lib
    libs=-lsocket -lnsl -lgdbm -ldl -lm -lc
    perllibs=-lsocket -lnsl -ldl -lm -lc
    libc=/lib/libc.so, so=so, useshrplib=false, libperl=libperl.a
    gnulibc_version=''
  Dynamic Linking:
    dlsrc=dl_dlopen.xs, dlext=so, d_dlsymun=undef, ccdlflags=' '
    cccdlflags='-fPIC', lddlflags='-G -L/usr/local/lib'


Characteristics of this binary (from libperl): 
  Compile-time options: HAS_TIMES PERLIO_LAYERS PERL_DONT_CREATE_GVSV
                        PERL_MALLOC_WRAP PERL_PRESERVE_IVUV PERL_USE_DEVEL
                        PERL_USE_SAFE_PUTENV USE_64_BIT_INT USE_LARGE_FILES
                        USE_LOCALE USE_LOCALE_COLLATE USE_LOCALE_CTYPE
                        USE_LOCALE_NUMERIC USE_PERLIO USE_PERL_ATOF
  Built under solaris
  Compiled at Oct 24 2011 11:26:38
  %ENV:
    PERL5LIB="/export/home/cpant4/.cpan/build/Test-MockObject-1.20110612-6RX2vb/blib/arch:/export/home/cpant4/.cpan/build/Test-MockObject-1.20110612-6RX2vb/blib/lib:/export/home/cpant4/.cpan/build/UNIVERSAL-can-1.20110617-GQZxbj/blib/arch:/export/home/cpant4/.cpan/build/UNIVERSAL-can-1.20110617-GQZxbj/blib/lib:/export/home/cpant4/.cpan/build/UNIVERSAL-isa-1.20110614-Xjc5U9/blib/arch:/export/home/cpant4/.cpan/build/UNIVERSAL-isa-1.20110614-Xjc5U9/blib/lib:/export/home/cpant4/.cpan/build/Image-EXIF-DateTime-Parser-1.2-q99B7S/blib/arch:/export/home/cpant4/.cpan/build/Image-EXIF-DateTime-Parser-1.2-q99B7S/blib/lib:/export/home/cpant4/.cpan/build/gettext-1.05-juyBlC/blib/arch:/export/home/cpant4/.cpan/build/gettext-1.05-juyBlC/blib/lib:/export/home/cpant4/.cpan/build/Image-Info-1.31-BhXWoW/blib/arch:/export/home/cpant4/.cpan/build/Image-Info-1.31-BhXWoW/blib/lib"
    PERL5OPT=""
    PERL5_CPANPLUS_IS_RUNNING="3888"
    PERL5_CPAN_IS_RUNNING="3888"
    PERL5_CPAN_IS_RUNNING_IN_RECURSION="8306,3888"
    PERL_CR_SMOKER_CURRENT="App-MaMGal-1.4"
    PERL_EXTUTILS_AUTOINSTALL="--defaultdeps"
    PERL_MM_USE_DEFAULT="1"
  @INC:
    /export/home/cpant4/.cpan/build/Test-MockObject-1.20110612-6RX2vb/blib/arch
    /export/home/cpant4/.cpan/build/Test-MockObject-1.20110612-6RX2vb/blib/lib
    /export/home/cpant4/.cpan/build/UNIVERSAL-can-1.20110617-GQZxbj/blib/arch
    /export/home/cpant4/.cpan/build/UNIVERSAL-can-1.20110617-GQZxbj/blib/lib
    /export/home/cpant4/.cpan/build/UNIVERSAL-isa-1.20110614-Xjc5U9/blib/arch
    /export/home/cpant4/.cpan/build/UNIVERSAL-isa-1.20110614-Xjc5U9/blib/lib
    /export/home/cpant4/.cpan/build/Image-EXIF-DateTime-Parser-1.2-q99B7S/blib/arch
    /export/home/cpant4/.cpan/build/Image-EXIF-DateTime-Parser-1.2-q99B7S/blib/lib
    /export/home/cpant4/.cpan/build/gettext-1.05-juyBlC/blib/arch
    /export/home/cpant4/.cpan/build/gettext-1.05-juyBlC/blib/lib
    /export/home/cpant4/.cpan/build/Image-Info-1.31-BhXWoW/blib/arch
    /export/home/cpant4/.cpan/build/Image-Info-1.31-BhXWoW/blib/lib
    /export/home/cpant4/perl5/lib/site_perl/5.15.4/i86pc-solaris-64int
    /export/home/cpant4/perl5/lib/site_perl/5.15.4
    /export/home/cpant4/perl5/lib/5.15.4/i86pc-solaris-64int
    /export/home/cpant4/perl5/lib/5.15.4
    /export/home/cpant4/perl5/lib/site_perl
    .