Report for Gtk2-Ex-WidgetBits-48

Back
From: metabase:user:320bfe00-2aae-11df-837a-5e0a49663a4f
Subject: FAIL Gtk2-Ex-WidgetBits-48 v5.23.9 GNU/Linux
Date: 2016-05-01T11:13:09Z

This distribution has been tested as part of the CPAN Testers
project, supporting the Perl programming language.  See
http://wiki.cpantesters.org/ for more information or email
questions to cpan-testers-discuss@perl.org


--
Dear Kevin Ryde,

This is a computer-generated report for Gtk2-Ex-WidgetBits-48
on perl 5.23.9, created by CPAN-Reporter-1.2017.

Thank you for uploading your work to CPAN.  However, there was a problem
testing your distribution.

If you think this report is invalid, please consult the CPAN Testers Wiki
for suggestions on how to avoid getting FAIL reports for missing library
or binary dependencies, unsupported operating systems, and so on:

http://wiki.cpantesters.org/wiki/CPANAuthorNotes

Sections of this report:

    * Tester comments
    * Program output
    * Prerequisites
    * Environment and other context

------------------------------
TESTER COMMENTS
------------------------------

Additional comments from tester:

this report is from an automated smoke testing program
and was not reviewed by a human for accuracy

------------------------------
PROGRAM OUTPUT
------------------------------

Output from '/usr/bin/make test':

PERL_DL_NONLAZY=1 "/home/sand/src/perl/repoperls/installed-perls/perl/v5.23.9/8d81/bin/perl" "-MExtUtils::Command::MM" "-MTest::Harness" "-e" "undef *Test::Harness::Switches; test_harness(0, 'blib/lib', 'blib/arch')" t/*.t
# Perl-Gtk2    version 1.2498
# Perl-Glib    version 1.321
# Compiled against Glib version 2.46.2.
# Running on       Glib version 2.46.2.
# Compiled against Gtk version 2.24.29.
# Running on       Gtk version 2.24.29.
t/ActionTooltips-import.t .............. ok
Xlib:  extension "RANDR" missing on display ":121".
# Perl-Gtk2    version 1.2498
# Perl-Glib    version 1.321
# Compiled against Glib version 2.46.2.
# Running on       Glib version 2.46.2.
# Compiled against Gtk version 2.24.29.
# Running on       Gtk version 2.24.29.
t/ActionTooltips.t ..................... ok
# Perl-Gtk2    version 1.2498
# Perl-Glib    version 1.321
# Compiled against Glib version 2.46.2.
# Running on       Glib version 2.46.2.
# Compiled against Gtk version 2.24.29.
# Running on       Gtk version 2.24.29.
# notify page_size
# changed
# value_changed
# notify value
# notify lower
# notify upper
# changed
# value_changed
# notify lower
# notify value
# changed
# value_changed
# notify step_increment
# notify upper
# notify value
# notify lower
# notify page_size
# notify page_increment
# changed
t/AdjustmentBits.t ..................... ok
t/ContainerBits-import.t ............... ok
t/ContainerBits-subclass.t ............. ok
# Perl-Gtk2    version 1.2498
# Perl-Glib    version 1.321
# Compiled against Glib version 2.46.2.
# Running on       Glib version 2.46.2.
# Compiled against Gtk version 2.24.29.
# Running on       Gtk version 2.24.29.
t/ContainerBits.t ...................... ok
Xlib:  extension "RANDR" missing on display ":121".
# Perl-Gtk2    version 1.2498
# Perl-Glib    version 1.321
# Compiled against Glib version 2.46.2.
# Running on       Glib version 2.46.2.
# Compiled against Gtk version 2.24.29.
# Running on       Gtk version 2.24.29.
# [ sensitive parent-sensitive can-focus double-buffered ]
# [ sensitive parent-sensitive double-buffered ]
t/EntryBits.t .......................... ok
# Perl-Gtk2    version 1.2498
# Perl-Glib    version 1.321
# Compiled against Glib version 2.46.2.
# Running on       Glib version 2.46.2.
# Compiled against Gtk version 2.24.29.
# Running on       Gtk version 2.24.29.
t/FreezeChildNotify.t .................. ok
Xlib:  extension "RANDR" missing on display ":121".
t/GdkBits-import.t ..................... ok
Xlib:  extension "RANDR" missing on display ":121".
# Perl-Gtk2    version 1.2498
# Perl-Glib    version 1.321
# Compiled against Glib version 2.46.2.
# Running on       Glib version 2.46.2.
# Compiled against Gtk version 2.24.29.
# Running on       Gtk version 2.24.29.
t/GdkBits.t ............................ ok
Xlib:  extension "RANDR" missing on display ":121".
# Perl-Gtk2    version 1.2498
# Perl-Glib    version 1.321
# Compiled against Glib version 2.46.2.
# Running on       Glib version 2.46.2.
# Compiled against Gtk version 2.24.29.
# Running on       Gtk version 2.24.29.
t/KeySnooper.t ......................... ok
Xlib:  extension "RANDR" missing on display ":121".
t/LayoutBits.t ......................... ok
Xlib:  extension "RANDR" missing on display ":121".
t/MenuBits-import.t .................... ok
t/MenuBits-load.t ...................... ok
Xlib:  extension "RANDR" missing on display ":121".
t/MenuBits.t ........................... ok
Xlib:  extension "RANDR" missing on display ":121".
# Gtk2::Ex::MenuItem::Subclass Glib::Object::Subclass Gtk2::CheckMenuItem Glib::Object::_Unregistered::AtkImplementorIface Gtk2::Buildable Gtk2::Activatable
# subclass CODE(0x249b0f0)
# gobject  CODE(0x2552490)
# testwidg CODE(0x249b0f0)
t/MenuItem-Subclass.t .................. ok
t/PixbufBits-load.t .................... ok
# Perl-Gtk2    version 1.2498
# Perl-Glib    version 1.321
# Compiled against Glib version 2.46.2.
# Running on       Glib version 2.46.2.
# Compiled against Gtk version 2.24.29.
# Running on       Gtk version 2.24.29.
t/PixbufBits.t ......................... ok
# re-create id 2 str Gtk2::Ex::Statusbar::DynamicContext.2
t/Statusbar-DynamicContext.t ........... ok
Xlib:  extension "RANDR" missing on display ":121".
# Perl-Gtk2    version 1.2498
# Perl-Glib    version 1.321
# Compiled against Glib version 2.46.2.
# Running on       Glib version 2.46.2.
# Compiled against Gtk version 2.24.29.
# Running on       Gtk version 2.24.29.
# main_iterations(): ran 6 events/iterations
t/Statusbar-Message.t .................. ok
Xlib:  extension "RANDR" missing on display ":121".
t/Statusbar-MessageUntilKey.t .......... ok
Xlib:  extension "RANDR" missing on display ":121".
# Perl-Gtk2    version 1.2498
# Perl-Glib    version 1.321
# Compiled against Glib version 2.46.2.
# Running on       Glib version 2.46.2.
# Compiled against Gtk version 2.24.29.
# Running on       Gtk version 2.24.29.
t/SyncCall.t ........................... ok
# Perl-Gtk2    version 1.2498
# Perl-Glib    version 1.321
# Compiled against Glib version 2.46.2.
# Running on       Glib version 2.46.2.
# Compiled against Gtk version 2.24.29.
# Running on       Gtk version 2.24.29.
t/TableBits.t .......................... ok
Xlib:  extension "RANDR" missing on display ":121".
t/Test-Weaken-Gtk2-ignore-display.t .... ok
Xlib:  extension "RANDR" missing on display ":121".
t/Test-Weaken-Gtk2-ignore-root.t ....... ok
Xlib:  extension "RANDR" missing on display ":121".
t/Test-Weaken-Gtk2-ignore-screen.t ..... ok
t/Test-Weaken-Gtk2-load.t .............. ok
# Perl-Gtk2    version 1.2498
# Perl-Glib    version 1.321
# Compiled against Glib version 2.46.2.
# Running on       Glib version 2.46.2.
# Compiled against Gtk version 2.24.29.
# Running on       Gtk version 2.24.29.
Xlib:  extension "RANDR" missing on display ":121".
t/Test-Weaken-Gtk2.t ................... ok
Test::Without::Gtk2Things -- without Gtk2::Widget tooltips, per Gtk before 2.12
Test::Without::Gtk2Things -- without Gtk2::Gdk::Display warp_pointer() method, per Gtk before 2.8
Test::Without::Gtk2Things -- without Gtk2::CellLayout get_cells() method, per Gtk before 2.12
Test::Without::Gtk2Things -- without Gtk2::MenuItem label and use-underline properties, per Gtk before 2.16
Test::Without::Gtk2Things -- without ListStore,TreeStore insert_with_values(), per Gtk before 2.6
Test::Without::Gtk2Things -- without Gtk2::Builder and Buildable interface, per Gtk before 2.12
Test::Without::Gtk2Things -- without Gtk2::CheckMenuItem/ToggleAction draw-as-radio property, per Gtk before 2.4
Test::Without::Gtk2Things -- without Gdk2::Gdk::Display and Gtk2::Gdk::Screen, per Gtk 2.0.x
Test::Without::Gtk2Things -- without CursorType blank-cursor, per Gtk before 2.16
Test::Without::Gtk2Things -- count without 9 things
t/Test-Without-Gtk2Things.t ............ ok
t/TextBufferBits.t ..................... ok
t/ToolbarBits-load.t ................... ok
# Perl-Gtk2    version 1.2498
# Perl-Glib    version 1.321
# Compiled against Glib version 2.46.2.
# Running on       Glib version 2.46.2.
# Compiled against Gtk version 2.24.29.
# Running on       Gtk version 2.24.29.
t/ToolItem-CheckButton-builder.t ....... ok
t/ToolItem-CheckButton-load.t .......... ok
Xlib:  extension "RANDR" missing on display ":121".
t/ToolItem-CheckButton-weaken.t ........ skipped: due to Test::Weaken 3 not available -- Can't locate Test/Weaken.pm in @INC (you may need to install the Test::Weaken module) (@INC contains: t /tmp/loop_over_bdir-28362-hB0wtw/Gtk2-Ex-WidgetBits-48-eyhrGI/blib/lib /tmp/loop_over_bdir-28362-hB0wtw/Gtk2-Ex-WidgetBits-48-eyhrGI/blib/arch /home/sand/src/perl/repoperls/installed-perls/perl/v5.23.9/8d81/lib/site_perl/5.23.9/x86_64-linux-ld /home/sand/src/perl/repoperls/installed-perls/perl/v5.23.9/8d81/lib/site_perl/5.23.9 /home/sand/src/perl/repoperls/installed-perls/perl/v5.23.9/8d81/lib/5.23.9/x86_64-linux-ld /home/sand/src/perl/repoperls/installed-perls/perl/v5.23.9/8d81/lib/5.23.9 .) at (eval 14) line 1.
Xlib:  extension "RANDR" missing on display ":121".
# Perl-Gtk2    version 1.2498
# Perl-Glib    version 1.321
# Compiled against Glib version 2.46.2.
# Running on       Glib version 2.46.2.
# Compiled against Gtk version 2.24.29.
# Running on       Gtk version 2.24.29.
t/ToolItem-CheckButton.t ............... ok
Xlib:  extension "RANDR" missing on display ":121".
t/ToolItem-OverflowToDialog-builder.t .. ok
Xlib:  extension "RANDR" missing on display ":121".
t/ToolItem-OverflowToDialog-weaken.t ... skipped: due to Test::Weaken 3 not available -- Can't locate Test/Weaken.pm in @INC (you may need to install the Test::Weaken module) (@INC contains: t /tmp/loop_over_bdir-28362-hB0wtw/Gtk2-Ex-WidgetBits-48-eyhrGI/blib/lib /tmp/loop_over_bdir-28362-hB0wtw/Gtk2-Ex-WidgetBits-48-eyhrGI/blib/arch /home/sand/src/perl/repoperls/installed-perls/perl/v5.23.9/8d81/lib/site_perl/5.23.9/x86_64-linux-ld /home/sand/src/perl/repoperls/installed-perls/perl/v5.23.9/8d81/lib/site_perl/5.23.9 /home/sand/src/perl/repoperls/installed-perls/perl/v5.23.9/8d81/lib/5.23.9/x86_64-linux-ld /home/sand/src/perl/repoperls/installed-perls/perl/v5.23.9/8d81/lib/5.23.9 .) at (eval 14) line 1.
Xlib:  extension "RANDR" missing on display ":121".
# main_iterations(): ran 2 events/iterations
# main_iterations(): ran 1 events/iterations
# main_iterations(): ran 1 events/iterations
Gdk-WARNING **: shmget failed: error 28 (No space left on device) at t/MyTestHelpers.pm line 148.
# main_iterations(): ran 15 events/iterations
# Saw 1 warning(s):
# 
# Trace begun at t/MyTestHelpers.pm line 55
# MyTestHelpers::nowarnings_handler('Gdk-WARNING **: shmget failed: error 28 (No space left on device) at t/MyTestHelpers.pm line 148.^J') called at t/MyTestHelpers.pm line 148
# MyTestHelpers::main_iterations at t/ToolItem-OverflowToDialog.t line 97
# 
# Exit code 1 for warnings
# Looks like your test exited with 1 just after 30.
t/ToolItem-OverflowToDialog.t .......... 
Dubious, test returned 1 (wstat 256, 0x100)
All 30 subtests passed 
t/TreeModel-ImplBits-import.t .......... ok
t/TreeModel-ImplBits.t ................. ok
t/TreeModelBits-import.t ............... ok
# Perl-Gtk2    version 1.2498
# Perl-Glib    version 1.321
# Compiled against Glib version 2.46.2.
# Running on       Glib version 2.46.2.
# Compiled against Gtk version 2.24.29.
# Running on       Gtk version 2.24.29.
t/TreeModelBits.t ...................... ok
# MyOneRemovesAll remove() all
t/TreeModelFilter-Change.t ............. ok
t/TreeViewBits.t ....................... ok
Xlib:  extension "RANDR" missing on display ":121".
t/Units-import.t ....................... ok
Xlib:  extension "RANDR" missing on display ":121".
# Perl-Gtk2    version 1.2498
# Perl-Glib    version 1.321
# Compiled against Glib version 2.46.2.
# Running on       Glib version 2.46.2.
# Compiled against Gtk version 2.24.29.
# Running on       Gtk version 2.24.29.
# em=12, ex=8, char=7.0673828125, digit=9
t/Units.t .............................. ok
Xlib:  extension "RANDR" missing on display ":121".
# Perl-Gtk2    version 1.2498
# Perl-Glib    version 1.321
# Compiled against Glib version 2.46.2.
# Running on       Glib version 2.46.2.
# Compiled against Gtk version 2.24.29.
# Running on       Gtk version 2.24.29.
# wait_for_event(): 'map-event' ran 2 events/iterations
# toplevel at 0, 0
# wait_for_event(): 'size-allocate' ran 4 events/iterations
# layout win relative position 0,0
# toplevel at 0, 0
# layout   at 0, 0
# main_iterations(): ran 3 events/iterations
# toplevel at 0, 0
# label   at 20, 30
# wait_for_event(): 'map-event' ran 5 events/iterations
t/WidgetBits.t ......................... ok
# Perl-Gtk2    version 1.2498
# Perl-Glib    version 1.321
# Compiled against Glib version 2.46.2.
# Running on       Glib version 2.46.2.
# Compiled against Gtk version 2.24.29.
# Running on       Gtk version 2.24.29.
Xlib:  extension "RANDR" missing on display ":121".
t/WidgetEvents.t ....................... ok

Test Summary Report
-------------------
t/ToolItem-OverflowToDialog.t        (Wstat: 256 Tests: 30 Failed: 0)
  Non-zero exit status: 1
Files=48, Tests=783, 13 wallclock secs ( 0.16 usr  0.27 sys +  4.94 cusr  1.50 csys =  6.87 CPU)
Result: FAIL
Failed 1/48 test programs. 0/783 subtests failed.
Makefile:993: recipe for target 'test_dynamic' failed
make: *** [test_dynamic] Error 255

------------------------------
PREREQUISITES
------------------------------

Prerequisite modules loaded:

requires:

    Module                 Need  Have    
    ---------------------- ----- --------
    Glib                   0     1.321   
    Glib::Ex::FreezeNotify 1     16      
    Glib::Ex::SignalIds    1     16      
    Glib::Object::Subclass 0     1.321   
    Gtk2                   1.200 1.2498  
    Gtk2::Pango            0     0.01    
    perl                   5.008 5.023009
    Scope::Guard           0     0.21    

build_requires:

    Module                 Need  Have    
    ---------------------- ----- --------
    ExtUtils::MakeMaker    0     7.15_02 

configure_requires:

    Module                 Need  Have    
    ---------------------- ----- --------
    ExtUtils::MakeMaker    0     7.15_02 


------------------------------
ENVIRONMENT AND OTHER CONTEXT
------------------------------

Environment variables:

    AUTOMATED_TESTING = 1
    LANG = en_US.UTF-8
    LANGUAGE = en_US:en
    PATH = /usr/lib/ccache:/home/sand/bin:/usr/local/bin:/usr/bin:/bin:/usr/games:/usr/local/perl/bin:/usr/X11/bin:/sbin:/usr/sbin
    PERL5LIB = 
    PERL5OPT = 
    PERL5_CPANPLUS_IS_RUNNING = 28363
    PERL5_CPAN_IS_RUNNING = 28363
    PERL_CANARY_STABILITY_NOPROMPT = 1
    PERL_MM_USE_DEFAULT = 1
    SHELL = /usr/bin/zsh
    TERM = screen

Perl special variables (and OS-specific diagnostics, for MSWin32):

    $^X = /home/sand/src/perl/repoperls/installed-perls/perl/v5.23.9/8d81/bin/perl
    $UID/$EUID = 1005 / 1005
    $GID = 1005 1005
    $EGID = 1005 1005

Perl module toolchain versions installed:

    Module              Have        
    ------------------- ------------
    CPAN                2.11        
    CPAN::Meta          2.150005    
    Cwd                 3.63        
    ExtUtils::CBuilder  0.280225    
    ExtUtils::Command   7.15_02     
    ExtUtils::Install   2.04        
    ExtUtils::MakeMaker 7.15_02     
    ExtUtils::Manifest  1.70        
    ExtUtils::ParseXS   3.31        
    File::Spec          3.63        
    JSON                2.90        
    JSON::PP            2.27400     
    Module::Build       0.4218      
    Module::Signature   0.79        
    Parse::CPAN::Meta   1.4419      
    Test::Harness       3.36        
    Test::More          1.302014_009
    YAML                1.15        
    YAML::Syck          1.29        
    version             0.9916      


--

Summary of my perl5 (revision 5 version 23 subversion 9) configuration:
  Commit id: 8f6d78186d3cbb6ae14697aeb3f10a2273fcbd6f
  Platform:
    osname=linux, osvers=4.3.0-1-amd64, archname=x86_64-linux-ld
    uname='linux k83 4.3.0-1-amd64 #1 smp debian 4.3.3-7 (2016-01-19) x86_64 gnulinux '
    config_args='-Dprefix=/home/sand/src/perl/repoperls/installed-perls/perl/v5.23.9/8d81 -Dmyhostname=k83 -Dinstallusrbinperl=n -Uversiononly -Dusedevel -des -Ui_db -Dlibswanted=cl pthread socket inet nsl gdbm dbm malloc dl ld sun m crypt sec util c cposix posix ucb BSD gdbm_compat -Uuseithreads -Duselongdouble'
    hint=recommended, useposix=true, d_sigaction=define
    useithreads=undef, usemultiplicity=undef
    use64bitint=define, use64bitall=define, uselongdouble=define
    usemymalloc=n, bincompat5005=undef
  Compiler:
    cc='cc', ccflags ='-fwrapv -fno-strict-aliasing -pipe -fstack-protector-strong -I/usr/local/include -D_LARGEFILE_SOURCE -D_FILE_OFFSET_BITS=64 -D_FORTIFY_SOURCE=2',
    optimize='-O2',
    cppflags='-fwrapv -fno-strict-aliasing -pipe -fstack-protector-strong -I/usr/local/include'
    ccversion='', gccversion='5.3.1 20160121', gccosandvers=''
    intsize=4, longsize=8, ptrsize=8, doublesize=8, byteorder=12345678, doublekind=3
    d_longlong=define, longlongsize=8, d_longdbl=define, longdblsize=16, longdblkind=3
    ivtype='long', ivsize=8, nvtype='long double', nvsize=16, Off_t='off_t', lseeksize=8
    alignbytes=16, prototype=define
  Linker and Libraries:
    ld='cc', ldflags =' -fstack-protector-strong -L/usr/local/lib'
    libpth=/usr/local/lib /usr/lib/gcc/x86_64-linux-gnu/5/include-fixed /usr/include/x86_64-linux-gnu /usr/lib /lib/x86_64-linux-gnu /lib/../lib /usr/lib/x86_64-linux-gnu /usr/lib/../lib /lib
    libs=-lpthread -lnsl -lgdbm -ldl -lm -lcrypt -lutil -lc -lgdbm_compat
    perllibs=-lpthread -lnsl -ldl -lm -lcrypt -lutil -lc
    libc=libc-2.21.so, so=so, useshrplib=false, libperl=libperl.a
    gnulibc_version='2.21'
  Dynamic Linking:
    dlsrc=dl_dlopen.xs, dlext=so, d_dlsymun=undef, ccdlflags='-Wl,-E'
    cccdlflags='-fPIC', lddlflags='-shared -O2 -L/usr/local/lib -fstack-protector-strong'


Characteristics of this binary (from libperl): 
  Compile-time options: HAS_TIMES PERLIO_LAYERS PERL_COPY_ON_WRITE
                        PERL_DONT_CREATE_GVSV
                        PERL_HASH_FUNC_ONE_AT_A_TIME_HARD PERL_MALLOC_WRAP
                        PERL_PRESERVE_IVUV PERL_USE_DEVEL USE_64_BIT_ALL
                        USE_64_BIT_INT USE_LARGE_FILES USE_LOCALE
                        USE_LOCALE_COLLATE USE_LOCALE_CTYPE
                        USE_LOCALE_NUMERIC USE_LOCALE_TIME USE_LONG_DOUBLE
                        USE_PERLIO USE_PERL_ATOF
  Built under linux
  Compiled at Mar 20 2016 22:59:05
  %ENV:
    PERL5LIB=""
    PERL5OPT=""
    PERL5_CPANPLUS_IS_RUNNING="28363"
    PERL5_CPAN_IS_RUNNING="28363"
    PERL_CANARY_STABILITY_NOPROMPT="1"
    PERL_MM_USE_DEFAULT="1"
  @INC:
    /home/sand/src/perl/repoperls/installed-perls/perl/v5.23.9/8d81/lib/site_perl/5.23.9/x86_64-linux-ld
    /home/sand/src/perl/repoperls/installed-perls/perl/v5.23.9/8d81/lib/site_perl/5.23.9
    /home/sand/src/perl/repoperls/installed-perls/perl/v5.23.9/8d81/lib/5.23.9/x86_64-linux-ld
    /home/sand/src/perl/repoperls/installed-perls/perl/v5.23.9/8d81/lib/5.23.9
    .