Report for Algorithm-SAT-Backtracking-0.03

Back
From: metabase:user:322078bc-2aae-11df-837a-5e0a49663a4f
Subject: FAIL Algorithm-SAT-Backtracking-0.03 v5.8.9 FreeBSD
Date: 2015-02-19T04:28:00Z

This distribution has been tested as part of the CPAN Testers
project, supporting the Perl programming language.  See
http://wiki.cpantesters.org/ for more information or email
questions to cpan-testers-discuss@perl.org


--

Dear MUDLER,

This is a computer-generated error report created automatically by
CPANPLUS, version 0.9152. Testers personal comments may appear
at the end of this report.


Thank you for uploading your work to CPAN.  However, it appears that
there were some problems testing your distribution.

TEST RESULTS:

Below is the error stack from stage 'make test':

Warning: Use of "shift" without parentheses is ambiguous at /usr/home/cpan/pit/thr-clang/conf/perl-5.8.9/.cpanplus/5.8.9/build/Algorithm-SAT-Backtracking-0.03/blib/lib/Algorithm/SAT/Backtracking.pm line 34.

#   Failed test 'use Algorithm::SAT::Backtracking;'
#   at t/00_compile.t line 4.
#     Tried to use 'Algorithm::SAT::Backtracking'.
#     Error:  syntax error at /usr/home/cpan/pit/thr-clang/conf/perl-5.8.9/.cpanplus/5.8.9/build/Algorithm-SAT-Backtracking-0.03/blib/lib/Algorithm/SAT/Backtracking.pm line 34, near "// {"
# Global symbol "$model" requires explicit package name at /usr/home/cpan/pit/thr-clang/conf/perl-5.8.9/.cpanplus/5.8.9/build/Algorithm-SAT-Backtracking-0.03/blib/lib/Algorithm/SAT/Backtracking.pm line 39.
# Global symbol "$self" requires explicit package name at /usr/home/cpan/pit/thr-clang/conf/perl-5.8.9/.cpanplus/5.8.9/build/Algorithm-SAT-Backtracking-0.03/blib/lib/Algorithm/SAT/Backtracking.pm line 41.
# Global symbol "$model" requires explicit package name at /usr/home/cpan/pit/thr-clang/conf/perl-5.8.9/.cpanplus/5.8.9/build/Algorithm-SAT-Backtracking-0.03/blib/lib/Algorithm/SAT/Backtracking.pm line 41.
# Global symbol "$self" requires explicit package name at /usr/home/cpan/pit/thr-clang/conf/perl-5.8.9/.cpanplus/5.8.9/build/Algorithm-SAT-Backtracking-0.03/blib/lib/Algorithm/SAT/Backtracking.pm line 42.
# Global symbol "$model" requires explicit package name at /usr/home/cpan/pit/thr-clang/conf/perl-5.8.9/.cpanplus/5.8.9/build/Algorithm-SAT-Backtracking-0.03/blib/lib/Algorithm/SAT/Backtracking.pm line 42.
# Global symbol "$clauses" requires explicit package name at /usr/home/cpan/pit/thr-clang/conf/perl-5.8.9/.cpanplus/5.8.9/build/Algorithm-SAT-Backtracking-0.03/blib/lib/Algorithm/SAT/Backtracking.pm line 45.
# Global symbol "$self" requires explicit package name at /usr/home/cpan/pit/thr-clang/conf/perl-5.8.9/.cpanplus/5.8.9/build/Algorithm-SAT-Backtracking-0.03/blib/lib/Algorithm/SAT/Backtracking.pm line 54.
# Global symbol "$model" requires explicit package name at /usr/home/cpan/pit/thr-clang/conf/perl-5.8.9/.cpanplus/5.8.9/build/Algorithm-SAT-Backtracking-0.03/blib/lib/Algorithm/SAT/Backtracking.pm line 54.
# Global symbol "$self" requires explicit package name at /usr/home/cpan/pit/thr-clang/conf/perl-5.8.9/.cpanplus/5.8.9/build/Algorithm-SAT-Backtracking-0.03/blib/lib/Algorithm/SAT/Backtracking.pm line 55.
# Global symbol "$model" requires explicit package name at /usr/home/cpan/pit/thr-clang/conf/perl-5.8.9/.cpanplus/5.8.9/build/Algorithm-SAT-Backtracking-0.03/blib/lib/Algorithm/SAT/Backtracking.pm line 55.
# Global symbol "$clauses" requires explicit package name at /usr/home/cpan/pit/thr-clang/conf/perl-5.8.9/.cpanplus/5.8.9/build/Algorithm-SAT-Backtracking-0.03/blib/lib/Algorithm/SAT/Backtracking.pm line 58.
# Global symbol "$variables" requires explicit package name at /usr/home/cpan/pit/thr-clang/conf/perl-5.8.9/.cpanplus/5.8.9/build/Algorithm-SAT-Backtracking-0.03/blib/lib/Algorithm/SAT/Backtracking.pm line 66.
# Global symbol "$model" requires explicit package name at /usr/home/cpan/pit/thr-clang/conf/perl-5.8.9/.cpanplus/5.8.9/build/Algorithm-SAT-Backtracking-0.03/blib/lib/Algorithm/SAT/Backtracking.pm line 67.
# Global symbol "$self" requires explicit package name at /usr/home/cpan/pit/thr-clang/conf/perl-5.8.9/.cpanplus/5.8.9/build/Algorithm-SAT-Backtracking-0.03/blib/lib/Algorithm/SAT/Backtracking.pm line 76.
# Global symbol "$variables" requires explicit package name at /usr/home/cpan/pit/thr-clang/conf/perl-5.8.9/.cpanplus/5.8.9/build/Algorithm-SAT-Backtracking-0.03/blib/lib/Algorithm/SAT/Backtracking.pm line 76.
# Global symbol "$clauses" requires explicit package name at /usr/home/cpan/pit/thr-clang/conf/perl-5.8.9/.cpanplus/5.8.9/build/Algorithm-SAT-Backtracking-0.03/blib/lib/Algorithm/SAT/Backtracking.pm line 76.
# Global symbol "$self" requires explicit package name at /usr/home/cpan/pit/thr-clang/conf/perl-5.8.9/.cpanplus/5.8.9/build/Algorithm-SAT-Backtracking-0.03/blib/lib/Algorithm/SAT/Backtracking.pm line 77.
# Global symbol "$model" requires explicit package name at /usr/home/cpan/pit/thr-clang/conf/perl-5.8.9/.cpanplus/5.8.9/build/Algorithm-SAT-Backtracking-0.03/blib/lib/Algorithm/SAT/Backtracking.pm line 77.
# Global symbol "$self" requires explicit package name at /usr/home/cpan/pit/thr-clang/conf/perl-5.8.9/.cpanplus/5.8.9/build/Algorithm-SAT-Backtracking-0.03/blib/lib/Algorithm/SAT/Backtracking.pm line 78.
# Global symbol "$variables" requires explicit package name at /usr/home/cpan/pit/thr-clang/conf/perl-5.8.9/.cpanplus/5.8.9/build/Algorithm-SAT-Backtracking-0.03/blib/lib/Algorithm/SAT/Backtracking.pm line 78.
# Global symbol "$clauses" requires explicit package name at /usr/home/cpan/pit/thr-clang/conf/perl-5.8.9/.cpanplus/5.8.9/build/Algorithm-SAT-Backtracking-0.03/blib/lib/Algorithm/SAT/Backtracking.pm line 78.
# Global symbol "$self" requires explicit package name at /usr/home/cpan/pit/thr-clang/conf/perl-5.8.9/.cpanplus/5.8.9/build/Algorithm-SAT-Backtracking-0.03/blib/lib/Algorithm/SAT/Backtracking.pm line 79.
# Global symbol "$model" requires explicit package name at /usr/home/cpan/pit/thr-clang/conf/perl-5.8.9/.cpanplus/5.8.9/build/Algorithm-SAT-Backtracking-0.03/blib/lib/Algorithm/SAT/Backtracking.pm line 79.
# syntax error at /usr/home/cpan/pit/thr-clang/conf/perl-5.8.9/.cpanplus/5.8.9/build/Algorithm-SAT-Backtracking-0.03/blib/lib/Algorithm/SAT/Backtracking.pm line 80, near "}"
# /usr/home/cpan/pit/thr-clang/conf/perl-5.8.9/.cpanplus/5.8.9/build/Algorithm-SAT-Backtracking-0.03/blib/lib/Algorithm/SAT/Backtracking.pm has too many errors.
# Compilation failed in require at t/00_compile.t line 4.
# BEGIN failed--compilation aborted at t/00_compile.t line 4.
# Looks like you failed 1 test of 1.
t/00_compile.t ..... 
Dubious, test returned 1 (wstat 256, 0x100)
Failed 1/1 subtests 
Warning: Use of "shift" without parentheses is ambiguous at /usr/home/cpan/pit/thr-clang/conf/perl-5.8.9/.cpanplus/5.8.9/build/Algorithm-SAT-Backtracking-0.03/blib/lib/Algorithm/SAT/Backtracking.pm line 34.

#   Failed test 'use Algorithm::SAT::Backtracking;'
#   at t/01_backtrack.t line 5.
#     Tried to use 'Algorithm::SAT::Backtracking'.
#     Error:  syntax error at /usr/home/cpan/pit/thr-clang/conf/perl-5.8.9/.cpanplus/5.8.9/build/Algorithm-SAT-Backtracking-0.03/blib/lib/Algorithm/SAT/Backtracking.pm line 34, near "// {"
# Global symbol "$model" requires explicit package name at /usr/home/cpan/pit/thr-clang/conf/perl-5.8.9/.cpanplus/5.8.9/build/Algorithm-SAT-Backtracking-0.03/blib/lib/Algorithm/SAT/Backtracking.pm line 39.
# Global symbol "$self" requires explicit package name at /usr/home/cpan/pit/thr-clang/conf/perl-5.8.9/.cpanplus/5.8.9/build/Algorithm-SAT-Backtracking-0.03/blib/lib/Algorithm/SAT/Backtracking.pm line 41.
# Global symbol "$model" requires explicit package name at /usr/home/cpan/pit/thr-clang/conf/perl-5.8.9/.cpanplus/5.8.9/build/Algorithm-SAT-Backtracking-0.03/blib/lib/Algorithm/SAT/Backtracking.pm line 41.
# Global symbol "$self" requires explicit package name at /usr/home/cpan/pit/thr-clang/conf/perl-5.8.9/.cpanplus/5.8.9/build/Algorithm-SAT-Backtracking-0.03/blib/lib/Algorithm/SAT/Backtracking.pm line 42.
# Global symbol "$model" requires explicit package name at /usr/home/cpan/pit/thr-clang/conf/perl-5.8.9/.cpanplus/5.8.9/build/Algorithm-SAT-Backtracking-0.03/blib/lib/Algorithm/SAT/Backtracking.pm line 42.
# Global symbol "$clauses" requires explicit package name at /usr/home/cpan/pit/thr-clang/conf/perl-5.8.9/.cpanplus/5.8.9/build/Algorithm-SAT-Backtracking-0.03/blib/lib/Algorithm/SAT/Backtracking.pm line 45.
# Global symbol "$self" requires explicit package name at /usr/home/cpan/pit/thr-clang/conf/perl-5.8.9/.cpanplus/5.8.9/build/Algorithm-SAT-Backtracking-0.03/blib/lib/Algorithm/SAT/Backtracking.pm line 54.
# Global symbol "$model" requires explicit package name at /usr/home/cpan/pit/thr-clang/conf/perl-5.8.9/.cpanplus/5.8.9/build/Algorithm-SAT-Backtracking-0.03/blib/lib/Algorithm/SAT/Backtracking.pm line 54.
# Global symbol "$self" requires explicit package name at /usr/home/cpan/pit/thr-clang/conf/perl-5.8.9/.cpanplus/5.8.9/build/Algorithm-SAT-Backtracking-0.03/blib/lib/Algorithm/SAT/Backtracking.pm line 55.
# Global symbol "$model" requires explicit package name at /usr/home/cpan/pit/thr-clang/conf/perl-5.8.9/.cpanplus/5.8.9/build/Algorithm-SAT-Backtracking-0.03/blib/lib/Algorithm/SAT/Backtracking.pm line 55.
# Global symbol "$clauses" requires explicit package name at /usr/home/cpan/pit/thr-clang/conf/perl-5.8.9/.cpanplus/5.8.9/build/Algorithm-SAT-Backtracking-0.03/blib/lib/Algorithm/SAT/Backtracking.pm line 58.
# Global symbol "$variables" requires explicit package name at /usr/home/cpan/pit/thr-clang/conf/perl-5.8.9/.cpanplus/5.8.9/build/Algorithm-SAT-Backtracking-0.03/blib/lib/Algorithm/SAT/Backtracking.pm line 66.
# Global symbol "$model" requires explicit package name at /usr/home/cpan/pit/thr-clang/conf/perl-5.8.9/.cpanplus/5.8.9/build/Algorithm-SAT-Backtracking-0.03/blib/lib/Algorithm/SAT/Backtracking.pm line 67.
# Global symbol "$self" requires explicit package name at /usr/home/cpan/pit/thr-clang/conf/perl-5.8.9/.cpanplus/5.8.9/build/Algorithm-SAT-Backtracking-0.03/blib/lib/Algorithm/SAT/Backtracking.pm line 76.
# Global symbol "$variables" requires explicit package name at /usr/home/cpan/pit/thr-clang/conf/perl-5.8.9/.cpanplus/5.8.9/build/Algorithm-SAT-Backtracking-0.03/blib/lib/Algorithm/SAT/Backtracking.pm line 76.
# Global symbol "$clauses" requires explicit package name at /usr/home/cpan/pit/thr-clang/conf/perl-5.8.9/.cpanplus/5.8.9/build/Algorithm-SAT-Backtracking-0.03/blib/lib/Algorithm/SAT/Backtracking.pm line 76.
# Global symbol "$self" requires explicit package name at /usr/home/cpan/pit/thr-clang/conf/perl-5.8.9/.cpanplus/5.8.9/build/Algorithm-SAT-Backtracking-0.03/blib/lib/Algorithm/SAT/Backtracking.pm line 77.
# Global symbol "$model" requires explicit package name at /usr/home/cpan/pit/thr-clang/conf/perl-5.8.9/.cpanplus/5.8.9/build/Algorithm-SAT-Backtracking-0.03/blib/lib/Algorithm/SAT/Backtracking.pm line 77.
# Global symbol "$self" requires explicit package name at /usr/home/cpan/pit/thr-clang/conf/perl-5.8.9/.cpanplus/5.8.9/build/Algorithm-SAT-Backtracking-0.03/blib/lib/Algorithm/SAT/Backtracking.pm line 78.
# Global symbol "$variables" requires explicit package name at /usr/home/cpan/pit/thr-clang/conf/perl-5.8.9/.cpanplus/5.8.9/build/Algorithm-SAT-Backtracking-0.03/blib/lib/Algorithm/SAT/Backtracking.pm line 78.
# Global symbol "$clauses" requires explicit package name at /usr/home/cpan/pit/thr-clang/conf/perl-5.8.9/.cpanplus/5.8.9/build/Algorithm-SAT-Backtracking-0.03/blib/lib/Algorithm/SAT/Backtracking.pm line 78.
# Global symbol "$self" requires explicit package name at /usr/home/cpan/pit/thr-clang/conf/perl-5.8.9/.cpanplus/5.8.9/build/Algorithm-SAT-Backtracking-0.03/blib/lib/Algorithm/SAT/Backtracking.pm line 79.
# Global symbol "$model" requires explicit package name at /usr/home/cpan/pit/thr-clang/conf/perl-5.8.9/.cpanplus/5.8.9/build/Algorithm-SAT-Backtracking-0.03/blib/lib/Algorithm/SAT/Backtracking.pm line 79.
# syntax error at /usr/home/cpan/pit/thr-clang/conf/perl-5.8.9/.cpanplus/5.8.9/build/Algorithm-SAT-Backtracking-0.03/blib/lib/Algorithm/SAT/Backtracking.pm line 80, near "}"
# /usr/home/cpan/pit/thr-clang/conf/perl-5.8.9/.cpanplus/5.8.9/build/Algorithm-SAT-Backtracking-0.03/blib/lib/Algorithm/SAT/Backtracking.pm has too many errors.
# Compilation failed in require at t/01_backtrack.t line 5.
# BEGIN failed--compilation aborted at t/01_backtrack.t line 5.
Can't locate object method "resolve" via package "Algorithm::SAT::Backtracking" at t/01_backtrack.t line 13.
    # Child (resolve()) exited without calling finalize()

#   Failed test 'resolve()'
#   at /usr/home/cpan/pit/thr-clang/perl-5.8.9/lib/5.8.9/Test/Builder.pm line 279.
# Tests were run but no plan was declared and done_testing() was not seen.
# Looks like your test exited with 255 just after 2.
t/01_backtrack.t ... 
Dubious, test returned 255 (wstat 65280, 0xff00)
Failed 2/2 subtests 
Warning: Use of "shift" without parentheses is ambiguous at /usr/home/cpan/pit/thr-clang/conf/perl-5.8.9/.cpanplus/5.8.9/build/Algorithm-SAT-Backtracking-0.03/blib/lib/Algorithm/SAT/Backtracking.pm line 34.
syntax error at /usr/home/cpan/pit/thr-clang/conf/perl-5.8.9/.cpanplus/5.8.9/build/Algorithm-SAT-Backtracking-0.03/blib/lib/Algorithm/SAT/Backtracking.pm line 34, near "// {"
Global symbol "$model" requires explicit package name at /usr/home/cpan/pit/thr-clang/conf/perl-5.8.9/.cpanplus/5.8.9/build/Algorithm-SAT-Backtracking-0.03/blib/lib/Algorithm/SAT/Backtracking.pm line 39.
Global symbol "$self" requires explicit package name at /usr/home/cpan/pit/thr-clang/conf/perl-5.8.9/.cpanplus/5.8.9/build/Algorithm-SAT-Backtracking-0.03/blib/lib/Algorithm/SAT/Backtracking.pm line 41.
Global symbol "$model" requires explicit package name at /usr/home/cpan/pit/thr-clang/conf/perl-5.8.9/.cpanplus/5.8.9/build/Algorithm-SAT-Backtracking-0.03/blib/lib/Algorithm/SAT/Backtracking.pm line 41.
Global symbol "$self" requires explicit package name at /usr/home/cpan/pit/thr-clang/conf/perl-5.8.9/.cpanplus/5.8.9/build/Algorithm-SAT-Backtracking-0.03/blib/lib/Algorithm/SAT/Backtracking.pm line 42.
Global symbol "$model" requires explicit package name at /usr/home/cpan/pit/thr-clang/conf/perl-5.8.9/.cpanplus/5.8.9/build/Algorithm-SAT-Backtracking-0.03/blib/lib/Algorithm/SAT/Backtracking.pm line 42.
Global symbol "$clauses" requires explicit package name at /usr/home/cpan/pit/thr-clang/conf/perl-5.8.9/.cpanplus/5.8.9/build/Algorithm-SAT-Backtracking-0.03/blib/lib/Algorithm/SAT/Backtracking.pm line 45.
Global symbol "$self" requires explicit package name at /usr/home/cpan/pit/thr-clang/conf/perl-5.8.9/.cpanplus/5.8.9/build/Algorithm-SAT-Backtracking-0.03/blib/lib/Algorithm/SAT/Backtracking.pm line 54.
Global symbol "$model" requires explicit package name at /usr/home/cpan/pit/thr-clang/conf/perl-5.8.9/.cpanplus/5.8.9/build/Algorithm-SAT-Backtracking-0.03/blib/lib/Algorithm/SAT/Backtracking.pm line 54.
Global symbol "$self" requires explicit package name at /usr/home/cpan/pit/thr-clang/conf/perl-5.8.9/.cpanplus/5.8.9/build/Algorithm-SAT-Backtracking-0.03/blib/lib/Algorithm/SAT/Backtracking.pm line 55.
Global symbol "$model" requires explicit package name at /usr/home/cpan/pit/thr-clang/conf/perl-5.8.9/.cpanplus/5.8.9/build/Algorithm-SAT-Backtracking-0.03/blib/lib/Algorithm/SAT/Backtracking.pm line 55.
Global symbol "$clauses" requires explicit package name at /usr/home/cpan/pit/thr-clang/conf/perl-5.8.9/.cpanplus/5.8.9/build/Algorithm-SAT-Backtracking-0.03/blib/lib/Algorithm/SAT/Backtracking.pm line 58.
Global symbol "$variables" requires explicit package name at /usr/home/cpan/pit/thr-clang/conf/perl-5.8.9/.cpanplus/5.8.9/build/Algorithm-SAT-Backtracking-0.03/blib/lib/Algorithm/SAT/Backtracking.pm line 66.
Global symbol "$model" requires explicit package name at /usr/home/cpan/pit/thr-clang/conf/perl-5.8.9/.cpanplus/5.8.9/build/Algorithm-SAT-Backtracking-0.03/blib/lib/Algorithm/SAT/Backtracking.pm line 67.
Global symbol "$self" requires explicit package name at /usr/home/cpan/pit/thr-clang/conf/perl-5.8.9/.cpanplus/5.8.9/build/Algorithm-SAT-Backtracking-0.03/blib/lib/Algorithm/SAT/Backtracking.pm line 76.
Global symbol "$variables" requires explicit package name at /usr/home/cpan/pit/thr-clang/conf/perl-5.8.9/.cpanplus/5.8.9/build/Algorithm-SAT-Backtracking-0.03/blib/lib/Algorithm/SAT/Backtracking.pm line 76.
Global symbol "$clauses" requires explicit package name at /usr/home/cpan/pit/thr-clang/conf/perl-5.8.9/.cpanplus/5.8.9/build/Algorithm-SAT-Backtracking-0.03/blib/lib/Algorithm/SAT/Backtracking.pm line 76.
Global symbol "$self" requires explicit package name at /usr/home/cpan/pit/thr-clang/conf/perl-5.8.9/.cpanplus/5.8.9/build/Algorithm-SAT-Backtracking-0.03/blib/lib/Algorithm/SAT/Backtracking.pm line 77.
Global symbol "$model" requires explicit package name at /usr/home/cpan/pit/thr-clang/conf/perl-5.8.9/.cpanplus/5.8.9/build/Algorithm-SAT-Backtracking-0.03/blib/lib/Algorithm/SAT/Backtracking.pm line 77.
Global symbol "$self" requires explicit package name at /usr/home/cpan/pit/thr-clang/conf/perl-5.8.9/.cpanplus/5.8.9/build/Algorithm-SAT-Backtracking-0.03/blib/lib/Algorithm/SAT/Backtracking.pm line 78.
Global symbol "$variables" requires explicit package name at /usr/home/cpan/pit/thr-clang/conf/perl-5.8.9/.cpanplus/5.8.9/build/Algorithm-SAT-Backtracking-0.03/blib/lib/Algorithm/SAT/Backtracking.pm line 78.
Global symbol "$clauses" requires explicit package name at /usr/home/cpan/pit/thr-clang/conf/perl-5.8.9/.cpanplus/5.8.9/build/Algorithm-SAT-Backtracking-0.03/blib/lib/Algorithm/SAT/Backtracking.pm line 78.
Global symbol "$self" requires explicit package name at /usr/home/cpan/pit/thr-clang/conf/perl-5.8.9/.cpanplus/5.8.9/build/Algorithm-SAT-Backtracking-0.03/blib/lib/Algorithm/SAT/Backtracking.pm line 79.
Global symbol "$model" requires explicit package name at /usr/home/cpan/pit/thr-clang/conf/perl-5.8.9/.cpanplus/5.8.9/build/Algorithm-SAT-Backtracking-0.03/blib/lib/Algorithm/SAT/Backtracking.pm line 79.
syntax error at /usr/home/cpan/pit/thr-clang/conf/perl-5.8.9/.cpanplus/5.8.9/build/Algorithm-SAT-Backtracking-0.03/blib/lib/Algorithm/SAT/Backtracking.pm line 80, near "}"
/usr/home/cpan/pit/thr-clang/conf/perl-5.8.9/.cpanplus/5.8.9/build/Algorithm-SAT-Backtracking-0.03/blib/lib/Algorithm/SAT/Backtracking.pm has too many errors.
Compilation failed in require at t/02_expression.t line 3.
BEGIN failed--compilation aborted at t/02_expression.t line 3.
t/02_expression.t .. 
Dubious, test returned 255 (wstat 65280, 0xff00)
No subtests run 

Test Summary Report
-------------------
t/00_compile.t   (Wstat: 256 Tests: 1 Failed: 1)
  Failed test:  1
  Non-zero exit status: 1
t/01_backtrack.t (Wstat: 65280 Tests: 2 Failed: 2)
  Failed tests:  1-2
  Non-zero exit status: 255
  Parse errors: No plan found in TAP output
t/02_expression.t (Wstat: 65280 Tests: 0 Failed: 0)
  Non-zero exit status: 255
  Parse errors: No plan found in TAP output
Files=3, Tests=3,  0 wallclock secs ( 0.02 usr  0.02 sys +  0.05 cusr  0.04 csys =  0.12 CPU)
Result: FAIL


PREREQUISITES:

Here is a list of prerequisites you specified and versions we
managed to load:

	  Module Name                        Have     Want
	  Test::More                     1.001014     0.98

Perl module toolchain versions installed:
	Module Name                        Have
	CPANPLUS                         0.9152
	CPANPLUS::Dist::Build              0.78
	Cwd                                3.47
	ExtUtils::CBuilder             0.280220
	ExtUtils::Command                  1.16
	ExtUtils::Install                  2.04
	ExtUtils::MakeMaker                7.04
	ExtUtils::Manifest                 1.70
	ExtUtils::ParseXS                  3.24
	File::Spec                         3.47
	Module::Build                    0.4211
	Pod::Parser                        1.35
	Pod::Simple                        3.28
	Test::Harness                      3.35
	Test::More                     1.001014
	version                          0.9912

******************************** NOTE ********************************
The comments above are created mechanically, possibly without manual
checking by the sender.  As there are many people performing automatic
tests on each upload to CPAN, it is likely that you will receive
identical messages about the same problem.

If you believe that the message is mistaken, please reply to the first
one with correction and/or additional informations, and do not take
it personally.  We appreciate your patience. :)
**********************************************************************

Additional comments:


This report was machine-generated by CPANPLUS::Dist::YACSmoke 0.90.
Powered by minismokebox version 0.58

------------------------------
ENVIRONMENT AND OTHER CONTEXT
------------------------------

Environment variables:

    AUTOMATED_TESTING = 1
    NONINTERACTIVE_TESTING = 1
    PATH = /sbin:/bin:/usr/sbin:/usr/bin:/usr/games:/usr/local/sbin:/usr/local/bin:/home/cpan/bin
    PERL5LIB = :/usr/home/cpan/pit/thr-clang/conf/perl-5.8.9/.cpanplus/5.8.9/build/ExtUtils-Config-0.008/blib/lib:/usr/home/cpan/pit/thr-clang/conf/perl-5.8.9/.cpanplus/5.8.9/build/ExtUtils-Config-0.008/blib/arch:/usr/home/cpan/pit/thr-clang/conf/perl-5.8.9/.cpanplus/5.8.9/build/ExtUtils-Helpers-0.022/blib/lib:/usr/home/cpan/pit/thr-clang/conf/perl-5.8.9/.cpanplus/5.8.9/build/ExtUtils-Helpers-0.022/blib/arch:/usr/home/cpan/pit/thr-clang/conf/perl-5.8.9/.cpanplus/5.8.9/build/ExtUtils-InstallPaths-0.011/blib/lib:/usr/home/cpan/pit/thr-clang/conf/perl-5.8.9/.cpanplus/5.8.9/build/ExtUtils-InstallPaths-0.011/blib/arch:/usr/home/cpan/pit/thr-clang/conf/perl-5.8.9/.cpanplus/5.8.9/build/Module-Build-Tiny-0.039/blib/lib:/usr/home/cpan/pit/thr-clang/conf/perl-5.8.9/.cpanplus/5.8.9/build/Module-Build-Tiny-0.039/blib/arch:/usr/home/cpan/pit/thr-clang/conf/perl-5.8.9/.cpanplus/5.8.9/build/Algorithm-SAT-Backtracking-0.03/blib/lib:/usr/home/cpan/pit/thr-clang/conf/perl-5.8.9/.cpanplus/5.8.9/build/Algorithm-SAT-Backtracking-0.03/blib/arch
    PERL5_CPANPLUS_IS_RUNNING = 99761
    PERL5_CPANPLUS_IS_VERSION = 0.9152
    PERL5_MINISMOKEBOX = 0.58
    PERL5_YACSMOKE_BASE = /usr/home/cpan/pit/thr-clang/conf/perl-5.8.9
    PERL_EXTUTILS_AUTOINSTALL = --defaultdeps
    PERL_MM_USE_DEFAULT = 1
    SHELL = /usr/local/bin/bash
    TERM = screen

Perl special variables (and OS-specific diagnostics, for MSWin32):

    Perl: $^X = /usr/home/cpan/pit/thr-clang/perl-5.8.9/bin/perl
    UID:  $<  = 1002
    EUID: $>  = 1002
    GID:  $(  = 1002 1002
    EGID: $)  = 1002 1002


-------------------------------


--

Summary of my perl5 (revision 5 version 8 subversion 9) configuration:
  Platform:
    osname=freebsd, osvers=9.3-release, archname=amd64-freebsd-thread-multi
    uname='freebsd fremen 9.3-release freebsd 9.3-release #0 r268512: thu jul 10 23:44:39 utc 2014 root@snap.freebsd.org:usrobjusrsrcsysgeneric amd64 '
    config_args='-des -Dprefix=/usr/home/cpan/pit/thr-clang/perl-5.8.9 -Dusethreads -Dcc=clang'
    hint=recommended, useposix=true, d_sigaction=define
    usethreads=define use5005threads=undef useithreads=define usemultiplicity=define
    useperlio=define d_sfio=undef uselargefiles=define usesocks=undef
    use64bitint=define use64bitall=define uselongdouble=undef
    usemymalloc=n, bincompat5005=undef
  Compiler:
    cc='clang', ccflags ='-DHAS_FPSETMASK -DHAS_FLOATINGPOINT_H -fno-strict-aliasing -pipe -I/usr/local/include',
    optimize='-O',
    cppflags='-DHAS_FPSETMASK -DHAS_FLOATINGPOINT_H -fno-strict-aliasing -pipe -I/usr/local/include'
    ccversion='', gccversion='4.2.1 Compatible FreeBSD Clang 3.4.1 (tags/RELEASE_34/dot1-final 208032)', gccosandvers=''
    intsize=4, longsize=8, ptrsize=8, doublesize=8, byteorder=12345678
    d_longlong=define, longlongsize=8, d_longdbl=define, longdblsize=16
    ivtype='long', ivsize=8, nvtype='double', nvsize=8, Off_t='off_t', lseeksize=8
    alignbytes=8, prototype=define
  Linker and Libraries:
    ld='clang', ldflags ='-pthread -Wl,-E  -L/usr/local/lib'
    libpth=/usr/lib /usr/local/lib
    libs=-lgdbm -lm -lcrypt
    perllibs=-lm -lcrypt
    libc=, so=so, useshrplib=false, libperl=libperl.a
    gnulibc_version=''
  Dynamic Linking:
    dlsrc=dl_dlopen.xs, dlext=so, d_dlsymun=undef, ccdlflags=' '
    cccdlflags='-DPIC -fPIC', lddlflags='-shared  -L/usr/local/lib'


Characteristics of this binary (from libperl): 
  Compile-time options: MULTIPLICITY PERL_IMPLICIT_CONTEXT PERL_MALLOC_WRAP
                        USE_64_BIT_ALL USE_64_BIT_INT USE_FAST_STDIO
                        USE_ITHREADS USE_LARGE_FILES USE_PERLIO
                        USE_REENTRANT_API
  Built under freebsd
  Compiled at Jul 14 2014 19:39:57
  %ENV:
    PERL5LIB=":/usr/home/cpan/pit/thr-clang/conf/perl-5.8.9/.cpanplus/5.8.9/build/ExtUtils-Config-0.008/blib/lib:/usr/home/cpan/pit/thr-clang/conf/perl-5.8.9/.cpanplus/5.8.9/build/ExtUtils-Config-0.008/blib/arch:/usr/home/cpan/pit/thr-clang/conf/perl-5.8.9/.cpanplus/5.8.9/build/ExtUtils-Helpers-0.022/blib/lib:/usr/home/cpan/pit/thr-clang/conf/perl-5.8.9/.cpanplus/5.8.9/build/ExtUtils-Helpers-0.022/blib/arch:/usr/home/cpan/pit/thr-clang/conf/perl-5.8.9/.cpanplus/5.8.9/build/ExtUtils-InstallPaths-0.011/blib/lib:/usr/home/cpan/pit/thr-clang/conf/perl-5.8.9/.cpanplus/5.8.9/build/ExtUtils-InstallPaths-0.011/blib/arch:/usr/home/cpan/pit/thr-clang/conf/perl-5.8.9/.cpanplus/5.8.9/build/Module-Build-Tiny-0.039/blib/lib:/usr/home/cpan/pit/thr-clang/conf/perl-5.8.9/.cpanplus/5.8.9/build/Module-Build-Tiny-0.039/blib/arch:/usr/home/cpan/pit/thr-clang/conf/perl-5.8.9/.cpanplus/5.8.9/build/Algorithm-SAT-Backtracking-0.03/blib/lib:/usr/home/cpan/pit/thr-clang/conf/perl-5.8.9/.cpanplus/5.8.9/build/Algorithm-SAT-Backtracking-0.03/blib/arch"
    PERL5_CPANPLUS_IS_RUNNING="99761"
    PERL5_CPANPLUS_IS_VERSION="0.9152"
    PERL5_MINISMOKEBOX="0.58"
    PERL5_YACSMOKE_BASE="/usr/home/cpan/pit/thr-clang/conf/perl-5.8.9"
    PERL_EXTUTILS_AUTOINSTALL="--defaultdeps"
    PERL_MM_USE_DEFAULT="1"
  @INC:
    /usr/home/cpan/pit/thr-clang/conf/perl-5.8.9/.cpanplus/5.8.9/build/ExtUtils-Config-0.008/blib/lib
    /usr/home/cpan/pit/thr-clang/conf/perl-5.8.9/.cpanplus/5.8.9/build/ExtUtils-Config-0.008/blib/arch
    /usr/home/cpan/pit/thr-clang/conf/perl-5.8.9/.cpanplus/5.8.9/build/ExtUtils-Helpers-0.022/blib/lib
    /usr/home/cpan/pit/thr-clang/conf/perl-5.8.9/.cpanplus/5.8.9/build/ExtUtils-Helpers-0.022/blib/arch
    /usr/home/cpan/pit/thr-clang/conf/perl-5.8.9/.cpanplus/5.8.9/build/ExtUtils-InstallPaths-0.011/blib/lib
    /usr/home/cpan/pit/thr-clang/conf/perl-5.8.9/.cpanplus/5.8.9/build/ExtUtils-InstallPaths-0.011/blib/arch
    /usr/home/cpan/pit/thr-clang/conf/perl-5.8.9/.cpanplus/5.8.9/build/Module-Build-Tiny-0.039/blib/lib
    /usr/home/cpan/pit/thr-clang/conf/perl-5.8.9/.cpanplus/5.8.9/build/Module-Build-Tiny-0.039/blib/arch
    /usr/home/cpan/pit/thr-clang/conf/perl-5.8.9/.cpanplus/5.8.9/build/Algorithm-SAT-Backtracking-0.03/blib/lib
    /usr/home/cpan/pit/thr-clang/conf/perl-5.8.9/.cpanplus/5.8.9/build/Algorithm-SAT-Backtracking-0.03/blib/arch
    /usr/home/cpan/pit/thr-clang/perl-5.8.9/lib/5.8.9/amd64-freebsd-thread-multi
    /usr/home/cpan/pit/thr-clang/perl-5.8.9/lib/5.8.9
    /usr/home/cpan/pit/thr-clang/perl-5.8.9/lib/site_perl/5.8.9/amd64-freebsd-thread-multi
    /usr/home/cpan/pit/thr-clang/perl-5.8.9/lib/site_perl/5.8.9
    .